[INFO] cloning repository https://github.com/sgeos/sdl2_template
[INFO] running `Command { std: "git" "-c" "credential.helper=" "-c" "credential.helper=/workspace/cargo-home/bin/git-credential-null" "clone" "--bare" "https://github.com/sgeos/sdl2_template" "/workspace/cache/git-repos/https%3A%2F%2Fgithub.com%2Fsgeos%2Fsdl2_template", kill_on_drop: false }`
[INFO] [stderr] Cloning into bare repository '/workspace/cache/git-repos/https%3A%2F%2Fgithub.com%2Fsgeos%2Fsdl2_template'...
[INFO] running `Command { std: "git" "rev-parse" "HEAD", kill_on_drop: false }`
[INFO] [stdout] 44f40cc504d477c2629e57d7f31454b2e745ea66
[INFO] testing sgeos/sdl2_template against 1.99.0-beta.8+cargoflags=--release for beta-release-1.100-2
[INFO] running `Command { std: "git" "clone" "/workspace/cache/git-repos/https%3A%2F%2Fgithub.com%2Fsgeos%2Fsdl2_template" "/workspace/builds/worker-2-tc1/source", kill_on_drop: false }`
[INFO] [stderr] Cloning into '/workspace/builds/worker-2-tc1/source'...
[INFO] [stderr] done.
[INFO] started tweaking git repo https://github.com/sgeos/sdl2_template
[INFO] finished tweaking git repo https://github.com/sgeos/sdl2_template
[INFO] tweaked toml for git repo https://github.com/sgeos/sdl2_template written to /workspace/builds/worker-2-tc1/source/Cargo.toml
[INFO] validating manifest of git repo https://github.com/sgeos/sdl2_template on toolchain 1.99.0-beta.8
[INFO] running `Command { std: CARGO_HOME="/workspace/cargo-home" RUSTUP_HOME="/workspace/rustup-home" "/workspace/cargo-home/bin/cargo" "+1.99.0-beta.8" "metadata" "--manifest-path" "Cargo.toml" "--no-deps", kill_on_drop: false }`
[INFO] crate git repo https://github.com/sgeos/sdl2_template already has a lockfile, it will not be regenerated
[INFO] running `Command { std: CARGO_HOME="/workspace/cargo-home" RUSTUP_HOME="/workspace/rustup-home" "/workspace/cargo-home/bin/cargo" "+1.99.0-beta.8" "fetch" "--manifest-path" "Cargo.toml", kill_on_drop: false }`
[INFO] [stderr]     Updating crates.io index
[INFO] [stderr]  Downloading crates ...
[INFO] [stderr]   Downloaded c_vec v2.0.0
[INFO] [stderr]   Downloaded phf v0.9.0
[INFO] [stderr]   Downloaded version-compare v0.1.0
[INFO] [stderr]   Downloaded siphasher v0.3.5
[INFO] [stderr]   Downloaded palette_derive v0.6.0
[INFO] [stderr]   Downloaded sdl2 v0.35.1
[INFO] [stderr]   Downloaded phf_generator v0.9.1
[INFO] [stderr]   Downloaded phf_shared v0.9.0
[INFO] [stderr]   Downloaded phf_macros v0.9.0
[INFO] [stderr]   Downloaded approx v0.5.0
[INFO] [stderr]   Downloaded proc-macro2 v1.0.26
[INFO] [stderr]   Downloaded palette v0.6.0
[INFO] [stderr]   Downloaded clap v3.0.7
[INFO] [stderr]   Downloaded syn v1.0.69
[INFO] [stderr]   Downloaded libc v0.2.93
[INFO] [stderr]   Downloaded sdl2-sys v0.35.1
[INFO] running `Command { std: "docker" "create" "-v" "/var/lib/crater-agent-workspace/builds/worker-2-tc1/source:/opt/rustwide/workdir:ro,Z" "-v" "/var/lib/crater-agent-workspace/builds/worker-2-tc1/target:/opt/rustwide/target:rw,Z" "-v" "/var/lib/crater-agent-workspace/cargo-home:/opt/rustwide/cargo-home:ro,Z" "-v" "/var/lib/crater-agent-workspace/rustup-home:/opt/rustwide/rustup-home:ro,Z" "-m" "1610612736" "--network" "none" "ghcr.io/rust-lang/crates-build-env/linux@sha256:77db811e55d90add9212f6832c23229e3de5f1c1f9905e8cb07319ea15df73ac" "sleep" "infinity", kill_on_drop: false }`
[INFO] [stdout] 04d14264758b58832b007fe64730eae73b9448b75e59520704eaf9d0638412bb
[INFO] running `Command { std: "docker" "start" "04d14264758b58832b007fe64730eae73b9448b75e59520704eaf9d0638412bb", kill_on_drop: false }`
[INFO] running `Command { std: "docker" "inspect" "04d14264758b58832b007fe64730eae73b9448b75e59520704eaf9d0638412bb", kill_on_drop: false }`
[INFO] running `Command { std: "docker" "exec" "-e" "SOURCE_DIR=/opt/rustwide/workdir" "-e" "CARGO_HOME=/opt/rustwide/cargo-home" "-e" "RUSTUP_HOME=/opt/rustwide/rustup-home" "-e" "CARGO_TARGET_DIR=/opt/rustwide/target" "-w" "/opt/rustwide/workdir" "--user" "0:0" "04d14264758b58832b007fe64730eae73b9448b75e59520704eaf9d0638412bb" "/opt/rustwide/cargo-home/bin/cargo" "+1.99.0-beta.8" "metadata" "--no-deps" "--format-version=1", kill_on_drop: false }`
[INFO] running `Command { std: "docker" "inspect" "04d14264758b58832b007fe64730eae73b9448b75e59520704eaf9d0638412bb", kill_on_drop: false }`
[INFO] running `Command { std: "docker" "exec" "-e" "SOURCE_DIR=/opt/rustwide/workdir" "-e" "CARGO_HOME=/opt/rustwide/cargo-home" "-e" "RUSTUP_HOME=/opt/rustwide/rustup-home" "-e" "CARGO_TARGET_DIR=/opt/rustwide/target" "-e" "CARGO_INCREMENTAL=0" "-e" "RUST_BACKTRACE=full" "-e" "RUSTFLAGS=--cap-lints=warn" "-e" "RUSTDOCFLAGS=--cap-lints=warn" "-w" "/opt/rustwide/workdir" "--user" "0:0" "04d14264758b58832b007fe64730eae73b9448b75e59520704eaf9d0638412bb" "/opt/rustwide/cargo-home/bin/cargo" "+1.99.0-beta.8" "build" "--frozen" "--message-format=json" "--release", kill_on_drop: false }`
[INFO] [stderr]    Compiling libc v0.2.93
[INFO] [stderr]    Compiling proc-macro2 v1.0.26
[INFO] [stderr]    Compiling serde v1.0.133
[INFO] [stderr]    Compiling syn v1.0.69
[INFO] [stderr]    Compiling ppv-lite86 v0.2.10
[INFO] [stderr]    Compiling siphasher v0.3.5
[INFO] [stderr]    Compiling version-compare v0.1.0
[INFO] [stderr]    Compiling hashbrown v0.9.1
[INFO] [stderr]    Compiling palette v0.6.0
[INFO] [stderr]    Compiling num-traits v0.2.14
[INFO] [stderr]    Compiling indexmap v1.6.2
[INFO] [stderr]    Compiling sdl2 v0.35.1
[INFO] [stderr]    Compiling os_str_bytes v6.0.0
[INFO] [stderr]    Compiling c_vec v2.0.0
[INFO] [stderr]    Compiling phf_shared v0.9.0
[INFO] [stderr]    Compiling textwrap v0.14.2
[INFO] [stderr]    Compiling sdl2-sys v0.35.1
[INFO] [stderr]    Compiling quote v1.0.9
[INFO] [stderr]    Compiling atty v0.2.14
[INFO] [stderr]    Compiling getrandom v0.2.3
[INFO] [stderr]    Compiling rand_core v0.6.3
[INFO] [stderr]    Compiling rand_chacha v0.3.1
[INFO] [stderr]    Compiling rand v0.8.4
[INFO] [stderr]    Compiling approx v0.5.0
[INFO] [stderr]    Compiling clap v3.0.7
[INFO] [stderr]    Compiling phf_generator v0.9.1
[INFO] [stderr]    Compiling toml v0.5.8
[INFO] [stderr]    Compiling find-crate v0.6.3
[INFO] [stderr]    Compiling phf_macros v0.9.0
[INFO] [stderr]    Compiling palette_derive v0.6.0
[INFO] [stderr]    Compiling phf v0.9.0
[INFO] [stderr]    Compiling sdl2_template v0.1.0 (/opt/rustwide/workdir)
[INFO] [stdout] warning: `extern` declarations without an explicit ABI are deprecated
[INFO] [stdout]   --> src/lib.rs:79:5
[INFO] [stdout]    |
[INFO] [stdout] 79 | pub extern fn run(argc: c_int, argv: *const *const c_char) {
[INFO] [stdout]    |     ^^^^^^ help: explicitly specify the "C" ABI: `extern "C"`
[INFO] [stdout]    |
[INFO] [stdout]    = note: `#[warn(missing_abi)]` on by default
[INFO] [stdout] 
[INFO] [stdout] 
[INFO] [stdout] error: linking with `cc` failed: exit status: 1
[INFO] [stdout]   |
[INFO] [stdout]   = note:  "cc" "-m64" "/opt/rustwide/target/release/deps/rustc8Qm2RD/symbols.o" "<2 object files omitted>" "-Wl,--as-needed" "-Wl,-Bstatic" "/opt/rustwide/target/release/deps/{liblib-71711c9973c62544,libclap-fe6a728304552024,libstrsim-4d90d417acaad1e9,libatty-4fddfb9a26be08b1,libtermcolor-f8ecccb5048e12a3,libtextwrap-f423272e30980296,libindexmap-e52b38acb1f582fe,libhashbrown-4b53a17786e71140,libos_str_bytes-3c10efd4d549f359,libmemchr-4f1ace6183a6b8a7,libsdl2-bd550b0873639e59,libc_vec-ab974bda598a1888,libsdl2_sys-277a42353b9e0fe0,libbitflags-a7685ea2c2c46ab3,liblazy_static-480433dca0d17907,liblibc-cdadd815cc59fcf7,libpalette-32499e2534b26cd4,libphf-fd527e41cd5aab70,libphf_shared-430ef836d65d3a55,libsiphasher-8b485a5a633639bf,libapprox-4c2acae8dfa34645,libnum_traits-6ef1b71211c3c767}.rlib" "<sysroot>/lib/rustlib/x86_64-unknown-linux-gnu/lib/{libstd-*,libpanic_unwind-*,libobject-*,libmemchr-*,libaddr2line-*,libgimli-*,libcfg_if-*,librustc_demangle-*,libstd_detect-*,libhashbrown-*,librustc_std_workspace_alloc-*,libminiz_oxide-*,libadler2-*,libunwind-*,liblibc-*,librustc_std_workspace_core-*,liballoc-*,libcore-*,libcompiler_builtins-*}.rlib" "-Wl,-Bdynamic" "-lSDL2" "-lSDL2_mixer" "-lSDL2_image" "-lSDL2_ttf" "-lSDL2_gfx" "-lgcc_s" "-lutil" "-lrt" "-lpthread" "-lm" "-ldl" "-lc" "-L" "/opt/rustwide/target/release/deps/rustc8Qm2RD/raw-dylibs" "-B<sysroot>/lib/rustlib/x86_64-unknown-linux-gnu/bin/gcc-ld" "-fuse-ld=lld" "-Wl,--eh-frame-hdr" "-Wl,-z,noexecstack" "-L" "<sysroot>/lib/rustlib/x86_64-unknown-linux-gnu/lib" "-o" "/opt/rustwide/target/release/deps/main-b12b0e524aa76d91" "-Wl,--gc-sections" "-pie" "-Wl,-z,relro,-z,now" "-Wl,-O1" "-Wl,--strip-debug" "-nodefaultlibs"
[INFO] [stdout]   = note: some arguments are omitted. use `--verbose` to show all linker arguments
[INFO] [stdout]   = note: rust-lld: error: unable to find library -lSDL2_mixer
[INFO] [stdout]           rust-lld: error: unable to find library -lSDL2_image
[INFO] [stdout]           rust-lld: error: unable to find library -lSDL2_ttf
[INFO] [stdout]           rust-lld: error: unable to find library -lSDL2_gfx
[INFO] [stdout]           collect2: error: ld returned 1 exit status
[INFO] [stdout]           
[INFO] [stdout] 
[INFO] [stdout] 
[INFO] [stderr] error: could not compile `sdl2_template` (bin "main") due to 1 previous error
[INFO] running `Command { std: "docker" "inspect" "04d14264758b58832b007fe64730eae73b9448b75e59520704eaf9d0638412bb", kill_on_drop: false }`
[INFO] running `Command { std: "docker" "rm" "-f" "04d14264758b58832b007fe64730eae73b9448b75e59520704eaf9d0638412bb", kill_on_drop: false }`
[INFO] [stdout] 04d14264758b58832b007fe64730eae73b9448b75e59520704eaf9d0638412bb
