[INFO] cloning repository https://github.com/rainbowflesh/rs-mpp
[INFO] running `Command { std: "git" "-c" "credential.helper=" "-c" "credential.helper=/workspace/cargo-home/bin/git-credential-null" "clone" "--bare" "https://github.com/rainbowflesh/rs-mpp" "/workspace/cache/git-repos/https%3A%2F%2Fgithub.com%2Frainbowflesh%2Frs-mpp", kill_on_drop: false }`
[INFO] [stderr] Cloning into bare repository '/workspace/cache/git-repos/https%3A%2F%2Fgithub.com%2Frainbowflesh%2Frs-mpp'...
[INFO] running `Command { std: "git" "rev-parse" "HEAD", kill_on_drop: false }`
[INFO] [stdout] 83a8c937f99e14bc35a24f435901063f4ba18145
[INFO] testing rainbowflesh/rs-mpp against 1.99.0-beta.8+cargoflags=--release for beta-release-1.100-2
[INFO] running `Command { std: "git" "clone" "/workspace/cache/git-repos/https%3A%2F%2Fgithub.com%2Frainbowflesh%2Frs-mpp" "/workspace/builds/worker-7-tc1/source", kill_on_drop: false }`
[INFO] [stderr] Cloning into '/workspace/builds/worker-7-tc1/source'...
[INFO] [stderr] done.
[INFO] removed /workspace/builds/worker-7-tc1/source/.cargo/config.toml
[INFO] started tweaking git repo https://github.com/rainbowflesh/rs-mpp
[INFO] finished tweaking git repo https://github.com/rainbowflesh/rs-mpp
[INFO] tweaked toml for git repo https://github.com/rainbowflesh/rs-mpp written to /workspace/builds/worker-7-tc1/source/Cargo.toml
[INFO] validating manifest of git repo https://github.com/rainbowflesh/rs-mpp on toolchain 1.99.0-beta.8
[INFO] running `Command { std: CARGO_HOME="/workspace/cargo-home" RUSTUP_HOME="/workspace/rustup-home" "/workspace/cargo-home/bin/cargo" "+1.99.0-beta.8" "metadata" "--manifest-path" "Cargo.toml" "--no-deps", kill_on_drop: false }`
[INFO] crate git repo https://github.com/rainbowflesh/rs-mpp already has a lockfile, it will not be regenerated
[INFO] running `Command { std: CARGO_HOME="/workspace/cargo-home" RUSTUP_HOME="/workspace/rustup-home" "/workspace/cargo-home/bin/cargo" "+1.99.0-beta.8" "fetch" "--manifest-path" "Cargo.toml", kill_on_drop: false }`
[INFO] [stderr]  Downloading crates ...
[INFO] [stderr]   Downloaded which v3.1.1
[INFO] [stderr]   Downloaded proc-macro2 v1.0.52
[INFO] [stderr]   Downloaded shlex v0.1.1
[INFO] [stderr]   Downloaded clang-sys v0.29.3
[INFO] [stderr]   Downloaded cexpr v0.4.0
[INFO] [stderr]   Downloaded anyhow v1.0.69
[INFO] [stderr]   Downloaded bindgen v0.53.3
[INFO] [stderr]   Downloaded libc v0.2.140
[INFO] running `Command { std: "docker" "create" "-v" "/var/lib/crater-agent-workspace/builds/worker-7-tc1/source:/opt/rustwide/workdir:ro,Z" "-v" "/var/lib/crater-agent-workspace/builds/worker-7-tc1/target:/opt/rustwide/target:rw,Z" "-v" "/var/lib/crater-agent-workspace/cargo-home:/opt/rustwide/cargo-home:ro,Z" "-v" "/var/lib/crater-agent-workspace/rustup-home:/opt/rustwide/rustup-home:ro,Z" "-m" "1610612736" "--network" "none" "ghcr.io/rust-lang/crates-build-env/linux@sha256:77db811e55d90add9212f6832c23229e3de5f1c1f9905e8cb07319ea15df73ac" "sleep" "infinity", kill_on_drop: false }`
[INFO] [stdout] 46bfd0e18aa032f648cc016e071f271a8c60c16a9b58032667f43aca12b3ebba
[INFO] running `Command { std: "docker" "start" "46bfd0e18aa032f648cc016e071f271a8c60c16a9b58032667f43aca12b3ebba", kill_on_drop: false }`
[INFO] running `Command { std: "docker" "inspect" "46bfd0e18aa032f648cc016e071f271a8c60c16a9b58032667f43aca12b3ebba", kill_on_drop: false }`
[INFO] running `Command { std: "docker" "exec" "-e" "SOURCE_DIR=/opt/rustwide/workdir" "-e" "CARGO_HOME=/opt/rustwide/cargo-home" "-e" "RUSTUP_HOME=/opt/rustwide/rustup-home" "-e" "CARGO_TARGET_DIR=/opt/rustwide/target" "-w" "/opt/rustwide/workdir" "--user" "0:0" "46bfd0e18aa032f648cc016e071f271a8c60c16a9b58032667f43aca12b3ebba" "/opt/rustwide/cargo-home/bin/cargo" "+1.99.0-beta.8" "metadata" "--no-deps" "--format-version=1", kill_on_drop: false }`
[INFO] running `Command { std: "docker" "inspect" "46bfd0e18aa032f648cc016e071f271a8c60c16a9b58032667f43aca12b3ebba", kill_on_drop: false }`
[INFO] running `Command { std: "docker" "exec" "-e" "SOURCE_DIR=/opt/rustwide/workdir" "-e" "CARGO_HOME=/opt/rustwide/cargo-home" "-e" "RUSTUP_HOME=/opt/rustwide/rustup-home" "-e" "CARGO_TARGET_DIR=/opt/rustwide/target" "-e" "CARGO_INCREMENTAL=0" "-e" "RUST_BACKTRACE=full" "-e" "RUSTFLAGS=--cap-lints=warn" "-e" "RUSTDOCFLAGS=--cap-lints=warn" "-w" "/opt/rustwide/workdir" "--user" "0:0" "46bfd0e18aa032f648cc016e071f271a8c60c16a9b58032667f43aca12b3ebba" "/opt/rustwide/cargo-home/bin/cargo" "+1.99.0-beta.8" "build" "--frozen" "--message-format=json" "--release", kill_on_drop: false }`
[INFO] [stderr]    Compiling anyhow v1.0.69
[INFO] [stderr]    Compiling mpp-ffi v0.1.0 (/opt/rustwide/workdir)
[INFO] [stderr]     Finished `release` profile [optimized] target(s) in 1.11s
[INFO] running `Command { std: "docker" "inspect" "46bfd0e18aa032f648cc016e071f271a8c60c16a9b58032667f43aca12b3ebba", kill_on_drop: false }`
[INFO] running `Command { std: "docker" "exec" "-e" "SOURCE_DIR=/opt/rustwide/workdir" "-e" "CARGO_HOME=/opt/rustwide/cargo-home" "-e" "RUSTUP_HOME=/opt/rustwide/rustup-home" "-e" "CARGO_TARGET_DIR=/opt/rustwide/target" "-e" "CARGO_INCREMENTAL=0" "-e" "RUST_BACKTRACE=full" "-e" "RUSTFLAGS=--cap-lints=warn" "-e" "RUSTDOCFLAGS=--cap-lints=warn" "-w" "/opt/rustwide/workdir" "--user" "0:0" "46bfd0e18aa032f648cc016e071f271a8c60c16a9b58032667f43aca12b3ebba" "/opt/rustwide/cargo-home/bin/cargo" "+1.99.0-beta.8" "test" "--frozen" "--no-run" "--message-format=json" "--release", kill_on_drop: false }`
[INFO] [stderr]    Compiling mpp-ffi v0.1.0 (/opt/rustwide/workdir)
[INFO] [stdout] warning: dereferencing a null pointer
[INFO] [stdout]   --> src/./mpp/mpp_log.h.rs:33:14
[INFO] [stdout]    |
[INFO] [stdout] 33 |             &(*(::std::ptr::null::<max_align_t>())).__clang_max_align_nonce1 as *const _ as usize
[INFO] [stdout]    |              ^^^^^^^^^^^^^^^^^^^^^^^^^^^^^^^^^^^^^^ this code causes undefined behavior when executed
[INFO] [stdout]    |
[INFO] [stdout]    = note: `#[warn(deref_nullptr)]` on by default
[INFO] [stdout] 
[INFO] [stdout] 
[INFO] [stdout] warning: dereferencing a null pointer
[INFO] [stdout]   --> src/./mpp/mpp_log.h.rs:45:14
[INFO] [stdout]    |
[INFO] [stdout] 45 |             &(*(::std::ptr::null::<max_align_t>())).__clang_max_align_nonce2 as *const _ as usize
[INFO] [stdout]    |              ^^^^^^^^^^^^^^^^^^^^^^^^^^^^^^^^^^^^^^ this code causes undefined behavior when executed
[INFO] [stdout] 
[INFO] [stdout] 
[INFO] [stdout] warning: dereferencing a null pointer
[INFO] [stdout]   --> src/./mpp/mpp_compat.h.rs:63:19
[INFO] [stdout]    |
[INFO] [stdout] 63 |         unsafe { &(*(::std::ptr::null::<MppCompat_t>())).feature_id as *const _ as usize },
[INFO] [stdout]    |                   ^^^^^^^^^^^^^^^^^^^^^^^^^^^^^^^^^^^^^^ this code causes undefined behavior when executed
[INFO] [stdout] 
[INFO] [stdout] 
[INFO] [stdout] warning: dereferencing a null pointer
[INFO] [stdout]   --> src/./mpp/mpp_compat.h.rs:73:19
[INFO] [stdout]    |
[INFO] [stdout] 73 |         unsafe { &(*(::std::ptr::null::<MppCompat_t>())).feature_type as *const _ as usize },
[INFO] [stdout]    |                   ^^^^^^^^^^^^^^^^^^^^^^^^^^^^^^^^^^^^^^ this code causes undefined behavior when executed
[INFO] [stdout] 
[INFO] [stdout] 
[INFO] [stdout] warning: dereferencing a null pointer
[INFO] [stdout]   --> src/./mpp/mpp_compat.h.rs:83:19
[INFO] [stdout]    |
[INFO] [stdout] 83 |         unsafe { &(*(::std::ptr::null::<MppCompat_t>())).value_mpp as *const _ as usize },
[INFO] [stdout]    |                   ^^^^^^^^^^^^^^^^^^^^^^^^^^^^^^^^^^^^^^ this code causes undefined behavior when executed
[INFO] [stdout] 
[INFO] [stdout] 
[INFO] [stdout] warning: dereferencing a null pointer
[INFO] [stdout]   --> src/./mpp/mpp_compat.h.rs:93:19
[INFO] [stdout]    |
[INFO] [stdout] 93 |         unsafe { &(*(::std::ptr::null::<MppCompat_t>())).value_usr as *const _ as usize },
[INFO] [stdout]    |                   ^^^^^^^^^^^^^^^^^^^^^^^^^^^^^^^^^^^^^^ this code causes undefined behavior when executed
[INFO] [stdout] 
[INFO] [stdout] 
[INFO] [stdout] warning: dereferencing a null pointer
[INFO] [stdout]    --> src/./mpp/mpp_compat.h.rs:103:19
[INFO] [stdout]     |
[INFO] [stdout] 103 |         unsafe { &(*(::std::ptr::null::<MppCompat_t>())).name as *const _ as usize },
[INFO] [stdout]     |                   ^^^^^^^^^^^^^^^^^^^^^^^^^^^^^^^^^^^^^^ this code causes undefined behavior when executed
[INFO] [stdout] 
[INFO] [stdout] 
[INFO] [stdout] warning: dereferencing a null pointer
[INFO] [stdout]    --> src/./mpp/mpp_compat.h.rs:113:19
[INFO] [stdout]     |
[INFO] [stdout] 113 |         unsafe { &(*(::std::ptr::null::<MppCompat_t>())).next as *const _ as usize },
[INFO] [stdout]     |                   ^^^^^^^^^^^^^^^^^^^^^^^^^^^^^^^^^^^^^^ this code causes undefined behavior when executed
[INFO] [stdout] 
[INFO] [stdout] 
[INFO] [stdout] error[E0308]: mismatched types
[INFO] [stdout]   --> src/main.rs:26:30
[INFO] [stdout]    |
[INFO] [stdout] 26 |             (mpp_env_set_u32(mpp_show_history as *const u8, 0));
[INFO] [stdout]    |              --------------- ^^^^^^^^^^^^^^^^^^^^^^^^^^^^^ expected `*const i8`, found `*const u8`
[INFO] [stdout]    |              |
[INFO] [stdout]    |              arguments to this function are incorrect
[INFO] [stdout]    |
[INFO] [stdout]    = note: expected raw pointer `*const i8`
[INFO] [stdout]               found raw pointer `*const u8`
[INFO] [stdout] note: function defined here
[INFO] [stdout]   --> src/./mpp/mpp_env.h.rs:21:12
[INFO] [stdout]    |
[INFO] [stdout] 21 |     pub fn mpp_env_set_u32(name: *const ::std::os::raw::c_char, value: RK_U32) -> RK_S32;
[INFO] [stdout]    |            ^^^^^^^^^^^^^^^
[INFO] [stdout] 
[INFO] [stdout] 
[INFO] [stdout] error[E0308]: mismatched types
[INFO] [stdout]   --> src/main.rs:30:29
[INFO] [stdout]    |
[INFO] [stdout] 30 |             mpp_env_set_u32(mpp_show_history as *const u8, 1);
[INFO] [stdout]    |             --------------- ^^^^^^^^^^^^^^^^^^^^^^^^^^^^^ expected `*const i8`, found `*const u8`
[INFO] [stdout]    |             |
[INFO] [stdout]    |             arguments to this function are incorrect
[INFO] [stdout]    |
[INFO] [stdout]    = note: expected raw pointer `*const i8`
[INFO] [stdout]               found raw pointer `*const u8`
[INFO] [stdout] note: function defined here
[INFO] [stdout]   --> src/./mpp/mpp_env.h.rs:21:12
[INFO] [stdout]    |
[INFO] [stdout] 21 |     pub fn mpp_env_set_u32(name: *const ::std::os::raw::c_char, value: RK_U32) -> RK_S32;
[INFO] [stdout]    |            ^^^^^^^^^^^^^^^
[INFO] [stdout] 
[INFO] [stdout] 
[INFO] [stdout] error[E0308]: mismatched types
[INFO] [stdout]   --> src/main.rs:33:29
[INFO] [stdout]    |
[INFO] [stdout] 33 |             mpp_env_set_u32(mpp_show_history as *const u8, 0);
[INFO] [stdout]    |             --------------- ^^^^^^^^^^^^^^^^^^^^^^^^^^^^^ expected `*const i8`, found `*const u8`
[INFO] [stdout]    |             |
[INFO] [stdout]    |             arguments to this function are incorrect
[INFO] [stdout]    |
[INFO] [stdout]    = note: expected raw pointer `*const i8`
[INFO] [stdout]               found raw pointer `*const u8`
[INFO] [stdout] note: function defined here
[INFO] [stdout]   --> src/./mpp/mpp_env.h.rs:21:12
[INFO] [stdout]    |
[INFO] [stdout] 21 |     pub fn mpp_env_set_u32(name: *const ::std::os::raw::c_char, value: RK_U32) -> RK_S32;
[INFO] [stdout]    |            ^^^^^^^^^^^^^^^
[INFO] [stdout] 
[INFO] [stdout] 
[INFO] [stdout] For more information about this error, try `rustc --explain E0308`.
[INFO] [stdout] 
[INFO] [stderr] error: could not compile `mpp-ffi` (bin "mpp-ffi" test) due to 3 previous errors
[INFO] [stderr] warning: build failed, waiting for other jobs to finish...
[INFO] [stdout] error: linking with `cc` failed: exit status: 1
[INFO] [stdout]   |
[INFO] [stdout]   = note:  "cc" "-m64" "/opt/rustwide/target/release/deps/rustclvpTGo/symbols.o" "<2 object files omitted>" "-Wl,--as-needed" "-Wl,-Bdynamic" "-lrockchip_mpp" "-Wl,-Bstatic" "<sysroot>/lib/rustlib/x86_64-unknown-linux-gnu/lib/{libtest-*,libgetopts-*,librustc_std_workspace_std-*,libstd-*,libpanic_unwind-*,libobject-*,libmemchr-*,libaddr2line-*,libgimli-*,libcfg_if-*,librustc_demangle-*,libstd_detect-*,libhashbrown-*,librustc_std_workspace_alloc-*,libminiz_oxide-*,libadler2-*,libunwind-*,liblibc-*,librustc_std_workspace_core-*,liballoc-*,libcore-*,libcompiler_builtins-*}.rlib" "-Wl,-Bdynamic" "-lgcc_s" "-lutil" "-lrt" "-lpthread" "-lm" "-ldl" "-lc" "-L" "/opt/rustwide/target/release/deps/rustclvpTGo/raw-dylibs" "-B<sysroot>/lib/rustlib/x86_64-unknown-linux-gnu/bin/gcc-ld" "-fuse-ld=lld" "-Wl,--eh-frame-hdr" "-Wl,-z,noexecstack" "-L" "<sysroot>/lib/rustlib/x86_64-unknown-linux-gnu/lib" "-o" "/opt/rustwide/target/release/deps/mpp_ffi-c32110e857dbe711" "-Wl,--gc-sections" "-pie" "-Wl,-z,relro,-z,now" "-Wl,-O1" "-Wl,--strip-debug" "-nodefaultlibs"
[INFO] [stdout]   = note: some arguments are omitted. use `--verbose` to show all linker arguments
[INFO] [stdout]   = note: rust-lld: error: unable to find library -lrockchip_mpp
[INFO] [stdout]           collect2: error: ld returned 1 exit status
[INFO] [stdout]           
[INFO] [stdout] 
[INFO] [stdout] 
[INFO] [stderr] error: could not compile `mpp-ffi` (lib test) due to 1 previous error; 8 warnings emitted
[INFO] running `Command { std: "docker" "inspect" "46bfd0e18aa032f648cc016e071f271a8c60c16a9b58032667f43aca12b3ebba", kill_on_drop: false }`
[INFO] running `Command { std: "docker" "rm" "-f" "46bfd0e18aa032f648cc016e071f271a8c60c16a9b58032667f43aca12b3ebba", kill_on_drop: false }`
[INFO] [stdout] 46bfd0e18aa032f648cc016e071f271a8c60c16a9b58032667f43aca12b3ebba
