[INFO] cloning repository https://github.com/qingyingxy/pocket-pet
[INFO] running `Command { std: "git" "-c" "credential.helper=" "-c" "credential.helper=/workspace/cargo-home/bin/git-credential-null" "clone" "--bare" "https://github.com/qingyingxy/pocket-pet" "/workspace/cache/git-repos/https%3A%2F%2Fgithub.com%2Fqingyingxy%2Fpocket-pet", kill_on_drop: false }`
[INFO] [stderr] Cloning into bare repository '/workspace/cache/git-repos/https%3A%2F%2Fgithub.com%2Fqingyingxy%2Fpocket-pet'...
[INFO] running `Command { std: "git" "rev-parse" "HEAD", kill_on_drop: false }`
[INFO] [stdout] 7eab5811af5890d88819333b7938e2d6f66d2f1e
[INFO] testing qingyingxy/pocket-pet against 1.100.0-beta.1+cargoflags=--release for beta-release-1.100-2
[INFO] running `Command { std: "git" "clone" "/workspace/cache/git-repos/https%3A%2F%2Fgithub.com%2Fqingyingxy%2Fpocket-pet" "/workspace/builds/worker-2-tc2/source", kill_on_drop: false }`
[INFO] [stderr] Cloning into '/workspace/builds/worker-2-tc2/source'...
[INFO] [stderr] done.
[INFO] started tweaking git repo https://github.com/qingyingxy/pocket-pet
[INFO] finished tweaking git repo https://github.com/qingyingxy/pocket-pet
[INFO] tweaked toml for git repo https://github.com/qingyingxy/pocket-pet written to /workspace/builds/worker-2-tc2/source/Cargo.toml
[INFO] validating manifest of git repo https://github.com/qingyingxy/pocket-pet on toolchain 1.100.0-beta.1
[INFO] running `Command { std: CARGO_HOME="/workspace/cargo-home" RUSTUP_HOME="/workspace/rustup-home" "/workspace/cargo-home/bin/cargo" "+1.100.0-beta.1" "metadata" "--manifest-path" "Cargo.toml" "--no-deps", kill_on_drop: false }`
[INFO] crate git repo https://github.com/qingyingxy/pocket-pet already has a lockfile, it will not be regenerated
[INFO] running `Command { std: CARGO_HOME="/workspace/cargo-home" RUSTUP_HOME="/workspace/rustup-home" "/workspace/cargo-home/bin/cargo" "+1.100.0-beta.1" "fetch" "--manifest-path" "Cargo.toml", kill_on_drop: false }`
[INFO] running `Command { std: "docker" "create" "-v" "/var/lib/crater-agent-workspace/builds/worker-2-tc2/source:/opt/rustwide/workdir:ro,Z" "-v" "/var/lib/crater-agent-workspace/builds/worker-2-tc2/target:/opt/rustwide/target:rw,Z" "-v" "/var/lib/crater-agent-workspace/cargo-home:/opt/rustwide/cargo-home:ro,Z" "-v" "/var/lib/crater-agent-workspace/rustup-home:/opt/rustwide/rustup-home:ro,Z" "-m" "1610612736" "--network" "none" "ghcr.io/rust-lang/crates-build-env/linux@sha256:77db811e55d90add9212f6832c23229e3de5f1c1f9905e8cb07319ea15df73ac" "sleep" "infinity", kill_on_drop: false }`
[INFO] [stdout] 02fef88fcf51683ef1403f739dbcdfabe3e06d12ed27a490c0962e250a035681
[INFO] running `Command { std: "docker" "start" "02fef88fcf51683ef1403f739dbcdfabe3e06d12ed27a490c0962e250a035681", kill_on_drop: false }`
[INFO] running `Command { std: "docker" "inspect" "02fef88fcf51683ef1403f739dbcdfabe3e06d12ed27a490c0962e250a035681", kill_on_drop: false }`
[INFO] running `Command { std: "docker" "exec" "-e" "SOURCE_DIR=/opt/rustwide/workdir" "-e" "CARGO_HOME=/opt/rustwide/cargo-home" "-e" "RUSTUP_HOME=/opt/rustwide/rustup-home" "-e" "CARGO_TARGET_DIR=/opt/rustwide/target" "-w" "/opt/rustwide/workdir" "--user" "0:0" "02fef88fcf51683ef1403f739dbcdfabe3e06d12ed27a490c0962e250a035681" "/opt/rustwide/cargo-home/bin/cargo" "+1.100.0-beta.1" "metadata" "--no-deps" "--format-version=1", kill_on_drop: false }`
[INFO] running `Command { std: "docker" "inspect" "02fef88fcf51683ef1403f739dbcdfabe3e06d12ed27a490c0962e250a035681", kill_on_drop: false }`
[INFO] running `Command { std: "docker" "exec" "-e" "SOURCE_DIR=/opt/rustwide/workdir" "-e" "CARGO_HOME=/opt/rustwide/cargo-home" "-e" "RUSTUP_HOME=/opt/rustwide/rustup-home" "-e" "CARGO_TARGET_DIR=/opt/rustwide/target" "-e" "CARGO_INCREMENTAL=0" "-e" "RUST_BACKTRACE=full" "-e" "RUSTFLAGS=--cap-lints=warn" "-e" "RUSTDOCFLAGS=--cap-lints=warn" "-w" "/opt/rustwide/workdir" "--user" "0:0" "02fef88fcf51683ef1403f739dbcdfabe3e06d12ed27a490c0962e250a035681" "/opt/rustwide/cargo-home/bin/cargo" "+1.100.0-beta.1" "build" "--frozen" "--message-format=json" "--release", kill_on_drop: false }`
[INFO] [stderr]    Compiling cfg-if v1.0.4
[INFO] [stderr]    Compiling simd-adler32 v0.3.10
[INFO] [stderr]    Compiling proc-macro2 v1.0.107
[INFO] [stderr]    Compiling adler2 v2.0.1
[INFO] [stderr]    Compiling crc32fast v1.5.2
[INFO] [stderr]    Compiling bitflags v2.13.2
[INFO] [stderr]    Compiling autocfg v1.5.1
[INFO] [stderr]    Compiling quote v1.0.47
[INFO] [stderr]    Compiling rustix v1.1.4
[INFO] [stderr]    Compiling libc v0.2.189
[INFO] [stderr]    Compiling unicode-ident v1.0.24
[INFO] [stderr]    Compiling linux-raw-sys v0.12.1
[INFO] [stderr]    Compiling windows_x86_64_gnu v0.52.6
[INFO] [stderr]    Compiling parking_lot_core v0.9.12
[INFO] [stderr]    Compiling serde_core v1.0.229
[INFO] [stderr]    Compiling scopeguard v1.2.0
[INFO] [stderr]    Compiling pxfm v0.1.30
[INFO] [stderr]    Compiling zmij v1.0.23
[INFO] [stderr]    Compiling smallvec v1.16.1
[INFO] [stderr]    Compiling lock_api v0.4.14
[INFO] [stderr]    Compiling byteorder-lite v0.1.0
[INFO] [stderr]    Compiling serde v1.0.229
[INFO] [stderr]    Compiling bytemuck v1.25.2
[INFO] [stderr]    Compiling miniz_oxide v0.9.1
[INFO] [stderr]    Compiling miniz_oxide v0.8.9
[INFO] [stderr]    Compiling fdeflate v0.3.7
[INFO] [stderr]    Compiling serde_json v1.0.151
[INFO] [stderr]    Compiling x11rb-protocol v0.13.2
[INFO] [stderr]    Compiling windows-targets v0.52.6
[INFO] [stderr]    Compiling num-traits v0.2.19
[INFO] [stderr]    Compiling log v0.4.34
[INFO] [stderr]    Compiling percent-encoding v2.3.2
[INFO] [stderr]    Compiling memchr v2.8.3
[INFO] [stderr]    Compiling itoa v1.0.18
[INFO] [stderr]    Compiling windows-sys v0.59.0
[INFO] [stderr]    Compiling flate2 v1.1.10
[INFO] [stderr]    Compiling png v0.18.1
[INFO] [stderr]    Compiling syn v3.0.5
[INFO] [stderr]    Compiling parking_lot v0.12.5
[INFO] [stderr]    Compiling moxcms v0.8.1
[INFO] [stderr]    Compiling serde_derive v1.0.229
[INFO] [stderr]    Compiling gethostname v1.1.0
[INFO] [stderr]    Compiling x11rb v0.13.2
[INFO] [stderr]    Compiling image v0.25.10
[INFO] [stderr]    Compiling arboard v3.6.1
[INFO] [stderr]    Compiling pocket-pet v0.1.0 (/opt/rustwide/workdir)
[INFO] [stdout] error: linking with `cc` failed: exit status: 1
[INFO] [stdout]   |
[INFO] [stdout]   = note:  "cc" "-m64" "<1 object files omitted>" "-Wl,--as-needed" "-Wl,-Bstatic" "<sysroot>/lib/rustlib/x86_64-unknown-linux-gnu/lib/libcompiler_builtins-*.rlib" "-Wl,-Bdynamic" "-lgcc_s" "-lutil" "-lrt" "-lpthread" "-lm" "-ldl" "-lc" "-L" "/opt/rustwide/target/release/build/pocket-pet/3732759a8e811b65/out/rustckcwJL8/raw-dylibs" "-B<sysroot>/lib/rustlib/x86_64-unknown-linux-gnu/bin/gcc-ld" "-fuse-ld=lld" "-Wl,--eh-frame-hdr" "-Wl,-z,noexecstack" "-L" "/opt/rustwide/cargo-home/registry/src/index.crates.io-1949cf8c6b5b557f/windows_x86_64_gnu-0.52.6/lib" "-L" "<sysroot>/lib/rustlib/x86_64-unknown-linux-gnu/lib" "-o" "/opt/rustwide/target/release/build/pocket-pet/3732759a8e811b65/out/pocket_pet" "-Wl,--gc-sections" "-pie" "-Wl,-z,relro,-z,now" "-Wl,--strip-all" "-nodefaultlibs"
[INFO] [stdout]   = note: some arguments are omitted. use `--verbose` to show all linker arguments
[INFO] [stdout]   = note: rust-lld: error: undefined symbol: KillTimer
[INFO] [stdout]           >>> referenced by pocket_pet.de53890a410427e4-cgu.00
[INFO] [stdout]           >>>               /opt/rustwide/target/release/build/pocket-pet/3732759a8e811b65/out/pocket_pet.pocket_pet.de53890a410427e4-cgu.00.rcgu.o:(pocket_pet::store_note)
[INFO] [stdout]           >>> referenced by pocket_pet.de53890a410427e4-cgu.00
[INFO] [stdout]           >>>               /opt/rustwide/target/release/build/pocket-pet/3732759a8e811b65/out/pocket_pet.pocket_pet.de53890a410427e4-cgu.00.rcgu.o:(pocket_pet::proc)
[INFO] [stdout]           >>> referenced by pocket_pet.de53890a410427e4-cgu.00
[INFO] [stdout]           >>>               /opt/rustwide/target/release/build/pocket-pet/3732759a8e811b65/out/pocket_pet.pocket_pet.de53890a410427e4-cgu.00.rcgu.o:(pocket_pet::proc)
[INFO] [stdout]           >>> referenced 2 more times
[INFO] [stdout]           
[INFO] [stdout]           rust-lld: error: undefined symbol: MonitorFromWindow
[INFO] [stdout]           >>> referenced by pocket_pet.de53890a410427e4-cgu.00
[INFO] [stdout]           >>>               /opt/rustwide/target/release/build/pocket-pet/3732759a8e811b65/out/pocket_pet.pocket_pet.de53890a410427e4-cgu.00.rcgu.o:(pocket_pet::apply_scale)
[INFO] [stdout]           >>> referenced by pocket_pet.de53890a410427e4-cgu.00
[INFO] [stdout]           >>>               /opt/rustwide/target/release/build/pocket-pet/3732759a8e811b65/out/pocket_pet.pocket_pet.de53890a410427e4-cgu.00.rcgu.o:(pocket_pet::position_bubble)
[INFO] [stdout]           
[INFO] [stdout]           rust-lld: error: undefined symbol: GetMonitorInfoW
[INFO] [stdout]           >>> referenced by pocket_pet.de53890a410427e4-cgu.00
[INFO] [stdout]           >>>               /opt/rustwide/target/release/build/pocket-pet/3732759a8e811b65/out/pocket_pet.pocket_pet.de53890a410427e4-cgu.00.rcgu.o:(pocket_pet::apply_scale)
[INFO] [stdout]           >>> referenced by pocket_pet.de53890a410427e4-cgu.00
[INFO] [stdout]           >>>               /opt/rustwide/target/release/build/pocket-pet/3732759a8e811b65/out/pocket_pet.pocket_pet.de53890a410427e4-cgu.00.rcgu.o:(pocket_pet::position_bubble)
[INFO] [stdout]           
[INFO] [stdout]           rust-lld: error: undefined symbol: SendMessageW
[INFO] [stdout]           >>> referenced by pocket_pet.de53890a410427e4-cgu.00
[INFO] [stdout]           >>>               /opt/rustwide/target/release/build/pocket-pet/3732759a8e811b65/out/pocket_pet.pocket_pet.de53890a410427e4-cgu.00.rcgu.o:(pocket_pet::apply_scale)
[INFO] [stdout]           >>> referenced by pocket_pet.de53890a410427e4-cgu.00
[INFO] [stdout]           >>>               /opt/rustwide/target/release/build/pocket-pet/3732759a8e811b65/out/pocket_pet.pocket_pet.de53890a410427e4-cgu.00.rcgu.o:(pocket_pet::resize_font)
[INFO] [stdout]           >>> referenced by pocket_pet.de53890a410427e4-cgu.00
[INFO] [stdout]           >>>               /opt/rustwide/target/release/build/pocket-pet/3732759a8e811b65/out/pocket_pet.pocket_pet.de53890a410427e4-cgu.00.rcgu.o:(pocket_pet::main)
[INFO] [stdout]           >>> referenced 8 more times
[INFO] [stdout]           
[INFO] [stdout]           rust-lld: error: undefined symbol: GetDlgItem
[INFO] [stdout]           >>> referenced by pocket_pet.de53890a410427e4-cgu.00
[INFO] [stdout]           >>>               /opt/rustwide/target/release/build/pocket-pet/3732759a8e811b65/out/pocket_pet.pocket_pet.de53890a410427e4-cgu.00.rcgu.o:(pocket_pet::apply_scale)
[INFO] [stdout]           >>> referenced by pocket_pet.de53890a410427e4-cgu.00
[INFO] [stdout]           >>>               /opt/rustwide/target/release/build/pocket-pet/3732759a8e811b65/out/pocket_pet.pocket_pet.de53890a410427e4-cgu.00.rcgu.o:(pocket_pet::show_notice)
[INFO] [stdout]           >>> referenced by pocket_pet.de53890a410427e4-cgu.00
[INFO] [stdout]           >>>               /opt/rustwide/target/release/build/pocket-pet/3732759a8e811b65/out/pocket_pet.pocket_pet.de53890a410427e4-cgu.00.rcgu.o:(pocket_pet::position_bubble)
[INFO] [stdout]           >>> referenced 9 more times
[INFO] [stdout]           
[INFO] [stdout]           rust-lld: error: undefined symbol: SetWindowPos
[INFO] [stdout]           >>> referenced by pocket_pet.de53890a410427e4-cgu.00
[INFO] [stdout]           >>>               /opt/rustwide/target/release/build/pocket-pet/3732759a8e811b65/out/pocket_pet.pocket_pet.de53890a410427e4-cgu.00.rcgu.o:(pocket_pet::apply_scale)
[INFO] [stdout]           >>> referenced by pocket_pet.de53890a410427e4-cgu.00
[INFO] [stdout]           >>>               /opt/rustwide/target/release/build/pocket-pet/3732759a8e811b65/out/pocket_pet.pocket_pet.de53890a410427e4-cgu.00.rcgu.o:(pocket_pet::position_bubble)
[INFO] [stdout]           >>> referenced by pocket_pet.de53890a410427e4-cgu.00
[INFO] [stdout]           >>>               /opt/rustwide/target/release/build/pocket-pet/3732759a8e811b65/out/pocket_pet.pocket_pet.de53890a410427e4-cgu.00.rcgu.o:(pocket_pet::position_bubble)
[INFO] [stdout]           
[INFO] [stdout]           rust-lld: error: undefined symbol: DeleteObject
[INFO] [stdout]           >>> referenced by pocket_pet.de53890a410427e4-cgu.00
[INFO] [stdout]           >>>               /opt/rustwide/target/release/build/pocket-pet/3732759a8e811b65/out/pocket_pet.pocket_pet.de53890a410427e4-cgu.00.rcgu.o:(pocket_pet::resize_font)
[INFO] [stdout]           >>> referenced by pocket_pet.de53890a410427e4-cgu.00
[INFO] [stdout]           >>>               /opt/rustwide/target/release/build/pocket-pet/3732759a8e811b65/out/pocket_pet.pocket_pet.de53890a410427e4-cgu.00.rcgu.o:(pocket_pet::position_bubble)
[INFO] [stdout]           >>> referenced by pocket_pet.de53890a410427e4-cgu.00
[INFO] [stdout]           >>>               /opt/rustwide/target/release/build/pocket-pet/3732759a8e811b65/out/pocket_pet.pocket_pet.de53890a410427e4-cgu.00.rcgu.o:(pocket_pet::position_bubble)
[INFO] [stdout]           >>> referenced 3 more times
[INFO] [stdout]           
[INFO] [stdout]           rust-lld: error: undefined symbol: InvalidateRect
[INFO] [stdout]           >>> referenced by pocket_pet.de53890a410427e4-cgu.00
[INFO] [stdout]           >>>               /opt/rustwide/target/release/build/pocket-pet/3732759a8e811b65/out/pocket_pet.pocket_pet.de53890a410427e4-cgu.00.rcgu.o:(pocket_pet::show_notice)
[INFO] [stdout]           >>> referenced by pocket_pet.de53890a410427e4-cgu.00
[INFO] [stdout]           >>>               /opt/rustwide/target/release/build/pocket-pet/3732759a8e811b65/out/pocket_pet.pocket_pet.de53890a410427e4-cgu.00.rcgu.o:(pocket_pet::position_bubble)
[INFO] [stdout]           >>> referenced by pocket_pet.de53890a410427e4-cgu.00
[INFO] [stdout]           >>>               /opt/rustwide/target/release/build/pocket-pet/3732759a8e811b65/out/pocket_pet.pocket_pet.de53890a410427e4-cgu.00.rcgu.o:(pocket_pet::main)
[INFO] [stdout]           >>> referenced 5 more times
[INFO] [stdout]           
[INFO] [stdout]           rust-lld: error: undefined symbol: SetTimer
[INFO] [stdout]           >>> referenced by pocket_pet.de53890a410427e4-cgu.00
[INFO] [stdout]           >>>               /opt/rustwide/target/release/build/pocket-pet/3732759a8e811b65/out/pocket_pet.pocket_pet.de53890a410427e4-cgu.00.rcgu.o:(pocket_pet::show_notice)
[INFO] [stdout]           >>> referenced by pocket_pet.de53890a410427e4-cgu.00
[INFO] [stdout]           >>>               /opt/rustwide/target/release/build/pocket-pet/3732759a8e811b65/out/pocket_pet.pocket_pet.de53890a410427e4-cgu.00.rcgu.o:(pocket_pet::proc)
[INFO] [stdout]           >>> referenced by pocket_pet.de53890a410427e4-cgu.00
[INFO] [stdout]           >>>               /opt/rustwide/target/release/build/pocket-pet/3732759a8e811b65/out/pocket_pet.pocket_pet.de53890a410427e4-cgu.00.rcgu.o:(pocket_pet::proc)
[INFO] [stdout]           
[INFO] [stdout]           rust-lld: error: undefined symbol: MoveWindow
[INFO] [stdout]           >>> referenced by pocket_pet.de53890a410427e4-cgu.00
[INFO] [stdout]           >>>               /opt/rustwide/target/release/build/pocket-pet/3732759a8e811b65/out/pocket_pet.pocket_pet.de53890a410427e4-cgu.00.rcgu.o:(pocket_pet::move_control)
[INFO] [stdout]           >>> referenced by pocket_pet.de53890a410427e4-cgu.00
[INFO] [stdout]           >>>               /opt/rustwide/target/release/build/pocket-pet/3732759a8e811b65/out/pocket_pet.pocket_pet.de53890a410427e4-cgu.00.rcgu.o:(pocket_pet::position_bubble)
[INFO] [stdout]           
[INFO] [stdout]           rust-lld: error: undefined symbol: SetMapMode
[INFO] [stdout]           >>> referenced by pocket_pet.de53890a410427e4-cgu.00
[INFO] [stdout]           >>>               /opt/rustwide/target/release/build/pocket-pet/3732759a8e811b65/out/pocket_pet.pocket_pet.de53890a410427e4-cgu.00.rcgu.o:(pocket_pet::drawing_scale)
[INFO] [stdout]           
[INFO] [stdout]           rust-lld: error: undefined symbol: SetWindowExtEx
[INFO] [stdout]           >>> referenced by pocket_pet.de53890a410427e4-cgu.00
[INFO] [stdout]           >>>               /opt/rustwide/target/release/build/pocket-pet/3732759a8e811b65/out/pocket_pet.pocket_pet.de53890a410427e4-cgu.00.rcgu.o:(pocket_pet::drawing_scale)
[INFO] [stdout]           
[INFO] [stdout]           rust-lld: error: undefined symbol: SetViewportExtEx
[INFO] [stdout]           >>> referenced by pocket_pet.de53890a410427e4-cgu.00
[INFO] [stdout]           >>>               /opt/rustwide/target/release/build/pocket-pet/3732759a8e811b65/out/pocket_pet.pocket_pet.de53890a410427e4-cgu.00.rcgu.o:(pocket_pet::drawing_scale)
[INFO] [stdout]           
[INFO] [stdout]           rust-lld: error: undefined symbol: GetWindowRect
[INFO] [stdout]           >>> referenced by pocket_pet.de53890a410427e4-cgu.00
[INFO] [stdout]           >>>               /opt/rustwide/target/release/build/pocket-pet/3732759a8e811b65/out/pocket_pet.pocket_pet.de53890a410427e4-cgu.00.rcgu.o:(pocket_pet::position_bubble)
[INFO] [stdout]           >>> referenced by pocket_pet.de53890a410427e4-cgu.00
[INFO] [stdout]           >>>               /opt/rustwide/target/release/build/pocket-pet/3732759a8e811b65/out/pocket_pet.pocket_pet.de53890a410427e4-cgu.00.rcgu.o:(pocket_pet::proc)
[INFO] [stdout]           >>> referenced by pocket_pet.de53890a410427e4-cgu.00
[INFO] [stdout]           >>>               /opt/rustwide/target/release/build/pocket-pet/3732759a8e811b65/out/pocket_pet.pocket_pet.de53890a410427e4-cgu.00.rcgu.o:(pocket_pet::set_zoom)
[INFO] [stdout]           
[INFO] [stdout]           rust-lld: error: undefined symbol: CreateRoundRectRgn
[INFO] [stdout]           >>> referenced by pocket_pet.de53890a410427e4-cgu.00
[INFO] [stdout]           >>>               /opt/rustwide/target/release/build/pocket-pet/3732759a8e811b65/out/pocket_pet.pocket_pet.de53890a410427e4-cgu.00.rcgu.o:(pocket_pet::position_bubble)
[INFO] [stdout]           >>> referenced by pocket_pet.de53890a410427e4-cgu.00
[INFO] [stdout]           >>>               /opt/rustwide/target/release/build/pocket-pet/3732759a8e811b65/out/pocket_pet.pocket_pet.de53890a410427e4-cgu.00.rcgu.o:(pocket_pet::position_bubble)
[INFO] [stdout]           >>> referenced by pocket_pet.de53890a410427e4-cgu.00
[INFO] [stdout]           >>>               /opt/rustwide/target/release/build/pocket-pet/3732759a8e811b65/out/pocket_pet.pocket_pet.de53890a410427e4-cgu.00.rcgu.o:(pocket_pet::main)
[INFO] [stdout]           
[INFO] [stdout]           rust-lld: error: undefined symbol: SetWindowRgn
[INFO] [stdout]           >>> referenced by pocket_pet.de53890a410427e4-cgu.00
[INFO] [stdout]           >>>               /opt/rustwide/target/release/build/pocket-pet/3732759a8e811b65/out/pocket_pet.pocket_pet.de53890a410427e4-cgu.00.rcgu.o:(pocket_pet::position_bubble)
[INFO] [stdout]           >>> referenced by pocket_pet.de53890a410427e4-cgu.00
[INFO] [stdout]           >>>               /opt/rustwide/target/release/build/pocket-pet/3732759a8e811b65/out/pocket_pet.pocket_pet.de53890a410427e4-cgu.00.rcgu.o:(pocket_pet::position_bubble)
[INFO] [stdout]           >>> referenced by pocket_pet.de53890a410427e4-cgu.00
[INFO] [stdout]           >>>               /opt/rustwide/target/release/build/pocket-pet/3732759a8e811b65/out/pocket_pet.pocket_pet.de53890a410427e4-cgu.00.rcgu.o:(pocket_pet::main)
[INFO] [stdout]           
[INFO] [stdout]           rust-lld: error: undefined symbol: SetProcessDpiAwarenessContext
[INFO] [stdout]           >>> referenced by pocket_pet.de53890a410427e4-cgu.00
[INFO] [stdout]           >>>               /opt/rustwide/target/release/build/pocket-pet/3732759a8e811b65/out/pocket_pet.pocket_pet.de53890a410427e4-cgu.00.rcgu.o:(pocket_pet::main)
[INFO] [stdout]           
[INFO] [stdout]           rust-lld: error: undefined symbol: GetDpiForSystem
[INFO] [stdout]           >>> referenced by pocket_pet.de53890a410427e4-cgu.00
[INFO] [stdout]           >>>               /opt/rustwide/target/release/build/pocket-pet/3732759a8e811b65/out/pocket_pet.pocket_pet.de53890a410427e4-cgu.00.rcgu.o:(pocket_pet::main)
[INFO] [stdout]           
[INFO] [stdout]           rust-lld: error: undefined symbol: GetModuleHandleW
[INFO] [stdout]           >>> referenced by pocket_pet.de53890a410427e4-cgu.00
[INFO] [stdout]           >>>               /opt/rustwide/target/release/build/pocket-pet/3732759a8e811b65/out/pocket_pet.pocket_pet.de53890a410427e4-cgu.00.rcgu.o:(pocket_pet::main)
[INFO] [stdout]           >>> referenced by pocket_pet.de53890a410427e4-cgu.00
[INFO] [stdout]           >>>               /opt/rustwide/target/release/build/pocket-pet/3732759a8e811b65/out/pocket_pet.pocket_pet.de53890a410427e4-cgu.00.rcgu.o:(pocket_pet::control)
[INFO] [stdout]           
[INFO] [stdout]           rust-lld: error: undefined symbol: LoadCursorW
[INFO] [stdout]           >>> referenced by pocket_pet.de53890a410427e4-cgu.00
[INFO] [stdout]           >>>               /opt/rustwide/target/release/build/pocket-pet/3732759a8e811b65/out/pocket_pet.pocket_pet.de53890a410427e4-cgu.00.rcgu.o:(pocket_pet::main)
[INFO] [stdout]           
[INFO] [stdout]           rust-lld: error: too many errors emitted, stopping now (use --error-limit=0 to see all errors)
[INFO] [stdout]           collect2: error: ld returned 1 exit status
[INFO] [stdout]           
[INFO] [stdout] 
[INFO] [stdout] 
[INFO] [stderr] error: could not compile `pocket-pet` (bin "pocket-pet") due to 1 previous error
[INFO] running `Command { std: "docker" "inspect" "02fef88fcf51683ef1403f739dbcdfabe3e06d12ed27a490c0962e250a035681", kill_on_drop: false }`
[INFO] running `Command { std: "docker" "rm" "-f" "02fef88fcf51683ef1403f739dbcdfabe3e06d12ed27a490c0962e250a035681", kill_on_drop: false }`
[INFO] [stdout] 02fef88fcf51683ef1403f739dbcdfabe3e06d12ed27a490c0962e250a035681
