[INFO] cloning repository https://github.com/pubrrr/dndhelper
[INFO] running `Command { std: "git" "-c" "credential.helper=" "-c" "credential.helper=/workspace/cargo-home/bin/git-credential-null" "clone" "--bare" "https://github.com/pubrrr/dndhelper" "/workspace/cache/git-repos/https%3A%2F%2Fgithub.com%2Fpubrrr%2Fdndhelper", kill_on_drop: false }`
[INFO] [stderr] Cloning into bare repository '/workspace/cache/git-repos/https%3A%2F%2Fgithub.com%2Fpubrrr%2Fdndhelper'...
[INFO] running `Command { std: "git" "rev-parse" "HEAD", kill_on_drop: false }`
[INFO] [stdout] 7d03333caa015e9fe4104f43183636c48953dbd3
[INFO] testing pubrrr/dndhelper against 1.100.0-beta.1+cargoflags=--release for beta-release-1.100-2
[INFO] running `Command { std: "git" "clone" "/workspace/cache/git-repos/https%3A%2F%2Fgithub.com%2Fpubrrr%2Fdndhelper" "/workspace/builds/worker-0-tc2/source", kill_on_drop: false }`
[INFO] [stderr] Cloning into '/workspace/builds/worker-0-tc2/source'...
[INFO] [stderr] done.
[INFO] started tweaking git repo https://github.com/pubrrr/dndhelper
[INFO] finished tweaking git repo https://github.com/pubrrr/dndhelper
[INFO] tweaked toml for git repo https://github.com/pubrrr/dndhelper written to /workspace/builds/worker-0-tc2/source/Cargo.toml
[INFO] validating manifest of git repo https://github.com/pubrrr/dndhelper on toolchain 1.100.0-beta.1
[INFO] running `Command { std: CARGO_HOME="/workspace/cargo-home" RUSTUP_HOME="/workspace/rustup-home" "/workspace/cargo-home/bin/cargo" "+1.100.0-beta.1" "metadata" "--manifest-path" "Cargo.toml" "--no-deps", kill_on_drop: false }`
[INFO] crate git repo https://github.com/pubrrr/dndhelper already has a lockfile, it will not be regenerated
[INFO] running `Command { std: CARGO_HOME="/workspace/cargo-home" RUSTUP_HOME="/workspace/rustup-home" "/workspace/cargo-home/bin/cargo" "+1.100.0-beta.1" "fetch" "--manifest-path" "Cargo.toml", kill_on_drop: false }`
[INFO] running `Command { std: "docker" "create" "-v" "/var/lib/crater-agent-workspace/builds/worker-0-tc2/source:/opt/rustwide/workdir:ro,Z" "-v" "/var/lib/crater-agent-workspace/builds/worker-0-tc2/target:/opt/rustwide/target:rw,Z" "-v" "/var/lib/crater-agent-workspace/cargo-home:/opt/rustwide/cargo-home:ro,Z" "-v" "/var/lib/crater-agent-workspace/rustup-home:/opt/rustwide/rustup-home:ro,Z" "-m" "1610612736" "--network" "none" "ghcr.io/rust-lang/crates-build-env/linux@sha256:77db811e55d90add9212f6832c23229e3de5f1c1f9905e8cb07319ea15df73ac" "sleep" "infinity", kill_on_drop: false }`
[INFO] [stdout] 79ce07cf665cd708bb12a6975a3f759f32e572c603eedd0680d8ce56c768780f
[INFO] running `Command { std: "docker" "start" "79ce07cf665cd708bb12a6975a3f759f32e572c603eedd0680d8ce56c768780f", kill_on_drop: false }`
[INFO] running `Command { std: "docker" "inspect" "79ce07cf665cd708bb12a6975a3f759f32e572c603eedd0680d8ce56c768780f", kill_on_drop: false }`
[INFO] running `Command { std: "docker" "exec" "-e" "SOURCE_DIR=/opt/rustwide/workdir" "-e" "CARGO_HOME=/opt/rustwide/cargo-home" "-e" "RUSTUP_HOME=/opt/rustwide/rustup-home" "-e" "CARGO_TARGET_DIR=/opt/rustwide/target" "-w" "/opt/rustwide/workdir" "--user" "0:0" "79ce07cf665cd708bb12a6975a3f759f32e572c603eedd0680d8ce56c768780f" "/opt/rustwide/cargo-home/bin/cargo" "+1.100.0-beta.1" "metadata" "--no-deps" "--format-version=1", kill_on_drop: false }`
[INFO] running `Command { std: "docker" "inspect" "79ce07cf665cd708bb12a6975a3f759f32e572c603eedd0680d8ce56c768780f", kill_on_drop: false }`
[INFO] running `Command { std: "docker" "exec" "-e" "SOURCE_DIR=/opt/rustwide/workdir" "-e" "CARGO_HOME=/opt/rustwide/cargo-home" "-e" "RUSTUP_HOME=/opt/rustwide/rustup-home" "-e" "CARGO_TARGET_DIR=/opt/rustwide/target" "-e" "CARGO_INCREMENTAL=0" "-e" "RUST_BACKTRACE=full" "-e" "RUSTFLAGS=--cap-lints=warn" "-e" "RUSTDOCFLAGS=--cap-lints=warn" "-w" "/opt/rustwide/workdir" "--user" "0:0" "79ce07cf665cd708bb12a6975a3f759f32e572c603eedd0680d8ce56c768780f" "/opt/rustwide/cargo-home/bin/cargo" "+1.100.0-beta.1" "build" "--frozen" "--message-format=json" "--release", kill_on_drop: false }`
[INFO] [stderr]    Compiling proc-macro2 v1.0.79
[INFO] [stderr]    Compiling serde v1.0.202
[INFO] [stderr]    Compiling anyhow v1.0.86
[INFO] [stderr]    Compiling quote v1.0.35
[INFO] [stderr]    Compiling syn v2.0.58
[INFO] [stderr]    Compiling serde_derive v1.0.202
[INFO] [stderr]    Compiling enum-iterator-derive v1.4.0
[INFO] [stderr]    Compiling enum-iterator v2.1.0
[INFO] [stderr]    Compiling bitflags v2.5.0
[INFO] [stderr]    Compiling ron v0.8.1
[INFO] [stderr]    Compiling dndhelper v0.1.0 (/opt/rustwide/workdir)
[INFO] [stderr] warning: unused dependency `anyhow`
[INFO] [stderr]  --> Cargo.toml:6:1
[INFO] [stderr]   |
[INFO] [stderr] 6 | anyhow = "1.0.86"
[INFO] [stderr]   | ^^^^^^^^^^^^^^^^^
[INFO] [stderr]   |
[INFO] [stderr]   = note: `cargo::unused_dependencies` is set to `warn` by default
[INFO] [stderr] help: consider removing the dependency on `anyhow`
[INFO] [stderr] warning: unused dependency `enum-iterator`
[INFO] [stderr]  --> Cargo.toml:7:1
[INFO] [stderr]   |
[INFO] [stderr] 7 | enum-iterator = "2.1.0"
[INFO] [stderr]   | ^^^^^^^^^^^^^^^^^^^^^^^
[INFO] [stderr]   |
[INFO] [stderr] help: consider removing the dependency on `enum-iterator`
[INFO] [stderr] warning: `dndhelper` (manifest) generated 2 warnings
[INFO] [stderr]     Finished `release` profile [optimized] target(s) in 14.03s
[INFO] running `Command { std: "docker" "inspect" "79ce07cf665cd708bb12a6975a3f759f32e572c603eedd0680d8ce56c768780f", kill_on_drop: false }`
[INFO] running `Command { std: "docker" "exec" "-e" "SOURCE_DIR=/opt/rustwide/workdir" "-e" "CARGO_HOME=/opt/rustwide/cargo-home" "-e" "RUSTUP_HOME=/opt/rustwide/rustup-home" "-e" "CARGO_TARGET_DIR=/opt/rustwide/target" "-e" "CARGO_INCREMENTAL=0" "-e" "RUST_BACKTRACE=full" "-e" "RUSTFLAGS=--cap-lints=warn" "-e" "RUSTDOCFLAGS=--cap-lints=warn" "-w" "/opt/rustwide/workdir" "--user" "0:0" "79ce07cf665cd708bb12a6975a3f759f32e572c603eedd0680d8ce56c768780f" "/opt/rustwide/cargo-home/bin/cargo" "+1.100.0-beta.1" "test" "--frozen" "--no-run" "--message-format=json" "--release", kill_on_drop: false }`
[INFO] [stderr]    Compiling dndhelper v0.1.0 (/opt/rustwide/workdir)
[INFO] [stdout] error[E0433]: cannot find module or crate `bevy` in this scope
[INFO] [stdout]  --> src/lib.rs:8:9
[INFO] [stdout]   |
[INFO] [stdout] 8 |     use bevy::ecs::event::ManualEventReader;
[INFO] [stdout]   |         ^^^^ use of unresolved module or unlinked crate `bevy`
[INFO] [stdout]   |
[INFO] [stdout]   = help: if you wanted to use a crate named `bevy`, use `cargo add bevy` to add it to your `Cargo.toml`
[INFO] [stdout] 
[INFO] [stdout] 
[INFO] [stdout] error[E0433]: cannot find module or crate `bevy` in this scope
[INFO] [stdout]  --> src/lib.rs:9:9
[INFO] [stdout]   |
[INFO] [stdout] 9 |     use bevy::log::debug;
[INFO] [stdout]   |         ^^^^ use of unresolved module or unlinked crate `bevy`
[INFO] [stdout]   |
[INFO] [stdout]   = help: if you wanted to use a crate named `bevy`, use `cargo add bevy` to add it to your `Cargo.toml`
[INFO] [stdout] 
[INFO] [stdout] 
[INFO] [stdout] error[E0433]: cannot find module or crate `bevy` in this scope
[INFO] [stdout]   --> src/lib.rs:10:9
[INFO] [stdout]    |
[INFO] [stdout] 10 |     use bevy::prelude::{App, Event, Events, State, States};
[INFO] [stdout]    |         ^^^^ use of unresolved module or unlinked crate `bevy`
[INFO] [stdout]    |
[INFO] [stdout]    = help: if you wanted to use a crate named `bevy`, use `cargo add bevy` to add it to your `Cargo.toml`
[INFO] [stdout] 
[INFO] [stdout] 
[INFO] [stdout] For more information about this error, try `rustc --explain E0433`.
[INFO] [stdout] 
[INFO] [stderr] error: could not compile `dndhelper` (lib test) due to 3 previous errors
[INFO] [stderr] warning: build failed, waiting for other jobs to finish...
[INFO] [stderr] warning: unused dependency `anyhow`
[INFO] [stderr]  --> Cargo.toml:6:1
[INFO] [stderr]   |
[INFO] [stderr] 6 | anyhow = "1.0.86"
[INFO] [stderr]   | ^^^^^^^^^^^^^^^^^
[INFO] [stderr]   |
[INFO] [stderr]   = note: `cargo::unused_dependencies` is set to `warn` by default
[INFO] [stderr] help: consider removing the dependency on `anyhow`
[INFO] [stderr] warning: unused dependency `enum-iterator`
[INFO] [stderr]  --> Cargo.toml:7:1
[INFO] [stderr]   |
[INFO] [stderr] 7 | enum-iterator = "2.1.0"
[INFO] [stderr]   | ^^^^^^^^^^^^^^^^^^^^^^^
[INFO] [stderr]   |
[INFO] [stderr] help: consider removing the dependency on `enum-iterator`
[INFO] [stderr] warning: `dndhelper` (manifest) generated 2 warnings
[INFO] running `Command { std: "docker" "inspect" "79ce07cf665cd708bb12a6975a3f759f32e572c603eedd0680d8ce56c768780f", kill_on_drop: false }`
[INFO] running `Command { std: "docker" "rm" "-f" "79ce07cf665cd708bb12a6975a3f759f32e572c603eedd0680d8ce56c768780f", kill_on_drop: false }`
[INFO] [stdout] 79ce07cf665cd708bb12a6975a3f759f32e572c603eedd0680d8ce56c768780f
