[INFO] cloning repository https://github.com/prefer-social/random-cafe
[INFO] running `Command { std: "git" "-c" "credential.helper=" "-c" "credential.helper=/workspace/cargo-home/bin/git-credential-null" "clone" "--bare" "https://github.com/prefer-social/random-cafe" "/workspace/cache/git-repos/https%3A%2F%2Fgithub.com%2Fprefer-social%2Frandom-cafe", kill_on_drop: false }`
[INFO] [stderr] Cloning into bare repository '/workspace/cache/git-repos/https%3A%2F%2Fgithub.com%2Fprefer-social%2Frandom-cafe'...
[INFO] running `Command { std: "git" "rev-parse" "HEAD", kill_on_drop: false }`
[INFO] [stdout] 79fe54af247bece9482c444b3c67cb2e6284635a
[INFO] testing prefer-social/random-cafe against 1.99.0-beta.8+cargoflags=--release for beta-release-1.100-2
[INFO] running `Command { std: "git" "clone" "/workspace/cache/git-repos/https%3A%2F%2Fgithub.com%2Fprefer-social%2Frandom-cafe" "/workspace/builds/worker-7-tc1/source", kill_on_drop: false }`
[INFO] [stderr] Cloning into '/workspace/builds/worker-7-tc1/source'...
[INFO] [stderr] done.
[INFO] removed /workspace/builds/worker-7-tc1/source/.cargo/config.toml
[INFO] started tweaking git repo https://github.com/prefer-social/random-cafe
[INFO] finished tweaking git repo https://github.com/prefer-social/random-cafe
[INFO] tweaked toml for git repo https://github.com/prefer-social/random-cafe written to /workspace/builds/worker-7-tc1/source/Cargo.toml
[INFO] validating manifest of git repo https://github.com/prefer-social/random-cafe on toolchain 1.99.0-beta.8
[INFO] running `Command { std: CARGO_HOME="/workspace/cargo-home" RUSTUP_HOME="/workspace/rustup-home" "/workspace/cargo-home/bin/cargo" "+1.99.0-beta.8" "metadata" "--manifest-path" "Cargo.toml" "--no-deps", kill_on_drop: false }`
[INFO] crate git repo https://github.com/prefer-social/random-cafe already has a lockfile, it will not be regenerated
[INFO] running `Command { std: CARGO_HOME="/workspace/cargo-home" RUSTUP_HOME="/workspace/rustup-home" "/workspace/cargo-home/bin/cargo" "+1.99.0-beta.8" "fetch" "--manifest-path" "Cargo.toml", kill_on_drop: false }`
[INFO] [stderr]     Updating crates.io index
[INFO] [stderr]     Updating git repository `https://github.com/fermyon/spin-trigger-cron`
[INFO] [stderr] error: invalid character `{` in package name: `{{project-name | kebab_case}}`, the first character must be a Unicode XID start character (most letters or `_`)
[INFO] [stderr]  --> ../../../cargo-home/git/checkouts/spin-trigger-cron-6cb0f801897b4191/e84c865/templates/cron-rust/content/Cargo.toml:2:8
[INFO] [stderr]   |
[INFO] [stderr] 2 | name = "{{project-name | kebab_case}}"
[INFO] [stderr]   |        ^^^^^^^^^^^^^^^^^^^^^^^^^^^^^^^
[INFO] [stderr]     Updating git repository `https://github.com/fermyon/spin-rust-sdk`
[INFO] [stderr]     Blocking waiting for file lock on package cache
[INFO] [stderr]  Downloading crates ...
[INFO] [stderr]   Downloaded wit-bindgen-rust-macro v0.16.0
[INFO] [stderr]   Downloaded wit-bindgen v0.16.0
[INFO] [stderr]   Downloaded smallvec v1.13.1
[INFO] [stderr]   Downloaded rand_hc v0.1.0
[INFO] [stderr]   Downloaded wasm-encoder v0.38.1
[INFO] [stderr]   Downloaded tiny_http v0.6.4
[INFO] [stderr]   Downloaded rand_xorshift v0.1.1
[INFO] [stderr]   Downloaded phf_generator v0.7.24
[INFO] [stderr]   Downloaded smartcow v0.2.1
[INFO] [stderr]   Downloaded spin-executor v3.0.1
[INFO] [stderr]   Downloaded groupable v0.2.0
[INFO] [stderr]   Downloaded autocfg v0.1.8
[INFO] [stderr]   Downloaded rand_isaac v0.1.1
[INFO] [stderr]   Downloaded phf_shared v0.7.24
[INFO] [stderr]   Downloaded rand_jitter v0.1.4
[INFO] [stderr]   Downloaded rand_chacha v0.1.1
[INFO] [stderr]   Downloaded routefinder v0.5.4
[INFO] [stderr]   Downloaded twoway v0.1.8
[INFO] [stderr]   Downloaded iron v0.6.1
[INFO] [stderr]   Downloaded phf_codegen v0.7.24
[INFO] [stderr]   Downloaded rand_pcg v0.1.2
[INFO] [stderr]   Downloaded rand_os v0.1.3
[INFO] [stderr]   Downloaded phf v0.7.24
[INFO] [stderr]   Downloaded chunked_transfer v0.3.1
[INFO] [stderr]   Downloaded unsafe-any v0.4.2
[INFO] [stderr]   Downloaded plugin v0.2.6
[INFO] [stderr]   Downloaded modifier v0.1.0
[INFO] [stderr]   Downloaded csv-core v0.1.11
[INFO] [stderr]   Downloaded semver v1.0.22
[INFO] [stderr]   Downloaded mime_guess v1.8.8
[INFO] [stderr]   Downloaded rdrand v0.4.0
[INFO] [stderr]   Downloaded ascii v0.8.7
[INFO] [stderr]   Downloaded siphasher v0.2.3
[INFO] [stderr]   Downloaded buf_redux v0.8.4
[INFO] [stderr]   Downloaded bitflags v2.4.2
[INFO] [stderr]   Downloaded wit-bindgen-rust v0.16.0
[INFO] [stderr]   Downloaded wit-bindgen-core v0.16.0
[INFO] [stderr]   Downloaded async-trait v0.1.78
[INFO] [stderr]   Downloaded wasm-metadata v0.10.20
[INFO] [stderr]   Downloaded unsafe-libyaml v0.2.10
[INFO] [stderr]   Downloaded cc v1.0.90
[INFO] [stderr]   Downloaded anyhow v1.0.81
[INFO] [stderr]   Downloaded mustache v0.9.0
[INFO] [stderr]   Downloaded crossbeam-channel v0.5.12
[INFO] [stderr]   Downloaded nickel v0.11.0
[INFO] [stderr]   Downloaded wit-component v0.18.2
[INFO] [stderr]   Downloaded indexmap v2.2.5
[INFO] [stderr]   Downloaded multipart-2021 v0.19.0
[INFO] [stderr]   Downloaded bumpalo v3.15.4
[INFO] [stderr]   Downloaded serde_yaml v0.9.32
[INFO] [stderr]   Downloaded rand v0.6.5
[INFO] [stderr]   Downloaded serde_json v1.0.114
[INFO] [stderr]   Downloaded syn v2.0.52
[INFO] [stderr]   Downloaded wasmparser v0.118.2
[INFO] [stderr]   Downloaded chrono v0.4.35
[INFO] [stderr]   Downloaded rustix v0.38.31
[INFO] [stderr]   Downloaded csv v1.3.0
[INFO] [stderr]   Downloaded spdx v0.10.4
[INFO] running `Command { std: "docker" "create" "-v" "/var/lib/crater-agent-workspace/builds/worker-7-tc1/source:/opt/rustwide/workdir:ro,Z" "-v" "/var/lib/crater-agent-workspace/builds/worker-7-tc1/target:/opt/rustwide/target:rw,Z" "-v" "/var/lib/crater-agent-workspace/cargo-home:/opt/rustwide/cargo-home:ro,Z" "-v" "/var/lib/crater-agent-workspace/rustup-home:/opt/rustwide/rustup-home:ro,Z" "-m" "1610612736" "--network" "none" "ghcr.io/rust-lang/crates-build-env/linux@sha256:77db811e55d90add9212f6832c23229e3de5f1c1f9905e8cb07319ea15df73ac" "sleep" "infinity", kill_on_drop: false }`
[INFO] [stdout] 673852d1b6ffbf55a6c48c84e8d8fc39206ccd0c08b959e0171007af813eb274
[INFO] running `Command { std: "docker" "start" "673852d1b6ffbf55a6c48c84e8d8fc39206ccd0c08b959e0171007af813eb274", kill_on_drop: false }`
[INFO] running `Command { std: "docker" "inspect" "673852d1b6ffbf55a6c48c84e8d8fc39206ccd0c08b959e0171007af813eb274", kill_on_drop: false }`
[INFO] running `Command { std: "docker" "exec" "-e" "SOURCE_DIR=/opt/rustwide/workdir" "-e" "CARGO_HOME=/opt/rustwide/cargo-home" "-e" "RUSTUP_HOME=/opt/rustwide/rustup-home" "-e" "CARGO_TARGET_DIR=/opt/rustwide/target" "-w" "/opt/rustwide/workdir" "--user" "0:0" "673852d1b6ffbf55a6c48c84e8d8fc39206ccd0c08b959e0171007af813eb274" "/opt/rustwide/cargo-home/bin/cargo" "+1.99.0-beta.8" "metadata" "--no-deps" "--format-version=1", kill_on_drop: false }`
[INFO] running `Command { std: "docker" "inspect" "673852d1b6ffbf55a6c48c84e8d8fc39206ccd0c08b959e0171007af813eb274", kill_on_drop: false }`
[INFO] running `Command { std: "docker" "exec" "-e" "SOURCE_DIR=/opt/rustwide/workdir" "-e" "CARGO_HOME=/opt/rustwide/cargo-home" "-e" "RUSTUP_HOME=/opt/rustwide/rustup-home" "-e" "CARGO_TARGET_DIR=/opt/rustwide/target" "-e" "CARGO_INCREMENTAL=0" "-e" "RUST_BACKTRACE=full" "-e" "RUSTFLAGS=--cap-lints=warn" "-e" "RUSTDOCFLAGS=--cap-lints=warn" "-w" "/opt/rustwide/workdir" "--user" "0:0" "673852d1b6ffbf55a6c48c84e8d8fc39206ccd0c08b959e0171007af813eb274" "/opt/rustwide/cargo-home/bin/cargo" "+1.99.0-beta.8" "build" "--frozen" "--message-format=json" "--release", kill_on_drop: false }`
[INFO] [stderr] error: invalid character `{` in package name: `{{project-name | kebab_case}}`, the first character must be a Unicode XID start character (most letters or `_`)
[INFO] [stderr]  --> ../cargo-home/git/checkouts/spin-trigger-cron-6cb0f801897b4191/e84c865/templates/cron-rust/content/Cargo.toml:2:8
[INFO] [stderr]   |
[INFO] [stderr] 2 | name = "{{project-name | kebab_case}}"
[INFO] [stderr]   |        ^^^^^^^^^^^^^^^^^^^^^^^^^^^^^^^
[INFO] [stderr]    Compiling syn v2.0.52
[INFO] [stderr]    Compiling libc v0.2.153
[INFO] [stderr]    Compiling serde v1.0.197
[INFO] [stderr]    Compiling memchr v2.7.1
[INFO] [stderr]    Compiling serde_json v1.0.114
[INFO] [stderr]    Compiling autocfg v0.1.8
[INFO] [stderr]    Compiling anyhow v1.0.81
[INFO] [stderr]    Compiling rand_core v0.4.2
[INFO] [stderr]    Compiling semver v1.0.22
[INFO] [stderr]    Compiling equivalent v1.0.1
[INFO] [stderr]    Compiling hashbrown v0.14.3
[INFO] [stderr]    Compiling ryu v1.0.17
[INFO] [stderr]    Compiling leb128 v0.2.5
[INFO] [stderr]    Compiling smallvec v1.13.1
[INFO] [stderr]    Compiling bitflags v2.4.2
[INFO] [stderr]    Compiling id-arena v2.2.1
[INFO] [stderr]    Compiling unicode-xid v0.2.4
[INFO] [stderr]    Compiling rand_pcg v0.1.2
[INFO] [stderr]    Compiling wasm-encoder v0.41.2
[INFO] [stderr]    Compiling rand_chacha v0.1.1
[INFO] [stderr]    Compiling log v0.4.21
[INFO] [stderr]    Compiling rand_core v0.3.1
[INFO] [stderr]    Compiling wasm-encoder v0.38.1
[INFO] [stderr]    Compiling rand v0.6.5
[INFO] [stderr]    Compiling siphasher v0.2.3
[INFO] [stderr]    Compiling spdx v0.10.4
[INFO] [stderr]    Compiling rand_isaac v0.1.1
[INFO] [stderr]    Compiling rand_xorshift v0.1.1
[INFO] [stderr]    Compiling phf_shared v0.7.24
[INFO] [stderr]    Compiling rand_hc v0.1.0
[INFO] [stderr]    Compiling rand_jitter v0.1.4
[INFO] [stderr]    Compiling futures-sink v0.3.30
[INFO] [stderr]    Compiling wit-bindgen-rust v0.16.0
[INFO] [stderr]    Compiling unicode-segmentation v1.11.0
[INFO] [stderr]    Compiling futures-core v0.3.30
[INFO] [stderr]    Compiling unicase v1.4.2
[INFO] [stderr]    Compiling unicode-normalization v0.1.23
[INFO] [stderr]    Compiling log v0.3.9
[INFO] [stderr]    Compiling matches v0.1.10
[INFO] [stderr]    Compiling traitobject v0.1.0
[INFO] [stderr]    Compiling futures-task v0.3.30
[INFO] [stderr] error: could not compile `traitobject` (lib) due to 3 previous errors
[INFO] [stdout] error[E0119]: conflicting implementations of trait `Trait` for type `(dyn Send + Sync + 'static)`
[INFO] [stdout]   --> /opt/rustwide/cargo-home/registry/src/index.crates.io-1949cf8c6b5b557f/traitobject-0.1.0/src/impls.rs:72:1
[INFO] [stdout]    |
[INFO] [stdout] 71 | unsafe impl Trait for ::std::marker::Send + Sync { }
[INFO] [stdout]    | ------------------------------------------------ first implementation here
[INFO] [stdout] 72 | unsafe impl Trait for ::std::marker::Send + Send + Sync { }
[INFO] [stdout]    | ^^^^^^^^^^^^^^^^^^^^^^^^^^^^^^^^^^^^^^^^^^^^^^^^^^^^^^^ conflicting implementation for `(dyn Send + Sync + 'static)`
[INFO] [stdout] 
[INFO] [stdout] 
[INFO] [stderr] warning: build failed, waiting for other jobs to finish...
[INFO] [stdout] error[E0119]: conflicting implementations of trait `Trait` for type `(dyn Send + Sync + 'static)`
[INFO] [stdout]   --> /opt/rustwide/cargo-home/registry/src/index.crates.io-1949cf8c6b5b557f/traitobject-0.1.0/src/impls.rs:73:1
[INFO] [stdout]    |
[INFO] [stdout] 71 | unsafe impl Trait for ::std::marker::Send + Sync { }
[INFO] [stdout]    | ------------------------------------------------ first implementation here
[INFO] [stdout] 72 | unsafe impl Trait for ::std::marker::Send + Send + Sync { }
[INFO] [stdout] 73 | unsafe impl Trait for ::std::marker::Sync + Send { }
[INFO] [stdout]    | ^^^^^^^^^^^^^^^^^^^^^^^^^^^^^^^^^^^^^^^^^^^^^^^^ conflicting implementation for `(dyn Send + Sync + 'static)`
[INFO] [stdout] 
[INFO] [stdout] 
[INFO] [stdout] error[E0119]: conflicting implementations of trait `Trait` for type `(dyn Send + Sync + 'static)`
[INFO] [stdout]   --> /opt/rustwide/cargo-home/registry/src/index.crates.io-1949cf8c6b5b557f/traitobject-0.1.0/src/impls.rs:75:1
[INFO] [stdout]    |
[INFO] [stdout] 71 | unsafe impl Trait for ::std::marker::Send + Sync { }
[INFO] [stdout]    | ------------------------------------------------ first implementation here
[INFO] [stdout] ...
[INFO] [stdout] 75 | unsafe impl Trait for ::std::marker::Sync + Send + Sync { }
[INFO] [stdout]    | ^^^^^^^^^^^^^^^^^^^^^^^^^^^^^^^^^^^^^^^^^^^^^^^^^^^^^^^ conflicting implementation for `(dyn Send + Sync + 'static)`
[INFO] [stdout] 
[INFO] [stdout] 
[INFO] [stdout] For more information about this error, try `rustc --explain E0119`.
[INFO] [stdout] 
[INFO] running `Command { std: "docker" "inspect" "673852d1b6ffbf55a6c48c84e8d8fc39206ccd0c08b959e0171007af813eb274", kill_on_drop: false }`
[INFO] running `Command { std: "docker" "rm" "-f" "673852d1b6ffbf55a6c48c84e8d8fc39206ccd0c08b959e0171007af813eb274", kill_on_drop: false }`
[INFO] [stdout] 673852d1b6ffbf55a6c48c84e8d8fc39206ccd0c08b959e0171007af813eb274
