[INFO] cloning repository https://github.com/portocodes/dadjoke-cli
[INFO] running `Command { std: "git" "-c" "credential.helper=" "-c" "credential.helper=/workspace/cargo-home/bin/git-credential-null" "clone" "--bare" "https://github.com/portocodes/dadjoke-cli" "/workspace/cache/git-repos/https%3A%2F%2Fgithub.com%2Fportocodes%2Fdadjoke-cli", kill_on_drop: false }`
[INFO] [stderr] Cloning into bare repository '/workspace/cache/git-repos/https%3A%2F%2Fgithub.com%2Fportocodes%2Fdadjoke-cli'...
[INFO] running `Command { std: "git" "rev-parse" "HEAD", kill_on_drop: false }`
[INFO] [stdout] 033bdf9ddfd20793a2fc99e09163afdd971d5132
[INFO] testing portocodes/dadjoke-cli against 1.100.0-beta.1+cargoflags=--release for beta-release-1.100-2
[INFO] running `Command { std: "git" "clone" "/workspace/cache/git-repos/https%3A%2F%2Fgithub.com%2Fportocodes%2Fdadjoke-cli" "/workspace/builds/worker-7-tc2/source", kill_on_drop: false }`
[INFO] [stderr] Cloning into '/workspace/builds/worker-7-tc2/source'...
[INFO] [stderr] done.
[INFO] started tweaking git repo https://github.com/portocodes/dadjoke-cli
[INFO] finished tweaking git repo https://github.com/portocodes/dadjoke-cli
[INFO] tweaked toml for git repo https://github.com/portocodes/dadjoke-cli written to /workspace/builds/worker-7-tc2/source/Cargo.toml
[INFO] validating manifest of git repo https://github.com/portocodes/dadjoke-cli on toolchain 1.100.0-beta.1
[INFO] running `Command { std: CARGO_HOME="/workspace/cargo-home" RUSTUP_HOME="/workspace/rustup-home" "/workspace/cargo-home/bin/cargo" "+1.100.0-beta.1" "metadata" "--manifest-path" "Cargo.toml" "--no-deps", kill_on_drop: false }`
[INFO] crate git repo https://github.com/portocodes/dadjoke-cli already has a lockfile, it will not be regenerated
[INFO] running `Command { std: CARGO_HOME="/workspace/cargo-home" RUSTUP_HOME="/workspace/rustup-home" "/workspace/cargo-home/bin/cargo" "+1.100.0-beta.1" "fetch" "--manifest-path" "Cargo.toml", kill_on_drop: false }`
[INFO] running `Command { std: "docker" "create" "-v" "/var/lib/crater-agent-workspace/builds/worker-7-tc2/source:/opt/rustwide/workdir:ro,Z" "-v" "/var/lib/crater-agent-workspace/builds/worker-7-tc2/target:/opt/rustwide/target:rw,Z" "-v" "/var/lib/crater-agent-workspace/cargo-home:/opt/rustwide/cargo-home:ro,Z" "-v" "/var/lib/crater-agent-workspace/rustup-home:/opt/rustwide/rustup-home:ro,Z" "-m" "1610612736" "--network" "none" "ghcr.io/rust-lang/crates-build-env/linux@sha256:77db811e55d90add9212f6832c23229e3de5f1c1f9905e8cb07319ea15df73ac" "sleep" "infinity", kill_on_drop: false }`
[INFO] [stdout] 79835caa06af455832de85dcf1ed53f9275a1de60f19f82a87cafbdb173d12eb
[INFO] running `Command { std: "docker" "start" "79835caa06af455832de85dcf1ed53f9275a1de60f19f82a87cafbdb173d12eb", kill_on_drop: false }`
[INFO] running `Command { std: "docker" "inspect" "79835caa06af455832de85dcf1ed53f9275a1de60f19f82a87cafbdb173d12eb", kill_on_drop: false }`
[INFO] running `Command { std: "docker" "exec" "-e" "SOURCE_DIR=/opt/rustwide/workdir" "-e" "CARGO_HOME=/opt/rustwide/cargo-home" "-e" "RUSTUP_HOME=/opt/rustwide/rustup-home" "-e" "CARGO_TARGET_DIR=/opt/rustwide/target" "-w" "/opt/rustwide/workdir" "--user" "0:0" "79835caa06af455832de85dcf1ed53f9275a1de60f19f82a87cafbdb173d12eb" "/opt/rustwide/cargo-home/bin/cargo" "+1.100.0-beta.1" "metadata" "--no-deps" "--format-version=1", kill_on_drop: false }`
[INFO] running `Command { std: "docker" "inspect" "79835caa06af455832de85dcf1ed53f9275a1de60f19f82a87cafbdb173d12eb", kill_on_drop: false }`
[INFO] running `Command { std: "docker" "exec" "-e" "SOURCE_DIR=/opt/rustwide/workdir" "-e" "CARGO_HOME=/opt/rustwide/cargo-home" "-e" "RUSTUP_HOME=/opt/rustwide/rustup-home" "-e" "CARGO_TARGET_DIR=/opt/rustwide/target" "-e" "CARGO_INCREMENTAL=0" "-e" "RUST_BACKTRACE=full" "-e" "RUSTFLAGS=--cap-lints=warn" "-e" "RUSTDOCFLAGS=--cap-lints=warn" "-w" "/opt/rustwide/workdir" "--user" "0:0" "79835caa06af455832de85dcf1ed53f9275a1de60f19f82a87cafbdb173d12eb" "/opt/rustwide/cargo-home/bin/cargo" "+1.100.0-beta.1" "build" "--frozen" "--message-format=json" "--release", kill_on_drop: false }`
[INFO] [stderr]    Compiling libc v0.2.45
[INFO] [stderr]    Compiling cfg-if v0.1.6
[INFO] [stderr]    Compiling semver-parser v0.7.0
[INFO] [stderr]    Compiling rand_core v0.3.0
[INFO] [stderr]    Compiling futures v0.1.25
[INFO] [stderr]    Compiling version_check v0.1.5
[INFO] [stderr]    Compiling byteorder v1.2.7
[INFO] [stderr]    Compiling lazy_static v1.2.0
[INFO] [stderr]    Compiling scopeguard v0.3.3
[INFO] [stderr]    Compiling void v1.0.2
[INFO] [stderr]    Compiling slab v0.4.1
[INFO] [stderr]    Compiling stable_deref_trait v1.1.1
[INFO] [stderr]    Compiling lazycell v1.2.1
[INFO] [stderr]    Compiling cc v1.0.26
[INFO] [stderr]    Compiling nodrop v0.1.13
[INFO] [stderr]    Compiling pkg-config v0.3.14
[INFO] [stderr]    Compiling memoffset v0.2.1
[INFO] [stderr]    Compiling log v0.4.6
[INFO] [stderr]    Compiling crossbeam-utils v0.6.3
[INFO] [stderr]    Compiling arrayvec v0.4.8
[INFO] [stderr]    Compiling unreachable v1.0.0
[INFO] [stderr]    Compiling owning_ref v0.4.0
[INFO] [stderr]    Compiling smallvec v0.6.7
[INFO] [stderr]    Compiling itoa v0.4.3
[INFO] [stderr]    Compiling semver v0.9.0
[INFO] [stderr]    Compiling unicase v1.4.2
[INFO] [stderr]    Compiling lock_api v0.1.5
[INFO] [stderr]    Compiling siphasher v0.2.3
[INFO] [stderr]    Compiling rand_core v0.2.2
[INFO] [stderr]    Compiling unicase v2.2.0
[INFO] [stderr]    Compiling openssl v0.10.15
[INFO] [stderr]    Compiling fnv v1.0.6
[INFO] [stderr]    Compiling serde v1.0.82
[INFO] [stderr]    Compiling rustc_version v0.2.3
[INFO] [stderr]    Compiling rand_isaac v0.1.1
[INFO] [stderr]    Compiling rand_xorshift v0.1.0
[INFO] [stderr]    Compiling rand_hc v0.1.0
[INFO] [stderr]    Compiling phf_shared v0.7.23
[INFO] [stderr]    Compiling bitflags v1.0.4
[INFO] [stderr]    Compiling crossbeam-epoch v0.6.1
[INFO] [stderr]    Compiling matches v0.1.8
[INFO] [stderr]    Compiling httparse v1.3.3
[INFO] [stderr]    Compiling unicode-bidi v0.3.4
[INFO] [stderr]    Compiling try-lock v0.2.2
[INFO] [stderr]    Compiling native-tls v0.2.2
[INFO] [stderr]    Compiling ryu v0.2.7
[INFO] [stderr]    Compiling crc32fast v1.1.2
[INFO] [stderr]    Compiling indexmap v1.0.2
[INFO] [stderr]    Compiling string v0.1.2
[INFO] [stderr]    Compiling rand v0.5.5
[INFO] [stderr]    Compiling iovec v0.1.2
[INFO] [stderr]    Compiling parking_lot_core v0.3.1
[INFO] [stderr]    Compiling bytes v0.4.11
[INFO] [stderr]    Compiling num_cpus v1.9.0
[INFO] [stderr]    Compiling net2 v0.2.33
[INFO] [stderr]    Compiling rand_pcg v0.1.1
[INFO] [stderr]    Compiling rand_chacha v0.1.0
[INFO] [stderr]    Compiling openssl-sys v0.9.39
[INFO] [stderr]    Compiling rand v0.6.1
[INFO] [stderr]    Compiling crossbeam-deque v0.6.2
[INFO] [stderr]    Compiling mio v0.6.16
[INFO] [stderr]    Compiling unicode-normalization v0.1.7
[INFO] [stderr]    Compiling time v0.1.41
[INFO] [stderr]    Compiling openssl-probe v0.1.2
[INFO] [stderr] warning: openssl-sys@0.9.39: /opt/rustwide/target/release/build/openssl-sys/35afec7c3997897a/out/expando.c:4:24: error: pasting "RUST_VERSION_OPENSSL_" and "(" does not give a valid preprocessing token
[INFO] [stderr] warning: openssl-sys@0.9.39:     4 | #define VERSION2(n, v) RUST_VERSION_ ## n ## _ ## v
[INFO] [stderr] warning: openssl-sys@0.9.39:       |                        ^~~~~~~~~~~~~
[INFO] [stderr] warning: openssl-sys@0.9.39: /opt/rustwide/target/release/build/openssl-sys/35afec7c3997897a/out/expando.c:5:23: note: in expansion of macro 'VERSION2'
[INFO] [stderr] warning: openssl-sys@0.9.39:     5 | #define VERSION(n, v) VERSION2(n, v)
[INFO] [stderr] warning: openssl-sys@0.9.39:       |                       ^~~~~~~~
[INFO] [stderr] warning: openssl-sys@0.9.39: /opt/rustwide/target/release/build/openssl-sys/35afec7c3997897a/out/expando.c:7:1: note: in expansion of macro 'VERSION'
[INFO] [stderr] warning: openssl-sys@0.9.39:     7 | VERSION(OPENSSL, OPENSSL_VERSION_NUMBER)
[INFO] [stderr] warning: openssl-sys@0.9.39:       | ^~~~~~~
[INFO] [stderr] error: failed to run custom build command for `openssl-sys v0.9.39`
[INFO] [stderr] note: To improve backtraces for build dependencies, set the CARGO_PROFILE_RELEASE_BUILD_OVERRIDE_DEBUG=true environment variable to enable debug information generation.
[INFO] [stderr] 
[INFO] [stderr] Caused by:
[INFO] [stderr]   process didn't exit successfully: `/opt/rustwide/target/release/build/openssl-sys/380c7d7f5175a8c4/out/build_script_main` (exit status: 101)
[INFO] [stderr]   --- stdout
[INFO] [stderr]   cargo:rerun-if-env-changed=X86_64_UNKNOWN_LINUX_GNU_OPENSSL_LIB_DIR
[INFO] [stderr]   cargo:rerun-if-env-changed=OPENSSL_LIB_DIR
[INFO] [stderr]   cargo:rerun-if-env-changed=X86_64_UNKNOWN_LINUX_GNU_OPENSSL_INCLUDE_DIR
[INFO] [stderr]   cargo:rerun-if-env-changed=OPENSSL_INCLUDE_DIR
[INFO] [stderr]   cargo:rerun-if-env-changed=X86_64_UNKNOWN_LINUX_GNU_OPENSSL_DIR
[INFO] [stderr]   cargo:rerun-if-env-changed=OPENSSL_DIR
[INFO] [stderr]   cargo:rustc-link-lib=ssl
[INFO] [stderr]   cargo:rustc-link-lib=crypto
[INFO] [stderr]   OPT_LEVEL = Some("3")
[INFO] [stderr]   TARGET = Some("x86_64-unknown-linux-gnu")
[INFO] [stderr]   HOST = Some("x86_64-unknown-linux-gnu")
[INFO] [stderr]   CC_x86_64-unknown-linux-gnu = None
[INFO] [stderr]   CC_x86_64_unknown_linux_gnu = None
[INFO] [stderr]   HOST_CC = None
[INFO] [stderr]   CC = None
[INFO] [stderr]   CFLAGS_x86_64-unknown-linux-gnu = None
[INFO] [stderr]   CFLAGS_x86_64_unknown_linux_gnu = None
[INFO] [stderr]   HOST_CFLAGS = None
[INFO] [stderr]   CFLAGS = None
[INFO] [stderr]   DEBUG = Some("false")
[INFO] [stderr]   running: "cc" "-O3" "-ffunction-sections" "-fdata-sections" "-fPIC" "-m64" "-Wall" "-Wextra" "-E" "/opt/rustwide/target/release/build/openssl-sys/35afec7c3997897a/out/expando.c"
[INFO] [stderr]   cargo:warning=/opt/rustwide/target/release/build/openssl-sys/35afec7c3997897a/out/expando.c:4:24: error: pasting "RUST_VERSION_OPENSSL_" and "(" does not give a valid preprocessing token
[INFO] [stderr]   cargo:warning=    4 | #define VERSION2(n, v) RUST_VERSION_ ## n ## _ ## v
[INFO] [stderr]   cargo:warning=      |                        ^~~~~~~~~~~~~
[INFO] [stderr]   cargo:warning=/opt/rustwide/target/release/build/openssl-sys/35afec7c3997897a/out/expando.c:5:23: note: in expansion of macro 'VERSION2'
[INFO] [stderr]   cargo:warning=    5 | #define VERSION(n, v) VERSION2(n, v)
[INFO] [stderr]   cargo:warning=      |                       ^~~~~~~~
[INFO] [stderr]   cargo:warning=/opt/rustwide/target/release/build/openssl-sys/35afec7c3997897a/out/expando.c:7:1: note: in expansion of macro 'VERSION'
[INFO] [stderr]   cargo:warning=    7 | VERSION(OPENSSL, OPENSSL_VERSION_NUMBER)
[INFO] [stderr]   cargo:warning=      | ^~~~~~~
[INFO] [stderr]   exit status: 1
[INFO] [stderr] 
[INFO] [stderr]   --- stderr
[INFO] [stderr] 
[INFO] [stderr]   thread 'main' (994) panicked at /opt/rustwide/cargo-home/registry/src/index.crates.io-1949cf8c6b5b557f/openssl-sys-0.9.39/build/main.rs:432:13:
[INFO] [stderr] 
[INFO] [stderr]   Header expansion error:
[INFO] [stderr]   Error { kind: ToolExecError, message: "Command \"cc\" \"-O3\" \"-ffunction-sections\" \"-fdata-sections\" \"-fPIC\" \"-m64\" \"-Wall\" \"-Wextra\" \"-E\" \"/opt/rustwide/target/release/build/openssl-sys/35afec7c3997897a/out/expando.c\" with args \"cc\" did not execute successfully (status code exit status: 1)." }
[INFO] [stderr] 
[INFO] [stderr]   Failed to find OpenSSL development headers.
[INFO] [stderr] 
[INFO] [stderr]   You can try fixing this setting the `OPENSSL_DIR` environment variable
[INFO] [stderr]   pointing to your OpenSSL installation or installing OpenSSL headers package
[INFO] [stderr]   specific to your distribution:
[INFO] [stderr] 
[INFO] [stderr]       # On Ubuntu
[INFO] [stderr]       sudo apt-get install libssl-dev
[INFO] [stderr]       # On Arch Linux
[INFO] [stderr]       sudo pacman -S openssl
[INFO] [stderr]       # On Fedora
[INFO] [stderr]       sudo dnf install openssl-devel
[INFO] [stderr] 
[INFO] [stderr]   See rust-openssl README for more information:
[INFO] [stderr] 
[INFO] [stderr]       https://github.com/sfackler/rust-openssl#linux
[INFO] [stderr] 
[INFO] [stderr]   stack backtrace:
[INFO] [stderr]      0:     0x618d1309a311 - <<std[617be2ca0a6fd877]::sys::backtrace::BacktraceLock>::print::DisplayBacktrace as core[a373ad73a504971]::fmt::Display>::fmt
[INFO] [stderr]      1:     0x618d130ae6fa - core[a373ad73a504971]::fmt::write
[INFO] [stderr]      2:     0x618d1309fe1c - <std[617be2ca0a6fd877]::sys::stdio::unix::Stderr as core[a373ad73a504971]::io::write::Write>::write_fmt
[INFO] [stderr]      3:     0x618d13079776 - std[617be2ca0a6fd877]::panicking::default_hook::{closure#0}
[INFO] [stderr]      4:     0x618d13094e81 - std[617be2ca0a6fd877]::panicking::default_hook
[INFO] [stderr]      5:     0x618d1309503b - std[617be2ca0a6fd877]::panicking::panic_with_hook
[INFO] [stderr]      6:     0x618d13079822 - std[617be2ca0a6fd877]::panicking::panic_handler::{closure#0}
[INFO] [stderr]      7:     0x618d13072229 - std[617be2ca0a6fd877]::sys::backtrace::__rust_end_short_backtrace::<std[617be2ca0a6fd877]::panicking::panic_handler::{closure#0}, !>
[INFO] [stderr]      8:     0x618d1307a0fd - __rustc[ea4f61d10b84890b]::rust_begin_unwind
[INFO] [stderr]      9:     0x618d130aee6c - core[a373ad73a504971]::panicking::panic_fmt
[INFO] [stderr]     10:     0x618d1301c506 - build_script_main[65cdc95a495fe16f]::validate_headers
[INFO] [stderr]     11:     0x618d1301fc33 - build_script_main[65cdc95a495fe16f]::imp::try_pkg_config
[INFO] [stderr]     12:     0x618d1301fff8 - build_script_main[65cdc95a495fe16f]::imp::find_openssl_dir
[INFO] [stderr]     13:     0x618d1301a657 - build_script_main[65cdc95a495fe16f]::imp::get_openssl::{closure#0}
[INFO] [stderr]     14:     0x618d13018b00 - <core[a373ad73a504971]::option::Option<std[617be2ca0a6fd877]::ffi::os_str::OsString>>::unwrap_or_else::<build_script_main[65cdc95a495fe16f]::imp::get_openssl::{closure#0}>
[INFO] [stderr]     15:     0x618d1301f52f - build_script_main[65cdc95a495fe16f]::imp::get_openssl
[INFO] [stderr]     16:     0x618d1301cca4 - build_script_main[65cdc95a495fe16f]::main
[INFO] [stderr]     17:     0x618d13022903 - <fn() as core[a373ad73a504971]::ops::function::FnOnce<()>>::call_once
[INFO] [stderr]     18:     0x618d13019406 - std[617be2ca0a6fd877]::sys::backtrace::__rust_begin_short_backtrace::<fn(), ()>
[INFO] [stderr]     19:     0x618d13024fb9 - std[617be2ca0a6fd877]::rt::lang_start::<()>::{closure#0}
[INFO] [stderr]     20:     0x618d13094288 - std[617be2ca0a6fd877]::rt::lang_start_internal
[INFO] [stderr]     21:     0x618d13024cc1 - std[617be2ca0a6fd877]::rt::lang_start::<()>
[INFO] [stderr]     22:     0x618d13022b75 - main
[INFO] [stderr]     23:     0x752236e22601 - <unknown>
[INFO] [stderr]     24:     0x752236e22718 - __libc_start_main
[INFO] [stderr]     25:     0x618d13018865 - _start
[INFO] [stderr]     26:                0x0 - <unknown>
[INFO] [stderr] warning: build failed, waiting for other jobs to finish...
[INFO] running `Command { std: "docker" "inspect" "79835caa06af455832de85dcf1ed53f9275a1de60f19f82a87cafbdb173d12eb", kill_on_drop: false }`
[INFO] running `Command { std: "docker" "rm" "-f" "79835caa06af455832de85dcf1ed53f9275a1de60f19f82a87cafbdb173d12eb", kill_on_drop: false }`
[INFO] [stdout] 79835caa06af455832de85dcf1ed53f9275a1de60f19f82a87cafbdb173d12eb
