[INFO] cloning repository https://github.com/planet-s/sokoban-rs
[INFO] running `Command { std: "git" "-c" "credential.helper=" "-c" "credential.helper=/workspace/cargo-home/bin/git-credential-null" "clone" "--bare" "https://github.com/planet-s/sokoban-rs" "/workspace/cache/git-repos/https%3A%2F%2Fgithub.com%2Fplanet-s%2Fsokoban-rs", kill_on_drop: false }`
[INFO] [stderr] Cloning into bare repository '/workspace/cache/git-repos/https%3A%2F%2Fgithub.com%2Fplanet-s%2Fsokoban-rs'...
[INFO] running `Command { std: "git" "rev-parse" "HEAD", kill_on_drop: false }`
[INFO] [stdout] 3e08c603d1b73189a249bc2b1a2534ea54f30f58
[INFO] testing planet-s/sokoban-rs against 1.99.0-beta.8+cargoflags=--release for beta-release-1.100-2
[INFO] running `Command { std: "git" "clone" "/workspace/cache/git-repos/https%3A%2F%2Fgithub.com%2Fplanet-s%2Fsokoban-rs" "/workspace/builds/worker-4-tc1/source", kill_on_drop: false }`
[INFO] [stderr] Cloning into '/workspace/builds/worker-4-tc1/source'...
[INFO] [stderr] done.
[INFO] started tweaking git repo https://github.com/planet-s/sokoban-rs
[INFO] finished tweaking git repo https://github.com/planet-s/sokoban-rs
[INFO] tweaked toml for git repo https://github.com/planet-s/sokoban-rs written to /workspace/builds/worker-4-tc1/source/Cargo.toml
[INFO] validating manifest of git repo https://github.com/planet-s/sokoban-rs on toolchain 1.99.0-beta.8
[INFO] running `Command { std: CARGO_HOME="/workspace/cargo-home" RUSTUP_HOME="/workspace/rustup-home" "/workspace/cargo-home/bin/cargo" "+1.99.0-beta.8" "metadata" "--manifest-path" "Cargo.toml" "--no-deps", kill_on_drop: false }`
[INFO] crate git repo https://github.com/planet-s/sokoban-rs already has a lockfile, it will not be regenerated
[INFO] running `Command { std: CARGO_HOME="/workspace/cargo-home" RUSTUP_HOME="/workspace/rustup-home" "/workspace/cargo-home/bin/cargo" "+1.99.0-beta.8" "fetch" "--manifest-path" "Cargo.toml", kill_on_drop: false }`
[INFO] [stderr] warning: Cargo.toml: `package.edition` is unspecified, defaulting to `2015` while the latest is `2024`
[INFO] [stderr] warning: `sokoban-rs` (manifest) generated 1 warning
[INFO] [stderr]     Updating crates.io index
[INFO] [stderr]  Downloading crates ...
[INFO] [stderr]   Downloaded bitflags v0.3.3
[INFO] [stderr]   Downloaded sdl2-sys v0.27.3
[INFO] [stderr]   Downloaded xml-rs v0.2.2
[INFO] [stderr]   Downloaded bitflags v0.7.0
[INFO] [stderr]   Downloaded num-iter v0.1.34
[INFO] [stderr]   Downloaded bitflags v0.4.0
[INFO] [stderr]   Downloaded ansi_term v0.7.5
[INFO] [stderr]   Downloaded vec_map v0.4.0
[INFO] [stderr]   Downloaded strsim v0.4.1
[INFO] [stderr]   Downloaded magenta-sys v0.1.1
[INFO] [stderr]   Downloaded num-integer v0.1.35
[INFO] [stderr]   Downloaded bitflags v0.6.0
[INFO] [stderr]   Downloaded magenta v0.1.1
[INFO] [stderr]   Downloaded lazy_static v0.2.9
[INFO] [stderr]   Downloaded conv v0.3.3
[INFO] [stderr]   Downloaded num v0.1.40
[INFO] [stderr]   Downloaded num-traits v0.1.40
[INFO] [stderr]   Downloaded yaml-rust v0.3.5
[INFO] [stderr]   Downloaded rand v0.3.16
[INFO] [stderr]   Downloaded sdl2 v0.27.3
[INFO] [stderr]   Downloaded clap v1.5.6
[INFO] [stderr]   Downloaded libc v0.2.31
[INFO] running `Command { std: "docker" "create" "-v" "/var/lib/crater-agent-workspace/builds/worker-4-tc1/source:/opt/rustwide/workdir:ro,Z" "-v" "/var/lib/crater-agent-workspace/builds/worker-4-tc1/target:/opt/rustwide/target:rw,Z" "-v" "/var/lib/crater-agent-workspace/cargo-home:/opt/rustwide/cargo-home:ro,Z" "-v" "/var/lib/crater-agent-workspace/rustup-home:/opt/rustwide/rustup-home:ro,Z" "-m" "1610612736" "--network" "none" "ghcr.io/rust-lang/crates-build-env/linux@sha256:77db811e55d90add9212f6832c23229e3de5f1c1f9905e8cb07319ea15df73ac" "sleep" "infinity", kill_on_drop: false }`
[INFO] [stdout] 87871cf6f83b28cf9dd25011b055834389c796012758406d66f57ebf79dac36e
[INFO] running `Command { std: "docker" "start" "87871cf6f83b28cf9dd25011b055834389c796012758406d66f57ebf79dac36e", kill_on_drop: false }`
[INFO] running `Command { std: "docker" "inspect" "87871cf6f83b28cf9dd25011b055834389c796012758406d66f57ebf79dac36e", kill_on_drop: false }`
[INFO] running `Command { std: "docker" "exec" "-e" "SOURCE_DIR=/opt/rustwide/workdir" "-e" "CARGO_HOME=/opt/rustwide/cargo-home" "-e" "RUSTUP_HOME=/opt/rustwide/rustup-home" "-e" "CARGO_TARGET_DIR=/opt/rustwide/target" "-w" "/opt/rustwide/workdir" "--user" "0:0" "87871cf6f83b28cf9dd25011b055834389c796012758406d66f57ebf79dac36e" "/opt/rustwide/cargo-home/bin/cargo" "+1.99.0-beta.8" "metadata" "--no-deps" "--format-version=1", kill_on_drop: false }`
[INFO] running `Command { std: "docker" "inspect" "87871cf6f83b28cf9dd25011b055834389c796012758406d66f57ebf79dac36e", kill_on_drop: false }`
[INFO] running `Command { std: "docker" "exec" "-e" "SOURCE_DIR=/opt/rustwide/workdir" "-e" "CARGO_HOME=/opt/rustwide/cargo-home" "-e" "RUSTUP_HOME=/opt/rustwide/rustup-home" "-e" "CARGO_TARGET_DIR=/opt/rustwide/target" "-e" "CARGO_INCREMENTAL=0" "-e" "RUST_BACKTRACE=full" "-e" "RUSTFLAGS=--cap-lints=warn" "-e" "RUSTDOCFLAGS=--cap-lints=warn" "-w" "/opt/rustwide/workdir" "--user" "0:0" "87871cf6f83b28cf9dd25011b055834389c796012758406d66f57ebf79dac36e" "/opt/rustwide/cargo-home/bin/cargo" "+1.99.0-beta.8" "build" "--frozen" "--message-format=json" "--release", kill_on_drop: false }`
[INFO] [stderr] warning: Cargo.toml: `package.edition` is unspecified, defaulting to `2015` while the latest is `2024`
[INFO] [stderr] warning: `sokoban-rs` (manifest) generated 1 warning
[INFO] [stderr]    Compiling num-traits v0.1.40
[INFO] [stderr]    Compiling libc v0.2.31
[INFO] [stderr]    Compiling sdl2-sys v0.27.3
[INFO] [stderr]    Compiling strsim v0.4.1
[INFO] [stderr]    Compiling lazy_static v0.2.9
[INFO] [stderr]    Compiling bitflags v0.7.0
[INFO] [stderr]    Compiling bitflags v0.3.3
[INFO] [stderr]    Compiling bitflags v0.4.0
[INFO] [stderr]    Compiling ansi_term v0.7.5
[INFO] [stderr]    Compiling yaml-rust v0.3.5
[INFO] [stderr]    Compiling vec_map v0.4.0
[INFO] [stderr]    Compiling bitflags v0.6.0
[INFO] [stderr]    Compiling xml-rs v0.2.2
[INFO] [stderr]    Compiling rand v0.3.16
[INFO] [stderr]    Compiling num-integer v0.1.35
[INFO] [stderr]    Compiling clap v1.5.6
[INFO] [stderr]    Compiling num-iter v0.1.34
[INFO] [stderr]    Compiling num v0.1.40
[INFO] [stderr]    Compiling sdl2 v0.27.3
[INFO] [stderr]    Compiling sokoban-rs v1.1.0 (/opt/rustwide/workdir)
[INFO] [stdout] warning: use of deprecated macro `try`: use the `?` operator instead
[INFO] [stdout]    --> src/render.rs:380:1
[INFO] [stdout]     |
[INFO] [stdout] 380 | / bitflags!(
[INFO] [stdout] 381 | |     /// Represents the different kind of shadows that can be cast
[INFO] [stdout] 382 | |     /// onto a floor tile.
[INFO] [stdout] 383 | |     flags ShadowFlags: i32 {
[INFO] [stdout] ...   |
[INFO] [stdout] 401 | | );
[INFO] [stdout]     | |_^
[INFO] [stdout]     |
[INFO] [stdout]     = note: `#[warn(deprecated)]` on by default
[INFO] [stdout]     = note: this warning originates in the macro `bitflags` (in Nightly builds, run with -Z macro-backtrace for more info)
[INFO] [stdout] 
[INFO] [stdout] 
[INFO] [stdout] warning: use of deprecated macro `try`: use the `?` operator instead
[INFO] [stdout]    --> src/render.rs:380:1
[INFO] [stdout]     |
[INFO] [stdout] 380 | / bitflags!(
[INFO] [stdout] 381 | |     /// Represents the different kind of shadows that can be cast
[INFO] [stdout] 382 | |     /// onto a floor tile.
[INFO] [stdout] 383 | |     flags ShadowFlags: i32 {
[INFO] [stdout] ...   |
[INFO] [stdout] 401 | | );
[INFO] [stdout]     | |_^
[INFO] [stdout]     |
[INFO] [stdout]     = note: this warning originates in the macro `bitflags` (in Nightly builds, run with -Z macro-backtrace for more info)
[INFO] [stdout] 
[INFO] [stdout] 
[INFO] [stdout] warning: use of deprecated macro `try`: use the `?` operator instead
[INFO] [stdout]    --> src/main.rs:138:16
[INFO] [stdout]     |
[INFO] [stdout] 138 |     let file = try!(File::open(&path));
[INFO] [stdout]     |                ^^^
[INFO] [stdout] 
[INFO] [stdout] 
[INFO] [stdout] warning: use of deprecated macro `try`: use the `?` operator instead
[INFO] [stdout]    --> src/main.rs:158:37
[INFO] [stdout]     |
[INFO] [stdout] 158 |                     let mut level = try!(Level::from_str(&level_str));
[INFO] [stdout]     |                                     ^^^
[INFO] [stdout] 
[INFO] [stdout] 
[INFO] [stdout] warning: trait objects without an explicit `dyn` are deprecated
[INFO] [stdout]    --> src/render.rs:370:19
[INFO] [stdout]     |
[INFO] [stdout] 370 |     type Target = TileSet;
[INFO] [stdout]     |                   ^^^^^^^
[INFO] [stdout]     |
[INFO] [stdout]     = warning: this is accepted in the current edition (Rust 2015) but is a hard error in Rust 2021!
[INFO] [stdout]     = note: for more information, see <https://doc.rust-lang.org/edition-guide/rust-2021/warnings-promoted-to-error.html>
[INFO] [stdout]     = note: `#[warn(bare_trait_objects)]` (part of `#[warn(rust_2021_compatibility)]`) on by default
[INFO] [stdout] help: if this is a dyn-compatible trait, use `dyn`
[INFO] [stdout]     |
[INFO] [stdout] 370 |     type Target = dyn TileSet;
[INFO] [stdout]     |                   +++
[INFO] [stdout] 
[INFO] [stdout] 
[INFO] [stdout] warning: unused `Result` that must be used
[INFO] [stdout]   --> src/render.rs:97:9
[INFO] [stdout]    |
[INFO] [stdout] 97 |         self.renderer.copy(&texture, original_rect, final_rect);
[INFO] [stdout]    |         ^^^^^^^^^^^^^^^^^^^^^^^^^^^^^^^^^^^^^^^^^^^^^^^^^^^^^^^
[INFO] [stdout]    |
[INFO] [stdout]    = note: this `Result` may be an `Err` variant, which should be handled
[INFO] [stdout]    = note: `#[warn(unused_must_use)]` (part of `#[warn(unused)]`) on by default
[INFO] [stdout] help: use `let _ = ...` to ignore the resulting value
[INFO] [stdout]    |
[INFO] [stdout] 97 |         let _ = self.renderer.copy(&texture, original_rect, final_rect);
[INFO] [stdout]    |         +++++++
[INFO] [stdout] 
[INFO] [stdout] 
[INFO] [stdout] warning: unused `Result` that must be used
[INFO] [stdout]    --> src/render.rs:183:9
[INFO] [stdout]     |
[INFO] [stdout] 183 |         self.renderer.copy(&texture, None, Some(Rect::new(x, y, w, h)));
[INFO] [stdout]     |         ^^^^^^^^^^^^^^^^^^^^^^^^^^^^^^^^^^^^^^^^^^^^^^^^^^^^^^^^^^^^^^^
[INFO] [stdout]     |
[INFO] [stdout]     = note: this `Result` may be an `Err` variant, which should be handled
[INFO] [stdout] help: use `let _ = ...` to ignore the resulting value
[INFO] [stdout]     |
[INFO] [stdout] 183 |         let _ = self.renderer.copy(&texture, None, Some(Rect::new(x, y, w, h)));
[INFO] [stdout]     |         +++++++
[INFO] [stdout] 
[INFO] [stdout] 
[INFO] [stdout] warning: unused `Result` that must be used
[INFO] [stdout]    --> src/render.rs:196:9
[INFO] [stdout]     |
[INFO] [stdout] 196 |         self.renderer.copy(self.tileset.texture(), tile_rect, target_rect);
[INFO] [stdout]     |         ^^^^^^^^^^^^^^^^^^^^^^^^^^^^^^^^^^^^^^^^^^^^^^^^^^^^^^^^^^^^^^^^^^
[INFO] [stdout]     |
[INFO] [stdout]     = note: this `Result` may be an `Err` variant, which should be handled
[INFO] [stdout] help: use `let _ = ...` to ignore the resulting value
[INFO] [stdout]     |
[INFO] [stdout] 196 |         let _ = self.renderer.copy(self.tileset.texture(), tile_rect, target_rect);
[INFO] [stdout]     |         +++++++
[INFO] [stdout] 
[INFO] [stdout] 
[INFO] [stdout] error: linking with `cc` failed: exit status: 1
[INFO] [stdout]   |
[INFO] [stdout]   = note:  "cc" "-m64" "/opt/rustwide/target/release/deps/rustcGTu7r7/symbols.o" "<7 object files omitted>" "-Wl,--as-needed" "-Wl,-Bstatic" "/opt/rustwide/target/release/deps/{libxml-46231030184978e3,libbitflags-44075ac6aff7484a,libsdl2-d836fcf825e344d4,librand-13c43e97cacdfad4,libsdl2_sys-881b74eb4fbc7914,libbitflags-df77fe360619f5b2,liblazy_static-b0fa4b3a12b99713,liblibc-51176297c3af87a6,libnum-34d438829cc8d7a8,libnum_iter-99bae9a6bb428bd5,libnum_integer-958d266d7c22aab0,libnum_traits-6919841b622fcf98,libclap-6236977175364adb,libvec_map-472df4b2661a1e1f,libbitflags-a997d01cd5e362da,libyaml_rust-1f3a9abf54b730aa,libansi_term-eb2b906bcbbbda45,libstrsim-b782a6bdb18f8317,libbitflags-2fc6a13f6361e74b}.rlib" "<sysroot>/lib/rustlib/x86_64-unknown-linux-gnu/lib/{libstd-*,libpanic_unwind-*,libobject-*,libmemchr-*,libaddr2line-*,libgimli-*,libcfg_if-*,librustc_demangle-*,libstd_detect-*,libhashbrown-*,librustc_std_workspace_alloc-*,libminiz_oxide-*,libadler2-*,libunwind-*,liblibc-*,librustc_std_workspace_core-*,liballoc-*,libcore-*,libcompiler_builtins-*}.rlib" "-Wl,-Bdynamic" "-lSDL2_ttf" "-lSDL2_image" "-lSDL2" "-lutil" "-lgcc_s" "-lutil" "-lrt" "-lpthread" "-lm" "-ldl" "-lc" "-L" "/opt/rustwide/target/release/deps/rustcGTu7r7/raw-dylibs" "-B<sysroot>/lib/rustlib/x86_64-unknown-linux-gnu/bin/gcc-ld" "-fuse-ld=lld" "-Wl,--eh-frame-hdr" "-Wl,-z,noexecstack" "-L" "<sysroot>/lib/rustlib/x86_64-unknown-linux-gnu/lib" "-o" "/opt/rustwide/target/release/deps/sokoban_rs-e78720536278fb35" "-Wl,--gc-sections" "-pie" "-Wl,-z,relro,-z,now" "-Wl,-O1" "-Wl,--strip-debug" "-nodefaultlibs"
[INFO] [stdout]   = note: some arguments are omitted. use `--verbose` to show all linker arguments
[INFO] [stdout]   = note: rust-lld: error: unable to find library -lSDL2_ttf
[INFO] [stdout]           rust-lld: error: unable to find library -lSDL2_image
[INFO] [stdout]           collect2: error: ld returned 1 exit status
[INFO] [stdout]           
[INFO] [stdout] 
[INFO] [stdout] 
[INFO] [stderr] error: could not compile `sokoban-rs` (bin "sokoban-rs") due to 1 previous error; 8 warnings emitted
[INFO] running `Command { std: "docker" "inspect" "87871cf6f83b28cf9dd25011b055834389c796012758406d66f57ebf79dac36e", kill_on_drop: false }`
[INFO] running `Command { std: "docker" "rm" "-f" "87871cf6f83b28cf9dd25011b055834389c796012758406d66f57ebf79dac36e", kill_on_drop: false }`
[INFO] [stdout] 87871cf6f83b28cf9dd25011b055834389c796012758406d66f57ebf79dac36e
