[INFO] cloning repository https://github.com/plan9-games/auth
[INFO] running `Command { std: "git" "-c" "credential.helper=" "-c" "credential.helper=/workspace/cargo-home/bin/git-credential-null" "clone" "--bare" "https://github.com/plan9-games/auth" "/workspace/cache/git-repos/https%3A%2F%2Fgithub.com%2Fplan9-games%2Fauth", kill_on_drop: false }`
[INFO] [stderr] Cloning into bare repository '/workspace/cache/git-repos/https%3A%2F%2Fgithub.com%2Fplan9-games%2Fauth'...
[INFO] running `Command { std: "git" "rev-parse" "HEAD", kill_on_drop: false }`
[INFO] [stdout] dd0bfdc0a1e5731254dae8263f36b0f99e40995b
[INFO] testing plan9-games/auth against 1.99.0-beta.8+cargoflags=--release for beta-release-1.100-2
[INFO] running `Command { std: "git" "clone" "/workspace/cache/git-repos/https%3A%2F%2Fgithub.com%2Fplan9-games%2Fauth" "/workspace/builds/worker-1-tc1/source", kill_on_drop: false }`
[INFO] [stderr] Cloning into '/workspace/builds/worker-1-tc1/source'...
[INFO] [stderr] done.
[INFO] removed /workspace/builds/worker-1-tc1/source/rust-toolchain
[INFO] started tweaking git repo https://github.com/plan9-games/auth
[INFO] finished tweaking git repo https://github.com/plan9-games/auth
[INFO] tweaked toml for git repo https://github.com/plan9-games/auth written to /workspace/builds/worker-1-tc1/source/Cargo.toml
[INFO] validating manifest of git repo https://github.com/plan9-games/auth on toolchain 1.99.0-beta.8
[INFO] running `Command { std: CARGO_HOME="/workspace/cargo-home" RUSTUP_HOME="/workspace/rustup-home" "/workspace/cargo-home/bin/cargo" "+1.99.0-beta.8" "metadata" "--manifest-path" "Cargo.toml" "--no-deps", kill_on_drop: false }`
[INFO] crate git repo https://github.com/plan9-games/auth already has a lockfile, it will not be regenerated
[INFO] running `Command { std: CARGO_HOME="/workspace/cargo-home" RUSTUP_HOME="/workspace/rustup-home" "/workspace/cargo-home/bin/cargo" "+1.99.0-beta.8" "fetch" "--manifest-path" "Cargo.toml", kill_on_drop: false }`
[INFO] [stderr]  Downloading crates ...
[INFO] [stderr]   Downloaded yansi v0.5.0
[INFO] [stderr]   Downloaded redox_syscall v0.1.54
[INFO] [stderr]   Downloaded serde v1.0.91
[INFO] [stderr]   Downloaded untrusted v0.6.2
[INFO] [stderr]   Downloaded toml v0.4.10
[INFO] [stderr]   Downloaded devise_codegen v0.2.0
[INFO] [stderr]   Downloaded yansi v0.4.0
[INFO] [stderr]   Downloaded devise_core v0.2.0
[INFO] [stderr]   Downloaded pear v0.1.2
[INFO] [stderr]   Downloaded pear_codegen v0.1.2
[INFO] [stderr]   Downloaded num_cpus v1.10.0
[INFO] [stderr]   Downloaded state v0.4.1
[INFO] [stderr]   Downloaded devise v0.2.0
[INFO] [stderr]   Downloaded lazy_static v1.3.0
[INFO] [stderr]   Downloaded smallvec v0.6.9
[INFO] [stderr]   Downloaded cookie v0.11.1
[INFO] [stderr]   Downloaded memchr v2.2.0
[INFO] [stderr]   Downloaded termion v1.5.2
[INFO] [stderr]   Downloaded cc v1.0.37
[INFO] [stderr]   Downloaded rocket_http v0.4.1
[INFO] [stderr]   Downloaded quote v0.6.12
[INFO] [stderr]   Downloaded byteorder v1.3.1
[INFO] [stderr]   Downloaded rocket_codegen v0.4.1
[INFO] [stderr]   Downloaded rocket v0.4.1
[INFO] [stderr]   Downloaded syn v0.15.34
[INFO] [stderr]   Downloaded libc v0.2.55
[INFO] [stderr]   Downloaded ring v0.13.5
[INFO] running `Command { std: "docker" "create" "-v" "/var/lib/crater-agent-workspace/builds/worker-1-tc1/source:/opt/rustwide/workdir:ro,Z" "-v" "/var/lib/crater-agent-workspace/builds/worker-1-tc1/target:/opt/rustwide/target:rw,Z" "-v" "/var/lib/crater-agent-workspace/cargo-home:/opt/rustwide/cargo-home:ro,Z" "-v" "/var/lib/crater-agent-workspace/rustup-home:/opt/rustwide/rustup-home:ro,Z" "-m" "1610612736" "--network" "none" "ghcr.io/rust-lang/crates-build-env/linux@sha256:77db811e55d90add9212f6832c23229e3de5f1c1f9905e8cb07319ea15df73ac" "sleep" "infinity", kill_on_drop: false }`
[INFO] [stdout] 70778cc580cecb22a7b0fb8beb908e039843eed9b4e79b1ccd5c95cfcc93548b
[INFO] running `Command { std: "docker" "start" "70778cc580cecb22a7b0fb8beb908e039843eed9b4e79b1ccd5c95cfcc93548b", kill_on_drop: false }`
[INFO] running `Command { std: "docker" "inspect" "70778cc580cecb22a7b0fb8beb908e039843eed9b4e79b1ccd5c95cfcc93548b", kill_on_drop: false }`
[INFO] running `Command { std: "docker" "exec" "-e" "SOURCE_DIR=/opt/rustwide/workdir" "-e" "CARGO_HOME=/opt/rustwide/cargo-home" "-e" "RUSTUP_HOME=/opt/rustwide/rustup-home" "-e" "CARGO_TARGET_DIR=/opt/rustwide/target" "-w" "/opt/rustwide/workdir" "--user" "0:0" "70778cc580cecb22a7b0fb8beb908e039843eed9b4e79b1ccd5c95cfcc93548b" "/opt/rustwide/cargo-home/bin/cargo" "+1.99.0-beta.8" "metadata" "--no-deps" "--format-version=1", kill_on_drop: false }`
[INFO] running `Command { std: "docker" "inspect" "70778cc580cecb22a7b0fb8beb908e039843eed9b4e79b1ccd5c95cfcc93548b", kill_on_drop: false }`
[INFO] running `Command { std: "docker" "exec" "-e" "SOURCE_DIR=/opt/rustwide/workdir" "-e" "CARGO_HOME=/opt/rustwide/cargo-home" "-e" "RUSTUP_HOME=/opt/rustwide/rustup-home" "-e" "CARGO_TARGET_DIR=/opt/rustwide/target" "-e" "CARGO_INCREMENTAL=0" "-e" "RUST_BACKTRACE=full" "-e" "RUSTFLAGS=--cap-lints=warn" "-e" "RUSTDOCFLAGS=--cap-lints=warn" "-w" "/opt/rustwide/workdir" "--user" "0:0" "70778cc580cecb22a7b0fb8beb908e039843eed9b4e79b1ccd5c95cfcc93548b" "/opt/rustwide/cargo-home/bin/cargo" "+1.99.0-beta.8" "build" "--frozen" "--message-format=json" "--release", kill_on_drop: false }`
[INFO] [stderr]    Compiling version_check v0.1.5
[INFO] [stderr]    Compiling libc v0.2.55
[INFO] [stderr]    Compiling byteorder v1.3.1
[INFO] [stderr]    Compiling proc-macro2 v0.4.30
[INFO] [stderr]    Compiling unicode-xid v0.1.0
[INFO] [stderr]    Compiling syn v0.15.34
[INFO] [stderr]    Compiling cc v1.0.37
[INFO] [stderr]    Compiling httparse v1.3.3
[INFO] [stderr]    Compiling yansi v0.4.0
[INFO] [stderr]    Compiling smallvec v0.6.9
[INFO] [stderr]    Compiling cfg-if v0.1.9
[INFO] [stderr]    Compiling safemem v0.3.0
[INFO] [stderr]    Compiling unicode-bidi v0.3.4
[INFO] [stderr]    Compiling yansi v0.5.0
[INFO] [stderr]    Compiling log v0.4.6
[INFO] [stderr]    Compiling unicase v1.4.2
[INFO] [stderr]    Compiling percent-encoding v1.0.1
[INFO] [stderr]    Compiling log v0.3.9
[INFO] [stderr]    Compiling unicode-normalization v0.1.8
[INFO] [stderr]    Compiling lazy_static v1.3.0
[INFO] [stderr]    Compiling untrusted v0.6.2
[INFO] [stderr]    Compiling bitflags v1.0.4
[INFO] [stderr]    Compiling mime v0.2.6
[INFO] [stderr]    Compiling pear_codegen v0.1.2
[INFO] [stderr]    Compiling serde v1.0.91
[INFO] [stderr]    Compiling typeable v0.1.2
[INFO] [stderr]    Compiling traitobject v0.1.0
[INFO] [stderr]    Compiling language-tags v0.2.2
[INFO] [stderr] error: failed to run custom build command for `pear_codegen v0.1.2`
[INFO] [stderr] note: To improve backtraces for build dependencies, set the CARGO_PROFILE_RELEASE_BUILD_OVERRIDE_DEBUG=true environment variable to enable debug information generation.
[INFO] [stderr] 
[INFO] [stderr] Caused by:
[INFO] [stderr]   process didn't exit successfully: `/opt/rustwide/target/release/build/pear_codegen-55141b740a354abc/build-script-build` (exit status: 101)
[INFO] [stderr]   --- stderr
[INFO] [stderr]   Error: Pear requires a nightly or dev version of Rust.
[INFO] [stderr]   Installed version is: 1.99.0-beta.8 (2026-09-26). Minimum required: 1.31.0-nightly (2018-10-05).
[INFO] [stderr] 
[INFO] [stderr]   thread 'main' (481) panicked at /opt/rustwide/cargo-home/registry/src/index.crates.io-1949cf8c6b5b557f/pear_codegen-0.1.2/build.rs:31:13:
[INFO] [stderr]   Aborting compilation due to incompatible compiler.
[INFO] [stderr]   stack backtrace:
[INFO] [stderr]      0:     0x5c387e0ec071 - <<std[70759c8f55707aa4]::sys::backtrace::BacktraceLock>::print::DisplayBacktrace as core[df12db4294e9bfd3]::fmt::Display>::fmt
[INFO] [stderr]      1:     0x5c387e0fd74a - core[df12db4294e9bfd3]::fmt::write
[INFO] [stderr]      2:     0x5c387e0f014c - <std[70759c8f55707aa4]::sys::stdio::unix::Stderr as core[df12db4294e9bfd3]::io::write::Write>::write_fmt
[INFO] [stderr]      3:     0x5c387e0cf596 - std[70759c8f55707aa4]::panicking::default_hook::{closure#0}
[INFO] [stderr]      4:     0x5c387e0e7ed1 - std[70759c8f55707aa4]::panicking::default_hook
[INFO] [stderr]      5:     0x5c387e0e808b - std[70759c8f55707aa4]::panicking::panic_with_hook
[INFO] [stderr]      6:     0x5c387e0cebfc - std[70759c8f55707aa4]::panicking::begin_panic::<&str>::{closure#0}
[INFO] [stderr]      7:     0x5c387e0c84f9 - std[70759c8f55707aa4]::sys::backtrace::__rust_end_short_backtrace::<std[70759c8f55707aa4]::panicking::begin_panic<&str>::{closure#0}, !>
[INFO] [stderr]      8:     0x5c387e0c5a3b - std[70759c8f55707aa4]::panicking::begin_panic::<&str>
[INFO] [stderr]      9:     0x5c387e0b0089 - build_script_build[e81d64c031d5289e]::main
[INFO] [stderr]     10:     0x5c387e0b0bb3 - <fn() as core[df12db4294e9bfd3]::ops::function::FnOnce<()>>::call_once
[INFO] [stderr]     11:     0x5c387e0af7b6 - std[70759c8f55707aa4]::sys::backtrace::__rust_begin_short_backtrace::<fn(), ()>
[INFO] [stderr]     12:     0x5c387e0af7c9 - std[70759c8f55707aa4]::rt::lang_start::<()>::{closure#0}
[INFO] [stderr]     13:     0x5c387e0e7309 - std[70759c8f55707aa4]::rt::lang_start_internal
[INFO] [stderr]     14:     0x5c387e0af751 - std[70759c8f55707aa4]::rt::lang_start::<()>
[INFO] [stderr]     15:     0x5c387e0b0c25 - main
[INFO] [stderr]     16:     0x7e130f080601 - <unknown>
[INFO] [stderr]     17:     0x7e130f080718 - __libc_start_main
[INFO] [stderr]     18:     0x5c387e0af485 - _start
[INFO] [stderr]     19:                0x0 - <unknown>
[INFO] [stderr] warning: build failed, waiting for other jobs to finish...
[INFO] [stdout] error[E0119]: conflicting implementations of trait `Trait` for type `(dyn Send + Sync + 'static)`
[INFO] [stdout]   --> /opt/rustwide/cargo-home/registry/src/index.crates.io-1949cf8c6b5b557f/traitobject-0.1.0/src/impls.rs:72:1
[INFO] [stdout]    |
[INFO] [stdout] 71 | unsafe impl Trait for ::std::marker::Send + Sync { }
[INFO] [stdout]    | ------------------------------------------------ first implementation here
[INFO] [stdout] 72 | unsafe impl Trait for ::std::marker::Send + Send + Sync { }
[INFO] [stdout]    | ^^^^^^^^^^^^^^^^^^^^^^^^^^^^^^^^^^^^^^^^^^^^^^^^^^^^^^^ conflicting implementation for `(dyn Send + Sync + 'static)`
[INFO] [stdout] 
[INFO] [stdout] 
[INFO] [stdout] error[E0119]: conflicting implementations of trait `Trait` for type `(dyn Send + Sync + 'static)`
[INFO] [stdout]   --> /opt/rustwide/cargo-home/registry/src/index.crates.io-1949cf8c6b5b557f/traitobject-0.1.0/src/impls.rs:73:1
[INFO] [stdout]    |
[INFO] [stdout] 71 | unsafe impl Trait for ::std::marker::Send + Sync { }
[INFO] [stdout]    | ------------------------------------------------ first implementation here
[INFO] [stdout] 72 | unsafe impl Trait for ::std::marker::Send + Send + Sync { }
[INFO] [stdout] 73 | unsafe impl Trait for ::std::marker::Sync + Send { }
[INFO] [stdout]    | ^^^^^^^^^^^^^^^^^^^^^^^^^^^^^^^^^^^^^^^^^^^^^^^^ conflicting implementation for `(dyn Send + Sync + 'static)`
[INFO] [stdout] 
[INFO] [stdout] 
[INFO] [stdout] error[E0119]: conflicting implementations of trait `Trait` for type `(dyn Send + Sync + 'static)`
[INFO] [stdout]   --> /opt/rustwide/cargo-home/registry/src/index.crates.io-1949cf8c6b5b557f/traitobject-0.1.0/src/impls.rs:75:1
[INFO] [stdout]    |
[INFO] [stdout] 71 | unsafe impl Trait for ::std::marker::Send + Sync { }
[INFO] [stdout]    | ------------------------------------------------ first implementation here
[INFO] [stdout] ...
[INFO] [stdout] 75 | unsafe impl Trait for ::std::marker::Sync + Send + Sync { }
[INFO] [stdout]    | ^^^^^^^^^^^^^^^^^^^^^^^^^^^^^^^^^^^^^^^^^^^^^^^^^^^^^^^ conflicting implementation for `(dyn Send + Sync + 'static)`
[INFO] [stdout] 
[INFO] [stdout] 
[INFO] [stdout] For more information about this error, try `rustc --explain E0119`.
[INFO] [stdout] 
[INFO] [stderr] error: could not compile `traitobject` (lib) due to 3 previous errors
[INFO] running `Command { std: "docker" "inspect" "70778cc580cecb22a7b0fb8beb908e039843eed9b4e79b1ccd5c95cfcc93548b", kill_on_drop: false }`
[INFO] running `Command { std: "docker" "rm" "-f" "70778cc580cecb22a7b0fb8beb908e039843eed9b4e79b1ccd5c95cfcc93548b", kill_on_drop: false }`
[INFO] [stdout] 70778cc580cecb22a7b0fb8beb908e039843eed9b4e79b1ccd5c95cfcc93548b
