[INFO] cloning repository https://github.com/philippebunda/ICP
[INFO] running `Command { std: "git" "-c" "credential.helper=" "-c" "credential.helper=/workspace/cargo-home/bin/git-credential-null" "clone" "--bare" "https://github.com/philippebunda/ICP" "/workspace/cache/git-repos/https%3A%2F%2Fgithub.com%2Fphilippebunda%2FICP", kill_on_drop: false }`
[INFO] [stderr] Cloning into bare repository '/workspace/cache/git-repos/https%3A%2F%2Fgithub.com%2Fphilippebunda%2FICP'...
[INFO] running `Command { std: "git" "rev-parse" "HEAD", kill_on_drop: false }`
[INFO] [stdout] b6caeef7a4663621a53f0fd3ef8563396ba65cd5
[INFO] testing philippebunda/ICP against 1.100.0-beta.1+cargoflags=--release for beta-release-1.100-2
[INFO] running `Command { std: "git" "clone" "/workspace/cache/git-repos/https%3A%2F%2Fgithub.com%2Fphilippebunda%2FICP" "/workspace/builds/worker-7-tc2/source", kill_on_drop: false }`
[INFO] [stderr] Cloning into '/workspace/builds/worker-7-tc2/source'...
[INFO] [stderr] done.
[INFO] started tweaking git repo https://github.com/philippebunda/ICP
[INFO] finished tweaking git repo https://github.com/philippebunda/ICP
[INFO] tweaked toml for git repo https://github.com/philippebunda/ICP written to /workspace/builds/worker-7-tc2/source/Cargo.toml
[INFO] validating manifest of git repo https://github.com/philippebunda/ICP on toolchain 1.100.0-beta.1
[INFO] running `Command { std: CARGO_HOME="/workspace/cargo-home" RUSTUP_HOME="/workspace/rustup-home" "/workspace/cargo-home/bin/cargo" "+1.100.0-beta.1" "metadata" "--manifest-path" "Cargo.toml" "--no-deps", kill_on_drop: false }`
[INFO] crate git repo https://github.com/philippebunda/ICP already has a lockfile, it will not be regenerated
[INFO] running `Command { std: CARGO_HOME="/workspace/cargo-home" RUSTUP_HOME="/workspace/rustup-home" "/workspace/cargo-home/bin/cargo" "+1.100.0-beta.1" "fetch" "--manifest-path" "Cargo.toml", kill_on_drop: false }`
[INFO] [stderr] warning: virtual workspace defaulting to `resolver = "1"` despite one or more workspace members being on edition 2021 which implies `resolver = "2"`
[INFO] [stderr]   |
[INFO] [stderr]   = note: to keep the current resolver, specify `workspace.resolver = "1"` in the workspace root's manifest
[INFO] [stderr]   = note: to use the edition 2021 resolver, specify `workspace.resolver = "2"` in the workspace root's manifest
[INFO] [stderr]   = note: for more details see https://doc.rust-lang.org/cargo/reference/resolver.html#resolver-versions
[INFO] [stderr]     Blocking waiting for file lock on package cache
[INFO] [stderr]     Blocking waiting for file lock on package cache
[ERROR] error running command: no output for 300 seconds
[INFO] testing philippebunda/ICP against 1.100.0-beta.1+cargoflags=--release for beta-release-1.100-2
[INFO] running `Command { std: "git" "clone" "/workspace/cache/git-repos/https%3A%2F%2Fgithub.com%2Fphilippebunda%2FICP" "/workspace/builds/worker-7-tc2/source", kill_on_drop: false }`
[INFO] [stderr] Cloning into '/workspace/builds/worker-7-tc2/source'...
[INFO] [stderr] done.
[INFO] started tweaking git repo https://github.com/philippebunda/ICP
[INFO] finished tweaking git repo https://github.com/philippebunda/ICP
[INFO] tweaked toml for git repo https://github.com/philippebunda/ICP written to /workspace/builds/worker-7-tc2/source/Cargo.toml
[INFO] validating manifest of git repo https://github.com/philippebunda/ICP on toolchain 1.100.0-beta.1
[INFO] running `Command { std: CARGO_HOME="/workspace/cargo-home" RUSTUP_HOME="/workspace/rustup-home" "/workspace/cargo-home/bin/cargo" "+1.100.0-beta.1" "metadata" "--manifest-path" "Cargo.toml" "--no-deps", kill_on_drop: false }`
[INFO] crate git repo https://github.com/philippebunda/ICP already has a lockfile, it will not be regenerated
[INFO] running `Command { std: CARGO_HOME="/workspace/cargo-home" RUSTUP_HOME="/workspace/rustup-home" "/workspace/cargo-home/bin/cargo" "+1.100.0-beta.1" "fetch" "--manifest-path" "Cargo.toml", kill_on_drop: false }`
[INFO] [stderr] warning: virtual workspace defaulting to `resolver = "1"` despite one or more workspace members being on edition 2021 which implies `resolver = "2"`
[INFO] [stderr]   |
[INFO] [stderr]   = note: to keep the current resolver, specify `workspace.resolver = "1"` in the workspace root's manifest
[INFO] [stderr]   = note: to use the edition 2021 resolver, specify `workspace.resolver = "2"` in the workspace root's manifest
[INFO] [stderr]   = note: for more details see https://doc.rust-lang.org/cargo/reference/resolver.html#resolver-versions
[INFO] [stderr]     Blocking waiting for file lock on package cache
[INFO] [stderr]     Blocking waiting for file lock on package cache
[ERROR] error running command: no output for 300 seconds
[INFO] testing philippebunda/ICP against 1.100.0-beta.1+cargoflags=--release for beta-release-1.100-2
[INFO] running `Command { std: "git" "clone" "/workspace/cache/git-repos/https%3A%2F%2Fgithub.com%2Fphilippebunda%2FICP" "/workspace/builds/worker-7-tc2/source", kill_on_drop: false }`
[INFO] [stderr] Cloning into '/workspace/builds/worker-7-tc2/source'...
[INFO] [stderr] done.
[INFO] started tweaking git repo https://github.com/philippebunda/ICP
[INFO] finished tweaking git repo https://github.com/philippebunda/ICP
[INFO] tweaked toml for git repo https://github.com/philippebunda/ICP written to /workspace/builds/worker-7-tc2/source/Cargo.toml
[INFO] validating manifest of git repo https://github.com/philippebunda/ICP on toolchain 1.100.0-beta.1
[INFO] running `Command { std: CARGO_HOME="/workspace/cargo-home" RUSTUP_HOME="/workspace/rustup-home" "/workspace/cargo-home/bin/cargo" "+1.100.0-beta.1" "metadata" "--manifest-path" "Cargo.toml" "--no-deps", kill_on_drop: false }`
[INFO] crate git repo https://github.com/philippebunda/ICP already has a lockfile, it will not be regenerated
[INFO] running `Command { std: CARGO_HOME="/workspace/cargo-home" RUSTUP_HOME="/workspace/rustup-home" "/workspace/cargo-home/bin/cargo" "+1.100.0-beta.1" "fetch" "--manifest-path" "Cargo.toml", kill_on_drop: false }`
[INFO] [stderr] warning: virtual workspace defaulting to `resolver = "1"` despite one or more workspace members being on edition 2021 which implies `resolver = "2"`
[INFO] [stderr]   |
[INFO] [stderr]   = note: to keep the current resolver, specify `workspace.resolver = "1"` in the workspace root's manifest
[INFO] [stderr]   = note: to use the edition 2021 resolver, specify `workspace.resolver = "2"` in the workspace root's manifest
[INFO] [stderr]   = note: for more details see https://doc.rust-lang.org/cargo/reference/resolver.html#resolver-versions
[INFO] [stderr]     Blocking waiting for file lock on package cache
[INFO] [stderr]     Blocking waiting for file lock on package cache
[ERROR] error running command: no output for 300 seconds
[INFO] testing philippebunda/ICP against 1.100.0-beta.1+cargoflags=--release for beta-release-1.100-2
[INFO] running `Command { std: "git" "clone" "/workspace/cache/git-repos/https%3A%2F%2Fgithub.com%2Fphilippebunda%2FICP" "/workspace/builds/worker-7-tc2/source", kill_on_drop: false }`
[INFO] [stderr] Cloning into '/workspace/builds/worker-7-tc2/source'...
[INFO] [stderr] done.
[INFO] started tweaking git repo https://github.com/philippebunda/ICP
[INFO] finished tweaking git repo https://github.com/philippebunda/ICP
[INFO] tweaked toml for git repo https://github.com/philippebunda/ICP written to /workspace/builds/worker-7-tc2/source/Cargo.toml
[INFO] validating manifest of git repo https://github.com/philippebunda/ICP on toolchain 1.100.0-beta.1
[INFO] running `Command { std: CARGO_HOME="/workspace/cargo-home" RUSTUP_HOME="/workspace/rustup-home" "/workspace/cargo-home/bin/cargo" "+1.100.0-beta.1" "metadata" "--manifest-path" "Cargo.toml" "--no-deps", kill_on_drop: false }`
[INFO] crate git repo https://github.com/philippebunda/ICP already has a lockfile, it will not be regenerated
[INFO] running `Command { std: CARGO_HOME="/workspace/cargo-home" RUSTUP_HOME="/workspace/rustup-home" "/workspace/cargo-home/bin/cargo" "+1.100.0-beta.1" "fetch" "--manifest-path" "Cargo.toml", kill_on_drop: false }`
[INFO] [stderr] warning: virtual workspace defaulting to `resolver = "1"` despite one or more workspace members being on edition 2021 which implies `resolver = "2"`
[INFO] [stderr]   |
[INFO] [stderr]   = note: to keep the current resolver, specify `workspace.resolver = "1"` in the workspace root's manifest
[INFO] [stderr]   = note: to use the edition 2021 resolver, specify `workspace.resolver = "2"` in the workspace root's manifest
[INFO] [stderr]   = note: for more details see https://doc.rust-lang.org/cargo/reference/resolver.html#resolver-versions
[INFO] [stderr]     Blocking waiting for file lock on package cache
[INFO] [stderr]     Blocking waiting for file lock on package cache
[INFO] [stderr]  Downloading crates ...
[INFO] [stderr]   Downloaded ic-cdk-macros v0.6.10
[INFO] [stderr]   Downloaded quote v1.0.26
[INFO] [stderr]   Downloaded serde v1.0.159
[INFO] [stderr]   Downloaded serde_tokenstream v0.1.7
[INFO] [stderr]   Downloaded proc-macro2 v1.0.56
[INFO] [stderr]   Downloaded pico-args v0.4.2
[INFO] [stderr]   Downloaded logos v0.12.1
[INFO] [stderr]   Downloaded parking_lot_core v0.9.7
[INFO] [stderr]   Downloaded ascii-canvas v3.0.0
[INFO] [stderr]   Downloaded cpufeatures v0.2.6
[INFO] [stderr]   Downloaded toml_datetime v0.6.1
[INFO] [stderr]   Downloaded lalrpop-util v0.19.9
[INFO] [stderr]   Downloaded errno v0.3.0
[INFO] [stderr]   Downloaded pretty v0.10.0
[INFO] [stderr]   Downloaded candid_derive v0.5.0
[INFO] [stderr]   Downloaded is-terminal v0.4.6
[INFO] [stderr]   Downloaded data-encoding v2.3.3
[INFO] [stderr]   Downloaded binread_derive v2.1.0
[INFO] [stderr]   Downloaded ic0 v0.18.9
[INFO] [stderr]   Downloaded paste v1.0.12
[INFO] [stderr]   Downloaded logos-derive v0.12.1
[INFO] [stderr]   Downloaded ena v0.14.2
[INFO] [stderr]   Downloaded ic-cdk v0.6.10
[INFO] [stderr]   Downloaded binread v2.2.0
[INFO] [stderr]   Downloaded anyhow v1.0.70
[INFO] [stderr]   Downloaded serde_derive v1.0.159
[INFO] [stderr]   Downloaded candid v0.8.4
[INFO] [stderr]   Downloaded toml_edit v0.19.8
[INFO] [stderr]   Downloaded winnow v0.4.1
[INFO] [stderr]   Downloaded lalrpop v0.19.9
[INFO] [stderr]   Downloaded regex v1.7.3
[INFO] [stderr]   Downloaded syn v2.0.13
[INFO] [stderr]   Downloaded rustix v0.37.7
[INFO] [stderr]   Downloaded libc v0.2.141
[INFO] [stderr]   Downloaded linux-raw-sys v0.3.1
[INFO] running `Command { std: "docker" "create" "-v" "/var/lib/crater-agent-workspace/builds/worker-7-tc2/source:/opt/rustwide/workdir:ro,Z" "-v" "/var/lib/crater-agent-workspace/builds/worker-7-tc2/target:/opt/rustwide/target:rw,Z" "-v" "/var/lib/crater-agent-workspace/cargo-home:/opt/rustwide/cargo-home:ro,Z" "-v" "/var/lib/crater-agent-workspace/rustup-home:/opt/rustwide/rustup-home:ro,Z" "-m" "1610612736" "--network" "none" "ghcr.io/rust-lang/crates-build-env/linux@sha256:77db811e55d90add9212f6832c23229e3de5f1c1f9905e8cb07319ea15df73ac" "sleep" "infinity", kill_on_drop: false }`
[INFO] [stdout] 5f6ea5bf7cff8c78b883f69a0719f7d91953a8e448254f5b29fc72bbd23612e7
[INFO] running `Command { std: "docker" "start" "5f6ea5bf7cff8c78b883f69a0719f7d91953a8e448254f5b29fc72bbd23612e7", kill_on_drop: false }`
[INFO] running `Command { std: "docker" "inspect" "5f6ea5bf7cff8c78b883f69a0719f7d91953a8e448254f5b29fc72bbd23612e7", kill_on_drop: false }`
[INFO] running `Command { std: "docker" "exec" "-e" "SOURCE_DIR=/opt/rustwide/workdir" "-e" "CARGO_HOME=/opt/rustwide/cargo-home" "-e" "RUSTUP_HOME=/opt/rustwide/rustup-home" "-e" "CARGO_TARGET_DIR=/opt/rustwide/target" "-w" "/opt/rustwide/workdir" "--user" "0:0" "5f6ea5bf7cff8c78b883f69a0719f7d91953a8e448254f5b29fc72bbd23612e7" "/opt/rustwide/cargo-home/bin/cargo" "+1.100.0-beta.1" "metadata" "--no-deps" "--format-version=1", kill_on_drop: false }`
[INFO] running `Command { std: "docker" "inspect" "5f6ea5bf7cff8c78b883f69a0719f7d91953a8e448254f5b29fc72bbd23612e7", kill_on_drop: false }`
[INFO] running `Command { std: "docker" "exec" "-e" "SOURCE_DIR=/opt/rustwide/workdir" "-e" "CARGO_HOME=/opt/rustwide/cargo-home" "-e" "RUSTUP_HOME=/opt/rustwide/rustup-home" "-e" "CARGO_TARGET_DIR=/opt/rustwide/target" "-e" "CARGO_INCREMENTAL=0" "-e" "RUST_BACKTRACE=full" "-e" "RUSTFLAGS=--cap-lints=warn" "-e" "RUSTDOCFLAGS=--cap-lints=warn" "-w" "/opt/rustwide/workdir" "--user" "0:0" "5f6ea5bf7cff8c78b883f69a0719f7d91953a8e448254f5b29fc72bbd23612e7" "/opt/rustwide/cargo-home/bin/cargo" "+1.100.0-beta.1" "build" "--frozen" "--message-format=json" "--release", kill_on_drop: false }`
[INFO] [stderr] warning: virtual workspace defaulting to `resolver = "1"` despite one or more workspace members being on edition 2021 which implies `resolver = "2"`
[INFO] [stderr]   |
[INFO] [stderr]   = note: to keep the current resolver, specify `workspace.resolver = "1"` in the workspace root's manifest
[INFO] [stderr]   = note: to use the edition 2021 resolver, specify `workspace.resolver = "2"` in the workspace root's manifest
[INFO] [stderr]   = note: for more details see https://doc.rust-lang.org/cargo/reference/resolver.html#resolver-versions
[INFO] [stderr]    Compiling proc-macro2 v1.0.56
[INFO] [stderr]    Compiling unicode-ident v1.0.8
[INFO] [stderr]    Compiling quote v1.0.26
[INFO] [stderr]    Compiling libc v0.2.141
[INFO] [stderr]    Compiling syn v1.0.109
[INFO] [stderr]    Compiling indexmap v1.9.3
[INFO] [stderr]    Compiling hashbrown v0.12.3
[INFO] [stderr]    Compiling regex-syntax v0.6.29
[INFO] [stderr]    Compiling serde v1.0.159
[INFO] [stderr]    Compiling once_cell v1.17.1
[INFO] [stderr]    Compiling serde_derive v1.0.159
[INFO] [stderr]    Compiling memchr v2.5.0
[INFO] [stderr]    Compiling parking_lot_core v0.9.7
[INFO] [stderr]    Compiling either v1.8.1
[INFO] [stderr]    Compiling io-lifetimes v1.0.10
[INFO] [stderr]    Compiling lock_api v0.4.9
[INFO] [stderr]    Compiling smallvec v1.10.0
[INFO] [stderr]    Compiling crunchy v0.2.2
[INFO] [stderr]    Compiling rustix v0.37.7
[INFO] [stderr]    Compiling log v0.4.17
[INFO] [stderr]    Compiling num-integer v0.1.45
[INFO] [stderr]    Compiling tiny-keccak v2.0.2
[INFO] [stderr]    Compiling siphasher v0.3.10
[INFO] [stderr]    Compiling linux-raw-sys v0.3.1
[INFO] [stderr]    Compiling typenum v1.16.0
[INFO] [stderr]    Compiling winnow v0.4.1
[INFO] [stderr]    Compiling fixedbitset v0.4.2
[INFO] [stderr]    Compiling toml_datetime v0.6.1
[INFO] [stderr]    Compiling bit-vec v0.6.3
[INFO] [stderr]    Compiling precomputed-hash v0.1.1
[INFO] [stderr]    Compiling phf_shared v0.10.0
[INFO] [stderr]    Compiling new_debug_unreachable v1.0.4
[INFO] [stderr]    Compiling ena v0.14.2
[INFO] [stderr]    Compiling itertools v0.10.5
[INFO] [stderr]    Compiling aho-corasick v0.7.20
[INFO] [stderr]    Compiling bit-set v0.5.3
[INFO] [stderr]    Compiling num-bigint v0.4.3
[INFO] [stderr]    Compiling pico-args v0.4.2
[INFO] [stderr]    Compiling diff v0.1.13
[INFO] [stderr]    Compiling rustversion v1.0.12
[INFO] [stderr]    Compiling anyhow v1.0.70
[INFO] [stderr]    Compiling unicode-xid v0.2.4
[INFO] [stderr]    Compiling thiserror v1.0.40
[INFO] [stderr]    Compiling beef v0.5.2
[INFO] [stderr]    Compiling generic-array v0.14.7
[INFO] [stderr]    Compiling num-traits v0.2.15
[INFO] [stderr]    Compiling paste v1.0.12
[INFO] [stderr]    Compiling crc32fast v1.3.2
[INFO] [stderr]    Compiling petgraph v0.6.3
[INFO] [stderr]    Compiling syn v2.0.13
[INFO] [stderr]    Compiling termcolor v1.2.0
[INFO] [stderr]    Compiling arrayvec v0.5.2
[INFO] [stderr]    Compiling unicode-width v0.1.10
[INFO] [stderr]    Compiling typed-arena v2.0.2
[INFO] [stderr]    Compiling crypto-common v0.1.6
[INFO] [stderr]    Compiling block-buffer v0.10.4
[INFO] [stderr]    Compiling cpufeatures v0.2.6
[INFO] [stderr]    Compiling pretty v0.10.0
[INFO] [stderr]    Compiling digest v0.10.6
[INFO] [stderr]    Compiling codespan-reporting v0.11.1
[INFO] [stderr]    Compiling regex v1.7.3
[INFO] [stderr]    Compiling dirs-sys-next v0.1.2
[INFO] [stderr]    Compiling dirs-next v2.0.0
[INFO] [stderr]    Compiling term v0.7.0
[INFO] [stderr]    Compiling toml_edit v0.19.8
[INFO] [stderr]    Compiling parking_lot v0.12.1
[INFO] [stderr]    Compiling leb128 v0.2.5
[INFO] [stderr]    Compiling byteorder v1.4.3
[INFO] [stderr]    Compiling sha2 v0.10.6
[INFO] [stderr]    Compiling data-encoding v2.3.3
[INFO] [stderr]    Compiling ascii-canvas v3.0.0
[INFO] [stderr]    Compiling string_cache v0.8.7
[INFO] [stderr]    Compiling ic0 v0.18.9
[INFO] [stderr]    Compiling thiserror-impl v1.0.40
[INFO] [stderr]    Compiling lalrpop-util v0.19.9
[INFO] [stderr]    Compiling is-terminal v0.4.6
[INFO] [stderr]    Compiling lalrpop v0.19.9
[INFO] [stderr]    Compiling proc-macro-crate v1.3.1
[INFO] [stderr]    Compiling logos-derive v0.12.1
[INFO] [stderr]    Compiling binread_derive v2.1.0
[INFO] [stderr]    Compiling num_enum_derive v0.5.11
[INFO] [stderr]    Compiling candid_derive v0.5.0
[INFO] [stderr]    Compiling num_enum v0.5.11
[INFO] [stderr]    Compiling binread v2.2.0
[INFO] [stderr]    Compiling logos v0.12.1
[INFO] [stderr]    Compiling serde_bytes v0.11.9
[INFO] [stderr]    Compiling serde_tokenstream v0.1.7
[INFO] [stderr]    Compiling candid v0.8.4
[INFO] [stderr]    Compiling ic-cdk-macros v0.6.10
[INFO] [stderr]    Compiling ic-cdk v0.6.10
[INFO] [stderr]    Compiling rust_hello_backend v0.1.0 (/opt/rustwide/workdir/src/rust_hello_backend)
[INFO] [stdout] error: linking with `cc` failed: exit status: 1
[INFO] [stdout]   |
[INFO] [stdout]   = note:  "cc" "-Wl,--version-script=/opt/rustwide/target/release/build/rust_hello_backend/4a47162f9347cc9a/out/rustcfCVo8y/list" "-Wl,--no-undefined-version" "-m64" "/opt/rustwide/target/release/build/rust_hello_backend/4a47162f9347cc9a/out/rustcfCVo8y/symbols.o" "<5 object files omitted>" "-Wl,--as-needed" "-Wl,-Bstatic" "/opt/rustwide/target/release/build/ic-cdk/e89f99694038d6f1/out/libic_cdk-e89f99694038d6f1.rlib" "/opt/rustwide/target/release/build/ic0/75d8583baf412a6f/out/libic0-75d8583baf412a6f.rlib" "/opt/rustwide/target/release/build/candid/8580c28a18492c82/out/libcandid-8580c28a18492c82.rlib" "/opt/rustwide/target/release/build/crc32fast/6b35511fffef0fb5/out/libcrc32fast-6b35511fffef0fb5.rlib" "/opt/rustwide/target/release/build/data-encoding/35aa084dfa61dca7/out/libdata_encoding-35aa084dfa61dca7.rlib" "/opt/rustwide/target/release/build/serde_bytes/2b94fc07c40f361e/out/libserde_bytes-2b94fc07c40f361e.rlib" "/opt/rustwide/target/release/build/hex/ffa975566df5dac7/out/libhex-ffa975566df5dac7.rlib" "/opt/rustwide/target/release/build/leb128/12c4a3015a60d889/out/libleb128-12c4a3015a60d889.rlib" "/opt/rustwide/target/release/build/byteorder/52d7e7679852098b/out/libbyteorder-52d7e7679852098b.rlib" "/opt/rustwide/target/release/build/logos/a362e0bbd00bde1d/out/liblogos-a362e0bbd00bde1d.rlib" "/opt/rustwide/target/release/build/sha2/5715213ee6a959ea/out/libsha2-5715213ee6a959ea.rlib" "/opt/rustwide/target/release/build/cpufeatures/d05a302d42e77391/out/libcpufeatures-d05a302d42e77391.rlib" "/opt/rustwide/target/release/build/cfg-if/193575a6b29a3ab9/out/libcfg_if-193575a6b29a3ab9.rlib" "/opt/rustwide/target/release/build/digest/196c697ce49f95ec/out/libdigest-196c697ce49f95ec.rlib" "/opt/rustwide/target/release/build/block-buffer/39184f6c3ab1f932/out/libblock_buffer-39184f6c3ab1f932.rlib" "/opt/rustwide/target/release/build/crypto-common/4b43658577582670/out/libcrypto_common-4b43658577582670.rlib" "/opt/rustwide/target/release/build/generic-array/64399a82a2bb4808/out/libgeneric_array-64399a82a2bb4808.rlib" "/opt/rustwide/target/release/build/typenum/bdaaef77eff1ef53/out/libtypenum-bdaaef77eff1ef53.rlib" "/opt/rustwide/target/release/build/num-bigint/b13fc5e559093f7d/out/libnum_bigint-b13fc5e559093f7d.rlib" "/opt/rustwide/target/release/build/num-integer/e4da50ae2402871b/out/libnum_integer-e4da50ae2402871b.rlib" "/opt/rustwide/target/release/build/num-traits/22e33c67082f08e6/out/libnum_traits-22e33c67082f08e6.rlib" "/opt/rustwide/target/release/build/anyhow/59abfbb41c0faef1/out/libanyhow-59abfbb41c0faef1.rlib" "/opt/rustwide/target/release/build/num_enum/03fd6289882d44ce/out/libnum_enum-03fd6289882d44ce.rlib" "/opt/rustwide/target/release/build/binread/853ec230b1a5a963/out/libbinread-853ec230b1a5a963.rlib" "/opt/rustwide/target/release/build/lazy_static/480433dca0d17907/out/liblazy_static-480433dca0d17907.rlib" "/opt/rustwide/target/release/build/lalrpop-util/a17f383376b26b92/out/liblalrpop_util-a17f383376b26b92.rlib" "/opt/rustwide/target/release/build/regex/603371838af1d996/out/libregex-603371838af1d996.rlib" "/opt/rustwide/target/release/build/aho-corasick/8c3e1ecffa67ecd9/out/libaho_corasick-8c3e1ecffa67ecd9.rlib" "/opt/rustwide/target/release/build/memchr/4c2333bb57774a0f/out/libmemchr-4c2333bb57774a0f.rlib" "/opt/rustwide/target/release/build/regex-syntax/42aa090914f39f46/out/libregex_syntax-42aa090914f39f46.rlib" "/opt/rustwide/target/release/build/thiserror/49232e739b385fdf/out/libthiserror-49232e739b385fdf.rlib" "/opt/rustwide/target/release/build/codespan-reporting/b4fbb5bf38884e92/out/libcodespan_reporting-b4fbb5bf38884e92.rlib" "/opt/rustwide/target/release/build/unicode-width/dc571cd2a6c5b88b/out/libunicode_width-dc571cd2a6c5b88b.rlib" "/opt/rustwide/target/release/build/termcolor/948d7d16d0a9b539/out/libtermcolor-948d7d16d0a9b539.rlib" "/opt/rustwide/target/release/build/pretty/ff9acb35fb516b5c/out/libpretty-ff9acb35fb516b5c.rlib" "/opt/rustwide/target/release/build/arrayvec/0b015aea6db926ff/out/libarrayvec-0b015aea6db926ff.rlib" "/opt/rustwide/target/release/build/typed-arena/0c4a8e5d08ab2471/out/libtyped_arena-0c4a8e5d08ab2471.rlib" "/opt/rustwide/target/release/build/serde/28cb572645f66f36/out/libserde-28cb572645f66f36.rlib" "<sysroot>/lib/rustlib/x86_64-unknown-linux-gnu/lib/{libstd-*,libpanic_unwind-*,libobject-*,libmemchr-*,libaddr2line-*,libgimli-*,libcfg_if-*,librustc_demangle-*,libstd_detect-*,libhashbrown-*,librustc_std_workspace_alloc-*,libminiz_oxide-*,libadler2-*,libunwind-*,liblibc-*,librustc_std_workspace_core-*,liballoc-*,libcore-*,libcompiler_builtins-*}.rlib" "-Wl,-Bdynamic" "-lgcc_s" "-lutil" "-lrt" "-lpthread" "-lm" "-ldl" "-lc" "-L" "/opt/rustwide/target/release/build/rust_hello_backend/4a47162f9347cc9a/out/rustcfCVo8y/raw-dylibs" "-B<sysroot>/lib/rustlib/x86_64-unknown-linux-gnu/bin/gcc-ld" "-fuse-ld=lld" "-Wl,--eh-frame-hdr" "-Wl,-z,noexecstack" "-L" "<sysroot>/lib/rustlib/x86_64-unknown-linux-gnu/lib" "-o" "/opt/rustwide/target/release/build/rust_hello_backend/4a47162f9347cc9a/out/librust_hello_backend.so" "-Wl,--gc-sections" "-shared" "-Wl,-z,relro,-z,now" "-Wl,-O1" "-Wl,--strip-debug" "-nodefaultlibs"
[INFO] [stdout]   = note: some arguments are omitted. use `--verbose` to show all linker arguments
[INFO] [stdout]   = note: rust-lld: error: /opt/rustwide/target/release/build/rust_hello_backend/4a47162f9347cc9a/out/rustcfCVo8y/list:3: ; expected, but got greet
[INFO] [stdout]           >>>     canister_query greet;
[INFO] [stdout]           >>>                    ^
[INFO] [stdout]           collect2: error: ld returned 1 exit status
[INFO] [stdout]           
[INFO] [stdout] 
[INFO] [stdout] 
[INFO] [stderr] error: could not compile `rust_hello_backend` (lib) due to 1 previous error
[INFO] running `Command { std: "docker" "inspect" "5f6ea5bf7cff8c78b883f69a0719f7d91953a8e448254f5b29fc72bbd23612e7", kill_on_drop: false }`
[INFO] running `Command { std: "docker" "rm" "-f" "5f6ea5bf7cff8c78b883f69a0719f7d91953a8e448254f5b29fc72bbd23612e7", kill_on_drop: false }`
[INFO] [stdout] 5f6ea5bf7cff8c78b883f69a0719f7d91953a8e448254f5b29fc72bbd23612e7
