[INFO] cloning repository https://github.com/nitisht/datafusion-s3
[INFO] running `Command { std: "git" "-c" "credential.helper=" "-c" "credential.helper=/workspace/cargo-home/bin/git-credential-null" "clone" "--bare" "https://github.com/nitisht/datafusion-s3" "/workspace/cache/git-repos/https%3A%2F%2Fgithub.com%2Fnitisht%2Fdatafusion-s3", kill_on_drop: false }`
[INFO] [stderr] Cloning into bare repository '/workspace/cache/git-repos/https%3A%2F%2Fgithub.com%2Fnitisht%2Fdatafusion-s3'...
[INFO] running `Command { std: "git" "rev-parse" "HEAD", kill_on_drop: false }`
[INFO] [stdout] 5c5f7e959f7b9208040a2842b34139c9c677c58b
[INFO] testing nitisht/datafusion-s3 against 1.100.0-beta.1+cargoflags=--release for beta-release-1.100-2
[INFO] running `Command { std: "git" "clone" "/workspace/cache/git-repos/https%3A%2F%2Fgithub.com%2Fnitisht%2Fdatafusion-s3" "/workspace/builds/worker-5-tc2/source", kill_on_drop: false }`
[INFO] [stderr] Cloning into '/workspace/builds/worker-5-tc2/source'...
[INFO] [stderr] done.
[INFO] started tweaking git repo https://github.com/nitisht/datafusion-s3
[INFO] finished tweaking git repo https://github.com/nitisht/datafusion-s3
[INFO] tweaked toml for git repo https://github.com/nitisht/datafusion-s3 written to /workspace/builds/worker-5-tc2/source/Cargo.toml
[INFO] validating manifest of git repo https://github.com/nitisht/datafusion-s3 on toolchain 1.100.0-beta.1
[INFO] running `Command { std: CARGO_HOME="/workspace/cargo-home" RUSTUP_HOME="/workspace/rustup-home" "/workspace/cargo-home/bin/cargo" "+1.100.0-beta.1" "metadata" "--manifest-path" "Cargo.toml" "--no-deps", kill_on_drop: false }`
[INFO] crate git repo https://github.com/nitisht/datafusion-s3 already has a lockfile, it will not be regenerated
[INFO] running `Command { std: CARGO_HOME="/workspace/cargo-home" RUSTUP_HOME="/workspace/rustup-home" "/workspace/cargo-home/bin/cargo" "+1.100.0-beta.1" "fetch" "--manifest-path" "Cargo.toml", kill_on_drop: false }`
[INFO] running `Command { std: "docker" "create" "-v" "/var/lib/crater-agent-workspace/builds/worker-5-tc2/source:/opt/rustwide/workdir:ro,Z" "-v" "/var/lib/crater-agent-workspace/builds/worker-5-tc2/target:/opt/rustwide/target:rw,Z" "-v" "/var/lib/crater-agent-workspace/cargo-home:/opt/rustwide/cargo-home:ro,Z" "-v" "/var/lib/crater-agent-workspace/rustup-home:/opt/rustwide/rustup-home:ro,Z" "-m" "1610612736" "--network" "none" "ghcr.io/rust-lang/crates-build-env/linux@sha256:77db811e55d90add9212f6832c23229e3de5f1c1f9905e8cb07319ea15df73ac" "sleep" "infinity", kill_on_drop: false }`
[INFO] [stdout] d23e84628490a6bbc69434f0f5a5afbc05441092a3362f6c98a38118cd6ea571
[INFO] running `Command { std: "docker" "start" "d23e84628490a6bbc69434f0f5a5afbc05441092a3362f6c98a38118cd6ea571", kill_on_drop: false }`
[INFO] running `Command { std: "docker" "inspect" "d23e84628490a6bbc69434f0f5a5afbc05441092a3362f6c98a38118cd6ea571", kill_on_drop: false }`
[INFO] running `Command { std: "docker" "exec" "-e" "SOURCE_DIR=/opt/rustwide/workdir" "-e" "CARGO_HOME=/opt/rustwide/cargo-home" "-e" "RUSTUP_HOME=/opt/rustwide/rustup-home" "-e" "CARGO_TARGET_DIR=/opt/rustwide/target" "-w" "/opt/rustwide/workdir" "--user" "0:0" "d23e84628490a6bbc69434f0f5a5afbc05441092a3362f6c98a38118cd6ea571" "/opt/rustwide/cargo-home/bin/cargo" "+1.100.0-beta.1" "metadata" "--no-deps" "--format-version=1", kill_on_drop: false }`
[INFO] running `Command { std: "docker" "inspect" "d23e84628490a6bbc69434f0f5a5afbc05441092a3362f6c98a38118cd6ea571", kill_on_drop: false }`
[INFO] running `Command { std: "docker" "exec" "-e" "SOURCE_DIR=/opt/rustwide/workdir" "-e" "CARGO_HOME=/opt/rustwide/cargo-home" "-e" "RUSTUP_HOME=/opt/rustwide/rustup-home" "-e" "CARGO_TARGET_DIR=/opt/rustwide/target" "-e" "CARGO_INCREMENTAL=0" "-e" "RUST_BACKTRACE=full" "-e" "RUSTFLAGS=--cap-lints=warn" "-e" "RUSTDOCFLAGS=--cap-lints=warn" "-w" "/opt/rustwide/workdir" "--user" "0:0" "d23e84628490a6bbc69434f0f5a5afbc05441092a3362f6c98a38118cd6ea571" "/opt/rustwide/cargo-home/bin/cargo" "+1.100.0-beta.1" "build" "--frozen" "--message-format=json" "--release", kill_on_drop: false }`
[INFO] [stderr]    Compiling libc v0.2.117
[INFO] [stderr]    Compiling autocfg v1.0.1
[INFO] [stderr]    Compiling proc-macro2 v1.0.36
[INFO] [stderr]    Compiling unicode-xid v0.2.2
[INFO] [stderr]    Compiling syn v1.0.86
[INFO] [stderr]    Compiling memchr v2.4.1
[INFO] [stderr]    Compiling log v0.4.14
[INFO] [stderr]    Compiling pin-project-lite v0.2.8
[INFO] [stderr]    Compiling futures-core v0.3.19
[INFO] [stderr]    Compiling bytes v1.1.0
[INFO] [stderr]    Compiling itoa v1.0.1
[INFO] [stderr]    Compiling futures-sink v0.3.19
[INFO] [stderr]    Compiling futures-task v0.3.19
[INFO] [stderr]    Compiling futures-channel v0.3.19
[INFO] [stderr]    Compiling futures-util v0.3.19
[INFO] [stderr]    Compiling ryu v1.0.9
[INFO] [stderr]    Compiling slab v0.4.5
[INFO] [stderr]    Compiling futures-io v0.3.19
[INFO] [stderr]    Compiling hashbrown v0.11.2
[INFO] [stderr]    Compiling num_threads v0.1.3
[INFO] [stderr]    Compiling once_cell v1.9.0
[INFO] [stderr]    Compiling tracing-core v0.1.22
[INFO] [stderr]    Compiling itoa v0.4.8
[INFO] [stderr]    Compiling crc32fast v1.3.1
[INFO] [stderr]    Compiling untrusted v0.7.1
[INFO] [stderr]    Compiling httparse v1.5.1
[INFO] [stderr]    Compiling spin v0.5.2
[INFO] [stderr]    Compiling tower-service v0.3.1
[INFO] [stderr]    Compiling try-lock v0.2.3
[INFO] [stderr]    Compiling httpdate v1.0.2
[INFO] [stderr]    Compiling want v0.3.0
[INFO] [stderr]    Compiling semver v1.0.5
[INFO] [stderr]    Compiling num-traits v0.2.14
[INFO] [stderr]    Compiling num-integer v0.1.44
[INFO] [stderr]    Compiling indexmap v1.8.0
[INFO] [stderr]    Compiling either v1.6.1
[INFO] [stderr]    Compiling regex-syntax v0.6.25
[INFO] [stderr]    Compiling base64 v0.13.0
[INFO] [stderr]    Compiling typenum v1.15.0
[INFO] [stderr]    Compiling generic-array v0.14.5
[INFO] [stderr]    Compiling lexical-util v0.8.1
[INFO] [stderr]    Compiling http v0.2.6
[INFO] [stderr]    Compiling num_cpus v1.13.1
[INFO] [stderr]    Compiling mio v0.7.14
[INFO] [stderr]    Compiling time v0.3.7
[INFO] [stderr]    Compiling quote v1.0.15
[INFO] [stderr]    Compiling jobserver v0.1.24
[INFO] [stderr]    Compiling socket2 v0.4.4
[INFO] [stderr]    Compiling cc v1.0.72
[INFO] [stderr]    Compiling aho-corasick v0.7.18
[INFO] [stderr]    Compiling bytes-utils v0.1.1
[INFO] [stderr]    Compiling rustc_version v0.4.0
[INFO] [stderr]    Compiling getrandom v0.2.4
[INFO] [stderr]    Compiling zeroize v1.5.2
[INFO] [stderr]    Compiling serde v1.0.136
[INFO] [stderr]    Compiling aws-types v0.6.0
[INFO] [stderr]    Compiling num-bigint v0.4.3
[INFO] [stderr]    Compiling tower-layer v0.3.1
[INFO] [stderr]    Compiling matches v0.1.9
[INFO] [stderr]    Compiling openssl-probe v0.1.5
[INFO] [stderr]    Compiling fastrand v1.7.0
[INFO] [stderr]    Compiling form_urlencoded v1.0.1
[INFO] [stderr]    Compiling num-iter v0.1.42
[INFO] [stderr]    Compiling num-rational v0.4.0
[INFO] [stderr]    Compiling subtle v2.4.1
[INFO] [stderr]    Compiling unicode-segmentation v1.8.0
[INFO] [stderr]    Compiling rand_core v0.6.3
[INFO] [stderr]    Compiling lexical-parse-integer v0.8.0
[INFO] [stderr]    Compiling lexical-write-integer v0.8.0
[INFO] [stderr]    Compiling time v0.1.44
[INFO] [stderr]    Compiling miniz_oxide v0.4.4
[INFO] [stderr]    Compiling serde_derive v1.0.136
[INFO] [stderr]    Compiling alloc-no-stdlib v2.0.3
[INFO] [stderr]    Compiling ppv-lite86 v0.2.16
[INFO] [stderr]    Compiling serde_json v1.0.78
[INFO] [stderr]    Compiling ring v0.16.20
[INFO] [stderr]    Compiling zstd-sys v1.6.2+zstd.1.5.1
[INFO] [stderr]    Compiling lz4-sys v1.9.2
[INFO] [stderr]    Compiling zstd-safe v4.1.3+zstd.1.5.1
[INFO] [stderr]    Compiling regex-automata v0.1.10
[INFO] [stderr]    Compiling heck v0.3.3
[INFO] [stderr]    Compiling lexical-parse-float v0.8.2
[INFO] [stderr]    Compiling rand_chacha v0.3.1
[INFO] [stderr]    Compiling ordered-float v1.1.1
[INFO] [stderr]    Compiling num-complex v0.4.0
[INFO] [stderr]    Compiling aws-smithy-types v0.36.0
[INFO] [stderr]    Compiling chrono v0.4.19
[INFO] [stderr]    Compiling alloc-stdlib v0.2.1
[INFO] [stderr]    Compiling lexical-write-float v0.8.2
[INFO] [stderr]    Compiling crypto-common v0.1.1
[INFO] [stderr]    Compiling block-buffer v0.10.0
[INFO] [stderr]    Compiling threadpool v1.8.1
[INFO] [stderr]    Compiling digest v0.10.1
[INFO] [stderr]    Compiling http-body v0.4.4
[INFO] [stderr]    Compiling csv-core v0.1.10
[INFO] [stderr]    Compiling ahash v0.7.6
[INFO] [stderr]    Compiling smallvec v1.8.0
[INFO] [stderr]    Compiling aws-smithy-eventstream v0.36.0
[INFO] [stderr]    Compiling unicode-width v0.1.9
[INFO] [stderr]    Compiling regex v1.5.4
[INFO] [stderr]    Compiling byteorder v1.4.3
[INFO] [stderr]    Compiling snap v1.0.5
[INFO] [stderr]    Compiling integer-encoding v1.1.7
[INFO] [stderr]    Compiling strum v0.22.0
[INFO] [stderr]    Compiling xmlparser v0.13.3
[INFO] [stderr]    Compiling adler v1.0.2
[INFO] [stderr]    Compiling thrift v0.13.0
[INFO] [stderr]    Compiling lexical-core v0.8.2
[INFO] [stderr]    Compiling brotli-decompressor v2.3.2
[INFO] [stderr]    Compiling rand v0.8.4
[INFO] [stderr]    Compiling blake3 v1.3.1
[INFO] [stderr]    Compiling parquet v8.0.0
[INFO] [stderr]    Compiling urlencoding v1.3.3
[INFO] [stderr]    Compiling num v0.4.0
[INFO] [stderr]    Compiling async-trait v0.1.52
[INFO] [stderr]    Compiling half v1.8.2
[INFO] [stderr]    Compiling flate2 v1.0.22
[INFO] [stderr]    Compiling parquet-format v4.0.0
[INFO] [stderr]    Compiling brotli v3.3.3
[INFO] [stderr]    Compiling aws-smithy-query v0.36.0
[INFO] [stderr]    Compiling aws-smithy-json v0.36.0
[INFO] [stderr]    Compiling arrayref v0.3.6
[INFO] [stderr]    Compiling arrayvec v0.7.2
[INFO] [stderr]    Compiling constant_time_eq v0.1.5
[INFO] [stderr]    Compiling remove_dir_all v0.5.3
[INFO] [stderr]    Compiling cpufeatures v0.2.1
[INFO] [stderr]    Compiling tempfile v3.3.0
[INFO] [stderr]    Compiling sha2 v0.10.1
[INFO] [stderr]    Compiling hashbrown v0.12.0
[INFO] [stderr]    Compiling blake2 v0.10.2
[INFO] [stderr]    Compiling md-5 v0.10.0
[INFO] [stderr]    Compiling ordered-float v2.10.0
[INFO] [stderr]    Compiling sqlparser v0.13.0
[INFO] [stderr]    Compiling bstr v0.2.17
[INFO] [stderr]    Compiling paste v1.0.6
[INFO] [stderr]    Compiling md5 v0.7.0
[INFO] [stderr]    Compiling aws-smithy-types-convert v0.36.0
[INFO] [stderr]    Compiling csv v1.1.6
[INFO] [stderr]    Compiling tokio-macros v1.7.0
[INFO] [stderr]    Compiling futures-macro v0.3.19
[INFO] [stderr]    Compiling tokio v1.16.1
[INFO] [stderr]    Compiling tracing-attributes v0.1.19
[INFO] [stderr]    Compiling pin-project-internal v1.0.10
[INFO] [stderr]    Compiling thiserror-impl v1.0.30
[INFO] [stderr]    Compiling multiversion-macros v0.6.1
[INFO] [stderr]    Compiling strum_macros v0.22.0
[INFO] [stderr]    Compiling sct v0.6.1
[INFO] [stderr]    Compiling tracing v0.1.30
[INFO] [stderr]    Compiling webpki v0.21.4
[INFO] [stderr]    Compiling pin-project v1.0.10
[INFO] [stderr]    Compiling ct-logs v0.8.0
[INFO] [stderr]    Compiling thiserror v1.0.30
[INFO] [stderr]    Compiling flatbuffers v2.0.0
[INFO] [stderr]    Compiling multiversion v0.6.1
[INFO] [stderr]    Compiling rustls v0.19.1
[INFO] [stderr]    Compiling aws-smithy-xml v0.36.0
[INFO] [stderr]    Compiling comfy-table v5.0.0
[INFO] [stderr]    Compiling futures-executor v0.3.19
[INFO] [stderr]    Compiling futures v0.3.19
[INFO] [stderr]    Compiling rustls-native-certs v0.5.0
[INFO] [stderr]    Compiling tokio-util v0.6.9
[INFO] [stderr]    Compiling tokio-stream v0.1.8
[INFO] [stderr]    Compiling tokio-rustls v0.22.0
[INFO] [stderr]    Compiling tower v0.4.11
[INFO] [stderr]    Compiling h2 v0.3.11
[INFO] [stderr]    Compiling aws-smithy-async v0.36.0
[INFO] [stderr]    Compiling arrow v8.0.0
[INFO] [stderr]    Compiling lz4 v1.23.2
[INFO] [stderr]    Compiling hyper v0.14.16
[INFO] [stderr]    Compiling aws-smithy-http v0.36.0
[INFO] [stderr]    Compiling hyper-rustls v0.22.1
[INFO] [stderr]    Compiling aws-smithy-http-tower v0.36.0
[INFO] [stderr]    Compiling aws-sigv4 v0.6.0
[INFO] [stderr]    Compiling aws-smithy-client v0.36.0
[INFO] [stderr]    Compiling aws-sig-auth v0.6.0
[INFO] [stderr]    Compiling aws-endpoint v0.6.0
[INFO] [stderr]    Compiling aws-http v0.6.0
[INFO] [stderr]    Compiling zstd v0.9.2+zstd.1.5.1
[INFO] [stderr]    Compiling aws-sdk-sso v0.6.0
[INFO] [stderr]    Compiling aws-sdk-sts v0.6.0
[INFO] [stderr]    Compiling aws-sdk-s3 v0.6.0
[INFO] [stderr]    Compiling aws-config v0.6.0
[INFO] [stderr]    Compiling datafusion v6.0.0 (https://github.com/apache/arrow-datafusion?rev=7b8d72c5342610a40827f23df7d5604cf24133fd#7b8d72c5)
[INFO] [stdout] error[E0277]: the trait bound `!: std::default::Default` is not satisfied
[INFO] [stdout]    --> /opt/rustwide/cargo-home/git/checkouts/arrow-datafusion-da9ff54fd01b0297/7b8d72c/datafusion/src/execution/context.rs:789:30
[INFO] [stdout]     |
[INFO] [stdout] 789 | ...                   .try_collect()
[INFO] [stdout]     |                        ^^^^^^^^^^^ the trait `std::default::Default` is not implemented for `!`
[INFO] [stdout]     |
[INFO] [stdout]     = note: this error might have been caused by changes to Rust's type-inference algorithm (see issue #148922 <https://github.com/rust-lang/rust/issues/148922> for more information)
[INFO] [stdout]     = help: you might have intended to use the type `()` here instead
[INFO] [stdout] note: required by a bound in `futures::TryStreamExt::try_collect`
[INFO] [stdout]    --> /opt/rustwide/cargo-home/registry/src/index.crates.io-1949cf8c6b5b557f/futures-util-0.3.19/src/stream/try_stream/mod.rs:580:23
[INFO] [stdout]     |
[INFO] [stdout] 157 | pub trait TryStreamExt: TryStream {
[INFO] [stdout] ...
[INFO] [stdout] 580 |     fn try_collect<C: Default + Extend<Self::Ok>>(self) -> TryCollect<Self, C>
[INFO] [stdout]     |                       ^^^^^^^ required by this bound in `TryStreamExt::try_collect`
[INFO] [stdout] 
[INFO] [stdout] 
[INFO] [stdout] error[E0277]: the trait bound `!: Extend<()>` is not satisfied
[INFO] [stdout]    --> /opt/rustwide/cargo-home/git/checkouts/arrow-datafusion-da9ff54fd01b0297/7b8d72c/datafusion/src/execution/context.rs:789:30
[INFO] [stdout]     |
[INFO] [stdout] 789 | ...                   .try_collect()
[INFO] [stdout]     |                        ^^^^^^^^^^^ the trait `Extend<()>` is not implemented for `!`
[INFO] [stdout]     |
[INFO] [stdout] help: the trait `Extend<()>` is implemented for `()`
[INFO] [stdout]    --> /rustc/e3feeb59cd1bdd011a2bfcc0747b55125d9b8527/library/core/src/iter/traits/collect.rs:454:0
[INFO] [stdout]     = note: this error might have been caused by changes to Rust's type-inference algorithm (see issue #148922 <https://github.com/rust-lang/rust/issues/148922> for more information)
[INFO] [stdout]     = help: you might have intended to use the type `()` here instead
[INFO] [stdout] note: the method call chain might not have had the expected associated types
[INFO] [stdout]    --> /opt/rustwide/cargo-home/git/checkouts/arrow-datafusion-da9ff54fd01b0297/7b8d72c/datafusion/src/execution/context.rs:788:30
[INFO] [stdout]     |
[INFO] [stdout] 785 |                     let stream = plan.execute(i, runtime.clone()).await?;
[INFO] [stdout]     |                                  --------------------------------------- this expression has type `Pin<Box<dyn RecordBatchStream + Send + Sync>>`
[INFO] [stdout] ...
[INFO] [stdout] 788 |                             .map(|batch| writer.write(&batch?))
[INFO] [stdout]     |                              ^^^^^^^^^^^^^^^^^^^^^^^^^^^^^^^^^^ `TryStream::Ok` is `()` here
[INFO] [stdout] note: required by a bound in `futures::TryStreamExt::try_collect`
[INFO] [stdout]    --> /opt/rustwide/cargo-home/registry/src/index.crates.io-1949cf8c6b5b557f/futures-util-0.3.19/src/stream/try_stream/mod.rs:580:33
[INFO] [stdout]     |
[INFO] [stdout] 157 | pub trait TryStreamExt: TryStream {
[INFO] [stdout] ...
[INFO] [stdout] 580 |     fn try_collect<C: Default + Extend<Self::Ok>>(self) -> TryCollect<Self, C>
[INFO] [stdout]     |                                 ^^^^^^^^^^^^^^^^ required by this bound in `TryStreamExt::try_collect`
[INFO] [stdout] 
[INFO] [stdout] 
[INFO] [stdout] error[E0277]: the trait bound `!: std::default::Default` is not satisfied
[INFO] [stdout]    --> /opt/rustwide/cargo-home/git/checkouts/arrow-datafusion-da9ff54fd01b0297/7b8d72c/datafusion/src/execution/context.rs:790:30
[INFO] [stdout]     |
[INFO] [stdout] 790 | ...                   .await
[INFO] [stdout]     |                        ^^^^^ the trait `std::default::Default` is not implemented for `!`
[INFO] [stdout]     |
[INFO] [stdout]     = note: this error might have been caused by changes to Rust's type-inference algorithm (see issue #148922 <https://github.com/rust-lang/rust/issues/148922> for more information)
[INFO] [stdout]     = help: you might have intended to use the type `()` here instead
[INFO] [stdout]     = note: required for `TryCollect<Map<Pin<Box<_>>, {closure@...}>, !>` to implement `futures::Future`
[INFO] [stdout]     = note: the full name for the type has been written to '/opt/rustwide/target/release/build/datafusion/d9263bc9a987f15b/out/datafusion-d9263bc9a987f15b.long-type-4463341415384568659.txt'
[INFO] [stdout]     = note: consider using `--verbose` to print the full type name to the console
[INFO] [stdout] 
[INFO] [stdout] 
[INFO] [stdout] error[E0277]: the trait bound `!: Extend<()>` is not satisfied
[INFO] [stdout]    --> /opt/rustwide/cargo-home/git/checkouts/arrow-datafusion-da9ff54fd01b0297/7b8d72c/datafusion/src/execution/context.rs:790:30
[INFO] [stdout]     |
[INFO] [stdout] 790 | ...                   .await
[INFO] [stdout]     |                        ^^^^^ the trait `Extend<()>` is not implemented for `!`
[INFO] [stdout]     |
[INFO] [stdout] help: the trait `Extend<()>` is implemented for `()`
[INFO] [stdout]    --> /rustc/e3feeb59cd1bdd011a2bfcc0747b55125d9b8527/library/core/src/iter/traits/collect.rs:454:0
[INFO] [stdout]     = note: this error might have been caused by changes to Rust's type-inference algorithm (see issue #148922 <https://github.com/rust-lang/rust/issues/148922> for more information)
[INFO] [stdout]     = help: you might have intended to use the type `()` here instead
[INFO] [stdout]     = note: required for `TryCollect<Map<Pin<Box<_>>, {closure@...}>, !>` to implement `futures::Future`
[INFO] [stdout]     = note: the full name for the type has been written to '/opt/rustwide/target/release/build/datafusion/d9263bc9a987f15b/out/datafusion-d9263bc9a987f15b.long-type-4463341415384568659.txt'
[INFO] [stdout]     = note: consider using `--verbose` to print the full type name to the console
[INFO] [stdout] 
[INFO] [stdout] 
[INFO] [stdout] For more information about this error, try `rustc --explain E0277`.
[INFO] [stdout] 
[INFO] [stderr] error: could not compile `datafusion` (lib) due to 4 previous errors
[INFO] [stderr] warning: build failed, waiting for other jobs to finish...
[INFO] running `Command { std: "docker" "inspect" "d23e84628490a6bbc69434f0f5a5afbc05441092a3362f6c98a38118cd6ea571", kill_on_drop: false }`
[INFO] running `Command { std: "docker" "rm" "-f" "d23e84628490a6bbc69434f0f5a5afbc05441092a3362f6c98a38118cd6ea571", kill_on_drop: false }`
[INFO] [stdout] d23e84628490a6bbc69434f0f5a5afbc05441092a3362f6c98a38118cd6ea571
