[INFO] cloning repository https://github.com/nimbus/deno
[INFO] running `Command { std: "git" "-c" "credential.helper=" "-c" "credential.helper=/workspace/cargo-home/bin/git-credential-null" "clone" "--bare" "https://github.com/nimbus/deno" "/workspace/cache/git-repos/https%3A%2F%2Fgithub.com%2Fnimbus%2Fdeno", kill_on_drop: false }`
[INFO] [stderr] Cloning into bare repository '/workspace/cache/git-repos/https%3A%2F%2Fgithub.com%2Fnimbus%2Fdeno'...
[INFO] running `Command { std: "git" "rev-parse" "HEAD", kill_on_drop: false }`
[INFO] [stdout] 1abfdad63da77afe1517efc0190063e49f479748
[INFO] testing nimbus/deno/1abfdad63da77afe1517efc0190063e49f479748 against 1.100.0-beta.1+cargoflags=--release for beta-release-1.100-2
[INFO] running `Command { std: "git" "clone" "/workspace/cache/git-repos/https%3A%2F%2Fgithub.com%2Fnimbus%2Fdeno" "/workspace/builds/worker-6-tc2/source", kill_on_drop: false }`
[INFO] [stderr] Cloning into '/workspace/builds/worker-6-tc2/source'...
[INFO] [stderr] done.
[INFO] [stderr] Updating files:  30% (4512/14928)
Updating files:  31% (4628/14928)
Updating files:  32% (4777/14928)
Updating files:  33% (4927/14928)
Updating files:  34% (5076/14928)
Updating files:  35% (5225/14928)
Updating files:  36% (5375/14928)
Updating files:  37% (5524/14928)
Updating files:  38% (5673/14928)
Updating files:  39% (5822/14928)
Updating files:  40% (5972/14928)
Updating files:  41% (6121/14928)
Updating files:  42% (6270/14928)
Updating files:  43% (6420/14928)
Updating files:  44% (6569/14928)
Updating files:  45% (6718/14928)
Updating files:  46% (6867/14928)
Updating files:  47% (7017/14928)
Updating files:  48% (7166/14928)
Updating files:  49% (7315/14928)
Updating files:  50% (7464/14928)
Updating files:  51% (7614/14928)
Updating files:  52% (7763/14928)
Updating files:  53% (7912/14928)
Updating files:  54% (8062/14928)
Updating files:  55% (8211/14928)
Updating files:  56% (8360/14928)
Updating files:  57% (8509/14928)
Updating files:  58% (8659/14928)
Updating files:  59% (8808/14928)
Updating files:  60% (8957/14928)
Updating files:  61% (9107/14928)
Updating files:  62% (9256/14928)
Updating files:  63% (9405/14928)
Updating files:  64% (9554/14928)
Updating files:  65% (9704/14928)
Updating files:  66% (9853/14928)
Updating files:  67% (10002/14928)
Updating files:  68% (10152/14928)
Updating files:  69% (10301/14928)
Updating files:  70% (10450/14928)
Updating files:  71% (10599/14928)
Updating files:  72% (10749/14928)
Updating files:  73% (10898/14928)
Updating files:  74% (11047/14928)
Updating files:  75% (11196/14928)
Updating files:  76% (11346/14928)
Updating files:  77% (11495/14928)
Updating files:  78% (11644/14928)
Updating files:  79% (11794/14928)
Updating files:  80% (11943/14928)
Updating files:  81% (12092/14928)
Updating files:  82% (12241/14928)
Updating files:  83% (12391/14928)
Updating files:  84% (12540/14928)
Updating files:  85% (12689/14928)
Updating files:  86% (12839/14928)
Updating files:  87% (12988/14928)
Updating files:  88% (13137/14928)
Updating files:  89% (13286/14928)
Updating files:  90% (13436/14928)
Updating files:  91% (13585/14928)
Updating files:  92% (13734/14928)
Updating files:  93% (13884/14928)
Updating files:  94% (14033/14928)
Updating files:  95% (14182/14928)
Updating files:  96% (14331/14928)
Updating files:  97% (14481/14928)
Updating files:  98% (14630/14928)
Updating files:  98% (14762/14928)
Updating files:  99% (14779/14928)
Updating files: 100% (14928/14928)
Updating files: 100% (14928/14928), done.
[INFO] removed /workspace/builds/worker-6-tc2/source/.cargo/config.toml
[INFO] removed /workspace/builds/worker-6-tc2/source/rust-toolchain.toml
[INFO] started tweaking git repo https://github.com/nimbus/deno
[INFO] finished tweaking git repo https://github.com/nimbus/deno
[INFO] tweaked toml for git repo https://github.com/nimbus/deno written to /workspace/builds/worker-6-tc2/source/Cargo.toml
[INFO] validating manifest of git repo https://github.com/nimbus/deno on toolchain 1.100.0-beta.1
[INFO] running `Command { std: CARGO_HOME="/workspace/cargo-home" RUSTUP_HOME="/workspace/rustup-home" "/workspace/cargo-home/bin/cargo" "+1.100.0-beta.1" "metadata" "--manifest-path" "Cargo.toml" "--no-deps", kill_on_drop: false }`
[INFO] crate git repo https://github.com/nimbus/deno already has a lockfile, it will not be regenerated
[INFO] running `Command { std: CARGO_HOME="/workspace/cargo-home" RUSTUP_HOME="/workspace/rustup-home" "/workspace/cargo-home/bin/cargo" "+1.100.0-beta.1" "fetch" "--manifest-path" "Cargo.toml", kill_on_drop: false }`
[INFO] [stderr] warning: Cargo.toml: `panic` setting is ignored for `bench` profile
[INFO] [stderr] warning: unused workspace dependency `base32`
[INFO] [stderr]    --> Cargo.toml:230:1
[INFO] [stderr]     |
[INFO] [stderr] 230 | base32 = "=0.5.1"
[INFO] [stderr]     | ^^^^^^
[INFO] [stderr]     |
[INFO] [stderr]     = note: `cargo::unused_workspace_dependencies` is set to `warn` by default
[INFO] [stderr] help: consider removing the workspace dependency `base32`
[INFO] [stderr] warning: unused workspace dependency `fastrand`
[INFO] [stderr]    --> Cargo.toml:290:1
[INFO] [stderr]     |
[INFO] [stderr] 290 | fastrand = "2"
[INFO] [stderr]     | ^^^^^^^^
[INFO] [stderr]     |
[INFO] [stderr] help: consider removing the workspace dependency `fastrand`
[INFO] [stderr] warning: unused workspace dependency `prost-build`
[INFO] [stderr]    --> Cargo.toml:363:1
[INFO] [stderr]     |
[INFO] [stderr] 363 | prost-build = "0.14"
[INFO] [stderr]     | ^^^^^^^^^^^
[INFO] [stderr]     |
[INFO] [stderr] help: consider removing the workspace dependency `prost-build`
[INFO] [stderr] warning: unused workspace dependency `quick-junit`
[INFO] [stderr]    --> Cargo.toml:365:1
[INFO] [stderr]     |
[INFO] [stderr] 365 | quick-junit = "0.3.5"
[INFO] [stderr]     | ^^^^^^^^^^^
[INFO] [stderr]     |
[INFO] [stderr] help: consider removing the workspace dependency `quick-junit`
[INFO] [stderr] warning: workspace (manifest) generated 5 warnings
[INFO] running `Command { std: "docker" "create" "-v" "/var/lib/crater-agent-workspace/builds/worker-6-tc2/source:/opt/rustwide/workdir:ro,Z" "-v" "/var/lib/crater-agent-workspace/builds/worker-6-tc2/target:/opt/rustwide/target:rw,Z" "-v" "/var/lib/crater-agent-workspace/cargo-home:/opt/rustwide/cargo-home:ro,Z" "-v" "/var/lib/crater-agent-workspace/rustup-home:/opt/rustwide/rustup-home:ro,Z" "-m" "1610612736" "--network" "none" "ghcr.io/rust-lang/crates-build-env/linux@sha256:77db811e55d90add9212f6832c23229e3de5f1c1f9905e8cb07319ea15df73ac" "sleep" "infinity", kill_on_drop: false }`
[INFO] [stdout] eef9f9082bbb60556f01b6bed89d1b27bf4794b3409b9a66ad337e82647aa104
[INFO] running `Command { std: "docker" "start" "eef9f9082bbb60556f01b6bed89d1b27bf4794b3409b9a66ad337e82647aa104", kill_on_drop: false }`
[INFO] running `Command { std: "docker" "inspect" "eef9f9082bbb60556f01b6bed89d1b27bf4794b3409b9a66ad337e82647aa104", kill_on_drop: false }`
[INFO] running `Command { std: "docker" "exec" "-e" "SOURCE_DIR=/opt/rustwide/workdir" "-e" "CARGO_HOME=/opt/rustwide/cargo-home" "-e" "RUSTUP_HOME=/opt/rustwide/rustup-home" "-e" "CARGO_TARGET_DIR=/opt/rustwide/target" "-w" "/opt/rustwide/workdir" "--user" "0:0" "eef9f9082bbb60556f01b6bed89d1b27bf4794b3409b9a66ad337e82647aa104" "/opt/rustwide/cargo-home/bin/cargo" "+1.100.0-beta.1" "metadata" "--no-deps" "--format-version=1", kill_on_drop: false }`
[INFO] running `Command { std: "docker" "inspect" "eef9f9082bbb60556f01b6bed89d1b27bf4794b3409b9a66ad337e82647aa104", kill_on_drop: false }`
[INFO] running `Command { std: "docker" "exec" "-e" "SOURCE_DIR=/opt/rustwide/workdir" "-e" "CARGO_HOME=/opt/rustwide/cargo-home" "-e" "RUSTUP_HOME=/opt/rustwide/rustup-home" "-e" "CARGO_TARGET_DIR=/opt/rustwide/target" "-e" "CARGO_INCREMENTAL=0" "-e" "RUST_BACKTRACE=full" "-e" "RUSTFLAGS=--cap-lints=warn" "-e" "RUSTDOCFLAGS=--cap-lints=warn" "-w" "/opt/rustwide/workdir" "--user" "0:0" "eef9f9082bbb60556f01b6bed89d1b27bf4794b3409b9a66ad337e82647aa104" "/opt/rustwide/cargo-home/bin/cargo" "+1.100.0-beta.1" "build" "--frozen" "--message-format=json" "--release", kill_on_drop: false }`
[INFO] [stderr] warning: Cargo.toml: `panic` setting is ignored for `bench` profile
[INFO] [stderr] warning: unused workspace dependency `base32`
[INFO] [stderr]    --> Cargo.toml:230:1
[INFO] [stderr]     |
[INFO] [stderr] 230 | base32 = "=0.5.1"
[INFO] [stderr]     | ^^^^^^
[INFO] [stderr]     |
[INFO] [stderr]     = note: `cargo::unused_workspace_dependencies` is set to `warn` by default
[INFO] [stderr] help: consider removing the workspace dependency `base32`
[INFO] [stderr] warning: unused workspace dependency `fastrand`
[INFO] [stderr]    --> Cargo.toml:290:1
[INFO] [stderr]     |
[INFO] [stderr] 290 | fastrand = "2"
[INFO] [stderr]     | ^^^^^^^^
[INFO] [stderr]     |
[INFO] [stderr] help: consider removing the workspace dependency `fastrand`
[INFO] [stderr] warning: unused workspace dependency `prost-build`
[INFO] [stderr]    --> Cargo.toml:363:1
[INFO] [stderr]     |
[INFO] [stderr] 363 | prost-build = "0.14"
[INFO] [stderr]     | ^^^^^^^^^^^
[INFO] [stderr]     |
[INFO] [stderr] help: consider removing the workspace dependency `prost-build`
[INFO] [stderr] warning: unused workspace dependency `quick-junit`
[INFO] [stderr]    --> Cargo.toml:365:1
[INFO] [stderr]     |
[INFO] [stderr] 365 | quick-junit = "0.3.5"
[INFO] [stderr]     | ^^^^^^^^^^^
[INFO] [stderr]     |
[INFO] [stderr] help: consider removing the workspace dependency `quick-junit`
[INFO] [stderr] warning: workspace (manifest) generated 5 warnings
[INFO] [stderr]    Compiling proc-macro2 v1.0.101
[INFO] [stderr]    Compiling quote v1.0.45
[INFO] [stderr]    Compiling unicode-ident v1.0.12
[INFO] [stderr]    Compiling libc v0.2.186
[INFO] [stderr]    Compiling serde_core v1.0.228
[INFO] [stderr]    Compiling serde v1.0.228
[INFO] [stderr]    Compiling autocfg v1.3.0
[INFO] [stderr]    Compiling cfg-if v1.0.3
[INFO] [stderr]    Compiling version_check v0.9.4
[INFO] [stderr]    Compiling typenum v1.17.0
[INFO] [stderr]    Compiling shlex v1.3.0
[INFO] [stderr]    Compiling libm v0.2.8
[INFO] [stderr]    Compiling portable-atomic v1.14.0
[INFO] [stderr]    Compiling generic-array v0.14.7
[INFO] [stderr]    Compiling memchr v2.8.1
[INFO] [stderr]    Compiling num-traits v0.2.19
[INFO] [stderr]    Compiling find-msvc-tools v0.1.9
[INFO] [stderr]    Compiling lock_api v0.4.11
[INFO] [stderr]    Compiling parking_lot_core v0.9.9
[INFO] [stderr]    Compiling serde_json v1.0.140
[INFO] [stderr]    Compiling log v0.4.32
[INFO] [stderr]    Compiling thiserror v2.0.12
[INFO] [stderr]    Compiling getrandom v0.4.1
[INFO] [stderr]    Compiling allocator-api2 v0.2.21
[INFO] [stderr]    Compiling subtle v2.6.1
[INFO] [stderr]    Compiling syn v2.0.117
[INFO] [stderr]    Compiling foldhash v0.2.0
[INFO] [stderr]    Compiling equivalent v1.0.1
[INFO] [stderr]    Compiling slab v0.4.9
[INFO] [stderr]    Compiling anyhow v1.0.98
[INFO] [stderr]    Compiling either v1.10.0
[INFO] [stderr]    Compiling jobserver v0.1.32
[INFO] [stderr]    Compiling getrandom v0.2.14
[INFO] [stderr]    Compiling rand_core v0.6.4
[INFO] [stderr]    Compiling rustc-hash v2.1.1
[INFO] [stderr]    Compiling cc v1.2.56
[INFO] [stderr]    Compiling aho-corasick v1.1.3
[INFO] [stderr]    Compiling regex-syntax v0.8.8
[INFO] [stderr]    Compiling const-oid v0.9.6
[INFO] [stderr]    Compiling radium v0.7.0
[INFO] [stderr]    Compiling cpufeatures v0.2.12
[INFO] [stderr]    Compiling stable_deref_trait v1.2.0
[INFO] [stderr]    Compiling itoa v1.0.15
[INFO] [stderr]    Compiling minimal-lexical v0.2.1
[INFO] [stderr]    Compiling hashbrown v0.16.1
[INFO] [stderr]    Compiling nom v7.1.3
[INFO] [stderr]    Compiling pin-project-lite v0.2.14
[INFO] [stderr]    Compiling indexmap v2.12.0
[INFO] [stderr]    Compiling libloading v0.8.5
[INFO] [stderr]    Compiling critical-section v1.2.0
[INFO] [stderr]    Compiling glob v0.3.1
[INFO] [stderr]    Compiling once_cell v1.21.3
[INFO] [stderr]    Compiling bytes v1.11.1
[INFO] [stderr]    Compiling regex-automata v0.4.13
[INFO] [stderr]    Compiling clang-sys v1.8.1
[INFO] [stderr]    Compiling prettyplease v0.2.37
[INFO] [stderr]    Compiling ppv-lite86 v0.2.17
[INFO] [stderr]    Compiling pkg-config v0.3.30
[INFO] [stderr]    Compiling cexpr v0.6.0
[INFO] [stderr]    Compiling itertools v0.10.5
[INFO] [stderr]    Compiling synstructure v0.13.1
[INFO] [stderr]    Compiling rand_chacha v0.3.1
[INFO] [stderr]    Compiling ahash v0.8.11
[INFO] [stderr]    Compiling rand v0.8.5
[INFO] [stderr]    Compiling scopeguard v1.2.0
[INFO] [stderr]    Compiling ryu v1.0.17
[INFO] [stderr]    Compiling rustversion v1.0.22
[INFO] [stderr]    Compiling regex v1.12.2
[INFO] [stderr]    Compiling utf8_iter v1.0.4
[INFO] [stderr]    Compiling serde_derive v1.0.228
[INFO] [stderr]    Compiling zeroize_derive v1.4.2
[INFO] [stderr]    Compiling zerofrom-derive v0.1.7
[INFO] [stderr]    Compiling displaydoc v0.2.4
[INFO] [stderr]    Compiling yoke-derive v0.7.4
[INFO] [stderr]    Compiling zerovec-derive v0.10.3
[INFO] [stderr]    Compiling icu_provider_macros v1.5.0
[INFO] [stderr]    Compiling zeroize v1.8.1
[INFO] [stderr]    Compiling tokio-macros v2.5.0
[INFO] [stderr]    Compiling thiserror-impl v2.0.12
[INFO] [stderr]    Compiling futures-macro v0.3.31
[INFO] [stderr]    Compiling deno_error_macro v0.7.1
[INFO] [stderr]    Compiling zerofrom v0.1.7
[INFO] [stderr]    Compiling yoke-derive v0.8.2
[INFO] [stderr]    Compiling crypto-common v0.1.6
[INFO] [stderr]    Compiling block-buffer v0.10.4
[INFO] [stderr]    Compiling tracing-attributes v0.1.31
[INFO] [stderr]    Compiling zerovec-derive v0.11.3
[INFO] [stderr]    Compiling sys_traits_macros v0.1.0
[INFO] [stderr]    Compiling digest v0.10.7
[INFO] [stderr]    Compiling sha2 v0.10.8
[INFO] [stderr]    Compiling cfg_aliases v0.2.1
[INFO] [stderr]    Compiling yoke v0.7.4
[INFO] [stderr]    Compiling bindgen v0.72.1
[INFO] [stderr]    Compiling mio v1.0.3
[INFO] [stderr]    Compiling zerovec v0.10.4
[INFO] [stderr]    Compiling signal-hook-registry v1.4.2
[INFO] [stderr]    Compiling writeable v0.5.5
[INFO] [stderr]    Compiling litemap v0.7.3
[INFO] [stderr]    Compiling percent-encoding v2.3.2
[INFO] [stderr]    Compiling boxed_error v0.2.3
[INFO] [stderr]    Compiling cmake v0.1.57
[INFO] [stderr]    Compiling socket2 v0.6.4
[INFO] [stderr]    Compiling icu_locale_data v2.2.0
[INFO] [stderr]    Compiling icu_locid_transform_data v1.5.0
[INFO] [stderr]    Compiling icu_properties_data v1.5.0
[INFO] [stderr]    Compiling icu_calendar_data v2.2.0
[INFO] [stderr]    Compiling crc32fast v1.4.2
[INFO] [stderr]    Compiling rustix v0.38.34
[INFO] [stderr]    Compiling write16 v1.0.0
[INFO] [stderr]    Compiling paste v1.0.15
[INFO] [stderr]    Compiling adler2 v2.0.0
[INFO] [stderr]    Compiling utf16_iter v1.0.5
[INFO] [stderr]    Compiling tinystr v0.7.6
[INFO] [stderr]    Compiling icu_collections v1.5.0
[INFO] [stderr]    Compiling icu_normalizer_data v1.5.0
[INFO] [stderr]    Compiling miniz_oxide v0.8.8
[INFO] [stderr]    Compiling icu_locid v1.5.0
[INFO] [stderr]    Compiling icu_provider v1.5.0
[INFO] [stderr]    Compiling linux-raw-sys v0.4.13
[INFO] [stderr]    Compiling smallvec v1.15.1
[INFO] [stderr]    Compiling bitflags v2.9.3
[INFO] [stderr]    Compiling parking_lot v0.12.3
[INFO] [stderr]    Compiling icu_locid_transform v1.5.0
[INFO] [stderr]    Compiling tokio v1.47.1
[INFO] [stderr]    Compiling form_urlencoded v1.2.2
[INFO] [stderr]    Compiling icu_properties v1.5.1
[INFO] [stderr]    Compiling rand_core v0.10.0
[INFO] [stderr]    Compiling strck v1.0.0
[INFO] [stderr]    Compiling home v0.5.9
[INFO] [stderr]    Compiling diplomat_core v0.15.0
[INFO] [stderr]    Compiling which v6.0.1
[INFO] [stderr]    Compiling gzip-header v1.0.0
[INFO] [stderr]    Compiling fslock v0.2.1
[INFO] [stderr]    Compiling icu_normalizer v1.5.0
[INFO] [stderr]    Compiling pin-project-internal v1.1.5
[INFO] [stderr]    Compiling idna_adapter v1.2.0
[INFO] [stderr]    Compiling idna v1.1.0
[INFO] [stderr]    Compiling url v2.5.7
[INFO] [stderr]    Compiling diplomat v0.15.0
[INFO] [stderr]    Compiling heck v0.5.0
[INFO] [stderr]    Compiling futures-core v0.3.31
[INFO] [stderr]    Compiling strum_macros v0.27.1
[INFO] [stderr]    Compiling syn-match v0.3.1
[INFO] [stderr]    Compiling stringcase v0.4.0
[INFO] [stderr]    Compiling v8 v150.4.0 (https://github.com/nimbus/rusty_v8?tag=v150.4.0-nimbus.3#5fbb8b49)
[INFO] [stderr]    Compiling dunce v1.0.5
[INFO] [stderr]    Compiling futures-sink v0.3.31
[INFO] [stderr]    Compiling num-integer v0.1.46
[INFO] [stderr]    Compiling futures-channel v0.3.31
[INFO] [stderr]    Compiling capacity_builder_macros v0.3.0
[INFO] [stderr]    Compiling futures-io v0.3.31
[INFO] [stderr]    Compiling pin-utils v0.1.0
[INFO] [stderr]    Compiling vcpkg v0.2.15
[INFO] [stderr]    Compiling futures-task v0.3.31
[INFO] [stderr]    Compiling futures-util v0.3.31
[INFO] [stderr]    Compiling strum v0.27.1
[INFO] [stderr]    Compiling deno_ops v0.288.0 (/opt/rustwide/workdir/libs/ops)
[INFO] [stderr]    Compiling memoffset v0.9.1
[INFO] [stderr]    Compiling num-bigint v0.4.6
[INFO] [stderr]    Compiling async-trait v0.1.88
[INFO] [stderr]    Compiling sha1_smol v1.0.1
[INFO] [stderr]    Compiling uuid v1.21.0
[INFO] [stderr]    Compiling swc_macros_common v1.0.1
[INFO] [stderr]    Compiling byteorder v1.5.0
[INFO] [stderr]    Compiling fs_extra v1.3.0
[INFO] [stderr]    Compiling aws-lc-sys v0.40.0
[INFO] [stderr]    Compiling siphasher v0.3.11
[INFO] [stderr]    Compiling data-encoding v2.5.0
[INFO] [stderr]    Compiling tap v1.0.1
[INFO] [stderr]    Compiling wyz v0.5.1
[INFO] [stderr]    Compiling phf_shared v0.11.2
[INFO] [stderr]    Compiling deno_error v0.7.1
[INFO] [stderr]    Compiling yoke v0.8.2
[INFO] [stderr]    Compiling vsimd v0.8.0
[INFO] [stderr]    Compiling funty v2.0.0
[INFO] [stderr]    Compiling outref v0.5.1
[INFO] [stderr]    Compiling phf_generator v0.11.2
[INFO] [stderr]    Compiling base64-simd v0.8.0
[INFO] [stderr]    Compiling debugid v0.8.0
[INFO] [stderr]    Compiling unicode-id-start v1.4.0
[INFO] [stderr]    Compiling bitvec v1.0.1
[INFO] [stderr]    Compiling thiserror v1.0.69
[INFO] [stderr]    Compiling if_chain v1.0.2
[INFO] [stderr]    Compiling phf_macros v0.11.2
[INFO] [stderr]    Compiling zerovec v0.11.6
[INFO] [stderr]    Compiling ast_node v5.0.0
[INFO] [stderr]    Compiling from_variant v3.0.0
[INFO] [stderr]    Compiling thiserror-impl v1.0.69
[INFO] [stderr]    Compiling swc_eq_ignore_macros v1.0.1
[INFO] [stderr]    Compiling aws-lc-rs v1.16.3
[INFO] [stderr]    Compiling tracing-core v0.1.36
[INFO] [stderr]    Compiling libz-sys v1.1.20
[INFO] [stderr]    Compiling crossbeam-utils v0.8.21
[INFO] [stderr]    Compiling potential_utf v0.1.3
[INFO] [stderr]    Compiling tinystr v0.8.3
[INFO] [stderr]    Compiling base64 v0.22.1
[INFO] [stderr]    Compiling Inflector v0.11.4
[INFO] [stderr] error: failed to run custom build command for `v8 v150.4.0 (https://github.com/nimbus/rusty_v8?tag=v150.4.0-nimbus.3#5fbb8b49)`
[INFO] [stderr] note: To improve backtraces for build dependencies, set the CARGO_PROFILE_RELEASE_BUILD_OVERRIDE_DEBUG=true environment variable to enable debug information generation.
[INFO] [stderr] 
[INFO] [stderr] Caused by:
[INFO] [stderr]   process didn't exit successfully: `/opt/rustwide/target/release/build/v8/8d7bcb206b3c1a4a/out/build_script_build` (exit status: 101)
[INFO] [stderr]   --- stdout
[INFO] [stderr]   cargo:rerun-if-changed=.gn
[INFO] [stderr]   cargo:rerun-if-changed=BUILD.gn
[INFO] [stderr]   cargo:rerun-if-changed=src/binding.cc
[INFO] [stderr]   cargo:rerun-if-changed=tools/nimbus_release_revision
[INFO] [stderr]   cargo:rerun-if-env-changed=CCACHE
[INFO] [stderr]   cargo:rerun-if-env-changed=CLANG_BASE_PATH
[INFO] [stderr]   cargo:rerun-if-env-changed=CXXSTDLIB
[INFO] [stderr]   cargo:rerun-if-env-changed=DENO_TRYBUILD
[INFO] [stderr]   cargo:rerun-if-env-changed=DOCS_RS
[INFO] [stderr]   cargo:rerun-if-env-changed=GN
[INFO] [stderr]   cargo:rerun-if-env-changed=GN_ARGS
[INFO] [stderr]   cargo:rerun-if-env-changed=HOST
[INFO] [stderr]   cargo:rerun-if-env-changed=NINJA
[INFO] [stderr]   cargo:rerun-if-env-changed=OUT_DIR
[INFO] [stderr]   cargo:rerun-if-env-changed=RUSTY_V8_ARCHIVE
[INFO] [stderr]   cargo:rerun-if-env-changed=RUSTY_V8_MIRROR
[INFO] [stderr]   cargo:rerun-if-env-changed=RUSTY_V8_MUSL_SYSROOT
[INFO] [stderr]   cargo:rerun-if-env-changed=RUSTY_V8_SRC_BINDING_PATH
[INFO] [stderr]   cargo:rerun-if-env-changed=RUSTY_V8_VERSION
[INFO] [stderr]   cargo:rerun-if-env-changed=SCCACHE
[INFO] [stderr]   cargo:rerun-if-env-changed=V8_FORCE_DEBUG
[INFO] [stderr]   cargo:rerun-if-env-changed=V8_FROM_SOURCE
[INFO] [stderr]   cargo:rerun-if-env-changed=PYTHON
[INFO] [stderr]   cargo:rerun-if-env-changed=DISABLE_CLANG
[INFO] [stderr]   cargo:rerun-if-env-changed=EXTRA_GN_ARGS
[INFO] [stderr]   cargo:rerun-if-env-changed=PRINT_GN_ARGS
[INFO] [stderr]   cargo:rerun-if-env-changed=CARGO_ENCODED_RUSTFLAGS
[INFO] [stderr]   cargo:rustc-link-lib=static=rusty_v8
[INFO] [stderr]   lockfile: "/opt/rustwide/target/release/build/v8/v8.fslock"
[INFO] [stderr]   Looking for download in '"/opt/rustwide/cargo-home/.rusty_v8/https___github_com_nimbus_rusty_v8_releases_download_v150_4_0_nimbus_3_src_binding_simdutf_release_x86_64_unknown_linux_gnu_rs"'
[INFO] [stderr]   Downloading https://github.com/nimbus/rusty_v8/releases/download/v150.4.0-nimbus.3/src_binding_simdutf_release_x86_64-unknown-linux-gnu.rs
[INFO] [stderr]   Trying with Python...
[INFO] [stderr]   Downloading https://github.com/nimbus/rusty_v8/releases/download/v150.4.0-nimbus.3/src_binding_simdutf_release_x86_64-unknown-linux-gnu.rs...
[INFO] [stderr]   <urlopen error [Errno -3] Temporary failure in name resolution>
[INFO] [stderr]   Retrying in 5 s ...
[INFO] [stderr]   Downloading https://github.com/nimbus/rusty_v8/releases/download/v150.4.0-nimbus.3/src_binding_simdutf_release_x86_64-unknown-linux-gnu.rs...
[INFO] [stderr]   <urlopen error [Errno -3] Temporary failure in name resolution>
[INFO] [stderr]   Retrying in 10 s ...
[INFO] [stderr]   Downloading https://github.com/nimbus/rusty_v8/releases/download/v150.4.0-nimbus.3/src_binding_simdutf_release_x86_64-unknown-linux-gnu.rs...
[INFO] [stderr]   <urlopen error [Errno -3] Temporary failure in name resolution>
[INFO] [stderr]   Retrying in 20 s ...
[INFO] [stderr]   Downloading https://github.com/nimbus/rusty_v8/releases/download/v150.4.0-nimbus.3/src_binding_simdutf_release_x86_64-unknown-linux-gnu.rs...
[INFO] [stderr]   <urlopen error [Errno -3] Temporary failure in name resolution>
[INFO] [stderr]   Python downloader failed, trying with curl.
[INFO] [stderr] 
[INFO] [stderr]   --- stderr
[INFO] [stderr]   Traceback (most recent call last):
[INFO] [stderr]     File "/usr/lib/python3.14/urllib/request.py", line 1321, in do_open
[INFO] [stderr]       h.request(req.get_method(), req.selector, req.data, headers,
[INFO] [stderr]       ~~~~~~~~~^^^^^^^^^^^^^^^^^^^^^^^^^^^^^^^^^^^^^^^^^^^^^^^^^^^
[INFO] [stderr]                 encode_chunked=req.has_header('Transfer-encoding'))
[INFO] [stderr]                 ^^^^^^^^^^^^^^^^^^^^^^^^^^^^^^^^^^^^^^^^^^^^^^^^^^^
[INFO] [stderr]     File "/usr/lib/python3.14/http/client.py", line 1367, in request
[INFO] [stderr]       self._send_request(method, url, body, headers, encode_chunked)
[INFO] [stderr]       ~~~~~~~~~~~~~~~~~~^^^^^^^^^^^^^^^^^^^^^^^^^^^^^^^^^^^^^^^^^^^^
[INFO] [stderr]     File "/usr/lib/python3.14/http/client.py", line 1413, in _send_request
[INFO] [stderr]       self.endheaders(body, encode_chunked=encode_chunked)
[INFO] [stderr]       ~~~~~~~~~~~~~~~^^^^^^^^^^^^^^^^^^^^^^^^^^^^^^^^^^^^^
[INFO] [stderr]     File "/usr/lib/python3.14/http/client.py", line 1362, in endheaders
[INFO] [stderr]       self._send_output(message_body, encode_chunked=encode_chunked)
[INFO] [stderr]       ~~~~~~~~~~~~~~~~~^^^^^^^^^^^^^^^^^^^^^^^^^^^^^^^^^^^^^^^^^^^^^
[INFO] [stderr]     File "/usr/lib/python3.14/http/client.py", line 1122, in _send_output
[INFO] [stderr]       self.send(msg)
[INFO] [stderr]       ~~~~~~~~~^^^^^
[INFO] [stderr]     File "/usr/lib/python3.14/http/client.py", line 1066, in send
[INFO] [stderr]       self.connect()
[INFO] [stderr]       ~~~~~~~~~~~~^^
[INFO] [stderr]     File "/usr/lib/python3.14/http/client.py", line 1501, in connect
[INFO] [stderr]       super().connect()
[INFO] [stderr]       ~~~~~~~~~~~~~~~^^
[INFO] [stderr]     File "/usr/lib/python3.14/http/client.py", line 1032, in connect
[INFO] [stderr]       self.sock = self._create_connection(
[INFO] [stderr]                   ~~~~~~~~~~~~~~~~~~~~~~~^
[INFO] [stderr]           (self.host,self.port), self.timeout, self.source_address)
[INFO] [stderr]           ^^^^^^^^^^^^^^^^^^^^^^^^^^^^^^^^^^^^^^^^^^^^^^^^^^^^^^^^^
[INFO] [stderr]     File "/usr/lib/python3.14/socket.py", line 846, in create_connection
[INFO] [stderr]       for res in getaddrinfo(host, port, 0, SOCK_STREAM):
[INFO] [stderr]                  ~~~~~~~~~~~^^^^^^^^^^^^^^^^^^^^^^^^^^^^
[INFO] [stderr]     File "/usr/lib/python3.14/socket.py", line 983, in getaddrinfo
[INFO] [stderr]       for res in _socket.getaddrinfo(host, port, family, type, proto, flags):
[INFO] [stderr]                  ~~~~~~~~~~~~~~~~~~~^^^^^^^^^^^^^^^^^^^^^^^^^^^^^^^^^^^^^^^^
[INFO] [stderr]   socket.gaierror: [Errno -3] Temporary failure in name resolution
[INFO] [stderr] 
[INFO] [stderr]   During handling of the above exception, another exception occurred:
[INFO] [stderr] 
[INFO] [stderr]   Traceback (most recent call last):
[INFO] [stderr]     File "/opt/rustwide/cargo-home/git/checkouts/rusty_v8-d7af8ad63a5bd745/5fbb8b4/./tools/download_file.py", line 63, in <module>
[INFO] [stderr]       sys.exit(main())
[INFO] [stderr]                ~~~~^^
[INFO] [stderr]     File "/opt/rustwide/cargo-home/git/checkouts/rusty_v8-d7af8ad63a5bd745/5fbb8b4/./tools/download_file.py", line 58, in main
[INFO] [stderr]       DownloadUrl(args.url, f)
[INFO] [stderr]       ~~~~~~~~~~~^^^^^^^^^^^^^
[INFO] [stderr]     File "/opt/rustwide/cargo-home/git/checkouts/rusty_v8-d7af8ad63a5bd745/5fbb8b4/./tools/download_file.py", line 44, in DownloadUrl
[INFO] [stderr]       raise e
[INFO] [stderr]     File "/opt/rustwide/cargo-home/git/checkouts/rusty_v8-d7af8ad63a5bd745/5fbb8b4/./tools/download_file.py", line 28, in DownloadUrl
[INFO] [stderr]       response = urlopen(url)
[INFO] [stderr]     File "/usr/lib/python3.14/urllib/request.py", line 187, in urlopen
[INFO] [stderr]       return opener.open(url, data, timeout)
[INFO] [stderr]              ~~~~~~~~~~~^^^^^^^^^^^^^^^^^^^^
[INFO] [stderr]     File "/usr/lib/python3.14/urllib/request.py", line 487, in open
[INFO] [stderr]       response = self._open(req, data)
[INFO] [stderr]     File "/usr/lib/python3.14/urllib/request.py", line 504, in _open
[INFO] [stderr]       result = self._call_chain(self.handle_open, protocol, protocol +
[INFO] [stderr]                                 '_open', req)
[INFO] [stderr]     File "/usr/lib/python3.14/urllib/request.py", line 464, in _call_chain
[INFO] [stderr]       result = func(*args)
[INFO] [stderr]     File "/usr/lib/python3.14/urllib/request.py", line 1369, in https_open
[INFO] [stderr]       return self.do_open(http.client.HTTPSConnection, req,
[INFO] [stderr]              ~~~~~~~~~~~~^^^^^^^^^^^^^^^^^^^^^^^^^^^^^^^^^^
[INFO] [stderr]                           context=self._context)
[INFO] [stderr]                           ^^^^^^^^^^^^^^^^^^^^^^
[INFO] [stderr]     File "/usr/lib/python3.14/urllib/request.py", line 1324, in do_open
[INFO] [stderr]       raise URLError(err)
[INFO] [stderr]   urllib.error.URLError: <urlopen error [Errno -3] Temporary failure in name resolution>
[INFO] [stderr]   curl: (6) Could not resolve host: github.com
[INFO] [stderr] 
[INFO] [stderr]   thread 'main' (3112) panicked at /opt/rustwide/cargo-home/git/checkouts/rusty_v8-d7af8ad63a5bd745/5fbb8b4/build.rs:1132:5:
[INFO] [stderr]   Failed to download V8 prebuilt asset from https://github.com/nimbus/rusty_v8/releases/download/v150.4.0-nimbus.3/src_binding_simdutf_release_x86_64-unknown-linux-gnu.rs
[INFO] [stderr]   This is usually because no prebuilt is published for your target, in which case you should compile V8 from source by setting V8_FROM_SOURCE=1. It can also indicate a network connectivity problem.
[INFO] [stderr]   stack backtrace:
[INFO] [stderr]      0:     0x5e330a448d11 - std[617be2ca0a6fd877]::backtrace_rs::backtrace::libunwind::trace
[INFO] [stderr]                                  at /rustc/e3feeb59cd1bdd011a2bfcc0747b55125d9b8527/library/std/src/../../backtrace/src/backtrace/libunwind.rs:117:9
[INFO] [stderr]      1:     0x5e330a448d11 - std[617be2ca0a6fd877]::backtrace_rs::backtrace::trace_unsynchronized::<std[617be2ca0a6fd877]::sys::backtrace::_print_fmt::{closure#1}>
[INFO] [stderr]                                  at /rustc/e3feeb59cd1bdd011a2bfcc0747b55125d9b8527/library/std/src/../../backtrace/src/backtrace/mod.rs:66:14
[INFO] [stderr]      2:     0x5e330a448d11 - std[617be2ca0a6fd877]::sys::backtrace::_print_fmt
[INFO] [stderr]                                  at /rustc/e3feeb59cd1bdd011a2bfcc0747b55125d9b8527/library/std/src/sys/backtrace.rs:74:9
[INFO] [stderr]      3:     0x5e330a448d11 - <<std[617be2ca0a6fd877]::sys::backtrace::BacktraceLock>::print::DisplayBacktrace as core[a373ad73a504971]::fmt::Display>::fmt
[INFO] [stderr]                                  at /rustc/e3feeb59cd1bdd011a2bfcc0747b55125d9b8527/library/std/src/sys/backtrace.rs:44:26
[INFO] [stderr]      4:     0x5e330a45f26a - <core[a373ad73a504971]::fmt::rt::Argument>::fmt
[INFO] [stderr]                                  at /rustc/e3feeb59cd1bdd011a2bfcc0747b55125d9b8527/library/core/src/fmt/rt.rs:152:76
[INFO] [stderr]      5:     0x5e330a45f26a - core[a373ad73a504971]::fmt::write
[INFO] [stderr]      6:     0x5e330a44dd9c - core[a373ad73a504971]::io::write::default_write_fmt::<std[617be2ca0a6fd877]::sys::stdio::unix::Stderr>
[INFO] [stderr]                                  at /rustc/e3feeb59cd1bdd011a2bfcc0747b55125d9b8527/library/core/src/io/write.rs:402:11
[INFO] [stderr]      7:     0x5e330a44dd9c - <std[617be2ca0a6fd877]::sys::stdio::unix::Stderr as core[a373ad73a504971]::io::write::Write>::write_fmt
[INFO] [stderr]                                  at /rustc/e3feeb59cd1bdd011a2bfcc0747b55125d9b8527/library/core/src/io/write.rs:335:13
[INFO] [stderr]      8:     0x5e330a425ef6 - <std[617be2ca0a6fd877]::sys::backtrace::BacktraceLock>::print
[INFO] [stderr]                                  at /rustc/e3feeb59cd1bdd011a2bfcc0747b55125d9b8527/library/std/src/sys/backtrace.rs:47:9
[INFO] [stderr]      9:     0x5e330a425ef6 - std[617be2ca0a6fd877]::panicking::default_hook::{closure#0}
[INFO] [stderr]                                  at /rustc/e3feeb59cd1bdd011a2bfcc0747b55125d9b8527/library/std/src/panicking.rs:289:27
[INFO] [stderr]     10:     0x5e330a4427e1 - std[617be2ca0a6fd877]::panicking::default_hook
[INFO] [stderr]                                  at /rustc/e3feeb59cd1bdd011a2bfcc0747b55125d9b8527/library/std/src/panicking.rs:316:9
[INFO] [stderr]     11:     0x5e330a442b0b - std[617be2ca0a6fd877]::panicking::panic_with_hook
[INFO] [stderr]                                  at /rustc/e3feeb59cd1bdd011a2bfcc0747b55125d9b8527/library/std/src/panicking.rs:811:13
[INFO] [stderr]     12:     0x5e330a425fa2 - std[617be2ca0a6fd877]::panicking::panic_handler::{closure#0}
[INFO] [stderr]                                  at /rustc/e3feeb59cd1bdd011a2bfcc0747b55125d9b8527/library/std/src/panicking.rs:685:13
[INFO] [stderr]     13:     0x5e330a41e5d9 - std[617be2ca0a6fd877]::sys::backtrace::__rust_end_short_backtrace::<std[617be2ca0a6fd877]::panicking::panic_handler::{closure#0}, !>
[INFO] [stderr]                                  at /rustc/e3feeb59cd1bdd011a2bfcc0747b55125d9b8527/library/std/src/sys/backtrace.rs:182:18
[INFO] [stderr]     14:     0x5e330a42696d - __rustc[ea4f61d10b84890b]::rust_begin_unwind
[INFO] [stderr]                                  at /rustc/e3feeb59cd1bdd011a2bfcc0747b55125d9b8527/library/std/src/panicking.rs:676:5
[INFO] [stderr]     15:     0x5e330a45fa8c - core[a373ad73a504971]::panicking::panic_fmt
[INFO] [stderr]                                  at /rustc/e3feeb59cd1bdd011a2bfcc0747b55125d9b8527/library/core/src/panicking.rs:80:14
[INFO] [stderr]     16:     0x5e3309e07d83 - build_script_build[7a85b11ad375eaea]::download_to_path
[INFO] [stderr]     17:     0x5e3309e058c9 - build_script_build[7a85b11ad375eaea]::download_file
[INFO] [stderr]     18:     0x5e3309e0bda8 - build_script_build[7a85b11ad375eaea]::main
[INFO] [stderr]     19:     0x5e3309e1dd23 - std[617be2ca0a6fd877]::sys::backtrace::__rust_begin_short_backtrace::<fn(), ()>
[INFO] [stderr]     20:     0x5e3309e1def9 - std[617be2ca0a6fd877]::rt::lang_start::<()>::{closure#0}
[INFO] [stderr]     21:     0x5e330a441918 - <&dyn core[a373ad73a504971]::ops::function::Fn<(), Output = i32> + core[a373ad73a504971]::marker::Sync + core[a373ad73a504971]::panic::unwind_safe::RefUnwindSafe as core[a373ad73a504971]::ops::function::FnOnce<()>>::call_once
[INFO] [stderr]                                  at /rustc/e3feeb59cd1bdd011a2bfcc0747b55125d9b8527/library/core/src/ops/function.rs:287:21
[INFO] [stderr]     22:     0x5e330a441918 - std[617be2ca0a6fd877]::panicking::catch_unwind::do_call::<&dyn core[a373ad73a504971]::ops::function::Fn<(), Output = i32> + core[a373ad73a504971]::marker::Sync + core[a373ad73a504971]::panic::unwind_safe::RefUnwindSafe, i32>
[INFO] [stderr]                                  at /rustc/e3feeb59cd1bdd011a2bfcc0747b55125d9b8527/library/std/src/panicking.rs:573:43
[INFO] [stderr]     23:     0x5e330a441918 - std[617be2ca0a6fd877]::panicking::catch_unwind::<i32, &dyn core[a373ad73a504971]::ops::function::Fn<(), Output = i32> + core[a373ad73a504971]::marker::Sync + core[a373ad73a504971]::panic::unwind_safe::RefUnwindSafe>
[INFO] [stderr]                                  at /rustc/e3feeb59cd1bdd011a2bfcc0747b55125d9b8527/library/std/src/panicking.rs:541:19
[INFO] [stderr]     24:     0x5e330a441918 - std[617be2ca0a6fd877]::panic::catch_unwind::<&dyn core[a373ad73a504971]::ops::function::Fn<(), Output = i32> + core[a373ad73a504971]::marker::Sync + core[a373ad73a504971]::panic::unwind_safe::RefUnwindSafe, i32>
[INFO] [stderr]                                  at /rustc/e3feeb59cd1bdd011a2bfcc0747b55125d9b8527/library/std/src/panic.rs:359:14
[INFO] [stderr]     25:     0x5e330a441918 - std[617be2ca0a6fd877]::rt::lang_start_internal::{closure#0}
[INFO] [stderr]                                  at /rustc/e3feeb59cd1bdd011a2bfcc0747b55125d9b8527/library/std/src/rt.rs:175:24
[INFO] [stderr]     26:     0x5e330a441918 - std[617be2ca0a6fd877]::panicking::catch_unwind::do_call::<std[617be2ca0a6fd877]::rt::lang_start_internal::{closure#0}, isize>
[INFO] [stderr]                                  at /rustc/e3feeb59cd1bdd011a2bfcc0747b55125d9b8527/library/std/src/panicking.rs:573:43
[INFO] [stderr]     27:     0x5e330a441918 - std[617be2ca0a6fd877]::panicking::catch_unwind::<isize, std[617be2ca0a6fd877]::rt::lang_start_internal::{closure#0}>
[INFO] [stderr]                                  at /rustc/e3feeb59cd1bdd011a2bfcc0747b55125d9b8527/library/std/src/panicking.rs:541:19
[INFO] [stderr]     28:     0x5e330a441918 - std[617be2ca0a6fd877]::panic::catch_unwind::<std[617be2ca0a6fd877]::rt::lang_start_internal::{closure#0}, isize>
[INFO] [stderr]                                  at /rustc/e3feeb59cd1bdd011a2bfcc0747b55125d9b8527/library/std/src/panic.rs:359:14
[INFO] [stderr]     29:     0x5e330a441918 - std[617be2ca0a6fd877]::rt::lang_start_internal
[INFO] [stderr]                                  at /rustc/e3feeb59cd1bdd011a2bfcc0747b55125d9b8527/library/std/src/rt.rs:171:5
[INFO] [stderr]     30:     0x5e3309e17535 - main
[INFO] [stderr]     31:     0x72691e6c4601 - <unknown>
[INFO] [stderr]     32:     0x72691e6c4718 - __libc_start_main
[INFO] [stderr]     33:     0x5e3309e02975 - _start
[INFO] [stderr]     34:                0x0 - <unknown>
[INFO] [stderr] warning: build failed, waiting for other jobs to finish...
[INFO] running `Command { std: "docker" "inspect" "eef9f9082bbb60556f01b6bed89d1b27bf4794b3409b9a66ad337e82647aa104", kill_on_drop: false }`
[INFO] running `Command { std: "docker" "rm" "-f" "eef9f9082bbb60556f01b6bed89d1b27bf4794b3409b9a66ad337e82647aa104", kill_on_drop: false }`
[INFO] [stdout] eef9f9082bbb60556f01b6bed89d1b27bf4794b3409b9a66ad337e82647aa104
