[INFO] cloning repository https://github.com/nashaofu/webrender-demo
[INFO] running `Command { std: "git" "-c" "credential.helper=" "-c" "credential.helper=/workspace/cargo-home/bin/git-credential-null" "clone" "--bare" "https://github.com/nashaofu/webrender-demo" "/workspace/cache/git-repos/https%3A%2F%2Fgithub.com%2Fnashaofu%2Fwebrender-demo", kill_on_drop: false }`
[INFO] [stderr] Cloning into bare repository '/workspace/cache/git-repos/https%3A%2F%2Fgithub.com%2Fnashaofu%2Fwebrender-demo'...
[INFO] running `Command { std: "git" "rev-parse" "HEAD", kill_on_drop: false }`
[INFO] [stdout] 78cbeef52ff4a9c0f2419448b577fb314a489669
[INFO] testing nashaofu/webrender-demo against 1.100.0-beta.1+cargoflags=--release for beta-release-1.100-2
[INFO] running `Command { std: "git" "clone" "/workspace/cache/git-repos/https%3A%2F%2Fgithub.com%2Fnashaofu%2Fwebrender-demo" "/workspace/builds/worker-7-tc2/source", kill_on_drop: false }`
[INFO] [stderr] Cloning into '/workspace/builds/worker-7-tc2/source'...
[INFO] [stderr] done.
[INFO] started tweaking git repo https://github.com/nashaofu/webrender-demo
[INFO] finished tweaking git repo https://github.com/nashaofu/webrender-demo
[INFO] tweaked toml for git repo https://github.com/nashaofu/webrender-demo written to /workspace/builds/worker-7-tc2/source/Cargo.toml
[INFO] validating manifest of git repo https://github.com/nashaofu/webrender-demo on toolchain 1.100.0-beta.1
[INFO] running `Command { std: CARGO_HOME="/workspace/cargo-home" RUSTUP_HOME="/workspace/rustup-home" "/workspace/cargo-home/bin/cargo" "+1.100.0-beta.1" "metadata" "--manifest-path" "Cargo.toml" "--no-deps", kill_on_drop: false }`
[INFO] crate git repo https://github.com/nashaofu/webrender-demo already has a lockfile, it will not be regenerated
[INFO] running `Command { std: CARGO_HOME="/workspace/cargo-home" RUSTUP_HOME="/workspace/rustup-home" "/workspace/cargo-home/bin/cargo" "+1.100.0-beta.1" "fetch" "--manifest-path" "Cargo.toml", kill_on_drop: false }`
[INFO] running `Command { std: "docker" "create" "-v" "/var/lib/crater-agent-workspace/builds/worker-7-tc2/source:/opt/rustwide/workdir:ro,Z" "-v" "/var/lib/crater-agent-workspace/builds/worker-7-tc2/target:/opt/rustwide/target:rw,Z" "-v" "/var/lib/crater-agent-workspace/cargo-home:/opt/rustwide/cargo-home:ro,Z" "-v" "/var/lib/crater-agent-workspace/rustup-home:/opt/rustwide/rustup-home:ro,Z" "-m" "1610612736" "--network" "none" "ghcr.io/rust-lang/crates-build-env/linux@sha256:77db811e55d90add9212f6832c23229e3de5f1c1f9905e8cb07319ea15df73ac" "sleep" "infinity", kill_on_drop: false }`
[INFO] [stdout] 6fbf2c6f937a5f3d32c0ec11361072ce0f926f51ea966e087bb9f32b4377975b
[INFO] running `Command { std: "docker" "start" "6fbf2c6f937a5f3d32c0ec11361072ce0f926f51ea966e087bb9f32b4377975b", kill_on_drop: false }`
[INFO] running `Command { std: "docker" "inspect" "6fbf2c6f937a5f3d32c0ec11361072ce0f926f51ea966e087bb9f32b4377975b", kill_on_drop: false }`
[INFO] running `Command { std: "docker" "exec" "-e" "SOURCE_DIR=/opt/rustwide/workdir" "-e" "CARGO_HOME=/opt/rustwide/cargo-home" "-e" "RUSTUP_HOME=/opt/rustwide/rustup-home" "-e" "CARGO_TARGET_DIR=/opt/rustwide/target" "-w" "/opt/rustwide/workdir" "--user" "0:0" "6fbf2c6f937a5f3d32c0ec11361072ce0f926f51ea966e087bb9f32b4377975b" "/opt/rustwide/cargo-home/bin/cargo" "+1.100.0-beta.1" "metadata" "--no-deps" "--format-version=1", kill_on_drop: false }`
[INFO] running `Command { std: "docker" "inspect" "6fbf2c6f937a5f3d32c0ec11361072ce0f926f51ea966e087bb9f32b4377975b", kill_on_drop: false }`
[INFO] running `Command { std: "docker" "exec" "-e" "SOURCE_DIR=/opt/rustwide/workdir" "-e" "CARGO_HOME=/opt/rustwide/cargo-home" "-e" "RUSTUP_HOME=/opt/rustwide/rustup-home" "-e" "CARGO_TARGET_DIR=/opt/rustwide/target" "-e" "CARGO_INCREMENTAL=0" "-e" "RUST_BACKTRACE=full" "-e" "RUSTFLAGS=--cap-lints=warn" "-e" "RUSTDOCFLAGS=--cap-lints=warn" "-w" "/opt/rustwide/workdir" "--user" "0:0" "6fbf2c6f937a5f3d32c0ec11361072ce0f926f51ea966e087bb9f32b4377975b" "/opt/rustwide/cargo-home/bin/cargo" "+1.100.0-beta.1" "build" "--frozen" "--message-format=json" "--release", kill_on_drop: false }`
[INFO] [stderr]    Compiling proc-macro2 v1.0.43
[INFO] [stderr]    Compiling unicode-ident v1.0.3
[INFO] [stderr]    Compiling quote v1.0.21
[INFO] [stderr]    Compiling syn v1.0.99
[INFO] [stderr]    Compiling libc v0.2.129
[INFO] [stderr]    Compiling pkg-config v0.3.25
[INFO] [stderr]    Compiling serde_derive v1.0.143
[INFO] [stderr]    Compiling cc v1.0.73
[INFO] [stderr]    Compiling xml-rs v0.8.4
[INFO] [stderr]    Compiling serde v1.0.143
[INFO] [stderr]    Compiling once_cell v1.13.0
[INFO] [stderr]    Compiling cfg-if v1.0.0
[INFO] [stderr]    Compiling num-traits v0.2.15
[INFO] [stderr]    Compiling unicase v2.6.0
[INFO] [stderr]    Compiling log v0.4.17
[INFO] [stderr]    Compiling memchr v2.3.4
[INFO] [stderr]    Compiling crossbeam-utils v0.8.11
[INFO] [stderr]    Compiling serde_json v1.0.83
[INFO] [stderr]    Compiling semver v1.0.13
[INFO] [stderr]    Compiling camino v1.0.9
[INFO] [stderr]    Compiling proc-macro-error-attr v1.0.4
[INFO] [stderr]    Compiling anyhow v1.0.60
[INFO] [stderr]    Compiling radium v0.5.3
[INFO] [stderr]    Compiling mime_guess v2.0.4
[INFO] [stderr]    Compiling proc-macro-error v1.0.4
[INFO] [stderr]    Compiling bitflags v1.3.2
[INFO] [stderr]    Compiling mime v0.3.16
[INFO] [stderr]    Compiling smallvec v1.9.0
[INFO] [stderr]    Compiling nom v7.1.1
[INFO] [stderr]    Compiling libloading v0.7.3
[INFO] [stderr]    Compiling indexmap v1.9.1
[INFO] [stderr]    Compiling nom v6.2.1
[INFO] [stderr]    Compiling wayland-sys v0.29.4
[INFO] [stderr]    Compiling funty v1.1.0
[INFO] [stderr]    Compiling wyz v0.2.0
[INFO] [stderr]    Compiling tap v1.0.1
[INFO] [stderr]    Compiling askama_escape v0.10.3
[INFO] [stderr]    Compiling dlib v0.5.0
[INFO] [stderr]    Compiling gl_generator v0.14.0
[INFO] [stderr]    Compiling itoa v1.0.3
[INFO] [stderr]    Compiling os_str_bytes v6.2.0
[INFO] [stderr]    Compiling hashbrown v0.12.3
[INFO] [stderr]    Compiling cmake v0.1.48
[INFO] [stderr]    Compiling wayland-scanner v0.29.4
[INFO] [stderr]    Compiling heck v0.4.0
[INFO] [stderr]    Compiling ryu v1.0.11
[INFO] [stderr]    Compiling paste v1.0.8
[INFO] [stderr]    Compiling clap_lex v0.2.4
[INFO] [stderr]    Compiling miniz_oxide v0.5.3
[INFO] [stderr]    Compiling bitvec v0.19.6
[INFO] [stderr]    Compiling atty v0.2.14
[INFO] [stderr]    Compiling fs-err v2.7.0
[INFO] [stderr]    Compiling freetype-sys v0.13.1
[INFO] [stderr]    Compiling expat-sys v2.1.6
[INFO] [stderr]    Compiling textwrap v0.15.0
[INFO] [stderr]    Compiling strsim v0.10.0
[INFO] [stderr]    Compiling termcolor v1.1.3
[INFO] [stderr]    Compiling scopeguard v1.1.0
[INFO] [stderr]    Compiling scoped-tls v1.0.0
[INFO] [stderr]    Compiling tinyvec_macros v0.1.0
[INFO] [stderr]    Compiling arrayref v0.3.6
[INFO] [stderr]    Compiling percent-encoding v2.1.0
[INFO] [stderr]    Compiling tinyvec v1.6.0
[INFO] [stderr]    Compiling lmdb-rkv-sys v0.11.2
[INFO] [stderr]    Compiling servo-fontconfig-sys v5.1.0
[INFO] [stderr]    Compiling byteorder v1.4.3
[INFO] [stderr]    Compiling matches v0.1.9
[INFO] [stderr]    Compiling crossbeam-channel v0.5.6
[INFO] [stderr]    Compiling crossbeam-epoch v0.9.10
[INFO] [stderr]    Compiling num-integer v0.1.45
[INFO] [stderr]    Compiling unicode-bidi v0.3.8
[INFO] [stderr]    Compiling unicode-xid v0.2.3
[INFO] [stderr]    Compiling wayland-client v0.29.4
[INFO] [stderr]    Compiling wayland-protocols v0.29.4
[INFO] [stderr]    Compiling deflate v1.0.0
[INFO] [stderr]    Compiling form_urlencoded v1.0.1
[INFO] [stderr]    Compiling whatsys v0.1.2
[INFO] [stderr]    Compiling glslopt v0.1.9
[INFO] [stderr]    Compiling nix v0.22.3
[INFO] [stderr]    Compiling nix v0.24.2
[INFO] [stderr]    Compiling time v0.1.44
[INFO] [stderr]    Compiling getrandom v0.2.7
[INFO] [stderr]    Compiling aho-corasick v0.7.15
[INFO] [stderr]    Compiling smithay-client-toolkit v0.16.0
[INFO] [stderr]    Compiling crossfont v0.5.0
[INFO] [stderr]    Compiling unicode-normalization v0.1.21
[INFO] [stderr]    Compiling x11-dl v2.20.0
[INFO] [stderr]    Compiling lock_api v0.4.7
[INFO] [stderr]    Compiling regex-syntax v0.6.27
[INFO] [stderr]    Compiling foreign-types-shared v0.3.1
[INFO] [stderr]    Compiling rayon-core v1.9.3
[INFO] [stderr]    Compiling bytemuck v1.11.0
[INFO] [stderr]    Compiling parking_lot_core v0.9.3
[INFO] [stderr]    Compiling safe_arch v0.5.2
[INFO] [stderr]    Compiling png v0.17.5
[INFO] [stderr]    Compiling uuid v0.8.2
[INFO] [stderr]    Compiling servo-fontconfig v0.5.1
[INFO] [stderr]    Compiling idna v0.2.3
[INFO] [stderr]    Compiling freetype-rs v0.26.0
[INFO] [stderr]    Compiling memmap2 v0.5.5
[INFO] [stderr]    Compiling ordered-float v3.0.0
[INFO] [stderr]    Compiling jobserver v0.1.24
[INFO] [stderr] warning: glslopt@0.1.9: In file included from glsl-optimizer/include/c11/threads.h:66,
[INFO] [stderr] warning: glslopt@0.1.9:                  from glsl-optimizer/src/mesa/main/mtypes.h:39,
[INFO] [stderr] warning: glslopt@0.1.9:                  from src/compiler/glsl/glcpp/glcpp-parse.y:32:
[INFO] [stderr] warning: glslopt@0.1.9: glsl-optimizer/include/c11/threads_posix.h:54:9: warning: 'ONCE_FLAG_INIT' redefined
[INFO] [stderr] warning: glslopt@0.1.9:    54 | #define ONCE_FLAG_INIT PTHREAD_ONCE_INIT
[INFO] [stderr] warning: glslopt@0.1.9:       |         ^~~~~~~~~~~~~~
[INFO] [stderr] warning: glslopt@0.1.9: In file included from /usr/include/stdlib.h:1191,
[INFO] [stderr] warning: glslopt@0.1.9:                  from src/compiler/glsl/glcpp/glcpp-parse.y:26:
[INFO] [stderr] warning: glslopt@0.1.9: /usr/include/x86_64-linux-gnu/bits/types/once_flag.h:25:9: note: this is the location of the previous definition
[INFO] [stderr] warning: glslopt@0.1.9:    25 | #define ONCE_FLAG_INIT __ONCE_FLAG_INIT
[INFO] [stderr] warning: glslopt@0.1.9:       |         ^~~~~~~~~~~~~~
[INFO] [stderr] warning: glslopt@0.1.9: glsl-optimizer/include/c11/threads_posix.h:69:25: error: conflicting types for 'once_flag'; have 'pthread_once_t' {aka 'int'}
[INFO] [stderr] warning: glslopt@0.1.9:    69 | typedef pthread_once_t  once_flag;
[INFO] [stderr] warning: glslopt@0.1.9:       |                         ^~~~~~~~~
[INFO] [stderr] warning: glslopt@0.1.9: /usr/include/x86_64-linux-gnu/bits/types/once_flag.h:24:21: note: previous declaration of 'once_flag' with type 'once_flag'
[INFO] [stderr] warning: glslopt@0.1.9:    24 | typedef __once_flag once_flag;
[INFO] [stderr] warning: glslopt@0.1.9:       |                     ^~~~~~~~~
[INFO] [stderr] warning: glslopt@0.1.9: glsl-optimizer/include/c11/threads_posix.h:94:1: error: conflicting types for 'call_once'; have 'void(int *, void (*)(void))'
[INFO] [stderr] warning: glslopt@0.1.9:    94 | call_once(once_flag *flag, void (*func)(void))
[INFO] [stderr] warning: glslopt@0.1.9:       | ^~~~~~~~~
[INFO] [stderr] warning: glslopt@0.1.9: /usr/include/stdlib.h:1195:13: note: previous declaration of 'call_once' with type 'void(once_flag *, void (*)(void))'
[INFO] [stderr] warning: glslopt@0.1.9:  1195 | extern void call_once (once_flag *__flag, void (*__func)(void));
[INFO] [stderr] warning: glslopt@0.1.9:       |             ^~~~~~~~~
[INFO] [stderr] error: failed to run custom build command for `glslopt v0.1.9`
[INFO] [stderr] note: To improve backtraces for build dependencies, set the CARGO_PROFILE_RELEASE_BUILD_OVERRIDE_DEBUG=true environment variable to enable debug information generation.
[INFO] [stderr] 
[INFO] [stderr] Caused by:
[INFO] [stderr]   process didn't exit successfully: `/opt/rustwide/target/release/build/glslopt/1ac4adce96ae6b2e/out/build_script_build` (exit status: 1)
[INFO] [stderr]   --- stdout
[INFO] [stderr]   TARGET = Some("x86_64-unknown-linux-gnu")
[INFO] [stderr]   OPT_LEVEL = Some("0")
[INFO] [stderr]   HOST = Some("x86_64-unknown-linux-gnu")
[INFO] [stderr]   CC_x86_64-unknown-linux-gnu = None
[INFO] [stderr]   CC_x86_64_unknown_linux_gnu = None
[INFO] [stderr]   HOST_CC = None
[INFO] [stderr]   CC = None
[INFO] [stderr]   CFLAGS_x86_64-unknown-linux-gnu = None
[INFO] [stderr]   CFLAGS_x86_64_unknown_linux_gnu = None
[INFO] [stderr]   HOST_CFLAGS = None
[INFO] [stderr]   CFLAGS = None
[INFO] [stderr]   CRATE_CC_NO_DEFAULTS = None
[INFO] [stderr]   DEBUG = Some("false")
[INFO] [stderr]   CARGO_CFG_TARGET_FEATURE = Some("fxsr,sse,sse2")
[INFO] [stderr]   running: "cc" "-O0" "-ffunction-sections" "-fdata-sections" "-fPIC" "-m64" "-I" "glsl-optimizer/include" "-I" "glsl-optimizer/src/mesa" "-I" "glsl-optimizer/src/mapi" "-I" "glsl-optimizer/src/compiler" "-I" "glsl-optimizer/src/compiler/glsl" "-I" "glsl-optimizer/src/gallium/auxiliary" "-I" "glsl-optimizer/src/gallium/include" "-I" "glsl-optimizer/src" "-I" "glsl-optimizer/src/util" "-D__STDC_FORMAT_MACROS" "-D_GNU_SOURCE" "-DHAVE_ENDIAN_H" "-DHAVE_PTHREAD" "-DHAVE_TIMESPEC_GET" "-DMOZ_INCLUDE_MOZALLOC_H" "-Dmozilla_throw_gcc_h" "-o" "/opt/rustwide/target/release/build/glslopt/a9b0c11a988154df/out/glsl-optimizer/src/compiler/glsl/glcpp/glcpp-lex.o" "-c" "glsl-optimizer/src/compiler/glsl/glcpp/glcpp-lex.c"
[INFO] [stderr]   exit status: 0
[INFO] [stderr]   running: "cc" "-O0" "-ffunction-sections" "-fdata-sections" "-fPIC" "-m64" "-I" "glsl-optimizer/include" "-I" "glsl-optimizer/src/mesa" "-I" "glsl-optimizer/src/mapi" "-I" "glsl-optimizer/src/compiler" "-I" "glsl-optimizer/src/compiler/glsl" "-I" "glsl-optimizer/src/gallium/auxiliary" "-I" "glsl-optimizer/src/gallium/include" "-I" "glsl-optimizer/src" "-I" "glsl-optimizer/src/util" "-D__STDC_FORMAT_MACROS" "-D_GNU_SOURCE" "-DHAVE_ENDIAN_H" "-DHAVE_PTHREAD" "-DHAVE_TIMESPEC_GET" "-DMOZ_INCLUDE_MOZALLOC_H" "-Dmozilla_throw_gcc_h" "-o" "/opt/rustwide/target/release/build/glslopt/a9b0c11a988154df/out/glsl-optimizer/src/compiler/glsl/glcpp/glcpp-parse.o" "-c" "glsl-optimizer/src/compiler/glsl/glcpp/glcpp-parse.c"
[INFO] [stderr]   cargo:warning=In file included from glsl-optimizer/include/c11/threads.h:66,
[INFO] [stderr]   cargo:warning=                 from glsl-optimizer/src/mesa/main/mtypes.h:39,
[INFO] [stderr]   cargo:warning=                 from src/compiler/glsl/glcpp/glcpp-parse.y:32:
[INFO] [stderr]   cargo:warning=glsl-optimizer/include/c11/threads_posix.h:54:9: warning: 'ONCE_FLAG_INIT' redefined
[INFO] [stderr]   cargo:warning=   54 | #define ONCE_FLAG_INIT PTHREAD_ONCE_INIT
[INFO] [stderr]   cargo:warning=      |         ^~~~~~~~~~~~~~
[INFO] [stderr]   cargo:warning=In file included from /usr/include/stdlib.h:1191,
[INFO] [stderr]   cargo:warning=                 from src/compiler/glsl/glcpp/glcpp-parse.y:26:
[INFO] [stderr]   cargo:warning=/usr/include/x86_64-linux-gnu/bits/types/once_flag.h:25:9: note: this is the location of the previous definition
[INFO] [stderr]   cargo:warning=   25 | #define ONCE_FLAG_INIT __ONCE_FLAG_INIT
[INFO] [stderr]   cargo:warning=      |         ^~~~~~~~~~~~~~
[INFO] [stderr]   cargo:warning=glsl-optimizer/include/c11/threads_posix.h:69:25: error: conflicting types for 'once_flag'; have 'pthread_once_t' {aka 'int'}
[INFO] [stderr]   cargo:warning=   69 | typedef pthread_once_t  once_flag;
[INFO] [stderr]   cargo:warning=      |                         ^~~~~~~~~
[INFO] [stderr]   cargo:warning=/usr/include/x86_64-linux-gnu/bits/types/once_flag.h:24:21: note: previous declaration of 'once_flag' with type 'once_flag'
[INFO] [stderr]   cargo:warning=   24 | typedef __once_flag once_flag;
[INFO] [stderr]   cargo:warning=      |                     ^~~~~~~~~
[INFO] [stderr]   cargo:warning=glsl-optimizer/include/c11/threads_posix.h:94:1: error: conflicting types for 'call_once'; have 'void(int *, void (*)(void))'
[INFO] [stderr]   cargo:warning=   94 | call_once(once_flag *flag, void (*func)(void))
[INFO] [stderr]   cargo:warning=      | ^~~~~~~~~
[INFO] [stderr]   cargo:warning=/usr/include/stdlib.h:1195:13: note: previous declaration of 'call_once' with type 'void(once_flag *, void (*)(void))'
[INFO] [stderr]   cargo:warning= 1195 | extern void call_once (once_flag *__flag, void (*__func)(void));
[INFO] [stderr]   cargo:warning=      |             ^~~~~~~~~
[INFO] [stderr]   exit status: 1
[INFO] [stderr] 
[INFO] [stderr]   --- stderr
[INFO] [stderr] 
[INFO] [stderr] 
[INFO] [stderr]   error occurred: Command "cc" "-O0" "-ffunction-sections" "-fdata-sections" "-fPIC" "-m64" "-I" "glsl-optimizer/include" "-I" "glsl-optimizer/src/mesa" "-I" "glsl-optimizer/src/mapi" "-I" "glsl-optimizer/src/compiler" "-I" "glsl-optimizer/src/compiler/glsl" "-I" "glsl-optimizer/src/gallium/auxiliary" "-I" "glsl-optimizer/src/gallium/include" "-I" "glsl-optimizer/src" "-I" "glsl-optimizer/src/util" "-D__STDC_FORMAT_MACROS" "-D_GNU_SOURCE" "-DHAVE_ENDIAN_H" "-DHAVE_PTHREAD" "-DHAVE_TIMESPEC_GET" "-DMOZ_INCLUDE_MOZALLOC_H" "-Dmozilla_throw_gcc_h" "-o" "/opt/rustwide/target/release/build/glslopt/a9b0c11a988154df/out/glsl-optimizer/src/compiler/glsl/glcpp/glcpp-parse.o" "-c" "glsl-optimizer/src/compiler/glsl/glcpp/glcpp-parse.c" with args "cc" did not execute successfully (status code exit status: 1).
[INFO] [stderr] 
[INFO] [stderr] 
[INFO] [stderr] warning: build failed, waiting for other jobs to finish...
[INFO] running `Command { std: "docker" "inspect" "6fbf2c6f937a5f3d32c0ec11361072ce0f926f51ea966e087bb9f32b4377975b", kill_on_drop: false }`
[INFO] running `Command { std: "docker" "rm" "-f" "6fbf2c6f937a5f3d32c0ec11361072ce0f926f51ea966e087bb9f32b4377975b", kill_on_drop: false }`
[INFO] [stdout] 6fbf2c6f937a5f3d32c0ec11361072ce0f926f51ea966e087bb9f32b4377975b
