[INFO] cloning repository https://github.com/manenko/cassander
[INFO] running `Command { std: "git" "-c" "credential.helper=" "-c" "credential.helper=/workspace/cargo-home/bin/git-credential-null" "clone" "--bare" "https://github.com/manenko/cassander" "/workspace/cache/git-repos/https%3A%2F%2Fgithub.com%2Fmanenko%2Fcassander", kill_on_drop: false }`
[INFO] [stderr] Cloning into bare repository '/workspace/cache/git-repos/https%3A%2F%2Fgithub.com%2Fmanenko%2Fcassander'...
[INFO] running `Command { std: "git" "rev-parse" "HEAD", kill_on_drop: false }`
[INFO] [stdout] 0f869db19808bb89db0aa33b249e551e5c041d7b
[INFO] testing manenko/cassander against 1.99.0-beta.8+cargoflags=--release for beta-release-1.100-2
[INFO] running `Command { std: "git" "clone" "/workspace/cache/git-repos/https%3A%2F%2Fgithub.com%2Fmanenko%2Fcassander" "/workspace/builds/worker-4-tc1/source", kill_on_drop: false }`
[INFO] [stderr] Cloning into '/workspace/builds/worker-4-tc1/source'...
[INFO] [stderr] done.
[INFO] started tweaking git repo https://github.com/manenko/cassander
[INFO] finished tweaking git repo https://github.com/manenko/cassander
[INFO] tweaked toml for git repo https://github.com/manenko/cassander written to /workspace/builds/worker-4-tc1/source/Cargo.toml
[INFO] validating manifest of git repo https://github.com/manenko/cassander on toolchain 1.99.0-beta.8
[INFO] running `Command { std: CARGO_HOME="/workspace/cargo-home" RUSTUP_HOME="/workspace/rustup-home" "/workspace/cargo-home/bin/cargo" "+1.99.0-beta.8" "metadata" "--manifest-path" "Cargo.toml" "--no-deps", kill_on_drop: false }`
[INFO] crate git repo https://github.com/manenko/cassander already has a lockfile, it will not be regenerated
[INFO] running `Command { std: CARGO_HOME="/workspace/cargo-home" RUSTUP_HOME="/workspace/rustup-home" "/workspace/cargo-home/bin/cargo" "+1.99.0-beta.8" "fetch" "--manifest-path" "Cargo.toml", kill_on_drop: false }`
[INFO] [stderr]     Updating crates.io index
[INFO] [stderr]  Downloading crates ...
[INFO] [stderr]   Downloaded thiserror-impl v1.0.56
[INFO] [stderr]   Downloaded thiserror v1.0.56
[INFO] [stderr]   Downloaded uuid v1.7.0
[INFO] [stderr]   Downloaded duration-string v0.3.0
[INFO] [stderr]   Downloaded bigdecimal v0.4.2
[INFO] [stderr]   Downloaded syn v2.0.48
[INFO] running `Command { std: "docker" "create" "-v" "/var/lib/crater-agent-workspace/builds/worker-4-tc1/source:/opt/rustwide/workdir:ro,Z" "-v" "/var/lib/crater-agent-workspace/builds/worker-4-tc1/target:/opt/rustwide/target:rw,Z" "-v" "/var/lib/crater-agent-workspace/cargo-home:/opt/rustwide/cargo-home:ro,Z" "-v" "/var/lib/crater-agent-workspace/rustup-home:/opt/rustwide/rustup-home:ro,Z" "-m" "1610612736" "--network" "none" "ghcr.io/rust-lang/crates-build-env/linux@sha256:77db811e55d90add9212f6832c23229e3de5f1c1f9905e8cb07319ea15df73ac" "sleep" "infinity", kill_on_drop: false }`
[INFO] [stdout] 091ea9823579bb079db7afe62a609e2d181fdcef6399c058fe4cc37110f8c061
[INFO] running `Command { std: "docker" "start" "091ea9823579bb079db7afe62a609e2d181fdcef6399c058fe4cc37110f8c061", kill_on_drop: false }`
[INFO] running `Command { std: "docker" "inspect" "091ea9823579bb079db7afe62a609e2d181fdcef6399c058fe4cc37110f8c061", kill_on_drop: false }`
[INFO] running `Command { std: "docker" "exec" "-e" "SOURCE_DIR=/opt/rustwide/workdir" "-e" "CARGO_HOME=/opt/rustwide/cargo-home" "-e" "RUSTUP_HOME=/opt/rustwide/rustup-home" "-e" "CARGO_TARGET_DIR=/opt/rustwide/target" "-w" "/opt/rustwide/workdir" "--user" "0:0" "091ea9823579bb079db7afe62a609e2d181fdcef6399c058fe4cc37110f8c061" "/opt/rustwide/cargo-home/bin/cargo" "+1.99.0-beta.8" "metadata" "--no-deps" "--format-version=1", kill_on_drop: false }`
[INFO] running `Command { std: "docker" "inspect" "091ea9823579bb079db7afe62a609e2d181fdcef6399c058fe4cc37110f8c061", kill_on_drop: false }`
[INFO] running `Command { std: "docker" "exec" "-e" "SOURCE_DIR=/opt/rustwide/workdir" "-e" "CARGO_HOME=/opt/rustwide/cargo-home" "-e" "RUSTUP_HOME=/opt/rustwide/rustup-home" "-e" "CARGO_TARGET_DIR=/opt/rustwide/target" "-e" "CARGO_INCREMENTAL=0" "-e" "RUST_BACKTRACE=full" "-e" "RUSTFLAGS=--cap-lints=warn" "-e" "RUSTDOCFLAGS=--cap-lints=warn" "-w" "/opt/rustwide/workdir" "--user" "0:0" "091ea9823579bb079db7afe62a609e2d181fdcef6399c058fe4cc37110f8c061" "/opt/rustwide/cargo-home/bin/cargo" "+1.99.0-beta.8" "build" "--frozen" "--message-format=json" "--release", kill_on_drop: false }`
[INFO] [stderr]    Compiling autocfg v1.1.0
[INFO] [stderr]    Compiling proc-macro2 v1.0.78
[INFO] [stderr]    Compiling unicode-ident v1.0.12
[INFO] [stderr]    Compiling libc v0.2.153
[INFO] [stderr]    Compiling parking_lot_core v0.9.9
[INFO] [stderr]    Compiling futures-sink v0.3.30
[INFO] [stderr]    Compiling futures-core v0.3.30
[INFO] [stderr]    Compiling pin-project-lite v0.2.13
[INFO] [stderr]    Compiling smallvec v1.13.1
[INFO] [stderr]    Compiling once_cell v1.19.0
[INFO] [stderr]    Compiling futures-task v0.3.30
[INFO] [stderr]    Compiling futures-io v0.3.30
[INFO] [stderr]    Compiling memchr v2.7.1
[INFO] [stderr]    Compiling thiserror v1.0.56
[INFO] [stderr]    Compiling either v1.9.0
[INFO] [stderr]    Compiling hashbrown v0.14.3
[INFO] [stderr]    Compiling cassander v0.1.2 (/opt/rustwide/workdir)
[INFO] [stderr]    Compiling futures-channel v0.3.30
[INFO] [stderr]    Compiling itertools v0.12.1
[INFO] [stderr]    Compiling tracing-core v0.1.32
[INFO] [stderr]    Compiling slab v0.4.9
[INFO] [stderr]    Compiling lock_api v0.4.11
[INFO] [stderr]    Compiling dashmap v5.5.3
[INFO] [stderr]    Compiling parking_lot v0.12.1
[INFO] [stderr]    Compiling tracing v0.1.40
[INFO] [stderr]    Compiling quote v1.0.35
[INFO] [stderr]    Compiling syn v2.0.48
[INFO] [stderr]    Compiling futures-macro v0.3.30
[INFO] [stderr]    Compiling thiserror-impl v1.0.56
[INFO] [stderr]    Compiling futures-util v0.3.30
[INFO] [stderr]    Compiling futures-executor v0.3.30
[INFO] [stderr]    Compiling futures v0.3.30
[INFO] [stdout] error[E0425]: cannot find type `CassDataType` in this scope
[INFO] [stdout]  --> src/cql/data_type/tuple.rs:2:28
[INFO] [stdout]   |
[INFO] [stdout] 2 |     pub(crate) inner: *mut CassDataType,
[INFO] [stdout]   |                            ^^^^^^^^^^^^ not found in this scope
[INFO] [stdout]   |
[INFO] [stdout] help: consider importing one of these items
[INFO] [stdout]   |
[INFO] [stdout] 1 + use crate::cql::CassDataType;
[INFO] [stdout]   |
[INFO] [stdout] 1 + use crate::ffi::CassDataType;
[INFO] [stdout]   |
[INFO] [stdout] 
[INFO] [stdout] 
[INFO] [stdout] error[E0425]: cannot find type `CassDataType` in this scope
[INFO] [stdout]  --> src/cql/data_type/udt.rs:2:28
[INFO] [stdout]   |
[INFO] [stdout] 2 |     pub(crate) inner: *mut CassDataType,
[INFO] [stdout]   |                            ^^^^^^^^^^^^ not found in this scope
[INFO] [stdout]   |
[INFO] [stdout] help: consider importing one of these items
[INFO] [stdout]   |
[INFO] [stdout] 1 + use crate::cql::CassDataType;
[INFO] [stdout]   |
[INFO] [stdout] 1 + use crate::ffi::CassDataType;
[INFO] [stdout]   |
[INFO] [stdout] 
[INFO] [stdout] 
[INFO] [stdout] warning: glob import doesn't reexport anything with visibility `pub` because no imported item is public enough
[INFO] [stdout]   --> src/cql.rs:73:9
[INFO] [stdout]    |
[INFO] [stdout] 73 | pub use collection::*;
[INFO] [stdout]    |         ^^^^^^^^^^^^^
[INFO] [stdout]    |
[INFO] [stdout] note: the most public imported item is `pub(crate)`
[INFO] [stdout]   --> src/cql.rs:73:9
[INFO] [stdout]    |
[INFO] [stdout] 73 | pub use collection::*;
[INFO] [stdout]    |         ^^^^^^^^^^^^^
[INFO] [stdout]    = help: reduce the glob import's visibility or increase visibility of imported items
[INFO] [stdout]    = note: `#[warn(unused_imports)]` (part of `#[warn(unused)]`) on by default
[INFO] [stdout] 
[INFO] [stdout] 
[INFO] [stdout] warning: unused import: `collection::*`
[INFO] [stdout]   --> src/cql.rs:73:9
[INFO] [stdout]    |
[INFO] [stdout] 73 | pub use collection::*;
[INFO] [stdout]    |         ^^^^^^^^^^^^^
[INFO] [stdout] 
[INFO] [stdout] 
[INFO] [stdout] warning: this function depends on never type fallback being `()`
[INFO] [stdout]   --> src/ffi.rs:36:1
[INFO] [stdout]    |
[INFO] [stdout] 36 | / pub(crate) fn get_str<'a, F>(getter: F) -> Result<&'a str, DriverError>
[INFO] [stdout] 37 | | where
[INFO] [stdout] 38 | |     F: Fn(*mut *const c_char, *mut usize) -> enum_CassError_,
[INFO] [stdout]    | |_____________________________________________________________^
[INFO] [stdout]    |
[INFO] [stdout]    = help: specify the types explicitly
[INFO] [stdout] note: in edition 2024, the requirement `!: Default` will fail
[INFO] [stdout]   --> src/ffi.rs:44:5
[INFO] [stdout]    |
[INFO] [stdout] 44 |     to_result(error)?;
[INFO] [stdout]    |     ^^^^^^^^^^^^^^^^
[INFO] [stdout]    = warning: this was previously accepted by the compiler but is being phased out; it will become a hard error in Rust 2024 and in a future release in all editions!
[INFO] [stdout]    = note: for more information, see <https://doc.rust-lang.org/edition-guide/rust-2024/never-type-fallback.html>
[INFO] [stdout]    = note: `#[warn(dependency_on_unit_never_type_fallback)]` (part of `#[warn(rust_2024_compatibility)]`) on by default
[INFO] [stdout] help: use `()` annotations to avoid fallback changes
[INFO] [stdout]    |
[INFO] [stdout] 44 |     to_result::<()>(error)?;
[INFO] [stdout]    |              ++++++
[INFO] [stdout] 
[INFO] [stdout] 
[INFO] [stdout] warning: this function depends on never type fallback being `()`
[INFO] [stdout]    --> src/future.rs:312:5
[INFO] [stdout]     |
[INFO] [stdout] 312 | /     fn poll(
[INFO] [stdout] 313 | |         self: std::pin::Pin<&mut Self>,
[INFO] [stdout] 314 | |         cx: &mut Context<'_>,
[INFO] [stdout] 315 | |     ) -> Poll<Self::Output> {
[INFO] [stdout]     | |___________________________^
[INFO] [stdout]     |
[INFO] [stdout]     = help: specify the types explicitly
[INFO] [stdout] note: in edition 2024, the requirement `!: Default` will fail
[INFO] [stdout]    --> src/future.rs:362:9
[INFO] [stdout]     |
[INFO] [stdout] 362 |         to_result_with_message(code, "failed to set future callback")?;
[INFO] [stdout]     |         ^^^^^^^^^^^^^^^^^^^^^^^^^^^^^^^^^^^^^^^^^^^^^^^^^^^^^^^^^^^^^
[INFO] [stdout]     = warning: this was previously accepted by the compiler but is being phased out; it will become a hard error in Rust 2024 and in a future release in all editions!
[INFO] [stdout]     = note: for more information, see <https://doc.rust-lang.org/edition-guide/rust-2024/never-type-fallback.html>
[INFO] [stdout] help: use `()` annotations to avoid fallback changes
[INFO] [stdout]     |
[INFO] [stdout] 362 |         to_result_with_message::<(), _>(code, "failed to set future callback")?;
[INFO] [stdout]     |                               +++++++++
[INFO] [stdout] 
[INFO] [stdout] 
[INFO] [stdout] error[E0277]: the trait bound `DriverDataType: AsRef<DriverDataType>` is not satisfied
[INFO] [stdout]   --> src/cql/data_type/map.rs:16:52
[INFO] [stdout]    |
[INFO] [stdout] 16 |         let key_dt = DriverDataType::from_existing(key_type.as_ref().inner());
[INFO] [stdout]    |                      ----------------------------- ^^^^^^^^^^^^^^^^^^^^^^^^^ unsatisfied trait bound
[INFO] [stdout]    |                      |
[INFO] [stdout]    |                      required by a bound introduced by this call
[INFO] [stdout]    |
[INFO] [stdout] help: the trait `AsRef<DriverDataType>` is not implemented for `DriverDataType`
[INFO] [stdout]   --> src/cql/data_type/driver.rs:37:1
[INFO] [stdout]    |
[INFO] [stdout] 37 | pub struct DriverDataType {
[INFO] [stdout]    | ^^^^^^^^^^^^^^^^^^^^^^^^^
[INFO] [stdout]    = note: required for `&DriverDataType` to implement `AsRef<DriverDataType>`
[INFO] [stdout] note: required by a bound in `DriverDataType::from_existing`
[INFO] [stdout]   --> src/cql/data_type/driver.rs:70:12
[INFO] [stdout]    |
[INFO] [stdout] 68 |     pub fn from_existing<D>(other: D) -> Self
[INFO] [stdout]    |            ------------- required by a bound in this associated function
[INFO] [stdout] 69 |     where
[INFO] [stdout] 70 |         D: AsRef<DriverDataType>,
[INFO] [stdout]    |            ^^^^^^^^^^^^^^^^^^^^^ required by this bound in `DriverDataType::from_existing`
[INFO] [stdout] 
[INFO] [stdout] 
[INFO] [stdout] error[E0277]: the trait bound `V: AsRef<DriverDataType>` is not satisfied
[INFO] [stdout]   --> src/cql/data_type/map.rs:17:54
[INFO] [stdout]    |
[INFO] [stdout] 17 |         let value_dt = DriverDataType::from_existing(value_type);
[INFO] [stdout]    |                        ----------------------------- ^^^^^^^^^^ the trait `AsRef<DriverDataType>` is not implemented for `V`
[INFO] [stdout]    |                        |
[INFO] [stdout]    |                        required by a bound introduced by this call
[INFO] [stdout]    |
[INFO] [stdout] note: required by a bound in `DriverDataType::from_existing`
[INFO] [stdout]   --> src/cql/data_type/driver.rs:70:12
[INFO] [stdout]    |
[INFO] [stdout] 68 |     pub fn from_existing<D>(other: D) -> Self
[INFO] [stdout]    |            ------------- required by a bound in this associated function
[INFO] [stdout] 69 |     where
[INFO] [stdout] 70 |         D: AsRef<DriverDataType>,
[INFO] [stdout]    |            ^^^^^^^^^^^^^^^^^^^^^ required by this bound in `DriverDataType::from_existing`
[INFO] [stdout] 
[INFO] [stdout] 
[INFO] [stdout] error[E0277]: the trait bound `DriverDataType: AsRef<DriverDataType>` is not satisfied
[INFO] [stdout]    --> src/cql/data_type/map.rs:20:32
[INFO] [stdout]     |
[INFO] [stdout]  20 |         data_type.add_sub_type(key_dt);
[INFO] [stdout]     |                   ------------ ^^^^^^ unsatisfied trait bound
[INFO] [stdout]     |                   |
[INFO] [stdout]     |                   required by a bound introduced by this call
[INFO] [stdout]     |
[INFO] [stdout] help: the trait `AsRef<DriverDataType>` is not implemented for `DriverDataType`
[INFO] [stdout]    --> src/cql/data_type/driver.rs:37:1
[INFO] [stdout]     |
[INFO] [stdout]  37 | pub struct DriverDataType {
[INFO] [stdout]     | ^^^^^^^^^^^^^^^^^^^^^^^^^
[INFO] [stdout] note: required by a bound in `DriverDataType::add_sub_type`
[INFO] [stdout]    --> src/cql/data_type/driver.rs:258:12
[INFO] [stdout]     |
[INFO] [stdout] 256 |     pub fn add_sub_type<D>(&mut self, date_type: D) -> Result<(), DriverError>
[INFO] [stdout]     |            ------------ required by a bound in this associated function
[INFO] [stdout] 257 |     where
[INFO] [stdout] 258 |         D: AsRef<DriverDataType>,
[INFO] [stdout]     |            ^^^^^^^^^^^^^^^^^^^^^ required by this bound in `DriverDataType::add_sub_type`
[INFO] [stdout] 
[INFO] [stdout] 
[INFO] [stdout] error[E0277]: the trait bound `DriverDataType: AsRef<DriverDataType>` is not satisfied
[INFO] [stdout]    --> src/cql/data_type/map.rs:21:32
[INFO] [stdout]     |
[INFO] [stdout]  21 |         data_type.add_sub_type(value_dt);
[INFO] [stdout]     |                   ------------ ^^^^^^^^ unsatisfied trait bound
[INFO] [stdout]     |                   |
[INFO] [stdout]     |                   required by a bound introduced by this call
[INFO] [stdout]     |
[INFO] [stdout] help: the trait `AsRef<DriverDataType>` is not implemented for `DriverDataType`
[INFO] [stdout]    --> src/cql/data_type/driver.rs:37:1
[INFO] [stdout]     |
[INFO] [stdout]  37 | pub struct DriverDataType {
[INFO] [stdout]     | ^^^^^^^^^^^^^^^^^^^^^^^^^
[INFO] [stdout] note: required by a bound in `DriverDataType::add_sub_type`
[INFO] [stdout]    --> src/cql/data_type/driver.rs:258:12
[INFO] [stdout]     |
[INFO] [stdout] 256 |     pub fn add_sub_type<D>(&mut self, date_type: D) -> Result<(), DriverError>
[INFO] [stdout]     |            ------------ required by a bound in this associated function
[INFO] [stdout] 257 |     where
[INFO] [stdout] 258 |         D: AsRef<DriverDataType>,
[INFO] [stdout]     |            ^^^^^^^^^^^^^^^^^^^^^ required by this bound in `DriverDataType::add_sub_type`
[INFO] [stdout] 
[INFO] [stdout] 
[INFO] [stdout] error[E0308]: mismatched types
[INFO] [stdout]   --> src/cql/data_type/map.rs:23:9
[INFO] [stdout]    |
[INFO] [stdout] 11 |     pub fn new<K, V>(key_type: K, value_type: V) -> Self
[INFO] [stdout]    |                                                     ---- expected `map::MapDataType` because of return type
[INFO] [stdout] ...
[INFO] [stdout] 23 |         data_type
[INFO] [stdout]    |         ^^^^^^^^^ expected `MapDataType`, found `DriverDataType`
[INFO] [stdout]    |
[INFO] [stdout] help: try wrapping the expression in `cql::data_type::map::MapDataType`
[INFO] [stdout]    |
[INFO] [stdout] 23 |         cql::data_type::map::MapDataType(data_type)
[INFO] [stdout]    |         +++++++++++++++++++++++++++++++++         +
[INFO] [stdout] 
[INFO] [stdout] 
[INFO] [stdout] error[E0308]: mismatched types
[INFO] [stdout]   --> src/cql/data_type/map.rs:28:9
[INFO] [stdout]    |
[INFO] [stdout] 27 |       pub fn key_type(&self) -> &DriverDataType {
[INFO] [stdout]    |                                 --------------- expected `&DriverDataType` because of return type
[INFO] [stdout] 28 | /         self.inner().sub_data_type_by_index(0).expect(
[INFO] [stdout] 29 | |             "driver returns an error only when the value type is not Map",
[INFO] [stdout] 30 | |         )
[INFO] [stdout]    | |_________^ expected `&DriverDataType`, found `DriverDataTypeRef<'_>`
[INFO] [stdout]    |
[INFO] [stdout] help: consider borrowing here
[INFO] [stdout]    |
[INFO] [stdout] 28 |         &self.inner().sub_data_type_by_index(0).expect(
[INFO] [stdout]    |         +
[INFO] [stdout] 
[INFO] [stdout] 
[INFO] [stdout] error[E0308]: mismatched types
[INFO] [stdout]   --> src/cql/data_type/map.rs:35:9
[INFO] [stdout]    |
[INFO] [stdout] 34 |       pub fn value_type(&self) -> &DriverDataType {
[INFO] [stdout]    |                                   --------------- expected `&DriverDataType` because of return type
[INFO] [stdout] 35 | /         self.inner().sub_data_type_by_index(1).expect(
[INFO] [stdout] 36 | |             "driver returns an error only when the value type is not Map",
[INFO] [stdout] 37 | |         )
[INFO] [stdout]    | |_________^ expected `&DriverDataType`, found `DriverDataTypeRef<'_>`
[INFO] [stdout]    |
[INFO] [stdout] help: consider borrowing here
[INFO] [stdout]    |
[INFO] [stdout] 35 |         &self.inner().sub_data_type_by_index(1).expect(
[INFO] [stdout]    |         +
[INFO] [stdout] 
[INFO] [stdout] 
[INFO] [stdout] error[E0599]: no method named `inner` found for reference `&data_type::tuple::TupleDataType` in the current scope
[INFO] [stdout]    --> src/cql/data_type.rs:160:49
[INFO] [stdout]     |
[INFO] [stdout] 160 |             DataType::Tuple(tuple)     => tuple.inner(),
[INFO] [stdout]     |                                                 ^^^^^-- help: remove the arguments
[INFO] [stdout]     |                                                 |
[INFO] [stdout]     |                                                 field, not a method
[INFO] [stdout] 
[INFO] [stdout] 
[INFO] [stdout] error[E0599]: no method named `inner` found for reference `&udt::UdtDataType` in the current scope
[INFO] [stdout]    --> src/cql/data_type.rs:161:47
[INFO] [stdout]     |
[INFO] [stdout] 161 |             DataType::Udt(udt)         => udt.inner(),
[INFO] [stdout]     |                                               ^^^^^-- help: remove the arguments
[INFO] [stdout]     |                                               |
[INFO] [stdout]     |                                               field, not a method
[INFO] [stdout] 
[INFO] [stdout] 
[INFO] [stdout] error[E0599]: no method named `inner_mut` found for mutable reference `&mut map::MapDataType` in the current scope
[INFO] [stdout]    --> src/cql/data_type.rs:170:47
[INFO] [stdout]     |
[INFO] [stdout] 170 |             DataType::Map(map)         => map.inner_mut(),
[INFO] [stdout]     |                                               ^^^^^^^^^
[INFO] [stdout]     |
[INFO] [stdout] help: there is a method `inner` with a similar name
[INFO] [stdout]     |
[INFO] [stdout] 170 -             DataType::Map(map)         => map.inner_mut(),
[INFO] [stdout] 170 +             DataType::Map(map)         => map.inner(),
[INFO] [stdout]     |
[INFO] [stdout] 
[INFO] [stdout] 
[INFO] [stdout] error[E0599]: no method named `inner_mut` found for mutable reference `&mut data_type::tuple::TupleDataType` in the current scope
[INFO] [stdout]    --> src/cql/data_type.rs:172:49
[INFO] [stdout]     |
[INFO] [stdout] 172 |             DataType::Tuple(tuple)     => tuple.inner_mut(),
[INFO] [stdout]     |                                                 ^^^^^^^^^ method not found in `&mut data_type::tuple::TupleDataType`
[INFO] [stdout] 
[INFO] [stdout] 
[INFO] [stdout] error[E0599]: no method named `inner_mut` found for mutable reference `&mut udt::UdtDataType` in the current scope
[INFO] [stdout]    --> src/cql/data_type.rs:173:47
[INFO] [stdout]     |
[INFO] [stdout] 173 |             DataType::Udt(udt)         => udt.inner_mut(),
[INFO] [stdout]     |                                               ^^^^^^^^^ method not found in `&mut udt::UdtDataType`
[INFO] [stdout] 
[INFO] [stdout] 
[INFO] [stdout] error[E0599]: no associated function or constant named `from_driver` found for struct `data_type::tuple::TupleDataType` in the current scope
[INFO] [stdout]    --> src/cql/data_type.rs:187:54
[INFO] [stdout]     |
[INFO] [stdout] 187 |             Tuple      => Self::Tuple(TupleDataType::from_driver(dt)),
[INFO] [stdout]     |                                                      ^^^^^^^^^^^ associated function or constant not found in `data_type::tuple::TupleDataType`
[INFO] [stdout]     |
[INFO] [stdout]    ::: src/cql/data_type/tuple.rs:1:1
[INFO] [stdout]     |
[INFO] [stdout]   1 | pub struct TupleDataType {
[INFO] [stdout]     | ------------------------ associated function or constant `from_driver` not found for this struct
[INFO] [stdout] 
[INFO] [stdout] 
[INFO] [stdout] error[E0599]: no associated function or constant named `from_driver` found for struct `udt::UdtDataType` in the current scope
[INFO] [stdout]    --> src/cql/data_type.rs:188:50
[INFO] [stdout]     |
[INFO] [stdout] 188 |             Udt        => Self::Udt(UdtDataType::from_driver(dt)),
[INFO] [stdout]     |                                                  ^^^^^^^^^^^ associated function or constant not found in `udt::UdtDataType`
[INFO] [stdout]     |
[INFO] [stdout]    ::: src/cql/data_type/udt.rs:1:1
[INFO] [stdout]     |
[INFO] [stdout]   1 | pub struct UdtDataType {
[INFO] [stdout]     | ---------------------- associated function or constant `from_driver` not found for this struct
[INFO] [stdout] 
[INFO] [stdout] 
[INFO] [stdout] error[E0599]: no associated function or constant named `from_driver` found for struct `native::NativeDataType` in the current scope
[INFO] [stdout]    --> src/cql/data_type.rs:189:56
[INFO] [stdout]     |
[INFO] [stdout] 189 |             _          => Self::Native(NativeDataType::from_driver(dt)),
[INFO] [stdout]     |                                                        ^^^^^^^^^^^ associated function or constant not found in `native::NativeDataType`
[INFO] [stdout]     |
[INFO] [stdout]    ::: src/cql/data_type/native.rs:39:1
[INFO] [stdout]     |
[INFO] [stdout]  39 | pub struct NativeDataType(DriverDataType);
[INFO] [stdout]     | ------------------------- associated function or constant `from_driver` not found for this struct
[INFO] [stdout]     |
[INFO] [stdout] note: if you're trying to build a new `native::NativeDataType` consider using one of the following associated functions:
[INFO] [stdout]       native::NativeDataType::new
[INFO] [stdout]       native::NativeDataType::ascii
[INFO] [stdout]       native::NativeDataType::bigint
[INFO] [stdout]       native::NativeDataType::blob
[INFO] [stdout]       and 17 others
[INFO] [stdout]    --> src/cql/data_type/native.rs:45:5
[INFO] [stdout]     |
[INFO] [stdout]  45 |     pub fn new(value_type: ValueType) -> Result<Self, DriverError> {
[INFO] [stdout]     |     ^^^^^^^^^^^^^^^^^^^^^^^^^^^^^^^^^^^^^^^^^^^^^^^^^^^^^^^^^^^^^^
[INFO] [stdout] ...
[INFO] [stdout]  57 |     pub fn ascii() -> Self {
[INFO] [stdout]     |     ^^^^^^^^^^^^^^^^^^^^^^
[INFO] [stdout] ...
[INFO] [stdout]  62 |     pub fn bigint() -> Self {
[INFO] [stdout]     |     ^^^^^^^^^^^^^^^^^^^^^^^
[INFO] [stdout] ...
[INFO] [stdout]  67 |     pub fn blob() -> Self {
[INFO] [stdout]     |     ^^^^^^^^^^^^^^^^^^^^^
[INFO] [stdout] 
[INFO] [stdout] 
[INFO] [stdout] Some errors have detailed explanations: E0277, E0308, E0425, E0599.
[INFO] [stdout] 
[INFO] [stdout] For more information about an error, try `rustc --explain E0277`.
[INFO] [stdout] 
[INFO] [stderr] error: could not compile `cassander` (lib) due to 17 previous errors; 6 warnings emitted
[INFO] running `Command { std: "docker" "inspect" "091ea9823579bb079db7afe62a609e2d181fdcef6399c058fe4cc37110f8c061", kill_on_drop: false }`
[INFO] running `Command { std: "docker" "rm" "-f" "091ea9823579bb079db7afe62a609e2d181fdcef6399c058fe4cc37110f8c061", kill_on_drop: false }`
[INFO] [stdout] 091ea9823579bb079db7afe62a609e2d181fdcef6399c058fe4cc37110f8c061
