[INFO] cloning repository https://github.com/loplxl/Dynamic-Timer-Resolution
[INFO] running `Command { std: "git" "-c" "credential.helper=" "-c" "credential.helper=/workspace/cargo-home/bin/git-credential-null" "clone" "--bare" "https://github.com/loplxl/Dynamic-Timer-Resolution" "/workspace/cache/git-repos/https%3A%2F%2Fgithub.com%2Floplxl%2FDynamic-Timer-Resolution", kill_on_drop: false }`
[INFO] [stderr] Cloning into bare repository '/workspace/cache/git-repos/https%3A%2F%2Fgithub.com%2Floplxl%2FDynamic-Timer-Resolution'...
[INFO] running `Command { std: "git" "rev-parse" "HEAD", kill_on_drop: false }`
[INFO] [stdout] 56ac6983a21c187f14ced3fc51707eefc95597d7
[INFO] testing loplxl/Dynamic-Timer-Resolution against 1.100.0-beta.1+cargoflags=--release for beta-release-1.100-2
[INFO] running `Command { std: "git" "clone" "/workspace/cache/git-repos/https%3A%2F%2Fgithub.com%2Floplxl%2FDynamic-Timer-Resolution" "/workspace/builds/worker-4-tc2/source", kill_on_drop: false }`
[INFO] [stderr] Cloning into '/workspace/builds/worker-4-tc2/source'...
[INFO] [stderr] done.
[INFO] started tweaking git repo https://github.com/loplxl/Dynamic-Timer-Resolution
[INFO] finished tweaking git repo https://github.com/loplxl/Dynamic-Timer-Resolution
[INFO] tweaked toml for git repo https://github.com/loplxl/Dynamic-Timer-Resolution written to /workspace/builds/worker-4-tc2/source/Cargo.toml
[INFO] validating manifest of git repo https://github.com/loplxl/Dynamic-Timer-Resolution on toolchain 1.100.0-beta.1
[INFO] running `Command { std: CARGO_HOME="/workspace/cargo-home" RUSTUP_HOME="/workspace/rustup-home" "/workspace/cargo-home/bin/cargo" "+1.100.0-beta.1" "metadata" "--manifest-path" "Cargo.toml" "--no-deps", kill_on_drop: false }`
[INFO] crate git repo https://github.com/loplxl/Dynamic-Timer-Resolution already has a lockfile, it will not be regenerated
[INFO] running `Command { std: CARGO_HOME="/workspace/cargo-home" RUSTUP_HOME="/workspace/rustup-home" "/workspace/cargo-home/bin/cargo" "+1.100.0-beta.1" "fetch" "--manifest-path" "Cargo.toml", kill_on_drop: false }`
[INFO] running `Command { std: "docker" "create" "-v" "/var/lib/crater-agent-workspace/builds/worker-4-tc2/source:/opt/rustwide/workdir:ro,Z" "-v" "/var/lib/crater-agent-workspace/builds/worker-4-tc2/target:/opt/rustwide/target:rw,Z" "-v" "/var/lib/crater-agent-workspace/cargo-home:/opt/rustwide/cargo-home:ro,Z" "-v" "/var/lib/crater-agent-workspace/rustup-home:/opt/rustwide/rustup-home:ro,Z" "-m" "1610612736" "--network" "none" "ghcr.io/rust-lang/crates-build-env/linux@sha256:77db811e55d90add9212f6832c23229e3de5f1c1f9905e8cb07319ea15df73ac" "sleep" "infinity", kill_on_drop: false }`
[INFO] [stdout] 0384f646aca5b686528fd213a8def0178a5426d520d3ded4db56ebe62cffa029
[INFO] running `Command { std: "docker" "start" "0384f646aca5b686528fd213a8def0178a5426d520d3ded4db56ebe62cffa029", kill_on_drop: false }`
[INFO] running `Command { std: "docker" "inspect" "0384f646aca5b686528fd213a8def0178a5426d520d3ded4db56ebe62cffa029", kill_on_drop: false }`
[INFO] running `Command { std: "docker" "exec" "-e" "SOURCE_DIR=/opt/rustwide/workdir" "-e" "CARGO_HOME=/opt/rustwide/cargo-home" "-e" "RUSTUP_HOME=/opt/rustwide/rustup-home" "-e" "CARGO_TARGET_DIR=/opt/rustwide/target" "-w" "/opt/rustwide/workdir" "--user" "0:0" "0384f646aca5b686528fd213a8def0178a5426d520d3ded4db56ebe62cffa029" "/opt/rustwide/cargo-home/bin/cargo" "+1.100.0-beta.1" "metadata" "--no-deps" "--format-version=1", kill_on_drop: false }`
[INFO] running `Command { std: "docker" "inspect" "0384f646aca5b686528fd213a8def0178a5426d520d3ded4db56ebe62cffa029", kill_on_drop: false }`
[INFO] running `Command { std: "docker" "exec" "-e" "SOURCE_DIR=/opt/rustwide/workdir" "-e" "CARGO_HOME=/opt/rustwide/cargo-home" "-e" "RUSTUP_HOME=/opt/rustwide/rustup-home" "-e" "CARGO_TARGET_DIR=/opt/rustwide/target" "-e" "CARGO_INCREMENTAL=0" "-e" "RUST_BACKTRACE=full" "-e" "RUSTFLAGS=--cap-lints=warn" "-e" "RUSTDOCFLAGS=--cap-lints=warn" "-w" "/opt/rustwide/workdir" "--user" "0:0" "0384f646aca5b686528fd213a8def0178a5426d520d3ded4db56ebe62cffa029" "/opt/rustwide/cargo-home/bin/cargo" "+1.100.0-beta.1" "build" "--frozen" "--message-format=json" "--release", kill_on_drop: false }`
[INFO] [stderr]    Compiling memchr v2.8.0
[INFO] [stderr]    Compiling libc v0.2.180
[INFO] [stderr]    Compiling pkg-config v0.3.32
[INFO] [stderr]    Compiling cc v1.2.55
[INFO] [stderr]    Compiling libloading v0.8.9
[INFO] [stderr]    Compiling rustix v1.1.3
[INFO] [stderr]    Compiling proc-macro2 v1.0.106
[INFO] [stderr]    Compiling bitflags v2.10.0
[INFO] [stderr]    Compiling dlib v0.5.2
[INFO] [stderr]    Compiling linux-raw-sys v0.11.0
[INFO] [stderr]    Compiling smallvec v1.15.1
[INFO] [stderr]    Compiling wayland-sys v0.31.8
[INFO] [stderr]    Compiling quick-xml v0.38.4
[INFO] [stderr]    Compiling quick-xml v0.30.0
[INFO] [stderr]    Compiling quote v1.0.44
[INFO] [stderr]    Compiling wayland-client v0.31.12
[INFO] [stderr]    Compiling downcast-rs v1.2.1
[INFO] [stderr]    Compiling scoped-tls v1.0.1
[INFO] [stderr]    Compiling winapi v0.3.9
[INFO] [stderr]    Compiling winres v0.1.12
[INFO] [stderr]    Compiling ntapi v0.4.2
[INFO] [stderr]    Compiling option-ext v0.2.0
[INFO] [stderr]    Compiling rfd v0.17.2
[INFO] [stderr]    Compiling dynamic-timer-resolution v0.1.0 (/opt/rustwide/workdir)
[INFO] [stderr]    Compiling pollster v0.4.0
[INFO] [stderr]    Compiling raw-window-handle v0.6.2
[INFO] [stderr]    Compiling shortcuts-rs v1.1.1 (https://gitee.com/SuperWindcloud/shortcuts-rs.git#2f74ca4b)
[INFO] [stderr] error: failed to run custom build command for `dynamic-timer-resolution v0.1.0 (/opt/rustwide/workdir)`
[INFO] [stderr] note: To improve backtraces for build dependencies, set the CARGO_PROFILE_RELEASE_BUILD_OVERRIDE_DEBUG=true environment variable to enable debug information generation.
[INFO] [stderr] 
[INFO] [stderr] Caused by:
[INFO] [stderr]   process didn't exit successfully: `/opt/rustwide/target/release/build/dynamic-timer-resolution/ed3cbd4c5a780cc4/out/build_script_build` (exit status: 101)
[INFO] [stderr]   --- stdout
[INFO] [stderr]   package.metadata does not exist
[INFO] [stderr] 
[INFO] [stderr]   --- stderr
[INFO] [stderr] 
[INFO] [stderr]   thread 'main' (407) panicked at build.rs:4:19:
[INFO] [stderr]   called `Result::unwrap()` on an `Err` value: Os { code: 2, kind: NotFound, message: "No such file or directory" }
[INFO] [stderr]   stack backtrace:
[INFO] [stderr]      0:     0x5db66d673801 - <<std[617be2ca0a6fd877]::sys::backtrace::BacktraceLock>::print::DisplayBacktrace as core[a373ad73a504971]::fmt::Display>::fmt
[INFO] [stderr]      1:     0x5db66d6864ca - core[a373ad73a504971]::fmt::write
[INFO] [stderr]      2:     0x5db66d6772cc - <std[617be2ca0a6fd877]::sys::stdio::unix::Stderr as core[a373ad73a504971]::io::write::Write>::write_fmt
[INFO] [stderr]      3:     0x5db66d656056 - std[617be2ca0a6fd877]::panicking::default_hook::{closure#0}
[INFO] [stderr]      4:     0x5db66d66ef61 - std[617be2ca0a6fd877]::panicking::default_hook
[INFO] [stderr]      5:     0x5db66d66f11b - std[617be2ca0a6fd877]::panicking::panic_with_hook
[INFO] [stderr]      6:     0x5db66d656102 - std[617be2ca0a6fd877]::panicking::panic_handler::{closure#0}
[INFO] [stderr]      7:     0x5db66d64eec9 - std[617be2ca0a6fd877]::sys::backtrace::__rust_end_short_backtrace::<std[617be2ca0a6fd877]::panicking::panic_handler::{closure#0}, !>
[INFO] [stderr]      8:     0x5db66d6568ed - __rustc[ea4f61d10b84890b]::rust_begin_unwind
[INFO] [stderr]      9:     0x5db66d686c3c - core[a373ad73a504971]::panicking::panic_fmt
[INFO] [stderr]     10:     0x5db66d686a12 - core[a373ad73a504971]::result::unwrap_failed
[INFO] [stderr]     11:     0x5db66d5fba3f - build_script_build[5d884f7c8c544e49]::main
[INFO] [stderr]     12:     0x5db66d5fbabb - <fn() as core[a373ad73a504971]::ops::function::FnOnce<()>>::call_once
[INFO] [stderr]     13:     0x5db66d5fb916 - std[617be2ca0a6fd877]::sys::backtrace::__rust_begin_short_backtrace::<fn(), ()>
[INFO] [stderr]     14:     0x5db66d5fb929 - std[617be2ca0a6fd877]::rt::lang_start::<()>::{closure#0}
[INFO] [stderr]     15:     0x5db66d66e3d8 - std[617be2ca0a6fd877]::rt::lang_start_internal
[INFO] [stderr]     16:     0x5db66d5fb6a1 - std[617be2ca0a6fd877]::rt::lang_start::<()>
[INFO] [stderr]     17:     0x5db66d5fbaf5 - main
[INFO] [stderr]     18:     0x771ff8c23601 - <unknown>
[INFO] [stderr]     19:     0x771ff8c23718 - __libc_start_main
[INFO] [stderr]     20:     0x5db66d5fb5b5 - _start
[INFO] [stderr]     21:                0x0 - <unknown>
[INFO] [stderr] warning: build failed, waiting for other jobs to finish...
[INFO] [stdout] error[E0433]: cannot find `windows` in `os`
[INFO] [stdout]  --> /opt/rustwide/cargo-home/git/checkouts/shortcuts-rs-56d025ff932032fd/2f74ca4/src/linktarget.rs:3:38
[INFO] [stdout]   |
[INFO] [stdout] 3 |     ffi::OsString, mem::size_of, os::windows::ffi::OsStrExt, path::Path, ptr::null_mut, rc::Rc,
[INFO] [stdout]   |                                      ^^^^^^^ could not find `windows` in `os`
[INFO] [stdout]   |
[INFO] [stdout] note: found an item that was configured out
[INFO] [stdout]  --> /rustc/e3feeb59cd1bdd011a2bfcc0747b55125d9b8527/library/std/src/os/mod.rs:62:4
[INFO] [stdout]   |
[INFO] [stdout]   = note: the item is gated behind the `windows` feature
[INFO] [stdout] 
[INFO] [stdout] 
[INFO] [stdout] error[E0599]: no method named `encode_wide` found for struct `OsString` in the current scope
[INFO] [stdout]    --> /opt/rustwide/cargo-home/git/checkouts/shortcuts-rs-56d025ff932032fd/2f74ca4/src/linktarget.rs:173:46
[INFO] [stdout]     |
[INFO] [stdout] 173 |         let data = OsString::from(long_name).encode_wide().collect::<Vec<_>>();
[INFO] [stdout]     |                                              ^^^^^^^^^^^ method not found in `OsString`
[INFO] [stdout] 
[INFO] [stdout] 
[INFO] [stdout] error[E0599]: no method named `encode_wide` found for struct `OsString` in the current scope
[INFO] [stdout]    --> /opt/rustwide/cargo-home/git/checkouts/shortcuts-rs-56d025ff932032fd/2f74ca4/src/linktarget.rs:187:47
[INFO] [stdout]     |
[INFO] [stdout] 187 |             let a = OsString::from(long_name).encode_wide().collect::<Vec<_>>();
[INFO] [stdout]     |                                               ^^^^^^^^^^^ method not found in `OsString`
[INFO] [stdout] 
[INFO] [stdout] 
[INFO] [stdout] Some errors have detailed explanations: E0433, E0599.
[INFO] [stdout] 
[INFO] [stdout] For more information about an error, try `rustc --explain E0433`.
[INFO] [stdout] 
[INFO] [stderr] error: could not compile `shortcuts-rs` (lib) due to 3 previous errors
[INFO] running `Command { std: "docker" "inspect" "0384f646aca5b686528fd213a8def0178a5426d520d3ded4db56ebe62cffa029", kill_on_drop: false }`
[INFO] running `Command { std: "docker" "rm" "-f" "0384f646aca5b686528fd213a8def0178a5426d520d3ded4db56ebe62cffa029", kill_on_drop: false }`
[INFO] [stdout] 0384f646aca5b686528fd213a8def0178a5426d520d3ded4db56ebe62cffa029
