[INFO] cloning repository https://github.com/longxiangam/esp32c3
[INFO] running `Command { std: "git" "-c" "credential.helper=" "-c" "credential.helper=/workspace/cargo-home/bin/git-credential-null" "clone" "--bare" "https://github.com/longxiangam/esp32c3" "/workspace/cache/git-repos/https%3A%2F%2Fgithub.com%2Flongxiangam%2Fesp32c3", kill_on_drop: false }`
[INFO] [stderr] Cloning into bare repository '/workspace/cache/git-repos/https%3A%2F%2Fgithub.com%2Flongxiangam%2Fesp32c3'...
[INFO] running `Command { std: "git" "rev-parse" "HEAD", kill_on_drop: false }`
[INFO] [stdout] 85ce192b1afe1130cd97a58f03f0947512f4fed8
[INFO] testing longxiangam/esp32c3 against 1.100.0-beta.1+cargoflags=--release for beta-release-1.100-2
[INFO] running `Command { std: "git" "clone" "/workspace/cache/git-repos/https%3A%2F%2Fgithub.com%2Flongxiangam%2Fesp32c3" "/workspace/builds/worker-2-tc2/source", kill_on_drop: false }`
[INFO] [stderr] Cloning into '/workspace/builds/worker-2-tc2/source'...
[INFO] [stderr] done.
[INFO] removed /workspace/builds/worker-2-tc2/source/.cargo/config.toml
[INFO] removed /workspace/builds/worker-2-tc2/source/rust-toolchain.toml
[INFO] started tweaking git repo https://github.com/longxiangam/esp32c3
[INFO] finished tweaking git repo https://github.com/longxiangam/esp32c3
[INFO] tweaked toml for git repo https://github.com/longxiangam/esp32c3 written to /workspace/builds/worker-2-tc2/source/Cargo.toml
[INFO] validating manifest of git repo https://github.com/longxiangam/esp32c3 on toolchain 1.100.0-beta.1
[INFO] running `Command { std: CARGO_HOME="/workspace/cargo-home" RUSTUP_HOME="/workspace/rustup-home" "/workspace/cargo-home/bin/cargo" "+1.100.0-beta.1" "metadata" "--manifest-path" "Cargo.toml" "--no-deps", kill_on_drop: false }`
[INFO] crate git repo https://github.com/longxiangam/esp32c3 already has a lockfile, it will not be regenerated
[INFO] running `Command { std: CARGO_HOME="/workspace/cargo-home" RUSTUP_HOME="/workspace/rustup-home" "/workspace/cargo-home/bin/cargo" "+1.100.0-beta.1" "fetch" "--manifest-path" "Cargo.toml", kill_on_drop: false }`
[INFO] running `Command { std: "docker" "create" "-v" "/var/lib/crater-agent-workspace/builds/worker-2-tc2/source:/opt/rustwide/workdir:ro,Z" "-v" "/var/lib/crater-agent-workspace/builds/worker-2-tc2/target:/opt/rustwide/target:rw,Z" "-v" "/var/lib/crater-agent-workspace/cargo-home:/opt/rustwide/cargo-home:ro,Z" "-v" "/var/lib/crater-agent-workspace/rustup-home:/opt/rustwide/rustup-home:ro,Z" "-m" "1610612736" "--network" "none" "ghcr.io/rust-lang/crates-build-env/linux@sha256:77db811e55d90add9212f6832c23229e3de5f1c1f9905e8cb07319ea15df73ac" "sleep" "infinity", kill_on_drop: false }`
[INFO] [stdout] 4e784967e1aa6f16cf5a65d8abd439637210bb80466afb421440a2f88766a17b
[INFO] running `Command { std: "docker" "start" "4e784967e1aa6f16cf5a65d8abd439637210bb80466afb421440a2f88766a17b", kill_on_drop: false }`
[INFO] running `Command { std: "docker" "inspect" "4e784967e1aa6f16cf5a65d8abd439637210bb80466afb421440a2f88766a17b", kill_on_drop: false }`
[INFO] running `Command { std: "docker" "exec" "-e" "SOURCE_DIR=/opt/rustwide/workdir" "-e" "CARGO_HOME=/opt/rustwide/cargo-home" "-e" "RUSTUP_HOME=/opt/rustwide/rustup-home" "-e" "CARGO_TARGET_DIR=/opt/rustwide/target" "-w" "/opt/rustwide/workdir" "--user" "0:0" "4e784967e1aa6f16cf5a65d8abd439637210bb80466afb421440a2f88766a17b" "/opt/rustwide/cargo-home/bin/cargo" "+1.100.0-beta.1" "metadata" "--no-deps" "--format-version=1", kill_on_drop: false }`
[INFO] running `Command { std: "docker" "inspect" "4e784967e1aa6f16cf5a65d8abd439637210bb80466afb421440a2f88766a17b", kill_on_drop: false }`
[INFO] running `Command { std: "docker" "exec" "-e" "SOURCE_DIR=/opt/rustwide/workdir" "-e" "CARGO_HOME=/opt/rustwide/cargo-home" "-e" "RUSTUP_HOME=/opt/rustwide/rustup-home" "-e" "CARGO_TARGET_DIR=/opt/rustwide/target" "-e" "CARGO_INCREMENTAL=0" "-e" "RUST_BACKTRACE=full" "-e" "RUSTFLAGS=--cap-lints=warn" "-e" "RUSTDOCFLAGS=--cap-lints=warn" "-w" "/opt/rustwide/workdir" "--user" "0:0" "4e784967e1aa6f16cf5a65d8abd439637210bb80466afb421440a2f88766a17b" "/opt/rustwide/cargo-home/bin/cargo" "+1.100.0-beta.1" "build" "--frozen" "--message-format=json" "--release", kill_on_drop: false }`
[INFO] [stderr]    Compiling proc-macro2 v1.0.60
[INFO] [stderr]    Compiling quote v1.0.28
[INFO] [stderr]    Compiling unicode-ident v1.0.9
[INFO] [stderr]    Compiling syn v1.0.109
[INFO] [stderr]    Compiling az v1.2.1
[INFO] [stderr]    Compiling nb v1.1.0
[INFO] [stderr]    Compiling void v1.0.2
[INFO] [stderr]    Compiling critical-section v1.1.1
[INFO] [stderr]    Compiling serde v1.0.164
[INFO] [stderr]    Compiling byteorder v1.4.3
[INFO] [stderr]    Compiling strsim v0.10.0
[INFO] [stderr]    Compiling num-traits v0.2.16
[INFO] [stderr]    Compiling rustversion v1.0.12
[INFO] [stderr]    Compiling radium v0.5.3
[INFO] [stderr]    Compiling memchr v2.5.0
[INFO] [stderr]    Compiling unicode-segmentation v1.10.1
[INFO] [stderr]    Compiling riscv v0.10.1
[INFO] [stderr]    Compiling typenum v1.16.0
[INFO] [stderr]    Compiling lexical-core v0.7.6
[INFO] [stderr]    Compiling winnow v0.4.7
[INFO] [stderr]    Compiling nb v0.1.3
[INFO] [stderr]    Compiling bit_field v0.10.2
[INFO] [stderr]    Compiling embedded-hal v0.2.7
[INFO] [stderr]    Compiling nom v6.1.2
[INFO] [stderr]    Compiling paste v1.0.12
[INFO] [stderr]    Compiling static_assertions v1.1.0
[INFO] [stderr]    Compiling esp-riscv-rt v0.3.0
[INFO] [stderr]    Compiling tap v1.0.1
[INFO] [stderr]    Compiling bitflags v1.3.2
[INFO] [stderr]    Compiling fixed v0.5.7
[INFO] [stderr]    Compiling ryu v1.0.15
[INFO] [stderr]    Compiling once_cell v1.18.0
[INFO] [stderr]    Compiling funty v1.1.0
[INFO] [stderr]    Compiling wyz v0.2.0
[INFO] [stderr]    Compiling arrayvec v0.5.2
[INFO] [stderr]    Compiling esp32c3 v0.14.0
[INFO] [stderr]    Compiling heck v0.3.3
[INFO] [stderr]    Compiling thiserror v1.0.40
[INFO] [stderr]    Compiling vcell v0.1.3
[INFO] [stderr]    Compiling gcd v2.3.0
[INFO] [stderr]    Compiling esp-println v0.5.0
[INFO] [stderr]    Compiling stable_deref_trait v1.2.0
[INFO] [stderr]    Compiling lazy_static v1.4.0
[INFO] [stderr]    Compiling regex-automata v0.1.10
[INFO] [stderr]    Compiling embedded-dma v0.2.0
[INFO] [stderr]    Compiling fugit v0.3.7
[INFO] [stderr]    Compiling esp32c3-hal v0.9.0
[INFO] [stderr]    Compiling esp-backtrace v0.7.0
[INFO] [stderr]    Compiling micromath v1.1.1
[INFO] [stderr]    Compiling bstr v0.2.17
[INFO] [stderr]    Compiling bitflags v2.3.2
[INFO] [stderr]    Compiling bitvec v0.19.6
[INFO] [stderr]    Compiling riscv-atomic-emulation-trap v0.4.0
[INFO] [stderr]    Compiling micromath v2.0.0
[INFO] [stdout] error[E0583]: file not found for module `arch`
[INFO] [stdout]  --> /opt/rustwide/cargo-home/registry/src/index.crates.io-1949cf8c6b5b557f/esp-backtrace-0.7.0/src/lib.rs:8:1
[INFO] [stdout]   |
[INFO] [stdout] 8 | pub mod arch;
[INFO] [stdout]   | ^^^^^^^^^^^^^
[INFO] [stdout]   |
[INFO] [stdout]   = help: to create the module `arch`, create file "/opt/rustwide/cargo-home/registry/src/index.crates.io-1949cf8c6b5b557f/esp-backtrace-0.7.0/src/arch.rs" or "/opt/rustwide/cargo-home/registry/src/index.crates.io-1949cf8c6b5b557f/esp-backtrace-0.7.0/src/arch/mod.rs"
[INFO] [stdout]   = note: if there is a `mod arch` elsewhere in the crate already, import it with `use crate::...` instead
[INFO] [stdout] 
[INFO] [stdout] 
[INFO] [stdout] For more information about this error, try `rustc --explain E0583`.
[INFO] [stdout] 
[INFO] [stderr] error: could not compile `esp-backtrace` (lib) due to 1 previous error
[INFO] [stderr] warning: build failed, waiting for other jobs to finish...
[INFO] [stdout] error[E0061]: this method takes 2 arguments but 1 argument was supplied
[INFO] [stdout]    --> /opt/rustwide/cargo-home/registry/src/index.crates.io-1949cf8c6b5b557f/fixed-0.5.7/src/arith.rs:611:61
[INFO] [stdout]     |
[INFO] [stdout] 593 | / macro_rules! mul_div_fallback {
[INFO] [stdout] 594 | |     ($Single:ty, $Uns:ty, $Signedness:tt) => {
[INFO] [stdout] 595 | |         impl MulDivOverflow for $Single {
[INFO] [stdout] 596 | |             #[inline]
[INFO] [stdout] ...   |
[INFO] [stdout] 611 | |                     let (col12, carry_col3) = partial_col12.carrying_add(ll_rh);
[INFO] [stdout]     | |                                                             ^^^^^^^^^^^^------- argument #2 of type `bool` is missing
[INFO] [stdout] ...   |
[INFO] [stdout] 637 | |     };
[INFO] [stdout] 638 | | }
[INFO] [stdout]     | |_- this error originates in the macro `mul_div_fallback` which comes from the expansion of the macro `uint_impl`
[INFO] [stdout] ...
[INFO] [stdout] 644 |   mul_div_fallback! { u128, u128, Unsigned }
[INFO] [stdout]     |   ------------------------------------------ in this macro invocation
[INFO] [stdout]     |
[INFO] [stdout] note: the `carrying_add` call is resolved to the method in `core::num::<impl u128>`, shadowing the method of the same name on trait `arith::FallbackHelper`
[INFO] [stdout]    --> /opt/rustwide/cargo-home/registry/src/index.crates.io-1949cf8c6b5b557f/fixed-0.5.7/src/arith.rs:611:61
[INFO] [stdout]     |
[INFO] [stdout] 611 |                     let (col12, carry_col3) = partial_col12.carrying_add(ll_rh);
[INFO] [stdout]     |                                                             ^^^^^^^^^^^^ refers to `core::num::<impl u128>::carrying_add`
[INFO] [stdout] ...
[INFO] [stdout] 644 | mul_div_fallback! { u128, u128, Unsigned }
[INFO] [stdout]     | ------------------------------------------ in this macro invocation
[INFO] [stdout] note: method defined here
[INFO] [stdout]    --> /rustc/e3feeb59cd1bdd011a2bfcc0747b55125d9b8527/library/core/src/num/uint_macros.rs:3064:21
[INFO] [stdout]    --> /rustc/e3feeb59cd1bdd011a2bfcc0747b55125d9b8527/library/core/src/num/mod.rs:1359:4
[INFO] [stdout]    ::: /rustc/e3feeb59cd1bdd011a2bfcc0747b55125d9b8527/library/core/src/num/mod.rs:1385:5
[INFO] [stdout]     |
[INFO] [stdout]     = note: in this macro invocation
[INFO] [stdout] help: you might have meant to call the other method; you can use the fully-qualified path to call it explicitly
[INFO] [stdout]     |
[INFO] [stdout] 611 -                     let (col12, carry_col3) = partial_col12.carrying_add(ll_rh);
[INFO] [stdout] 611 +                     let (col12, carry_col3) = <_ as arith::FallbackHelper>::carrying_add(partial_col12, ll_rh);
[INFO] [stdout]     |
[INFO] [stdout] help: provide the argument
[INFO] [stdout]     |
[INFO] [stdout] 611 |                     let (col12, carry_col3) = partial_col12.carrying_add(ll_rh, /* bool */);
[INFO] [stdout]     |                                                                               ++++++++++++
[INFO] [stdout] 
[INFO] [stdout] 
[INFO] [stdout] error[E0599]: no method named `shift_lo_up` found for type `bool` in the current scope
[INFO] [stdout]    --> /opt/rustwide/cargo-home/registry/src/index.crates.io-1949cf8c6b5b557f/fixed-0.5.7/src/arith.rs:614:63
[INFO] [stdout]     |
[INFO] [stdout] 593 | macro_rules! mul_div_fallback {
[INFO] [stdout] ...
[INFO] [stdout] 614 |                     let ans23 = lh_rh + col12_hi + carry_col3.shift_lo_up();
[INFO] [stdout]     |                                                               ^^^^^^^^^^^ method not found in `bool`
[INFO] [stdout] ...
[INFO] [stdout] 644 | mul_div_fallback! { u128, u128, Unsigned }
[INFO] [stdout]     | ------------------------------------------ in this macro invocation
[INFO] [stdout]     |
[INFO] [stdout]     = help: items from traits can only be used if the trait is implemented and in scope
[INFO] [stdout] note: `FallbackHelper` defines an item `shift_lo_up`, perhaps you need to implement it
[INFO] [stdout]    --> /opt/rustwide/cargo-home/registry/src/index.crates.io-1949cf8c6b5b557f/fixed-0.5.7/src/arith.rs:494:1
[INFO] [stdout]     |
[INFO] [stdout] 494 | trait FallbackHelper: Sized {
[INFO] [stdout]     | ^^^^^^^^^^^^^^^^^^^^^^^^^^^
[INFO] [stdout] 
[INFO] [stdout] 
[INFO] [stdout] Some errors have detailed explanations: E0061, E0599.
[INFO] [stdout] 
[INFO] [stdout] For more information about an error, try `rustc --explain E0061`.
[INFO] [stdout] 
[INFO] [stderr] error: could not compile `fixed` (lib) due to 2 previous errors
[INFO] running `Command { std: "docker" "inspect" "4e784967e1aa6f16cf5a65d8abd439637210bb80466afb421440a2f88766a17b", kill_on_drop: false }`
[INFO] running `Command { std: "docker" "rm" "-f" "4e784967e1aa6f16cf5a65d8abd439637210bb80466afb421440a2f88766a17b", kill_on_drop: false }`
[INFO] [stdout] 4e784967e1aa6f16cf5a65d8abd439637210bb80466afb421440a2f88766a17b
