[INFO] cloning repository https://github.com/llamafolio/evm-indexer
[INFO] running `Command { std: "git" "-c" "credential.helper=" "-c" "credential.helper=/workspace/cargo-home/bin/git-credential-null" "clone" "--bare" "https://github.com/llamafolio/evm-indexer" "/workspace/cache/git-repos/https%3A%2F%2Fgithub.com%2Fllamafolio%2Fevm-indexer", kill_on_drop: false }`
[INFO] [stderr] Cloning into bare repository '/workspace/cache/git-repos/https%3A%2F%2Fgithub.com%2Fllamafolio%2Fevm-indexer'...
[INFO] running `Command { std: "git" "rev-parse" "HEAD", kill_on_drop: false }`
[INFO] [stdout] ddf6b8e0b99dd9f051ab48e1c07ab6cfc8a5eba3
[INFO] testing llamafolio/evm-indexer/ddf6b8e0b99dd9f051ab48e1c07ab6cfc8a5eba3 against 1.100.0-beta.1+cargoflags=--release for beta-release-1.100-2
[INFO] running `Command { std: "git" "clone" "/workspace/cache/git-repos/https%3A%2F%2Fgithub.com%2Fllamafolio%2Fevm-indexer" "/workspace/builds/worker-1-tc2/source", kill_on_drop: false }`
[INFO] [stderr] Cloning into '/workspace/builds/worker-1-tc2/source'...
[INFO] [stderr] done.
[INFO] started tweaking git repo https://github.com/llamafolio/evm-indexer
[INFO] finished tweaking git repo https://github.com/llamafolio/evm-indexer
[INFO] tweaked toml for git repo https://github.com/llamafolio/evm-indexer written to /workspace/builds/worker-1-tc2/source/Cargo.toml
[INFO] validating manifest of git repo https://github.com/llamafolio/evm-indexer on toolchain 1.100.0-beta.1
[INFO] running `Command { std: CARGO_HOME="/workspace/cargo-home" RUSTUP_HOME="/workspace/rustup-home" "/workspace/cargo-home/bin/cargo" "+1.100.0-beta.1" "metadata" "--manifest-path" "Cargo.toml" "--no-deps", kill_on_drop: false }`
[INFO] crate git repo https://github.com/llamafolio/evm-indexer already has a lockfile, it will not be regenerated
[INFO] running `Command { std: CARGO_HOME="/workspace/cargo-home" RUSTUP_HOME="/workspace/rustup-home" "/workspace/cargo-home/bin/cargo" "+1.100.0-beta.1" "fetch" "--manifest-path" "Cargo.toml", kill_on_drop: false }`
[INFO] [stderr]     Blocking waiting for file lock on package cache
[ERROR] error running command: no output for 300 seconds
[INFO] testing llamafolio/evm-indexer/ddf6b8e0b99dd9f051ab48e1c07ab6cfc8a5eba3 against 1.100.0-beta.1+cargoflags=--release for beta-release-1.100-2
[INFO] running `Command { std: "git" "clone" "/workspace/cache/git-repos/https%3A%2F%2Fgithub.com%2Fllamafolio%2Fevm-indexer" "/workspace/builds/worker-1-tc2/source", kill_on_drop: false }`
[INFO] [stderr] Cloning into '/workspace/builds/worker-1-tc2/source'...
[INFO] [stderr] done.
[INFO] started tweaking git repo https://github.com/llamafolio/evm-indexer
[INFO] finished tweaking git repo https://github.com/llamafolio/evm-indexer
[INFO] tweaked toml for git repo https://github.com/llamafolio/evm-indexer written to /workspace/builds/worker-1-tc2/source/Cargo.toml
[INFO] validating manifest of git repo https://github.com/llamafolio/evm-indexer on toolchain 1.100.0-beta.1
[INFO] running `Command { std: CARGO_HOME="/workspace/cargo-home" RUSTUP_HOME="/workspace/rustup-home" "/workspace/cargo-home/bin/cargo" "+1.100.0-beta.1" "metadata" "--manifest-path" "Cargo.toml" "--no-deps", kill_on_drop: false }`
[INFO] crate git repo https://github.com/llamafolio/evm-indexer already has a lockfile, it will not be regenerated
[INFO] running `Command { std: CARGO_HOME="/workspace/cargo-home" RUSTUP_HOME="/workspace/rustup-home" "/workspace/cargo-home/bin/cargo" "+1.100.0-beta.1" "fetch" "--manifest-path" "Cargo.toml", kill_on_drop: false }`
[INFO] [stderr]     Blocking waiting for file lock on package cache
[INFO] [stderr]     Blocking waiting for file lock on package cache
[ERROR] error running command: no output for 300 seconds
[INFO] testing llamafolio/evm-indexer/ddf6b8e0b99dd9f051ab48e1c07ab6cfc8a5eba3 against 1.100.0-beta.1+cargoflags=--release for beta-release-1.100-2
[INFO] running `Command { std: "git" "clone" "/workspace/cache/git-repos/https%3A%2F%2Fgithub.com%2Fllamafolio%2Fevm-indexer" "/workspace/builds/worker-1-tc2/source", kill_on_drop: false }`
[INFO] [stderr] Cloning into '/workspace/builds/worker-1-tc2/source'...
[INFO] [stderr] done.
[INFO] started tweaking git repo https://github.com/llamafolio/evm-indexer
[INFO] finished tweaking git repo https://github.com/llamafolio/evm-indexer
[INFO] tweaked toml for git repo https://github.com/llamafolio/evm-indexer written to /workspace/builds/worker-1-tc2/source/Cargo.toml
[INFO] validating manifest of git repo https://github.com/llamafolio/evm-indexer on toolchain 1.100.0-beta.1
[INFO] running `Command { std: CARGO_HOME="/workspace/cargo-home" RUSTUP_HOME="/workspace/rustup-home" "/workspace/cargo-home/bin/cargo" "+1.100.0-beta.1" "metadata" "--manifest-path" "Cargo.toml" "--no-deps", kill_on_drop: false }`
[INFO] crate git repo https://github.com/llamafolio/evm-indexer already has a lockfile, it will not be regenerated
[INFO] running `Command { std: CARGO_HOME="/workspace/cargo-home" RUSTUP_HOME="/workspace/rustup-home" "/workspace/cargo-home/bin/cargo" "+1.100.0-beta.1" "fetch" "--manifest-path" "Cargo.toml", kill_on_drop: false }`
[INFO] [stderr]     Blocking waiting for file lock on package cache
[INFO] [stderr]     Blocking waiting for file lock on package cache
[ERROR] error running command: no output for 300 seconds
[INFO] testing llamafolio/evm-indexer/ddf6b8e0b99dd9f051ab48e1c07ab6cfc8a5eba3 against 1.100.0-beta.1+cargoflags=--release for beta-release-1.100-2
[INFO] running `Command { std: "git" "clone" "/workspace/cache/git-repos/https%3A%2F%2Fgithub.com%2Fllamafolio%2Fevm-indexer" "/workspace/builds/worker-1-tc2/source", kill_on_drop: false }`
[INFO] [stderr] Cloning into '/workspace/builds/worker-1-tc2/source'...
[INFO] [stderr] done.
[INFO] started tweaking git repo https://github.com/llamafolio/evm-indexer
[INFO] finished tweaking git repo https://github.com/llamafolio/evm-indexer
[INFO] tweaked toml for git repo https://github.com/llamafolio/evm-indexer written to /workspace/builds/worker-1-tc2/source/Cargo.toml
[INFO] validating manifest of git repo https://github.com/llamafolio/evm-indexer on toolchain 1.100.0-beta.1
[INFO] running `Command { std: CARGO_HOME="/workspace/cargo-home" RUSTUP_HOME="/workspace/rustup-home" "/workspace/cargo-home/bin/cargo" "+1.100.0-beta.1" "metadata" "--manifest-path" "Cargo.toml" "--no-deps", kill_on_drop: false }`
[INFO] crate git repo https://github.com/llamafolio/evm-indexer already has a lockfile, it will not be regenerated
[INFO] running `Command { std: CARGO_HOME="/workspace/cargo-home" RUSTUP_HOME="/workspace/rustup-home" "/workspace/cargo-home/bin/cargo" "+1.100.0-beta.1" "fetch" "--manifest-path" "Cargo.toml", kill_on_drop: false }`
[INFO] [stderr]     Blocking waiting for file lock on package cache
[INFO] [stderr]     Blocking waiting for file lock on package cache
[ERROR] error running command: no output for 300 seconds
[INFO] testing llamafolio/evm-indexer/ddf6b8e0b99dd9f051ab48e1c07ab6cfc8a5eba3 against 1.100.0-beta.1+cargoflags=--release for beta-release-1.100-2
[INFO] running `Command { std: "git" "clone" "/workspace/cache/git-repos/https%3A%2F%2Fgithub.com%2Fllamafolio%2Fevm-indexer" "/workspace/builds/worker-1-tc2/source", kill_on_drop: false }`
[INFO] [stderr] Cloning into '/workspace/builds/worker-1-tc2/source'...
[INFO] [stderr] done.
[INFO] started tweaking git repo https://github.com/llamafolio/evm-indexer
[INFO] finished tweaking git repo https://github.com/llamafolio/evm-indexer
[INFO] tweaked toml for git repo https://github.com/llamafolio/evm-indexer written to /workspace/builds/worker-1-tc2/source/Cargo.toml
[INFO] validating manifest of git repo https://github.com/llamafolio/evm-indexer on toolchain 1.100.0-beta.1
[INFO] running `Command { std: CARGO_HOME="/workspace/cargo-home" RUSTUP_HOME="/workspace/rustup-home" "/workspace/cargo-home/bin/cargo" "+1.100.0-beta.1" "metadata" "--manifest-path" "Cargo.toml" "--no-deps", kill_on_drop: false }`
[INFO] crate git repo https://github.com/llamafolio/evm-indexer already has a lockfile, it will not be regenerated
[INFO] running `Command { std: CARGO_HOME="/workspace/cargo-home" RUSTUP_HOME="/workspace/rustup-home" "/workspace/cargo-home/bin/cargo" "+1.100.0-beta.1" "fetch" "--manifest-path" "Cargo.toml", kill_on_drop: false }`
[INFO] [stderr]     Blocking waiting for file lock on package cache
[INFO] [stderr]     Blocking waiting for file lock on package cache
[INFO] running `Command { std: "docker" "create" "-v" "/var/lib/crater-agent-workspace/builds/worker-1-tc2/source:/opt/rustwide/workdir:ro,Z" "-v" "/var/lib/crater-agent-workspace/builds/worker-1-tc2/target:/opt/rustwide/target:rw,Z" "-v" "/var/lib/crater-agent-workspace/cargo-home:/opt/rustwide/cargo-home:ro,Z" "-v" "/var/lib/crater-agent-workspace/rustup-home:/opt/rustwide/rustup-home:ro,Z" "-m" "1610612736" "--network" "none" "ghcr.io/rust-lang/crates-build-env/linux@sha256:77db811e55d90add9212f6832c23229e3de5f1c1f9905e8cb07319ea15df73ac" "sleep" "infinity", kill_on_drop: false }`
[INFO] [stdout] fe5c51a14d665527aac021797d2119ba0ea1f744b21543060b7edd52e3fd7552
[INFO] running `Command { std: "docker" "start" "fe5c51a14d665527aac021797d2119ba0ea1f744b21543060b7edd52e3fd7552", kill_on_drop: false }`
[INFO] running `Command { std: "docker" "inspect" "fe5c51a14d665527aac021797d2119ba0ea1f744b21543060b7edd52e3fd7552", kill_on_drop: false }`
[INFO] running `Command { std: "docker" "exec" "-e" "SOURCE_DIR=/opt/rustwide/workdir" "-e" "CARGO_HOME=/opt/rustwide/cargo-home" "-e" "RUSTUP_HOME=/opt/rustwide/rustup-home" "-e" "CARGO_TARGET_DIR=/opt/rustwide/target" "-w" "/opt/rustwide/workdir" "--user" "0:0" "fe5c51a14d665527aac021797d2119ba0ea1f744b21543060b7edd52e3fd7552" "/opt/rustwide/cargo-home/bin/cargo" "+1.100.0-beta.1" "metadata" "--no-deps" "--format-version=1", kill_on_drop: false }`
[INFO] running `Command { std: "docker" "inspect" "fe5c51a14d665527aac021797d2119ba0ea1f744b21543060b7edd52e3fd7552", kill_on_drop: false }`
[INFO] running `Command { std: "docker" "exec" "-e" "SOURCE_DIR=/opt/rustwide/workdir" "-e" "CARGO_HOME=/opt/rustwide/cargo-home" "-e" "RUSTUP_HOME=/opt/rustwide/rustup-home" "-e" "CARGO_TARGET_DIR=/opt/rustwide/target" "-e" "CARGO_INCREMENTAL=0" "-e" "RUST_BACKTRACE=full" "-e" "RUSTFLAGS=--cap-lints=warn" "-e" "RUSTDOCFLAGS=--cap-lints=warn" "-w" "/opt/rustwide/workdir" "--user" "0:0" "fe5c51a14d665527aac021797d2119ba0ea1f744b21543060b7edd52e3fd7552" "/opt/rustwide/cargo-home/bin/cargo" "+1.100.0-beta.1" "build" "--frozen" "--message-format=json" "--release", kill_on_drop: false }`
[INFO] [stderr]    Compiling proc-macro2 v1.0.51
[INFO] [stderr]    Compiling quote v1.0.23
[INFO] [stderr]    Compiling unicode-ident v1.0.6
[INFO] [stderr]    Compiling syn v1.0.107
[INFO] [stderr]    Compiling serde v1.0.152
[INFO] [stderr]    Compiling serde_derive v1.0.152
[INFO] [stderr]    Compiling libc v0.2.139
[INFO] [stderr]    Compiling once_cell v1.17.1
[INFO] [stderr]    Compiling cc v1.0.79
[INFO] [stderr]    Compiling ahash v0.7.6
[INFO] [stderr]    Compiling indexmap v1.9.2
[INFO] [stderr]    Compiling subtle v2.4.1
[INFO] [stderr]    Compiling slab v0.4.7
[INFO] [stderr]    Compiling thiserror v1.0.38
[INFO] [stderr]    Compiling block-buffer v0.10.3
[INFO] [stderr]    Compiling nom8 v0.2.0
[INFO] [stderr]    Compiling itoa v1.0.5
[INFO] [stderr]    Compiling toml_datetime v0.5.1
[INFO] [stderr]    Compiling smallvec v1.10.0
[INFO] [stderr]    Compiling futures-core v0.3.26
[INFO] [stderr]    Compiling log v0.4.17
[INFO] [stderr]    Compiling byteorder v1.4.3
[INFO] [stderr]    Compiling digest v0.10.6
[INFO] [stderr]    Compiling tokio v1.25.0
[INFO] [stderr]    Compiling num-traits v0.2.15
[INFO] [stderr]    Compiling futures-sink v0.3.26
[INFO] [stderr]    Compiling futures-channel v0.3.26
[INFO] [stderr]    Compiling futures-task v0.3.26
[INFO] [stderr]    Compiling ryu v1.0.12
[INFO] [stderr]    Compiling unicode-segmentation v1.10.1
[INFO] [stderr]    Compiling serde_json v1.0.93
[INFO] [stderr]    Compiling futures-util v0.3.26
[INFO] [stderr]    Compiling getrandom v0.2.8
[INFO] [stderr]    Compiling futures-io v0.3.26
[INFO] [stderr]    Compiling openssl v0.10.45
[INFO] [stderr]    Compiling zeroize v1.5.7
[INFO] [stderr]    Compiling rustls v0.20.8
[INFO] [stderr]    Compiling rand_core v0.6.4
[INFO] [stderr]    Compiling tracing-core v0.1.30
[INFO] [stderr]    Compiling native-tls v0.2.11
[INFO] [stderr]    Compiling base64ct v1.5.3
[INFO] [stderr]    Compiling rand_chacha v0.3.1
[INFO] [stderr]    Compiling hmac v0.12.1
[INFO] [stderr]    Compiling pin-project-lite v0.2.9
[INFO] [stderr]    Compiling semver v1.0.16
[INFO] [stderr]    Compiling sha2 v0.10.6
[INFO] [stderr]    Compiling num-integer v0.1.45
[INFO] [stderr]    Compiling const-oid v0.9.1
[INFO] [stderr]    Compiling hashbrown v0.12.3
[INFO] [stderr]    Compiling heck v0.4.1
[INFO] [stderr]    Compiling camino v1.1.2
[INFO] [stderr]    Compiling der v0.6.1
[INFO] [stderr]    Compiling rand v0.8.5
[INFO] [stderr]    Compiling mio v0.8.6
[INFO] [stderr]    Compiling num_cpus v1.15.0
[INFO] [stderr]    Compiling socket2 v0.4.7
[INFO] [stderr]    Compiling rustversion v1.0.11
[INFO] [stderr]    Compiling ring v0.16.20
[INFO] [stderr]    Compiling openssl-sys v0.9.80
[INFO] [stderr]    Compiling try-lock v0.2.4
[INFO] [stderr]    Compiling tiny-keccak v2.0.2
[INFO] [stderr]    Compiling proc-macro-error-attr v1.0.4
[INFO] [stderr]    Compiling unicode-bidi v0.3.10
[INFO] [stderr]    Compiling want v0.3.0
[INFO] [stderr]    Compiling sha3 v0.10.6
[INFO] [stderr]    Compiling parking_lot_core v0.9.7
[INFO] [stderr]    Compiling signal-hook-registry v1.4.1
[INFO] [stderr]    Compiling parking_lot v0.12.1
[INFO] [stderr]    Compiling spki v0.6.0
[INFO] [stderr]    Compiling crypto-bigint v0.4.9
[INFO] [stderr]    Compiling pkcs8 v0.9.0
[INFO] [stderr]    Compiling ff v0.12.1
[INFO] [stderr]    Compiling sec1 v0.3.0
[INFO] [stderr]    Compiling toml_edit v0.18.1
[INFO] [stderr]    Compiling group v0.12.1
[INFO] [stderr]    Compiling idna v0.3.0
[INFO] [stderr]    Compiling elliptic-curve v0.12.3
[INFO] [stderr]    Compiling rfc6979 v0.3.1
[INFO] [stderr]    Compiling signature v1.6.4
[INFO] [stderr]    Compiling uint v0.9.5
[INFO] [stderr]    Compiling lock_api v0.4.9
[INFO] [stderr]    Compiling rustc-hex v2.1.0
[INFO] [stderr]    Compiling arrayvec v0.7.2
[INFO] [stderr]    Compiling url v2.3.1
[INFO] [stderr]    Compiling fixed-hash v0.8.0
[INFO] [stderr]    Compiling tinyvec v1.6.0
[INFO] [stderr]    Compiling ecdsa v0.14.8
[INFO] [stderr]    Compiling untrusted v0.7.1
[INFO] [stderr]    Compiling spin v0.5.2
[INFO] [stderr]    Compiling base64 v0.21.0
[INFO] [stderr]    Compiling rustls-pemfile v1.0.2
[INFO] [stderr]    Compiling k256 v0.11.6
[INFO] [stderr]    Compiling unicode-normalization v0.1.22
[INFO] [stderr]    Compiling crossbeam-utils v0.8.14
[INFO] [stderr]    Compiling percent-encoding v2.2.0
[INFO] [stderr]    Compiling form_urlencoded v1.1.0
[INFO] [stderr]    Compiling rustls-native-certs v0.6.2
[INFO] [stderr]    Compiling proc-macro-crate v1.3.0
[INFO] [stderr]    Compiling siphasher v0.3.10
[INFO] [stderr]    Compiling unicode-xid v0.2.4
[INFO] [stderr]    Compiling async-trait v0.1.64
[INFO] [stderr]    Compiling convert_case v0.6.0
[INFO] [stderr]    Compiling phf_shared v0.10.0
[INFO] [stderr]    Compiling tracing v0.1.37
[INFO] [stderr]    Compiling chrono v0.4.23
[INFO] [stderr]    Compiling block-buffer v0.9.0
[INFO] [stderr]    Compiling webpki v0.22.0
[INFO] [stderr]    Compiling digest v0.9.0
[INFO] [stderr]    Compiling eyre v0.6.8
[INFO] [stderr]    Compiling base16ct v0.1.1
[INFO] [stderr]    Compiling sct v0.7.0
[INFO] [stderr]    Compiling dirs-sys-next v0.1.2
[INFO] [stderr]    Compiling httparse v1.8.0
[INFO] [stderr]    Compiling inout v0.1.3
[INFO] [stderr]    Compiling encoding_rs v0.8.32
[INFO] [stderr]    Compiling ipnet v2.7.1
[INFO] [stderr]    Compiling cipher v0.4.3
[INFO] [stderr]    Compiling dirs-next v2.0.0
[INFO] [stderr]    Compiling block-buffer v0.7.3
[INFO] [stderr]    Compiling digest v0.8.1
[INFO] [stderr]    Compiling memoffset v0.7.1
[INFO] [stderr]    Compiling crossbeam-queue v0.3.8
[INFO] [stderr]    Compiling foreign-types-shared v0.1.1
[INFO] [stderr]    Compiling tower-service v0.3.2
[INFO] [stderr]    Compiling foreign-types v0.3.2
[INFO] [stderr]    Compiling sha2 v0.8.2
[INFO] [stderr]    Compiling term v0.7.0
[INFO] [stderr]    Compiling proc-macro-error v1.0.4
[INFO] [stderr]    Compiling password-hash v0.4.2
[INFO] [stderr]    Compiling crossbeam-epoch v0.9.13
[INFO] [stderr]    Compiling instant v0.1.12
[INFO] [stderr]    Compiling base58 v0.1.0
[INFO] [stderr]    Compiling new_debug_unreachable v1.0.4
[INFO] [stderr]    Compiling precomputed-hash v0.1.1
[INFO] [stderr]    Compiling proc-macro-hack v0.5.20+deprecated
[INFO] [stderr]    Compiling os_str_bytes v6.4.1
[INFO] [stderr]    Compiling bit-vec v0.6.3
[INFO] [stderr]    Compiling fixedbitset v0.4.2
[INFO] [stderr]    Compiling pbkdf2 v0.11.0
[INFO] [stderr]    Compiling petgraph v0.6.3
[INFO] [stderr]    Compiling string_cache v0.8.4
[INFO] [stderr]    Compiling bit-set v0.5.3
[INFO] [stderr]    Compiling base58check v0.1.0
[INFO] [stderr]    Compiling ascii-canvas v3.0.0
[INFO] [stderr]    Compiling webpki-roots v0.22.6
[INFO] [stderr]    Compiling parking_lot_core v0.8.6
[INFO] [stderr]    Compiling lalrpop-util v0.19.8
[INFO] [stderr]    Compiling atty v0.2.14
[INFO] [stderr]    Compiling ena v0.14.0
[INFO] [stderr]    Compiling sha-1 v0.10.1
[INFO] [stderr]    Compiling blake2 v0.10.6
[INFO] [stderr]    Compiling ripemd v0.1.3
[INFO] [stderr]    Compiling bech32 v0.7.3
[INFO] [stderr]    Compiling paste v1.0.11
[INFO] [stderr]    Compiling diff v0.1.13
[INFO] [stderr]    Compiling openssl-probe v0.1.5
[INFO] [stderr]    Compiling same-file v1.0.6
[INFO] [stderr]    Compiling indenter v0.3.3
[INFO] [stderr]    Compiling pico-args v0.4.2
[INFO] [stderr]    Compiling utf-8 v0.7.6
[INFO] [stderr]    Compiling walkdir v2.3.2
[INFO] [stderr]    Compiling thiserror-impl v1.0.38
[INFO] [stderr]    Compiling impl-trait-for-tuples v0.2.2
[INFO] [stderr]    Compiling parity-scale-codec-derive v3.1.4
[INFO] [stderr]    Compiling tokio-macros v1.8.2
[INFO] [stderr]    Compiling derive_more v0.99.17
[INFO] [stderr]    Compiling scale-info-derive v2.3.1
[INFO] [stderr]    Compiling futures-macro v0.3.26
[INFO] [stderr]    Compiling tracing-attributes v0.1.23
[INFO] [stderr]    Compiling openssl-macros v0.1.0
[INFO] [stderr]    Compiling strum_macros v0.24.3
[INFO] [stderr]    Compiling auto_impl v1.0.1
[INFO] [stderr]    Compiling rlp-derive v0.1.0
[INFO] [stderr]    Compiling pin-project-internal v1.0.12
[INFO] [stderr]    Compiling lalrpop v0.19.8
[INFO] [stderr]    Compiling strum v0.24.1
[INFO] [stderr]    Compiling salsa20 v0.10.2
[INFO] [stderr]    Compiling pin-project v1.0.12
[INFO] [stderr]    Compiling sha-1 v0.9.8
[INFO] [stderr]    Compiling phf_generator v0.10.0
[INFO] [stderr]    Compiling terminal_size v0.1.17
[INFO] [stderr]    Compiling fxhash v0.2.1
[INFO] [stderr]    Compiling bstr v1.2.0
[INFO] [stderr]    Compiling dunce v1.0.3
[INFO] [stderr]    Compiling unicode-width v0.1.10
[INFO] [stderr]    Compiling io-lifetimes v1.0.5
[INFO] [stderr]    Compiling bs58 v0.4.0
[INFO] [stderr]    Compiling strsim v0.10.0
[INFO] [stderr]    Compiling rayon-core v1.10.2
[INFO] [stderr]    Compiling radium v0.3.0
[INFO] [stderr]    Compiling tempfile v3.3.0
[INFO] [stderr]    Compiling bitvec v0.17.4
[INFO] [stderr]    Compiling globset v0.4.10
[INFO] [stderr]    Compiling console v0.14.1
[INFO] [stderr]    Compiling phf_macros v0.10.0
[INFO] [stderr]    Compiling crossbeam-deque v0.8.2
[INFO] [stderr]    Compiling nom v7.1.3
[INFO] [stderr]    Compiling hashers v1.0.1
[INFO] [stderr]    Compiling tracing-futures v0.2.5
[INFO] [stderr]    Compiling scrypt v0.10.0
[INFO] [stderr]    Compiling parking_lot v0.11.2
[INFO] [stderr]    Compiling clap_derive v3.2.18
[INFO] [stderr]    Compiling clap_lex v0.2.4
[INFO] [stderr]    Compiling ctr v0.9.2
[INFO] [stderr]    Compiling aes v0.8.2
[INFO] [stderr]    Compiling crossbeam-channel v0.5.6
[INFO] [stderr]    Compiling console v0.15.5
[INFO] [stderr]    Compiling Inflector v0.11.4
[INFO] [stderr] error: could not compile `lalrpop` (lib)
[INFO] [stderr] 
[INFO] [stderr] Caused by:
[INFO] [stderr]   process didn't exit successfully: `/opt/rustwide/rustup-home/toolchains/1.100.0-beta.1-x86_64-unknown-linux-gnu/bin/rustc --crate-name lalrpop --edition=2015 /opt/rustwide/cargo-home/registry/src/index.crates.io-1949cf8c6b5b557f/lalrpop-0.19.8/src/lib.rs --error-format=json --json=diagnostic-rendered-ansi,artifacts,future-incompat,unused-externs-silent --crate-type lib --emit=dep-info,metadata,link -C embed-bitcode=no -C debug-assertions=off --cfg 'feature="default"' --cfg 'feature="lexer"' --cfg 'feature="pico-args"' --check-cfg 'cfg(docsrs,test)' --check-cfg 'cfg(feature, values("default", "lexer", "pico-args", "test"))' -C metadata=eff033fce228990b -C extra-filename=-4daa72ef760b6514 --out-dir /opt/rustwide/target/release/build/lalrpop/4daa72ef760b6514/out -C strip=debuginfo -L dependency=/opt/rustwide/target/release/build/ahash/e454200935595618/out -L dependency=/opt/rustwide/target/release/build/aho-corasick/6928270da313cfdc/out -L dependency=/opt/rustwide/target/release/build/bit-vec/6e2b90fcabffe24e/out -L dependency=/opt/rustwide/target/release/build/cfg-if/6407e8cf9bf7546f/out -L dependency=/opt/rustwide/target/release/build/crunchy/be88a872ebbb0672/out -L dependency=/opt/rustwide/target/release/build/dirs-next/c471a7ac294e397d/out -L dependency=/opt/rustwide/target/release/build/dirs-sys-next/d62a9ba4f96de0ff/out -L dependency=/opt/rustwide/target/release/build/either/9f1e5694eab5c018/out -L dependency=/opt/rustwide/target/release/build/fixedbitset/a30b8bf72f964e34/out -L dependency=/opt/rustwide/target/release/build/getrandom/fff6d6736d574d96/out -L dependency=/opt/rustwide/target/release/build/hashbrown/587082e5ec5a5fb7/out -L dependency=/opt/rustwide/target/release/build/indexmap/6c75307dab44ea45/out -L dependency=/opt/rustwide/target/release/build/libc/6b53b248f254199c/out -L dependency=/opt/rustwide/target/release/build/lock_api/0e912bdef9a3b58b/out -L dependency=/opt/rustwide/target/release/build/log/0de299b3d9d23daa/out -L dependency=/opt/rustwide/target/release/build/memchr/cb3488267a7dfa56/out -L dependency=/opt/rustwide/target/release/build/new_debug_unreachable/a0535fcb21985b00/out -L dependency=/opt/rustwide/target/release/build/once_cell/0a907a964ee7153d/out -L dependency=/opt/rustwide/target/release/build/parking_lot/abbf2747dd447091/out -L dependency=/opt/rustwide/target/release/build/parking_lot_core/40bc055f4a959120/out -L dependency=/opt/rustwide/target/release/build/phf_shared/25f6f18db0433f77/out -L dependency=/opt/rustwide/target/release/build/precomputed-hash/6f471a2dbf5f9bf1/out -L dependency=/opt/rustwide/target/release/build/regex-syntax/ab75baf896708f22/out -L dependency=/opt/rustwide/target/release/build/regex/c73f747ccf26d4ee/out -L dependency=/opt/rustwide/target/release/build/scopeguard/03dfa307616b042b/out -L dependency=/opt/rustwide/target/release/build/siphasher/2adf4c16b7428ef0/out -L dependency=/opt/rustwide/target/release/build/smallvec/9f9a8d99b02675f4/out -L dependency=/opt/rustwide/target/release/build/term/67fae20a08006fd0/out --extern ascii_canvas=/opt/rustwide/target/release/build/ascii-canvas/5ccc468218211bd4/out/libascii_canvas-5ccc468218211bd4.rmeta --extern atty=/opt/rustwide/target/release/build/atty/5af8bdcd8d6a7371/out/libatty-5af8bdcd8d6a7371.rmeta --extern bit_set=/opt/rustwide/target/release/build/bit-set/23ac94023efabfa4/out/libbit_set-23ac94023efabfa4.rmeta --extern diff=/opt/rustwide/target/release/build/diff/e6861ebaa94d9ee4/out/libdiff-e6861ebaa94d9ee4.rmeta --extern ena=/opt/rustwide/target/release/build/ena/e8eb22b634771592/out/libena-e8eb22b634771592.rmeta --extern itertools=/opt/rustwide/target/release/build/itertools/169a536b15340399/out/libitertools-169a536b15340399.rmeta --extern lalrpop_util=/opt/rustwide/target/release/build/lalrpop-util/35c6c47c2e3821e5/out/liblalrpop_util-35c6c47c2e3821e5.rmeta --extern petgraph=/opt/rustwide/target/release/build/petgraph/17fbbcd03ea4d25a/out/libpetgraph-17fbbcd03ea4d25a.rmeta --extern pico_args=/opt/rustwide/target/release/build/pico-args/15e62084f9645a57/out/libpico_args-15e62084f9645a57.rmeta --extern regex=/opt/rustwide/target/release/build/regex/c73f747ccf26d4ee/out/libregex-c73f747ccf26d4ee.rmeta --extern regex_syntax=/opt/rustwide/target/release/build/regex-syntax/ab75baf896708f22/out/libregex_syntax-ab75baf896708f22.rmeta --extern string_cache=/opt/rustwide/target/release/build/string_cache/0417a2cf56bf7e22/out/libstring_cache-0417a2cf56bf7e22.rmeta --extern term=/opt/rustwide/target/release/build/term/67fae20a08006fd0/out/libterm-67fae20a08006fd0.rmeta --extern tiny_keccak=/opt/rustwide/target/release/build/tiny-keccak/8345e199a343e481/out/libtiny_keccak-8345e199a343e481.rmeta --extern unicode_xid=/opt/rustwide/target/release/build/unicode-xid/b8df8917622d5855/out/libunicode_xid-b8df8917622d5855.rmeta --cap-lints allow --cap-lints=warn --force-warn=unused_crate_dependencies` (signal: 9, SIGKILL: kill)
[INFO] [stderr] warning: build failed, waiting for other jobs to finish...
[INFO] running `Command { std: "docker" "inspect" "fe5c51a14d665527aac021797d2119ba0ea1f744b21543060b7edd52e3fd7552", kill_on_drop: false }`
[INFO] running `Command { std: "docker" "rm" "-f" "fe5c51a14d665527aac021797d2119ba0ea1f744b21543060b7edd52e3fd7552", kill_on_drop: false }`
[INFO] [stdout] fe5c51a14d665527aac021797d2119ba0ea1f744b21543060b7edd52e3fd7552
