[INFO] cloning repository https://github.com/harshitgupta1337/virt-install-rust
[INFO] running `Command { std: "git" "-c" "credential.helper=" "-c" "credential.helper=/workspace/cargo-home/bin/git-credential-null" "clone" "--bare" "https://github.com/harshitgupta1337/virt-install-rust" "/workspace/cache/git-repos/https%3A%2F%2Fgithub.com%2Fharshitgupta1337%2Fvirt-install-rust", kill_on_drop: false }`
[INFO] [stderr] Cloning into bare repository '/workspace/cache/git-repos/https%3A%2F%2Fgithub.com%2Fharshitgupta1337%2Fvirt-install-rust'...
[INFO] running `Command { std: "git" "rev-parse" "HEAD", kill_on_drop: false }`
[INFO] [stdout] 845f5bcdf9ed2a3ea8844fae4b8ff0204cf52b4c
[INFO] testing harshitgupta1337/virt-install-rust against 1.100.0-beta.1+cargoflags=--release for beta-release-1.100-2
[INFO] running `Command { std: "git" "clone" "/workspace/cache/git-repos/https%3A%2F%2Fgithub.com%2Fharshitgupta1337%2Fvirt-install-rust" "/workspace/builds/worker-2-tc2/source", kill_on_drop: false }`
[INFO] [stderr] Cloning into '/workspace/builds/worker-2-tc2/source'...
[INFO] [stderr] done.
[INFO] started tweaking git repo https://github.com/harshitgupta1337/virt-install-rust
[INFO] finished tweaking git repo https://github.com/harshitgupta1337/virt-install-rust
[INFO] tweaked toml for git repo https://github.com/harshitgupta1337/virt-install-rust written to /workspace/builds/worker-2-tc2/source/Cargo.toml
[INFO] validating manifest of git repo https://github.com/harshitgupta1337/virt-install-rust on toolchain 1.100.0-beta.1
[INFO] running `Command { std: CARGO_HOME="/workspace/cargo-home" RUSTUP_HOME="/workspace/rustup-home" "/workspace/cargo-home/bin/cargo" "+1.100.0-beta.1" "metadata" "--manifest-path" "Cargo.toml" "--no-deps", kill_on_drop: false }`
[INFO] crate git repo https://github.com/harshitgupta1337/virt-install-rust already has a lockfile, it will not be regenerated
[INFO] running `Command { std: CARGO_HOME="/workspace/cargo-home" RUSTUP_HOME="/workspace/rustup-home" "/workspace/cargo-home/bin/cargo" "+1.100.0-beta.1" "fetch" "--manifest-path" "Cargo.toml", kill_on_drop: false }`
[INFO] [stderr]     Blocking waiting for file lock on package cache
[INFO] running `Command { std: "docker" "create" "-v" "/var/lib/crater-agent-workspace/builds/worker-2-tc2/source:/opt/rustwide/workdir:ro,Z" "-v" "/var/lib/crater-agent-workspace/builds/worker-2-tc2/target:/opt/rustwide/target:rw,Z" "-v" "/var/lib/crater-agent-workspace/cargo-home:/opt/rustwide/cargo-home:ro,Z" "-v" "/var/lib/crater-agent-workspace/rustup-home:/opt/rustwide/rustup-home:ro,Z" "-m" "1610612736" "--network" "none" "ghcr.io/rust-lang/crates-build-env/linux@sha256:77db811e55d90add9212f6832c23229e3de5f1c1f9905e8cb07319ea15df73ac" "sleep" "infinity", kill_on_drop: false }`
[INFO] [stdout] 3ae070d51c3473ed66849bb40671b2260bab015b686b14dd1b0ce923a1a355b3
[INFO] running `Command { std: "docker" "start" "3ae070d51c3473ed66849bb40671b2260bab015b686b14dd1b0ce923a1a355b3", kill_on_drop: false }`
[INFO] running `Command { std: "docker" "inspect" "3ae070d51c3473ed66849bb40671b2260bab015b686b14dd1b0ce923a1a355b3", kill_on_drop: false }`
[INFO] running `Command { std: "docker" "exec" "-e" "SOURCE_DIR=/opt/rustwide/workdir" "-e" "CARGO_HOME=/opt/rustwide/cargo-home" "-e" "RUSTUP_HOME=/opt/rustwide/rustup-home" "-e" "CARGO_TARGET_DIR=/opt/rustwide/target" "-w" "/opt/rustwide/workdir" "--user" "0:0" "3ae070d51c3473ed66849bb40671b2260bab015b686b14dd1b0ce923a1a355b3" "/opt/rustwide/cargo-home/bin/cargo" "+1.100.0-beta.1" "metadata" "--no-deps" "--format-version=1", kill_on_drop: false }`
[INFO] running `Command { std: "docker" "inspect" "3ae070d51c3473ed66849bb40671b2260bab015b686b14dd1b0ce923a1a355b3", kill_on_drop: false }`
[INFO] running `Command { std: "docker" "exec" "-e" "SOURCE_DIR=/opt/rustwide/workdir" "-e" "CARGO_HOME=/opt/rustwide/cargo-home" "-e" "RUSTUP_HOME=/opt/rustwide/rustup-home" "-e" "CARGO_TARGET_DIR=/opt/rustwide/target" "-e" "CARGO_INCREMENTAL=0" "-e" "RUST_BACKTRACE=full" "-e" "RUSTFLAGS=--cap-lints=warn" "-e" "RUSTDOCFLAGS=--cap-lints=warn" "-w" "/opt/rustwide/workdir" "--user" "0:0" "3ae070d51c3473ed66849bb40671b2260bab015b686b14dd1b0ce923a1a355b3" "/opt/rustwide/cargo-home/bin/cargo" "+1.100.0-beta.1" "build" "--frozen" "--message-format=json" "--release", kill_on_drop: false }`
[INFO] [stderr]    Compiling utf8parse v0.2.2
[INFO] [stderr]    Compiling memchr v2.7.4
[INFO] [stderr]    Compiling is_terminal_polyfill v1.70.1
[INFO] [stderr]    Compiling regex-syntax v0.8.5
[INFO] [stderr]    Compiling anstyle v1.0.10
[INFO] [stderr]    Compiling anstyle-query v1.1.2
[INFO] [stderr]    Compiling colorchoice v1.0.3
[INFO] [stderr]    Compiling clap_lex v0.7.4
[INFO] [stderr]    Compiling libc v0.2.172
[INFO] [stderr]    Compiling virt-sys v0.3.0
[INFO] [stderr]    Compiling xml-rs v0.8.26
[INFO] [stderr]    Compiling uuid v1.16.0
[INFO] [stderr]    Compiling syn v2.0.101
[INFO] [stderr]    Compiling anstyle-parse v0.2.6
[INFO] [stderr]    Compiling anstream v0.6.18
[INFO] [stderr]    Compiling clap_builder v4.5.37
[INFO] [stderr]    Compiling aho-corasick v1.1.3
[INFO] [stderr]    Compiling is-terminal v0.4.16
[INFO] [stderr]    Compiling virt v0.4.2
[INFO] [stderr]    Compiling xmltree v0.10.3
[INFO] [stderr]    Compiling regex-automata v0.4.9
[INFO] [stderr]    Compiling clap_derive v4.5.32
[INFO] [stderr]    Compiling thiserror-impl v1.0.69
[INFO] [stderr]    Compiling thiserror v1.0.69
[INFO] [stderr]    Compiling regex v1.11.1
[INFO] [stderr]    Compiling clap v4.5.37
[INFO] [stderr]    Compiling env_logger v0.10.2
[INFO] [stderr]    Compiling virt-install-rs v0.1.0 (/opt/rustwide/workdir)
[INFO] [stdout] warning: variant `Operation` is never constructed
[INFO] [stdout]  --> src/error.rs:9:5
[INFO] [stdout]   |
[INFO] [stdout] 4 | pub enum VirtInstallError {
[INFO] [stdout]   |          ---------------- variant in this enum
[INFO] [stdout] ...
[INFO] [stdout] 9 |     Operation(String),
[INFO] [stdout]   |     ^^^^^^^^^
[INFO] [stdout]   |
[INFO] [stdout]   = note: `VirtInstallError` has a derived impl for the trait `Debug`, but this is intentionally ignored during dead code analysis
[INFO] [stdout]   = note: `#[warn(dead_code)]` (part of `#[warn(unused)]`) on by default
[INFO] [stdout] 
[INFO] [stdout] 
[INFO] [stdout] error: linking with `cc` failed: exit status: 1
[INFO] [stdout]   |
[INFO] [stdout]   = note:  "cc" "-m64" "/opt/rustwide/target/release/build/virt-install-rs/997ab8971d33289e/out/rustcg0sYJr/symbols.o" "<11 object files omitted>" "-Wl,--as-needed" "-Wl,-Bstatic" "/opt/rustwide/target/release/build/env_logger/504ecef7cd99663b/out/libenv_logger-504ecef7cd99663b.rlib" "/opt/rustwide/target/release/build/termcolor/7fdbd35a1ab5fb9d/out/libtermcolor-7fdbd35a1ab5fb9d.rlib" "/opt/rustwide/target/release/build/is-terminal/5082271cc8b17159/out/libis_terminal-5082271cc8b17159.rlib" "/opt/rustwide/target/release/build/humantime/a72c131bce02fa37/out/libhumantime-a72c131bce02fa37.rlib" "/opt/rustwide/target/release/build/regex/a1593c75a79eb3c7/out/libregex-a1593c75a79eb3c7.rlib" "/opt/rustwide/target/release/build/regex-automata/6cab6d9a9ccedb07/out/libregex_automata-6cab6d9a9ccedb07.rlib" "/opt/rustwide/target/release/build/aho-corasick/da7dbe5760195501/out/libaho_corasick-da7dbe5760195501.rlib" "/opt/rustwide/target/release/build/memchr/c37383c48e4ac4f1/out/libmemchr-c37383c48e4ac4f1.rlib" "/opt/rustwide/target/release/build/regex-syntax/095e54cd682ef050/out/libregex_syntax-095e54cd682ef050.rlib" "/opt/rustwide/target/release/build/virt/f531a1b347f0db32/out/libvirt-f531a1b347f0db32.rlib" "/opt/rustwide/target/release/build/uuid/7aad1768cee66a8f/out/libuuid-7aad1768cee66a8f.rlib" "/opt/rustwide/target/release/build/virt-sys/746951027cbbaf6a/out/libvirt_sys-746951027cbbaf6a.rlib" "/opt/rustwide/target/release/build/libc/497dc2e61057816d/out/liblibc-497dc2e61057816d.rlib" "/opt/rustwide/target/release/build/thiserror/aceef5cd91ee2bc7/out/libthiserror-aceef5cd91ee2bc7.rlib" "/opt/rustwide/target/release/build/xmltree/e6aa8b6b68229ba2/out/libxmltree-e6aa8b6b68229ba2.rlib" "/opt/rustwide/target/release/build/xml-rs/3c1cd1086cdd6d43/out/libxml-3c1cd1086cdd6d43.rlib" "/opt/rustwide/target/release/build/log/1c4a7889fe856591/out/liblog-1c4a7889fe856591.rlib" "/opt/rustwide/target/release/build/clap/52060e1cf2018bab/out/libclap-52060e1cf2018bab.rlib" "/opt/rustwide/target/release/build/clap_builder/f441e16e6a9c69a7/out/libclap_builder-f441e16e6a9c69a7.rlib" "/opt/rustwide/target/release/build/strsim/59d8e27f2067b49a/out/libstrsim-59d8e27f2067b49a.rlib" "/opt/rustwide/target/release/build/anstream/d20833f678952659/out/libanstream-d20833f678952659.rlib" "/opt/rustwide/target/release/build/anstyle-query/e5119e0ffcc33888/out/libanstyle_query-e5119e0ffcc33888.rlib" "/opt/rustwide/target/release/build/is_terminal_polyfill/b73ba43195072384/out/libis_terminal_polyfill-b73ba43195072384.rlib" "/opt/rustwide/target/release/build/colorchoice/af8f89a4102b8c70/out/libcolorchoice-af8f89a4102b8c70.rlib" "/opt/rustwide/target/release/build/anstyle-parse/fe75c18ca222b86c/out/libanstyle_parse-fe75c18ca222b86c.rlib" "/opt/rustwide/target/release/build/utf8parse/fd39fdebeec71100/out/libutf8parse-fd39fdebeec71100.rlib" "/opt/rustwide/target/release/build/clap_lex/0c7bf81b6a2ddeb7/out/libclap_lex-0c7bf81b6a2ddeb7.rlib" "/opt/rustwide/target/release/build/anstyle/66032ee646ec795a/out/libanstyle-66032ee646ec795a.rlib" "<sysroot>/lib/rustlib/x86_64-unknown-linux-gnu/lib/{libstd-*,libpanic_unwind-*,libobject-*,libmemchr-*,libaddr2line-*,libgimli-*,libcfg_if-*,librustc_demangle-*,libstd_detect-*,libhashbrown-*,librustc_std_workspace_alloc-*,libminiz_oxide-*,libadler2-*,libunwind-*,liblibc-*,librustc_std_workspace_core-*,liballoc-*,libcore-*,libcompiler_builtins-*}.rlib" "-Wl,-Bdynamic" "-lgcc_s" "-lutil" "-lrt" "-lpthread" "-lm" "-ldl" "-lc" "-L" "/opt/rustwide/target/release/build/virt-install-rs/997ab8971d33289e/out/rustcg0sYJr/raw-dylibs" "-B<sysroot>/lib/rustlib/x86_64-unknown-linux-gnu/bin/gcc-ld" "-fuse-ld=lld" "-Wl,--eh-frame-hdr" "-Wl,-z,noexecstack" "-L" "<sysroot>/lib/rustlib/x86_64-unknown-linux-gnu/lib" "-o" "/opt/rustwide/target/release/build/virt-install-rs/997ab8971d33289e/out/virt_install_rs" "-Wl,--gc-sections" "-pie" "-Wl,-z,relro,-z,now" "-Wl,-O1" "-Wl,--strip-debug" "-nodefaultlibs"
[INFO] [stdout]   = note: some arguments are omitted. use `--verbose` to show all linker arguments
[INFO] [stdout]   = note: rust-lld: error: undefined symbol: virDomainCreateXML
[INFO] [stdout]           >>> referenced by virt.789b0b500f32e2a4-cgu.0
[INFO] [stdout]           >>>               virt-f531a1b347f0db32.virt.789b0b500f32e2a4-cgu.0.rcgu.o:(<virt::domain::Domain>::create_xml) in archive /opt/rustwide/target/release/build/virt/f531a1b347f0db32/out/libvirt-f531a1b347f0db32.rlib
[INFO] [stdout]           
[INFO] [stdout]           rust-lld: error: undefined symbol: virDomainFree
[INFO] [stdout]           >>> referenced by virt.789b0b500f32e2a4-cgu.0
[INFO] [stdout]           >>>               virt-f531a1b347f0db32.virt.789b0b500f32e2a4-cgu.0.rcgu.o:(<virt::domain::Domain as core::ops::drop::Drop>::drop) in archive /opt/rustwide/target/release/build/virt/f531a1b347f0db32/out/libvirt-f531a1b347f0db32.rlib
[INFO] [stdout]           
[INFO] [stdout]           rust-lld: error: undefined symbol: virGetLastError
[INFO] [stdout]           >>> referenced by virt.789b0b500f32e2a4-cgu.1
[INFO] [stdout]           >>>               virt-f531a1b347f0db32.virt.789b0b500f32e2a4-cgu.1.rcgu.o:(<virt::error::Error>::last_error) in archive /opt/rustwide/target/release/build/virt/f531a1b347f0db32/out/libvirt-f531a1b347f0db32.rlib
[INFO] [stdout]           
[INFO] [stdout]           rust-lld: error: undefined symbol: virConnectOpen
[INFO] [stdout]           >>> referenced by virt.789b0b500f32e2a4-cgu.2
[INFO] [stdout]           >>>               virt-f531a1b347f0db32.virt.789b0b500f32e2a4-cgu.2.rcgu.o:(<virt::connect::Connect>::open) in archive /opt/rustwide/target/release/build/virt/f531a1b347f0db32/out/libvirt-f531a1b347f0db32.rlib
[INFO] [stdout]           >>> referenced by virt.789b0b500f32e2a4-cgu.2
[INFO] [stdout]           >>>               virt-f531a1b347f0db32.virt.789b0b500f32e2a4-cgu.2.rcgu.o:(<virt::connect::Connect>::open) in archive /opt/rustwide/target/release/build/virt/f531a1b347f0db32/out/libvirt-f531a1b347f0db32.rlib
[INFO] [stdout]           collect2: error: ld returned 1 exit status
[INFO] [stdout]           
[INFO] [stdout] 
[INFO] [stdout] 
[INFO] [stderr] error: could not compile `virt-install-rs` (bin "virt-install-rs") due to 1 previous error; 1 warning emitted
[INFO] running `Command { std: "docker" "inspect" "3ae070d51c3473ed66849bb40671b2260bab015b686b14dd1b0ce923a1a355b3", kill_on_drop: false }`
[INFO] running `Command { std: "docker" "rm" "-f" "3ae070d51c3473ed66849bb40671b2260bab015b686b14dd1b0ce923a1a355b3", kill_on_drop: false }`
[INFO] [stdout] 3ae070d51c3473ed66849bb40671b2260bab015b686b14dd1b0ce923a1a355b3
