[INFO] cloning repository https://github.com/harmjan/homeassistant-game-integration
[INFO] running `Command { std: "git" "-c" "credential.helper=" "-c" "credential.helper=/workspace/cargo-home/bin/git-credential-null" "clone" "--bare" "https://github.com/harmjan/homeassistant-game-integration" "/workspace/cache/git-repos/https%3A%2F%2Fgithub.com%2Fharmjan%2Fhomeassistant-game-integration", kill_on_drop: false }`
[INFO] [stderr] Cloning into bare repository '/workspace/cache/git-repos/https%3A%2F%2Fgithub.com%2Fharmjan%2Fhomeassistant-game-integration'...
[INFO] running `Command { std: "git" "rev-parse" "HEAD", kill_on_drop: false }`
[INFO] [stdout] a42fc778d73bb369bfda5f3513026f0b24ea8041
[INFO] testing harmjan/homeassistant-game-integration against 1.100.0-beta.1+cargoflags=--release for beta-release-1.100-2
[INFO] running `Command { std: "git" "clone" "/workspace/cache/git-repos/https%3A%2F%2Fgithub.com%2Fharmjan%2Fhomeassistant-game-integration" "/workspace/builds/worker-2-tc2/source", kill_on_drop: false }`
[INFO] [stderr] Cloning into '/workspace/builds/worker-2-tc2/source'...
[INFO] [stderr] done.
[INFO] started tweaking git repo https://github.com/harmjan/homeassistant-game-integration
[INFO] finished tweaking git repo https://github.com/harmjan/homeassistant-game-integration
[INFO] tweaked toml for git repo https://github.com/harmjan/homeassistant-game-integration written to /workspace/builds/worker-2-tc2/source/Cargo.toml
[INFO] validating manifest of git repo https://github.com/harmjan/homeassistant-game-integration on toolchain 1.100.0-beta.1
[INFO] running `Command { std: CARGO_HOME="/workspace/cargo-home" RUSTUP_HOME="/workspace/rustup-home" "/workspace/cargo-home/bin/cargo" "+1.100.0-beta.1" "metadata" "--manifest-path" "Cargo.toml" "--no-deps", kill_on_drop: false }`
[INFO] crate git repo https://github.com/harmjan/homeassistant-game-integration already has a lockfile, it will not be regenerated
[INFO] running `Command { std: CARGO_HOME="/workspace/cargo-home" RUSTUP_HOME="/workspace/rustup-home" "/workspace/cargo-home/bin/cargo" "+1.100.0-beta.1" "fetch" "--manifest-path" "Cargo.toml", kill_on_drop: false }`
[INFO] running `Command { std: "docker" "create" "-v" "/var/lib/crater-agent-workspace/builds/worker-2-tc2/source:/opt/rustwide/workdir:ro,Z" "-v" "/var/lib/crater-agent-workspace/builds/worker-2-tc2/target:/opt/rustwide/target:rw,Z" "-v" "/var/lib/crater-agent-workspace/cargo-home:/opt/rustwide/cargo-home:ro,Z" "-v" "/var/lib/crater-agent-workspace/rustup-home:/opt/rustwide/rustup-home:ro,Z" "-m" "1610612736" "--network" "none" "ghcr.io/rust-lang/crates-build-env/linux@sha256:77db811e55d90add9212f6832c23229e3de5f1c1f9905e8cb07319ea15df73ac" "sleep" "infinity", kill_on_drop: false }`
[INFO] [stdout] cf1fd3d05eed01153f05bdce8ad3cfdee03b17e8f8a20219d1e3255478732d1d
[INFO] running `Command { std: "docker" "start" "cf1fd3d05eed01153f05bdce8ad3cfdee03b17e8f8a20219d1e3255478732d1d", kill_on_drop: false }`
[INFO] running `Command { std: "docker" "inspect" "cf1fd3d05eed01153f05bdce8ad3cfdee03b17e8f8a20219d1e3255478732d1d", kill_on_drop: false }`
[INFO] running `Command { std: "docker" "exec" "-e" "SOURCE_DIR=/opt/rustwide/workdir" "-e" "CARGO_HOME=/opt/rustwide/cargo-home" "-e" "RUSTUP_HOME=/opt/rustwide/rustup-home" "-e" "CARGO_TARGET_DIR=/opt/rustwide/target" "-w" "/opt/rustwide/workdir" "--user" "0:0" "cf1fd3d05eed01153f05bdce8ad3cfdee03b17e8f8a20219d1e3255478732d1d" "/opt/rustwide/cargo-home/bin/cargo" "+1.100.0-beta.1" "metadata" "--no-deps" "--format-version=1", kill_on_drop: false }`
[INFO] running `Command { std: "docker" "inspect" "cf1fd3d05eed01153f05bdce8ad3cfdee03b17e8f8a20219d1e3255478732d1d", kill_on_drop: false }`
[INFO] running `Command { std: "docker" "exec" "-e" "SOURCE_DIR=/opt/rustwide/workdir" "-e" "CARGO_HOME=/opt/rustwide/cargo-home" "-e" "RUSTUP_HOME=/opt/rustwide/rustup-home" "-e" "CARGO_TARGET_DIR=/opt/rustwide/target" "-e" "CARGO_INCREMENTAL=0" "-e" "RUST_BACKTRACE=full" "-e" "RUSTFLAGS=--cap-lints=warn" "-e" "RUSTDOCFLAGS=--cap-lints=warn" "-w" "/opt/rustwide/workdir" "--user" "0:0" "cf1fd3d05eed01153f05bdce8ad3cfdee03b17e8f8a20219d1e3255478732d1d" "/opt/rustwide/cargo-home/bin/cargo" "+1.100.0-beta.1" "build" "--frozen" "--message-format=json" "--release", kill_on_drop: false }`
[INFO] [stderr]    Compiling libc v0.2.152
[INFO] [stderr]    Compiling proc-macro2 v1.0.76
[INFO] [stderr]    Compiling vcpkg v0.2.15
[INFO] [stderr]    Compiling pkg-config v0.3.29
[INFO] [stderr]    Compiling autocfg v1.1.0
[INFO] [stderr]    Compiling once_cell v1.19.0
[INFO] [stderr]    Compiling pin-project-lite v0.2.13
[INFO] [stderr]    Compiling bytes v1.5.0
[INFO] [stderr]    Compiling glob v0.3.1
[INFO] [stderr]    Compiling serde v1.0.195
[INFO] [stderr]    Compiling itoa v1.0.10
[INFO] [stderr]    Compiling futures-core v0.3.30
[INFO] [stderr]    Compiling memchr v2.7.1
[INFO] [stderr]    Compiling indexmap v2.1.0
[INFO] [stderr]    Compiling openssl v0.10.63
[INFO] [stderr]    Compiling foreign-types-shared v0.1.1
[INFO] [stderr]    Compiling regex-syntax v0.8.2
[INFO] [stderr]    Compiling foreign-types v0.3.2
[INFO] [stderr]    Compiling tinyvec_macros v0.1.1
[INFO] [stderr]    Compiling bitflags v2.4.2
[INFO] [stderr]    Compiling cfg-if v1.0.0
[INFO] [stderr]    Compiling httparse v1.8.0
[INFO] [stderr]    Compiling tracing-core v0.1.32
[INFO] [stderr]    Compiling native-tls v0.2.11
[INFO] [stderr]    Compiling clang-sys v1.7.0
[INFO] [stderr]    Compiling slab v0.4.9
[INFO] [stderr]    Compiling semver v1.0.21
[INFO] [stderr]    Compiling futures-task v0.3.30
[INFO] [stderr]    Compiling futures-sink v0.3.30
[INFO] [stderr]    Compiling futures-io v0.3.30
[INFO] [stderr]    Compiling aho-corasick v1.1.2
[INFO] [stderr]    Compiling http v0.2.11
[INFO] [stderr]    Compiling tinyvec v1.6.0
[INFO] [stderr]    Compiling openssl-probe v0.1.5
[INFO] [stderr]    Compiling percent-encoding v2.3.1
[INFO] [stderr]    Compiling futures-util v0.3.30
[INFO] [stderr]    Compiling tracing v0.1.40
[INFO] [stderr]    Compiling dunce v1.0.4
[INFO] [stderr]    Compiling log v0.4.20
[INFO] [stderr]    Compiling quote v1.0.35
[INFO] [stderr]    Compiling scopeguard v1.2.0
[INFO] [stderr]    Compiling form_urlencoded v1.2.1
[INFO] [stderr]    Compiling jobserver v0.1.27
[INFO] [stderr]    Compiling syn v2.0.48
[INFO] [stderr]    Compiling num_cpus v1.16.0
[INFO] [stderr]    Compiling socket2 v0.5.5
[INFO] [stderr]    Compiling mio v0.8.10
[INFO] [stderr]    Compiling getrandom v0.2.12
[INFO] [stderr]    Compiling cc v1.0.83
[INFO] [stderr]    Compiling unicode-normalization v0.1.22
[INFO] [stderr]    Compiling jobslot v0.2.14
[INFO] [stderr]    Compiling clang v2.0.0
[INFO] [stderr]    Compiling num-traits v0.2.17
[INFO] [stderr]    Compiling futures-channel v0.3.30
[INFO] [stderr]    Compiling shlex v1.2.0
[INFO] [stderr]    Compiling unicode-bidi v0.3.15
[INFO] [stderr]    Compiling tower-service v0.3.2
[INFO] [stderr]    Compiling ryu v1.0.16
[INFO] [stderr]    Compiling thiserror v1.0.56
[INFO] [stderr]    Compiling http-body v0.4.6
[INFO] [stderr]    Compiling winnow v0.5.34
[INFO] [stderr]    Compiling tokio v1.35.1
[INFO] [stderr]    Compiling encoding_rs v0.8.33
[INFO] [stderr]    Compiling ipnet v2.9.0
[INFO] [stderr]    Compiling base64 v0.21.7
[INFO] [stderr]    Compiling regex-automata v0.4.3
[INFO] [stderr]    Compiling idna v0.5.0
[INFO] [stderr]    Compiling url v2.5.0
[INFO] [stderr]    Compiling openssl-sys v0.9.99
[INFO] [stderr]    Compiling serde_derive v1.0.195
[INFO] [stderr]    Compiling openssl-macros v0.1.1
[INFO] [stderr]    Compiling thiserror-impl v1.0.56
[INFO] [stderr]    Compiling regex v1.10.2
[INFO] [stderr]    Compiling opencv-binding-generator v0.84.0
[INFO] [stderr]    Compiling tokio-util v0.7.10
[INFO] [stderr]    Compiling h2 v0.3.24
[INFO] [stderr]    Compiling tokio-native-tls v0.3.1
[INFO] [stderr]    Compiling opencv v0.88.8
[INFO] [stderr]    Compiling serde_spanned v0.6.5
[INFO] [stderr]    Compiling toml_datetime v0.6.5
[INFO] [stderr]    Compiling serde_urlencoded v0.7.1
[INFO] [stderr]    Compiling toml_edit v0.21.0
[INFO] [stderr]    Compiling hyper v0.14.28
[INFO] [stderr]    Compiling toml v0.8.8
[INFO] [stderr]    Compiling hyper-tls v0.5.0
[INFO] [stderr]    Compiling reqwest v0.11.23
[INFO] [stderr] warning: opencv@0.88.8: c++: fatal error: Killed signal terminated program cc1plus
[INFO] [stderr] warning: opencv@0.88.8: compilation terminated.
[INFO] [stderr] warning: opencv@0.88.8: c++: fatal error: Killed signal terminated program cc1plus
[INFO] [stderr] warning: opencv@0.88.8: compilation terminated.
[INFO] [stderr] warning: opencv@0.88.8: ToolExecError: Command "c++" "-O3" "-ffunction-sections" "-fdata-sections" "-fPIC" "-m64" "-std=c++14" "-I" "/opt/rustwide/cargo-home/registry/src/index.crates.io-1949cf8c6b5b557f/opencv-0.88.8/src_cpp" "-I" "/opt/rustwide/target/release/build/opencv/ffcab372dce703bb/out" "-I" "." "-I" "/usr/include/opencv4" "-Wall" "-Wextra" "-Wno-deprecated-declarations" "-Wno-deprecated-copy" "-Wno-unused-parameter" "-Wno-sign-compare" "-Wno-comment" "-Wunused-but-set-variable" "-Wno-unused-variable" "-Wno-ignored-qualifiers" "-Wno-return-type-c-linkage" "-Wno-overloaded-virtual" "-o" "/opt/rustwide/target/release/build/opencv/ffcab372dce703bb/out/072554f5d0d186bc-bgsegm.o" "-c" "/opt/rustwide/target/release/build/opencv/ffcab372dce703bb/out/bgsegm.cpp" with args "c++" did not execute successfully (status code exit status: 1).
[INFO] [stderr] warning: opencv@0.88.8: ToolExecError: Command "c++" "-O3" "-ffunction-sections" "-fdata-sections" "-fPIC" "-m64" "-std=c++14" "-I" "/opt/rustwide/cargo-home/registry/src/index.crates.io-1949cf8c6b5b557f/opencv-0.88.8/src_cpp" "-I" "/opt/rustwide/target/release/build/opencv/ffcab372dce703bb/out" "-I" "." "-I" "/usr/include/opencv4" "-Wall" "-Wextra" "-Wno-deprecated-declarations" "-Wno-deprecated-copy" "-Wno-unused-parameter" "-Wno-sign-compare" "-Wno-comment" "-Wunused-but-set-variable" "-Wno-unused-variable" "-Wno-ignored-qualifiers" "-Wno-return-type-c-linkage" "-Wno-overloaded-virtual" "-o" "/opt/rustwide/target/release/build/opencv/ffcab372dce703bb/out/072554f5d0d186bc-core.o" "-c" "/opt/rustwide/target/release/build/opencv/ffcab372dce703bb/out/core.cpp" with args "c++" did not execute successfully (status code exit status: 1).running: "c++" "-O3" "-ffunction-sections" "-fdata-sections" "-fPIC" "-m64" "-std=c++14" "-I" "/opt/rustwide/cargo-home/registry/src/index.crates.io-1949cf8c6b5b557f/opencv-0.88.8/src_cpp" "-I" "/opt/rustwide/target/release/build/opencv/ffcab372dce703bb/out" "-I" "." "-I" "/usr/include/opencv4" "-Wall" "-Wextra" "-Wno-deprecated-declarations" "-Wno-deprecated-copy" "-Wno-unused-parameter" "-Wno-sign-compare" "-Wno-comment" "-Wunused-but-set-variable" "-Wno-unused-variable" "-Wno-ignored-qualifiers" "-Wno-return-type-c-linkage" "-Wno-overloaded-virtual" "-o" "/opt/rustwide/target/release/build/opencv/ffcab372dce703bb/out/072554f5d0d186bc-fuzzy.o" "-c" "/opt/rustwide/target/release/build/opencv/ffcab372dce703bb/out/fuzzy.cpp"
[INFO] [stderr] warning: opencv@0.88.8: c++: fatal error: Killed signal terminated program cc1plus
[INFO] [stderr] warning: opencv@0.88.8: compilation terminated.
[INFO] [stderr] warning: opencv@0.88.8: ToolExecError: Command "c++" "-O3" "-ffunction-sections" "-fdata-sections" "-fPIC" "-m64" "-std=c++14" "-I" "/opt/rustwide/cargo-home/registry/src/index.crates.io-1949cf8c6b5b557f/opencv-0.88.8/src_cpp" "-I" "/opt/rustwide/target/release/build/opencv/ffcab372dce703bb/out" "-I" "." "-I" "/usr/include/opencv4" "-Wall" "-Wextra" "-Wno-deprecated-declarations" "-Wno-deprecated-copy" "-Wno-unused-parameter" "-Wno-sign-compare" "-Wno-comment" "-Wunused-but-set-variable" "-Wno-unused-variable" "-Wno-ignored-qualifiers" "-Wno-return-type-c-linkage" "-Wno-overloaded-virtual" "-o" "/opt/rustwide/target/release/build/opencv/ffcab372dce703bb/out/072554f5d0d186bc-calib3d.o" "-c" "/opt/rustwide/target/release/build/opencv/ffcab372dce703bb/out/calib3d.cpp" with args "c++" did not execute successfully (status code exit status: 1).running: "c++" "-O3" "-ffunction-sections" "-fdata-sections" "-fPIC" "-m64" "-std=c++14" "-I" "/opt/rustwide/cargo-home/registry/src/index.crates.io-1949cf8c6b5b557f/opencv-0.88.8/src_cpp" "-I" "/opt/rustwide/target/release/build/opencv/ffcab372dce703bb/out" "-I" "." "-I" "/usr/include/opencv4" "-Wall" "-Wextra" "-Wno-deprecated-declarations" "-Wno-deprecated-copy" "-Wno-unused-parameter" "-Wno-sign-compare" "-Wno-comment" "-Wunused-but-set-variable" "-Wno-unused-variable" "-Wno-ignored-qualifiers" "-Wno-return-type-c-linkage" "-Wno-overloaded-virtual" "-o" "/opt/rustwide/target/release/build/opencv/ffcab372dce703bb/out/072554f5d0d186bc-hfs.o" "-c" "/opt/rustwide/target/release/build/opencv/ffcab372dce703bb/out/hfs.cpp"
[INFO] [stderr] warning: opencv@0.88.8: c++: fatal error: Killed signal terminated program cc1plus
[INFO] [stderr] warning: opencv@0.88.8: compilation terminated.
[INFO] [stderr] warning: opencv@0.88.8: ToolExecError: Command "c++" "-O3" "-ffunction-sections" "-fdata-sections" "-fPIC" "-m64" "-std=c++14" "-I" "/opt/rustwide/cargo-home/registry/src/index.crates.io-1949cf8c6b5b557f/opencv-0.88.8/src_cpp" "-I" "/opt/rustwide/target/release/build/opencv/ffcab372dce703bb/out" "-I" "." "-I" "/usr/include/opencv4" "-Wall" "-Wextra" "-Wno-deprecated-declarations" "-Wno-deprecated-copy" "-Wno-unused-parameter" "-Wno-sign-compare" "-Wno-comment" "-Wunused-but-set-variable" "-Wno-unused-variable" "-Wno-ignored-qualifiers" "-Wno-return-type-c-linkage" "-Wno-overloaded-virtual" "-o" "/opt/rustwide/target/release/build/opencv/ffcab372dce703bb/out/072554f5d0d186bc-ccalib.o" "-c" "/opt/rustwide/target/release/build/opencv/ffcab372dce703bb/out/ccalib.cpp" with args "c++" did not execute successfully (status code exit status: 1).running: "c++" "-O3" "-ffunction-sections" "-fdata-sections" "-fPIC" "-m64" "-std=c++14" "-I" "/opt/rustwide/cargo-home/registry/src/index.crates.io-1949cf8c6b5b557f/opencv-0.88.8/src_cpp" "-I" "/opt/rustwide/target/release/build/opencv/ffcab372dce703bb/out" "-I" "." "-I" "/usr/include/opencv4" "-Wall" "-Wextra" "-Wno-deprecated-declarations" "-Wno-deprecated-copy" "-Wno-unused-parameter" "-Wno-sign-compare" "-Wno-comment" "-Wunused-but-set-variable" "-Wno-unused-variable" "-Wno-ignored-qualifiers" "-Wno-return-type-c-linkage" "-Wno-overloaded-virtual" "-o" "/opt/rustwide/target/release/build/opencv/ffcab372dce703bb/out/072554f5d0d186bc-highgui.o" "-c" "/opt/rustwide/target/release/build/opencv/ffcab372dce703bb/out/highgui.cpp"
[INFO] [stderr] warning: opencv@0.88.8: c++: fatal error: Killed signal terminated program cc1plus
[INFO] [stderr] warning: opencv@0.88.8: compilation terminated.
[INFO] [stderr] warning: opencv@0.88.8: ToolExecError: Command "c++" "-O3" "-ffunction-sections" "-fdata-sections" "-fPIC" "-m64" "-std=c++14" "-I" "/opt/rustwide/cargo-home/registry/src/index.crates.io-1949cf8c6b5b557f/opencv-0.88.8/src_cpp" "-I" "/opt/rustwide/target/release/build/opencv/ffcab372dce703bb/out" "-I" "." "-I" "/usr/include/opencv4" "-Wall" "-Wextra" "-Wno-deprecated-declarations" "-Wno-deprecated-copy" "-Wno-unused-parameter" "-Wno-sign-compare" "-Wno-comment" "-Wunused-but-set-variable" "-Wno-unused-variable" "-Wno-ignored-qualifiers" "-Wno-return-type-c-linkage" "-Wno-overloaded-virtual" "-o" "/opt/rustwide/target/release/build/opencv/ffcab372dce703bb/out/072554f5d0d186bc-dnn.o" "-c" "/opt/rustwide/target/release/build/opencv/ffcab372dce703bb/out/dnn.cpp" with args "c++" did not execute successfully (status code exit status: 1).
[INFO] [stderr] warning: opencv@0.88.8: ToolExecError: Command "c++" "-O3" "-ffunction-sections" "-fdata-sections" "-fPIC" "-m64" "-std=c++14" "-I" "/opt/rustwide/cargo-home/registry/src/index.crates.io-1949cf8c6b5b557f/opencv-0.88.8/src_cpp" "-I" "/opt/rustwide/target/release/build/opencv/ffcab372dce703bb/out" "-I" "." "-I" "/usr/include/opencv4" "-Wall" "-Wextra" "-Wno-deprecated-declarations" "-Wno-deprecated-copy" "-Wno-unused-parameter" "-Wno-sign-compare" "-Wno-comment" "-Wunused-but-set-variable" "-Wno-unused-variable" "-Wno-ignored-qualifiers" "-Wno-return-type-c-linkage" "-Wno-overloaded-virtual" "-o" "/opt/rustwide/target/release/build/opencv/ffcab372dce703bb/out/072554f5d0d186bc-dpm.o" "-c" "/opt/rustwide/target/release/build/opencv/ffcab372dce703bb/out/dpm.cpp" with args "c++" did not execute successfully (status code exit status: 1).cargo:warning=c++: fatal error: Killed signal terminated program cc1plus
[INFO] [stderr] warning: opencv@0.88.8: compilation terminated.
[INFO] [stderr] warning: opencv@0.88.8: c++: fatal error: Killed signal terminated program cc1plus
[INFO] [stderr] warning: opencv@0.88.8: compilation terminated.
[INFO] [stderr] warning: opencv@0.88.8: c++: fatal error: Killed signal terminated program cc1plus
[INFO] [stderr] warning: opencv@0.88.8: compilation terminated.
[INFO] [stderr] warning: opencv@0.88.8: ToolExecError: Command "c++" "-O3" "-ffunction-sections" "-fdata-sections" "-fPIC" "-m64" "-std=c++14" "-I" "/opt/rustwide/cargo-home/registry/src/index.crates.io-1949cf8c6b5b557f/opencv-0.88.8/src_cpp" "-I" "/opt/rustwide/target/release/build/opencv/ffcab372dce703bb/out" "-I" "." "-I" "/usr/include/opencv4" "-Wall" "-Wextra" "-Wno-deprecated-declarations" "-Wno-deprecated-copy" "-Wno-unused-parameter" "-Wno-sign-compare" "-Wno-comment" "-Wunused-but-set-variable" "-Wno-unused-variable" "-Wno-ignored-qualifiers" "-Wno-return-type-c-linkage" "-Wno-overloaded-virtual" "-o" "/opt/rustwide/target/release/build/opencv/ffcab372dce703bb/out/072554f5d0d186bc-face.o" "-c" "/opt/rustwide/target/release/build/opencv/ffcab372dce703bb/out/face.cpp" with args "c++" did not execute successfully (status code exit status: 1).
[INFO] [stderr] warning: opencv@0.88.8: ToolExecError: Command "c++" "-O3" "-ffunction-sections" "-fdata-sections" "-fPIC" "-m64" "-std=c++14" "-I" "/opt/rustwide/cargo-home/registry/src/index.crates.io-1949cf8c6b5b557f/opencv-0.88.8/src_cpp" "-I" "/opt/rustwide/target/release/build/opencv/ffcab372dce703bb/out" "-I" "." "-I" "/usr/include/opencv4" "-Wall" "-Wextra" "-Wno-deprecated-declarations" "-Wno-deprecated-copy" "-Wno-unused-parameter" "-Wno-sign-compare" "-Wno-comment" "-Wunused-but-set-variable" "-Wno-unused-variable" "-Wno-ignored-qualifiers" "-Wno-return-type-c-linkage" "-Wno-overloaded-virtual" "-o" "/opt/rustwide/target/release/build/opencv/ffcab372dce703bb/out/072554f5d0d186bc-flann.o" "-c" "/opt/rustwide/target/release/build/opencv/ffcab372dce703bb/out/flann.cpp" with args "c++" did not execute successfully (status code exit status: 1).running: "c++" "-O3" "-ffunction-sections" "-fdata-sections" "-fPIC" "-m64" "-std=c++14" "-I" "/opt/rustwide/cargo-home/registry/src/index.crates.io-1949cf8c6b5b557f/opencv-0.88.8/src_cpp" "-I" "/opt/rustwide/target/release/build/opencv/ffcab372dce703bb/out" "-I" "." "-I" "/usr/include/opencv4" "-Wall" "-Wextra" "-Wno-deprecated-declarations" "-Wno-deprecated-copy" "-Wno-unused-parameter" "-Wno-sign-compare" "-Wno-comment" "-Wunused-but-set-variable" "-Wno-unused-variable" "-Wno-ignored-qualifiers" "-Wno-return-type-c-linkage" "-Wno-overloaded-virtual" "-o" "/opt/rustwide/target/release/build/opencv/ffcab372dce703bb/out/072554f5d0d186bc-mcc.o" "-c" "/opt/rustwide/target/release/build/opencv/ffcab372dce703bb/out/mcc.cpp"
[INFO] [stderr] warning: opencv@0.88.8: c++: fatal error: Killed signal terminated program cc1plus
[INFO] [stderr] warning: opencv@0.88.8: compilation terminated.
[INFO] [stderr] warning: opencv@0.88.8: c++: fatal error: Killed signal terminated program cc1plus
[INFO] [stderr] warning: opencv@0.88.8: compilation terminated.
[INFO] [stderr] warning: opencv@0.88.8: ToolExecError: Command "c++" "-O3" "-ffunction-sections" "-fdata-sections" "-fPIC" "-m64" "-std=c++14" "-I" "/opt/rustwide/cargo-home/registry/src/index.crates.io-1949cf8c6b5b557f/opencv-0.88.8/src_cpp" "-I" "/opt/rustwide/target/release/build/opencv/ffcab372dce703bb/out" "-I" "." "-I" "/usr/include/opencv4" "-Wall" "-Wextra" "-Wno-deprecated-declarations" "-Wno-deprecated-copy" "-Wno-unused-parameter" "-Wno-sign-compare" "-Wno-comment" "-Wunused-but-set-variable" "-Wno-unused-variable" "-Wno-ignored-qualifiers" "-Wno-return-type-c-linkage" "-Wno-overloaded-virtual" "-o" "/opt/rustwide/target/release/build/opencv/ffcab372dce703bb/out/072554f5d0d186bc-aruco.o" "-c" "/opt/rustwide/target/release/build/opencv/ffcab372dce703bb/out/aruco.cpp" with args "c++" did not execute successfully (status code exit status: 1).
[INFO] [stderr] warning: opencv@0.88.8: ToolExecError: Command "c++" "-O3" "-ffunction-sections" "-fdata-sections" "-fPIC" "-m64" "-std=c++14" "-I" "/opt/rustwide/cargo-home/registry/src/index.crates.io-1949cf8c6b5b557f/opencv-0.88.8/src_cpp" "-I" "/opt/rustwide/target/release/build/opencv/ffcab372dce703bb/out" "-I" "." "-I" "/usr/include/opencv4" "-Wall" "-Wextra" "-Wno-deprecated-declarations" "-Wno-deprecated-copy" "-Wno-unused-parameter" "-Wno-sign-compare" "-Wno-comment" "-Wunused-but-set-variable" "-Wno-unused-variable" "-Wno-ignored-qualifiers" "-Wno-return-type-c-linkage" "-Wno-overloaded-virtual" "-o" "/opt/rustwide/target/release/build/opencv/ffcab372dce703bb/out/072554f5d0d186bc-features2d.o" "-c" "/opt/rustwide/target/release/build/opencv/ffcab372dce703bb/out/features2d.cpp" with args "c++" did not execute successfully (status code exit status: 1).running: "c++" "-O3" "-ffunction-sections" "-fdata-sections" "-fPIC" "-m64" "-std=c++14" "-I" "/opt/rustwide/cargo-home/registry/src/index.crates.io-1949cf8c6b5b557f/opencv-0.88.8/src_cpp" "-I" "/opt/rustwide/target/release/build/opencv/ffcab372dce703bb/out" "-I" "." "-I" "/usr/include/opencv4" "-Wall" "-Wextra" "-Wno-deprecated-declarations" "-Wno-deprecated-copy" "-Wno-unused-parameter" "-Wno-sign-compare" "-Wno-comment" "-Wunused-but-set-variable" "-Wno-unused-variable" "-Wno-ignored-qualifiers" "-Wno-return-type-c-linkage" "-Wno-overloaded-virtual" "-o" "/opt/rustwide/target/release/build/opencv/ffcab372dce703bb/out/072554f5d0d186bc-optflow.o" "-c" "/opt/rustwide/target/release/build/opencv/ffcab372dce703bb/out/optflow.cpp"
[INFO] [stderr] warning: opencv@0.88.8: c++: fatal error: Killed signal terminated program cc1plus
[INFO] [stderr] warning: opencv@0.88.8: compilation terminated.
[INFO] [stderr] warning: opencv@0.88.8: c++: fatal error: Killed signal terminated program cc1plus
[INFO] [stderr] warning: opencv@0.88.8: compilation terminated.
[INFO] [stderr] warning: opencv@0.88.8: ToolExecError: Command "c++" "-O3" "-ffunction-sections" "-fdata-sections" "-fPIC" "-m64" "-std=c++14" "-I" "/opt/rustwide/cargo-home/registry/src/index.crates.io-1949cf8c6b5b557f/opencv-0.88.8/src_cpp" "-I" "/opt/rustwide/target/release/build/opencv/ffcab372dce703bb/out" "-I" "." "-I" "/usr/include/opencv4" "-Wall" "-Wextra" "-Wno-deprecated-declarations" "-Wno-deprecated-copy" "-Wno-unused-parameter" "-Wno-sign-compare" "-Wno-comment" "-Wunused-but-set-variable" "-Wno-unused-variable" "-Wno-ignored-qualifiers" "-Wno-return-type-c-linkage" "-Wno-overloaded-virtual" "-o" "/opt/rustwide/target/release/build/opencv/ffcab372dce703bb/out/072554f5d0d186bc-bioinspired.o" "-c" "/opt/rustwide/target/release/build/opencv/ffcab372dce703bb/out/bioinspired.cpp" with args "c++" did not execute successfully (status code exit status: 1).
[INFO] [stderr] warning: opencv@0.88.8: ToolExecError: Command "c++" "-O3" "-ffunction-sections" "-fdata-sections" "-fPIC" "-m64" "-std=c++14" "-I" "/opt/rustwide/cargo-home/registry/src/index.crates.io-1949cf8c6b5b557f/opencv-0.88.8/src_cpp" "-I" "/opt/rustwide/target/release/build/opencv/ffcab372dce703bb/out" "-I" "." "-I" "/usr/include/opencv4" "-Wall" "-Wextra" "-Wno-deprecated-declarations" "-Wno-deprecated-copy" "-Wno-unused-parameter" "-Wno-sign-compare" "-Wno-comment" "-Wunused-but-set-variable" "-Wno-unused-variable" "-Wno-ignored-qualifiers" "-Wno-return-type-c-linkage" "-Wno-overloaded-virtual" "-o" "/opt/rustwide/target/release/build/opencv/ffcab372dce703bb/out/037f09d74d532358-manual-core.o" "-c" "/opt/rustwide/cargo-home/registry/src/index.crates.io-1949cf8c6b5b557f/opencv-0.88.8/src_cpp/manual-core.cpp" with args "c++" did not execute successfully (status code exit status: 1).running: "c++" "-O3" "-ffunction-sections" "-fdata-sections" "-fPIC" "-m64" "-std=c++14" "-I" "/opt/rustwide/cargo-home/registry/src/index.crates.io-1949cf8c6b5b557f/opencv-0.88.8/src_cpp" "-I" "/opt/rustwide/target/release/build/opencv/ffcab372dce703bb/out" "-I" "." "-I" "/usr/include/opencv4" "-Wall" "-Wextra" "-Wno-deprecated-declarations" "-Wno-deprecated-copy" "-Wno-unused-parameter" "-Wno-sign-compare" "-Wno-comment" "-Wunused-but-set-variable" "-Wno-unused-variable" "-Wno-ignored-qualifiers" "-Wno-return-type-c-linkage" "-Wno-overloaded-virtual" "-o" "/opt/rustwide/target/release/build/opencv/ffcab372dce703bb/out/072554f5d0d186bc-plot.o" "-c" "/opt/rustwide/target/release/build/opencv/ffcab372dce703bb/out/plot.cpp"
[INFO] [stderr] warning: opencv@0.88.8: c++: fatal error: Killed signal terminated program cc1plus
[INFO] [stderr] warning: opencv@0.88.8: compilation terminated.
[INFO] [stderr] warning: opencv@0.88.8: ToolExecError: Command "c++" "-O3" "-ffunction-sections" "-fdata-sections" "-fPIC" "-m64" "-std=c++14" "-I" "/opt/rustwide/cargo-home/registry/src/index.crates.io-1949cf8c6b5b557f/opencv-0.88.8/src_cpp" "-I" "/opt/rustwide/target/release/build/opencv/ffcab372dce703bb/out" "-I" "." "-I" "/usr/include/opencv4" "-Wall" "-Wextra" "-Wno-deprecated-declarations" "-Wno-deprecated-copy" "-Wno-unused-parameter" "-Wno-sign-compare" "-Wno-comment" "-Wunused-but-set-variable" "-Wno-unused-variable" "-Wno-ignored-qualifiers" "-Wno-return-type-c-linkage" "-Wno-overloaded-virtual" "-o" "/opt/rustwide/target/release/build/opencv/ffcab372dce703bb/out/072554f5d0d186bc-imgproc.o" "-c" "/opt/rustwide/target/release/build/opencv/ffcab372dce703bb/out/imgproc.cpp" with args "c++" did not execute successfully (status code exit status: 1).running: "c++" "-O3" "-ffunction-sections" "-fdata-sections" "-fPIC" "-m64" "-std=c++14" "-I" "/opt/rustwide/cargo-home/registry/src/index.crates.io-1949cf8c6b5b557f/opencv-0.88.8/src_cpp" "-I" "/opt/rustwide/target/release/build/opencv/ffcab372dce703bb/out" "-I" "." "-I" "/usr/include/opencv4" "-Wall" "-Wextra" "-Wno-deprecated-declarations" "-Wno-deprecated-copy" "-Wno-unused-parameter" "-Wno-sign-compare" "-Wno-comment" "-Wunused-but-set-variable" "-Wno-unused-variable" "-Wno-ignored-qualifiers" "-Wno-return-type-c-linkage" "-Wno-overloaded-virtual" "-o" "/opt/rustwide/target/release/build/opencv/ffcab372dce703bb/out/072554f5d0d186bc-saliency.o" "-c" "/opt/rustwide/target/release/build/opencv/ffcab372dce703bb/out/saliency.cpp"
[INFO] [stderr] warning: opencv@0.88.8: c++: fatal error: Killed signal terminated program cc1plus
[INFO] [stderr] warning: opencv@0.88.8: compilation terminated.
[INFO] [stderr] warning: opencv@0.88.8: ToolExecError: Command "c++" "-O3" "-ffunction-sections" "-fdata-sections" "-fPIC" "-m64" "-std=c++14" "-I" "/opt/rustwide/cargo-home/registry/src/index.crates.io-1949cf8c6b5b557f/opencv-0.88.8/src_cpp" "-I" "/opt/rustwide/target/release/build/opencv/ffcab372dce703bb/out" "-I" "." "-I" "/usr/include/opencv4" "-Wall" "-Wextra" "-Wno-deprecated-declarations" "-Wno-deprecated-copy" "-Wno-unused-parameter" "-Wno-sign-compare" "-Wno-comment" "-Wunused-but-set-variable" "-Wno-unused-variable" "-Wno-ignored-qualifiers" "-Wno-return-type-c-linkage" "-Wno-overloaded-virtual" "-o" "/opt/rustwide/target/release/build/opencv/ffcab372dce703bb/out/072554f5d0d186bc-hdf.o" "-c" "/opt/rustwide/target/release/build/opencv/ffcab372dce703bb/out/hdf.cpp" with args "c++" did not execute successfully (status code exit status: 1).running: "c++" "-O3" "-ffunction-sections" "-fdata-sections" "-fPIC" "-m64" "-std=c++14" "-I" "/opt/rustwide/cargo-home/registry/src/index.crates.io-1949cf8c6b5b557f/opencv-0.88.8/src_cpp" "-I" "/opt/rustwide/target/release/build/opencv/ffcab372dce703bb/out" "-I" "." "-I" "/usr/include/opencv4" "-Wall" "-Wextra" "-Wno-deprecated-declarations" "-Wno-deprecated-copy" "-Wno-unused-parameter" "-Wno-sign-compare" "-Wno-comment" "-Wunused-but-set-variable" "-Wno-unused-variable" "-Wno-ignored-qualifiers" "-Wno-return-type-c-linkage" "-Wno-overloaded-virtual" "-o" "/opt/rustwide/target/release/build/opencv/ffcab372dce703bb/out/072554f5d0d186bc-shape.o" "-c" "/opt/rustwide/target/release/build/opencv/ffcab372dce703bb/out/shape.cpp"
[INFO] [stderr] warning: opencv@0.88.8: c++: fatal error: Killed signal terminated program cc1plus
[INFO] [stderr] warning: opencv@0.88.8: compilation terminated.
[INFO] [stderr] warning: opencv@0.88.8: c++: fatal error: Killed signal terminated program cc1plus
[INFO] [stderr] warning: opencv@0.88.8: compilation terminated.
[INFO] [stderr] warning: opencv@0.88.8: ToolExecError: Command "c++" "-O3" "-ffunction-sections" "-fdata-sections" "-fPIC" "-m64" "-std=c++14" "-I" "/opt/rustwide/cargo-home/registry/src/index.crates.io-1949cf8c6b5b557f/opencv-0.88.8/src_cpp" "-I" "/opt/rustwide/target/release/build/opencv/ffcab372dce703bb/out" "-I" "." "-I" "/usr/include/opencv4" "-Wall" "-Wextra" "-Wno-deprecated-declarations" "-Wno-deprecated-copy" "-Wno-unused-parameter" "-Wno-sign-compare" "-Wno-comment" "-Wunused-but-set-variable" "-Wno-unused-variable" "-Wno-ignored-qualifiers" "-Wno-return-type-c-linkage" "-Wno-overloaded-virtual" "-o" "/opt/rustwide/target/release/build/opencv/ffcab372dce703bb/out/072554f5d0d186bc-img_hash.o" "-c" "/opt/rustwide/target/release/build/opencv/ffcab372dce703bb/out/img_hash.cpp" with args "c++" did not execute successfully (status code exit status: 1).
[INFO] [stderr] warning: opencv@0.88.8: ToolExecError: Command "c++" "-O3" "-ffunction-sections" "-fdata-sections" "-fPIC" "-m64" "-std=c++14" "-I" "/opt/rustwide/cargo-home/registry/src/index.crates.io-1949cf8c6b5b557f/opencv-0.88.8/src_cpp" "-I" "/opt/rustwide/target/release/build/opencv/ffcab372dce703bb/out" "-I" "." "-I" "/usr/include/opencv4" "-Wall" "-Wextra" "-Wno-deprecated-declarations" "-Wno-deprecated-copy" "-Wno-unused-parameter" "-Wno-sign-compare" "-Wno-comment" "-Wunused-but-set-variable" "-Wno-unused-variable" "-Wno-ignored-qualifiers" "-Wno-return-type-c-linkage" "-Wno-overloaded-virtual" "-o" "/opt/rustwide/target/release/build/opencv/ffcab372dce703bb/out/072554f5d0d186bc-line_descriptor.o" "-c" "/opt/rustwide/target/release/build/opencv/ffcab372dce703bb/out/line_descriptor.cpp" with args "c++" did not execute successfully (status code exit status: 1).running: "c++" "-O3" "-ffunction-sections" "-fdata-sections" "-fPIC" "-m64" "-std=c++14" "-I" "/opt/rustwide/cargo-home/registry/src/index.crates.io-1949cf8c6b5b557f/opencv-0.88.8/src_cpp" "-I" "/opt/rustwide/target/release/build/opencv/ffcab372dce703bb/out" "-I" "." "-I" "/usr/include/opencv4" "-Wall" "-Wextra" "-Wno-deprecated-declarations" "-Wno-deprecated-copy" "-Wno-unused-parameter" "-Wno-sign-compare" "-Wno-comment" "-Wunused-but-set-variable" "-Wno-unused-variable" "-Wno-ignored-qualifiers" "-Wno-return-type-c-linkage" "-Wno-overloaded-virtual" "-o" "/opt/rustwide/target/release/build/opencv/ffcab372dce703bb/out/072554f5d0d186bc-stereo.o" "-c" "/opt/rustwide/target/release/build/opencv/ffcab372dce703bb/out/stereo.cpp"
[INFO] [stderr] warning: opencv@0.88.8: c++: fatal error: Killed signal terminated program cc1plus
[INFO] [stderr] warning: opencv@0.88.8: compilation terminated.
[INFO] [stderr] warning: opencv@0.88.8: ToolExecError: Command "c++" "-O3" "-ffunction-sections" "-fdata-sections" "-fPIC" "-m64" "-std=c++14" "-I" "/opt/rustwide/cargo-home/registry/src/index.crates.io-1949cf8c6b5b557f/opencv-0.88.8/src_cpp" "-I" "/opt/rustwide/target/release/build/opencv/ffcab372dce703bb/out" "-I" "." "-I" "/usr/include/opencv4" "-Wall" "-Wextra" "-Wno-deprecated-declarations" "-Wno-deprecated-copy" "-Wno-unused-parameter" "-Wno-sign-compare" "-Wno-comment" "-Wunused-but-set-variable" "-Wno-unused-variable" "-Wno-ignored-qualifiers" "-Wno-return-type-c-linkage" "-Wno-overloaded-virtual" "-o" "/opt/rustwide/target/release/build/opencv/ffcab372dce703bb/out/072554f5d0d186bc-phase_unwrapping.o" "-c" "/opt/rustwide/target/release/build/opencv/ffcab372dce703bb/out/phase_unwrapping.cpp" with args "c++" did not execute successfully (status code exit status: 1).running: "c++" "-O3" "-ffunction-sections" "-fdata-sections" "-fPIC" "-m64" "-std=c++14" "-I" "/opt/rustwide/cargo-home/registry/src/index.crates.io-1949cf8c6b5b557f/opencv-0.88.8/src_cpp" "-I" "/opt/rustwide/target/release/build/opencv/ffcab372dce703bb/out" "-I" "." "-I" "/usr/include/opencv4" "-Wall" "-Wextra" "-Wno-deprecated-declarations" "-Wno-deprecated-copy" "-Wno-unused-parameter" "-Wno-sign-compare" "-Wno-comment" "-Wunused-but-set-variable" "-Wno-unused-variable" "-Wno-ignored-qualifiers" "-Wno-return-type-c-linkage" "-Wno-overloaded-virtual" "-o" "/opt/rustwide/target/release/build/opencv/ffcab372dce703bb/out/072554f5d0d186bc-superres.o" "-c" "/opt/rustwide/target/release/build/opencv/ffcab372dce703bb/out/superres.cpp"
[INFO] [stderr] warning: opencv@0.88.8: c++: fatal error: Killed signal terminated program cc1plus
[INFO] [stderr] warning: opencv@0.88.8: compilation terminated.
[INFO] [stderr] warning: opencv@0.88.8: c++: fatal error: Killed signal terminated program cc1plus
[INFO] [stderr] warning: opencv@0.88.8: compilation terminated.
[INFO] [stderr] warning: opencv@0.88.8: c++: fatal error: Killed signal terminated program cc1plus
[INFO] [stderr] warning: opencv@0.88.8: compilation terminated.
[INFO] [stderr] warning: opencv@0.88.8: c++: fatal error: Killed signal terminated program cc1plus
[INFO] [stderr] warning: opencv@0.88.8: compilation terminated.
[INFO] [stderr] warning: opencv@0.88.8: ToolExecError: Command "c++" "-O3" "-ffunction-sections" "-fdata-sections" "-fPIC" "-m64" "-std=c++14" "-I" "/opt/rustwide/cargo-home/registry/src/index.crates.io-1949cf8c6b5b557f/opencv-0.88.8/src_cpp" "-I" "/opt/rustwide/target/release/build/opencv/ffcab372dce703bb/out" "-I" "." "-I" "/usr/include/opencv4" "-Wall" "-Wextra" "-Wno-deprecated-declarations" "-Wno-deprecated-copy" "-Wno-unused-parameter" "-Wno-sign-compare" "-Wno-comment" "-Wunused-but-set-variable" "-Wno-unused-variable" "-Wno-ignored-qualifiers" "-Wno-return-type-c-linkage" "-Wno-overloaded-virtual" "-o" "/opt/rustwide/target/release/build/opencv/ffcab372dce703bb/out/072554f5d0d186bc-highgui.o" "-c" "/opt/rustwide/target/release/build/opencv/ffcab372dce703bb/out/highgui.cpp" with args "c++" did not execute successfully (status code exit status: 1).
[INFO] [stderr] warning: opencv@0.88.8: ToolExecError: Command "c++" "-O3" "-ffunction-sections" "-fdata-sections" "-fPIC" "-m64" "-std=c++14" "-I" "/opt/rustwide/cargo-home/registry/src/index.crates.io-1949cf8c6b5b557f/opencv-0.88.8/src_cpp" "-I" "/opt/rustwide/target/release/build/opencv/ffcab372dce703bb/out" "-I" "." "-I" "/usr/include/opencv4" "-Wall" "-Wextra" "-Wno-deprecated-declarations" "-Wno-deprecated-copy" "-Wno-unused-parameter" "-Wno-sign-compare" "-Wno-comment" "-Wunused-but-set-variable" "-Wno-unused-variable" "-Wno-ignored-qualifiers" "-Wno-return-type-c-linkage" "-Wno-overloaded-virtual" "-o" "/opt/rustwide/target/release/build/opencv/ffcab372dce703bb/out/072554f5d0d186bc-mcc.o" "-c" "/opt/rustwide/target/release/build/opencv/ffcab372dce703bb/out/mcc.cpp" with args "c++" did not execute successfully (status code exit status: 1).
[INFO] [stderr] warning: opencv@0.88.8: ToolExecError: Command "c++" "-O3" "-ffunction-sections" "-fdata-sections" "-fPIC" "-m64" "-std=c++14" "-I" "/opt/rustwide/cargo-home/registry/src/index.crates.io-1949cf8c6b5b557f/opencv-0.88.8/src_cpp" "-I" "/opt/rustwide/target/release/build/opencv/ffcab372dce703bb/out" "-I" "." "-I" "/usr/include/opencv4" "-Wall" "-Wextra" "-Wno-deprecated-declarations" "-Wno-deprecated-copy" "-Wno-unused-parameter" "-Wno-sign-compare" "-Wno-comment" "-Wunused-but-set-variable" "-Wno-unused-variable" "-Wno-ignored-qualifiers" "-Wno-return-type-c-linkage" "-Wno-overloaded-virtual" "-o" "/opt/rustwide/target/release/build/opencv/ffcab372dce703bb/out/072554f5d0d186bc-ml.o" "-c" "/opt/rustwide/target/release/build/opencv/ffcab372dce703bb/out/ml.cpp" with args "c++" did not execute successfully (status code exit status: 1).
[INFO] [stderr] warning: opencv@0.88.8: ToolExecError: Command "c++" "-O3" "-ffunction-sections" "-fdata-sections" "-fPIC" "-m64" "-std=c++14" "-I" "/opt/rustwide/cargo-home/registry/src/index.crates.io-1949cf8c6b5b557f/opencv-0.88.8/src_cpp" "-I" "/opt/rustwide/target/release/build/opencv/ffcab372dce703bb/out" "-I" "." "-I" "/usr/include/opencv4" "-Wall" "-Wextra" "-Wno-deprecated-declarations" "-Wno-deprecated-copy" "-Wno-unused-parameter" "-Wno-sign-compare" "-Wno-comment" "-Wunused-but-set-variable" "-Wno-unused-variable" "-Wno-ignored-qualifiers" "-Wno-return-type-c-linkage" "-Wno-overloaded-virtual" "-o" "/opt/rustwide/target/release/build/opencv/ffcab372dce703bb/out/072554f5d0d186bc-objdetect.o" "-c" "/opt/rustwide/target/release/build/opencv/ffcab372dce703bb/out/objdetect.cpp" with args "c++" did not execute successfully (status code exit status: 1).running: "c++" "-O3" "-ffunction-sections" "-fdata-sections" "-fPIC" "-m64" "-std=c++14" "-I" "/opt/rustwide/cargo-home/registry/src/index.crates.io-1949cf8c6b5b557f/opencv-0.88.8/src_cpp" "-I" "/opt/rustwide/target/release/build/opencv/ffcab372dce703bb/out" "-I" "." "-I" "/usr/include/opencv4" "-Wall" "-Wextra" "-Wno-deprecated-declarations" "-Wno-deprecated-copy" "-Wno-unused-parameter" "-Wno-sign-compare" "-Wno-comment" "-Wunused-but-set-variable" "-Wno-unused-variable" "-Wno-ignored-qualifiers" "-Wno-return-type-c-linkage" "-Wno-overloaded-virtual" "-o" "/opt/rustwide/target/release/build/opencv/ffcab372dce703bb/out/072554f5d0d186bc-surface_matching.o" "-c" "/opt/rustwide/target/release/build/opencv/ffcab372dce703bb/out/surface_matching.cpp"
[INFO] [stderr] warning: opencv@0.88.8: c++: fatal error: Killed signal terminated program cc1plus
[INFO] [stderr] warning: opencv@0.88.8: compilation terminated.
[INFO] [stderr] warning: opencv@0.88.8: ToolExecError: Command "c++" "-O3" "-ffunction-sections" "-fdata-sections" "-fPIC" "-m64" "-std=c++14" "-I" "/opt/rustwide/cargo-home/registry/src/index.crates.io-1949cf8c6b5b557f/opencv-0.88.8/src_cpp" "-I" "/opt/rustwide/target/release/build/opencv/ffcab372dce703bb/out" "-I" "." "-I" "/usr/include/opencv4" "-Wall" "-Wextra" "-Wno-deprecated-declarations" "-Wno-deprecated-copy" "-Wno-unused-parameter" "-Wno-sign-compare" "-Wno-comment" "-Wunused-but-set-variable" "-Wno-unused-variable" "-Wno-ignored-qualifiers" "-Wno-return-type-c-linkage" "-Wno-overloaded-virtual" "-o" "/opt/rustwide/target/release/build/opencv/ffcab372dce703bb/out/072554f5d0d186bc-rgbd.o" "-c" "/opt/rustwide/target/release/build/opencv/ffcab372dce703bb/out/rgbd.cpp" with args "c++" did not execute successfully (status code exit status: 1).running: "c++" "-O3" "-ffunction-sections" "-fdata-sections" "-fPIC" "-m64" "-std=c++14" "-I" "/opt/rustwide/cargo-home/registry/src/index.crates.io-1949cf8c6b5b557f/opencv-0.88.8/src_cpp" "-I" "/opt/rustwide/target/release/build/opencv/ffcab372dce703bb/out" "-I" "." "-I" "/usr/include/opencv4" "-Wall" "-Wextra" "-Wno-deprecated-declarations" "-Wno-deprecated-copy" "-Wno-unused-parameter" "-Wno-sign-compare" "-Wno-comment" "-Wunused-but-set-variable" "-Wno-unused-variable" "-Wno-ignored-qualifiers" "-Wno-return-type-c-linkage" "-Wno-overloaded-virtual" "-o" "/opt/rustwide/target/release/build/opencv/ffcab372dce703bb/out/072554f5d0d186bc-videoio.o" "-c" "/opt/rustwide/target/release/build/opencv/ffcab372dce703bb/out/videoio.cpp"
[INFO] [stderr] warning: opencv@0.88.8: c++: fatal error: Killed signal terminated program cc1plus
[INFO] [stderr] warning: opencv@0.88.8: compilation terminated.
[INFO] [stderr] warning: opencv@0.88.8: ToolExecError: Command "c++" "-O3" "-ffunction-sections" "-fdata-sections" "-fPIC" "-m64" "-std=c++14" "-I" "/opt/rustwide/cargo-home/registry/src/index.crates.io-1949cf8c6b5b557f/opencv-0.88.8/src_cpp" "-I" "/opt/rustwide/target/release/build/opencv/ffcab372dce703bb/out" "-I" "." "-I" "/usr/include/opencv4" "-Wall" "-Wextra" "-Wno-deprecated-declarations" "-Wno-deprecated-copy" "-Wno-unused-parameter" "-Wno-sign-compare" "-Wno-comment" "-Wunused-but-set-variable" "-Wno-unused-variable" "-Wno-ignored-qualifiers" "-Wno-return-type-c-linkage" "-Wno-overloaded-virtual" "-o" "/opt/rustwide/target/release/build/opencv/ffcab372dce703bb/out/072554f5d0d186bc-quality.o" "-c" "/opt/rustwide/target/release/build/opencv/ffcab372dce703bb/out/quality.cpp" with args "c++" did not execute successfully (status code exit status: 1).running: "c++" "-O3" "-ffunction-sections" "-fdata-sections" "-fPIC" "-m64" "-std=c++14" "-I" "/opt/rustwide/cargo-home/registry/src/index.crates.io-1949cf8c6b5b557f/opencv-0.88.8/src_cpp" "-I" "/opt/rustwide/target/release/build/opencv/ffcab372dce703bb/out" "-I" "." "-I" "/usr/include/opencv4" "-Wall" "-Wextra" "-Wno-deprecated-declarations" "-Wno-deprecated-copy" "-Wno-unused-parameter" "-Wno-sign-compare" "-Wno-comment" "-Wunused-but-set-variable" "-Wno-unused-variable" "-Wno-ignored-qualifiers" "-Wno-return-type-c-linkage" "-Wno-overloaded-virtual" "-o" "/opt/rustwide/target/release/build/opencv/ffcab372dce703bb/out/072554f5d0d186bc-videostab.o" "-c" "/opt/rustwide/target/release/build/opencv/ffcab372dce703bb/out/videostab.cpp"
[INFO] [stderr] warning: opencv@0.88.8: c++: fatal error: Killed signal terminated program cc1plus
[INFO] [stderr] warning: opencv@0.88.8: compilation terminated.
[INFO] [stderr] warning: opencv@0.88.8: c++: fatal error: Killed signal terminated program cc1plus
[INFO] [stderr] warning: opencv@0.88.8: compilation terminated.
[INFO] [stderr] warning: opencv@0.88.8: ToolExecError: Command "c++" "-O3" "-ffunction-sections" "-fdata-sections" "-fPIC" "-m64" "-std=c++14" "-I" "/opt/rustwide/cargo-home/registry/src/index.crates.io-1949cf8c6b5b557f/opencv-0.88.8/src_cpp" "-I" "/opt/rustwide/target/release/build/opencv/ffcab372dce703bb/out" "-I" "." "-I" "/usr/include/opencv4" "-Wall" "-Wextra" "-Wno-deprecated-declarations" "-Wno-deprecated-copy" "-Wno-unused-parameter" "-Wno-sign-compare" "-Wno-comment" "-Wunused-but-set-variable" "-Wno-unused-variable" "-Wno-ignored-qualifiers" "-Wno-return-type-c-linkage" "-Wno-overloaded-virtual" "-o" "/opt/rustwide/target/release/build/opencv/ffcab372dce703bb/out/072554f5d0d186bc-photo.o" "-c" "/opt/rustwide/target/release/build/opencv/ffcab372dce703bb/out/photo.cpp" with args "c++" did not execute successfully (status code exit status: 1).
[INFO] [stderr] warning: opencv@0.88.8: ToolExecError: Command "c++" "-O3" "-ffunction-sections" "-fdata-sections" "-fPIC" "-m64" "-std=c++14" "-I" "/opt/rustwide/cargo-home/registry/src/index.crates.io-1949cf8c6b5b557f/opencv-0.88.8/src_cpp" "-I" "/opt/rustwide/target/release/build/opencv/ffcab372dce703bb/out" "-I" "." "-I" "/usr/include/opencv4" "-Wall" "-Wextra" "-Wno-deprecated-declarations" "-Wno-deprecated-copy" "-Wno-unused-parameter" "-Wno-sign-compare" "-Wno-comment" "-Wunused-but-set-variable" "-Wno-unused-variable" "-Wno-ignored-qualifiers" "-Wno-return-type-c-linkage" "-Wno-overloaded-virtual" "-o" "/opt/rustwide/target/release/build/opencv/ffcab372dce703bb/out/072554f5d0d186bc-saliency.o" "-c" "/opt/rustwide/target/release/build/opencv/ffcab372dce703bb/out/saliency.cpp" with args "c++" did not execute successfully (status code exit status: 1).running: "c++" "-O3" "-ffunction-sections" "-fdata-sections" "-fPIC" "-m64" "-std=c++14" "-I" "/opt/rustwide/cargo-home/registry/src/index.crates.io-1949cf8c6b5b557f/opencv-0.88.8/src_cpp" "-I" "/opt/rustwide/target/release/build/opencv/ffcab372dce703bb/out" "-I" "." "-I" "/usr/include/opencv4" "-Wall" "-Wextra" "-Wno-deprecated-declarations" "-Wno-deprecated-copy" "-Wno-unused-parameter" "-Wno-sign-compare" "-Wno-comment" "-Wunused-but-set-variable" "-Wno-unused-variable" "-Wno-ignored-qualifiers" "-Wno-return-type-c-linkage" "-Wno-overloaded-virtual" "-o" "/opt/rustwide/target/release/build/opencv/ffcab372dce703bb/out/072554f5d0d186bc-wechat_qrcode.o" "-c" "/opt/rustwide/target/release/build/opencv/ffcab372dce703bb/out/wechat_qrcode.cpp"
[INFO] [stderr] warning: opencv@0.88.8: c++: fatal error: Killed signal terminated program cc1plus
[INFO] [stderr] warning: opencv@0.88.8: compilation terminated.
[INFO] [stderr] warning: opencv@0.88.8: ToolExecError: Command "c++" "-O3" "-ffunction-sections" "-fdata-sections" "-fPIC" "-m64" "-std=c++14" "-I" "/opt/rustwide/cargo-home/registry/src/index.crates.io-1949cf8c6b5b557f/opencv-0.88.8/src_cpp" "-I" "/opt/rustwide/target/release/build/opencv/ffcab372dce703bb/out" "-I" "." "-I" "/usr/include/opencv4" "-Wall" "-Wextra" "-Wno-deprecated-declarations" "-Wno-deprecated-copy" "-Wno-unused-parameter" "-Wno-sign-compare" "-Wno-comment" "-Wunused-but-set-variable" "-Wno-unused-variable" "-Wno-ignored-qualifiers" "-Wno-return-type-c-linkage" "-Wno-overloaded-virtual" "-o" "/opt/rustwide/target/release/build/opencv/ffcab372dce703bb/out/072554f5d0d186bc-rapid.o" "-c" "/opt/rustwide/target/release/build/opencv/ffcab372dce703bb/out/rapid.cpp" with args "c++" did not execute successfully (status code exit status: 1).running: "c++" "-O3" "-ffunction-sections" "-fdata-sections" "-fPIC" "-m64" "-std=c++14" "-I" "/opt/rustwide/cargo-home/registry/src/index.crates.io-1949cf8c6b5b557f/opencv-0.88.8/src_cpp" "-I" "/opt/rustwide/target/release/build/opencv/ffcab372dce703bb/out" "-I" "." "-I" "/usr/include/opencv4" "-Wall" "-Wextra" "-Wno-deprecated-declarations" "-Wno-deprecated-copy" "-Wno-unused-parameter" "-Wno-sign-compare" "-Wno-comment" "-Wunused-but-set-variable" "-Wno-unused-variable" "-Wno-ignored-qualifiers" "-Wno-return-type-c-linkage" "-Wno-overloaded-virtual" "-o" "/opt/rustwide/target/release/build/opencv/ffcab372dce703bb/out/072554f5d0d186bc-xobjdetect.o" "-c" "/opt/rustwide/target/release/build/opencv/ffcab372dce703bb/out/xobjdetect.cpp"
[INFO] [stderr] warning: opencv@0.88.8: c++: fatal error: Killed signal terminated program cc1plus
[INFO] [stderr] warning: opencv@0.88.8: compilation terminated.
[INFO] [stderr] warning: opencv@0.88.8: ToolExecError: Command "c++" "-O3" "-ffunction-sections" "-fdata-sections" "-fPIC" "-m64" "-std=c++14" "-I" "/opt/rustwide/cargo-home/registry/src/index.crates.io-1949cf8c6b5b557f/opencv-0.88.8/src_cpp" "-I" "/opt/rustwide/target/release/build/opencv/ffcab372dce703bb/out" "-I" "." "-I" "/usr/include/opencv4" "-Wall" "-Wextra" "-Wno-deprecated-declarations" "-Wno-deprecated-copy" "-Wno-unused-parameter" "-Wno-sign-compare" "-Wno-comment" "-Wunused-but-set-variable" "-Wno-unused-variable" "-Wno-ignored-qualifiers" "-Wno-return-type-c-linkage" "-Wno-overloaded-virtual" "-o" "/opt/rustwide/target/release/build/opencv/ffcab372dce703bb/out/072554f5d0d186bc-optflow.o" "-c" "/opt/rustwide/target/release/build/opencv/ffcab372dce703bb/out/optflow.cpp" with args "c++" did not execute successfully (status code exit status: 1).running: "c++" "-O3" "-ffunction-sections" "-fdata-sections" "-fPIC" "-m64" "-std=c++14" "-I" "/opt/rustwide/cargo-home/registry/src/index.crates.io-1949cf8c6b5b557f/opencv-0.88.8/src_cpp" "-I" "/opt/rustwide/target/release/build/opencv/ffcab372dce703bb/out" "-I" "." "-I" "/usr/include/opencv4" "-Wall" "-Wextra" "-Wno-deprecated-declarations" "-Wno-deprecated-copy" "-Wno-unused-parameter" "-Wno-sign-compare" "-Wno-comment" "-Wunused-but-set-variable" "-Wno-unused-variable" "-Wno-ignored-qualifiers" "-Wno-return-type-c-linkage" "-Wno-overloaded-virtual" "-o" "/opt/rustwide/target/release/build/opencv/ffcab372dce703bb/out/072554f5d0d186bc-xphoto.o" "-c" "/opt/rustwide/target/release/build/opencv/ffcab372dce703bb/out/xphoto.cpp"
[INFO] [stderr] warning: opencv@0.88.8: c++: fatal error: Killed signal terminated program cc1plus
[INFO] [stderr] warning: opencv@0.88.8: compilation terminated.
[INFO] [stderr] warning: opencv@0.88.8: ToolExecError: Command "c++" "-O3" "-ffunction-sections" "-fdata-sections" "-fPIC" "-m64" "-std=c++14" "-I" "/opt/rustwide/cargo-home/registry/src/index.crates.io-1949cf8c6b5b557f/opencv-0.88.8/src_cpp" "-I" "/opt/rustwide/target/release/build/opencv/ffcab372dce703bb/out" "-I" "." "-I" "/usr/include/opencv4" "-Wall" "-Wextra" "-Wno-deprecated-declarations" "-Wno-deprecated-copy" "-Wno-unused-parameter" "-Wno-sign-compare" "-Wno-comment" "-Wunused-but-set-variable" "-Wno-unused-variable" "-Wno-ignored-qualifiers" "-Wno-return-type-c-linkage" "-Wno-overloaded-virtual" "-o" "/opt/rustwide/target/release/build/opencv/ffcab372dce703bb/out/072554f5d0d186bc-video.o" "-c" "/opt/rustwide/target/release/build/opencv/ffcab372dce703bb/out/video.cpp" with args "c++" did not execute successfully (status code exit status: 1).cargo:warning=c++: fatal error: Killed signal terminated program cc1plus
[INFO] [stderr] warning: opencv@0.88.8: compilation terminated.
[INFO] [stderr] warning: opencv@0.88.8: ToolExecError: Command "c++" "-O3" "-ffunction-sections" "-fdata-sections" "-fPIC" "-m64" "-std=c++14" "-I" "/opt/rustwide/cargo-home/registry/src/index.crates.io-1949cf8c6b5b557f/opencv-0.88.8/src_cpp" "-I" "/opt/rustwide/target/release/build/opencv/ffcab372dce703bb/out" "-I" "." "-I" "/usr/include/opencv4" "-Wall" "-Wextra" "-Wno-deprecated-declarations" "-Wno-deprecated-copy" "-Wno-unused-parameter" "-Wno-sign-compare" "-Wno-comment" "-Wunused-but-set-variable" "-Wno-unused-variable" "-Wno-ignored-qualifiers" "-Wno-return-type-c-linkage" "-Wno-overloaded-virtual" "-o" "/opt/rustwide/target/release/build/opencv/ffcab372dce703bb/out/072554f5d0d186bc-stitching.o" "-c" "/opt/rustwide/target/release/build/opencv/ffcab372dce703bb/out/stitching.cpp" with args "c++" did not execute successfully (status code exit status: 1).cargo:warning=c++: fatal error: Killed signal terminated program cc1plus
[INFO] [stderr] warning: opencv@0.88.8: compilation terminated.
[INFO] [stderr] warning: opencv@0.88.8: ToolExecError: Command "c++" "-O3" "-ffunction-sections" "-fdata-sections" "-fPIC" "-m64" "-std=c++14" "-I" "/opt/rustwide/cargo-home/registry/src/index.crates.io-1949cf8c6b5b557f/opencv-0.88.8/src_cpp" "-I" "/opt/rustwide/target/release/build/opencv/ffcab372dce703bb/out" "-I" "." "-I" "/usr/include/opencv4" "-Wall" "-Wextra" "-Wno-deprecated-declarations" "-Wno-deprecated-copy" "-Wno-unused-parameter" "-Wno-sign-compare" "-Wno-comment" "-Wunused-but-set-variable" "-Wno-unused-variable" "-Wno-ignored-qualifiers" "-Wno-return-type-c-linkage" "-Wno-overloaded-virtual" "-o" "/opt/rustwide/target/release/build/opencv/ffcab372dce703bb/out/072554f5d0d186bc-surface_matching.o" "-c" "/opt/rustwide/target/release/build/opencv/ffcab372dce703bb/out/surface_matching.cpp" with args "c++" did not execute successfully (status code exit status: 1).
[INFO] [stderr] warning: opencv@0.88.8: ToolExecError: Command "c++" "-O3" "-ffunction-sections" "-fdata-sections" "-fPIC" "-m64" "-std=c++14" "-I" "/opt/rustwide/cargo-home/registry/src/index.crates.io-1949cf8c6b5b557f/opencv-0.88.8/src_cpp" "-I" "/opt/rustwide/target/release/build/opencv/ffcab372dce703bb/out" "-I" "." "-I" "/usr/include/opencv4" "-Wall" "-Wextra" "-Wno-deprecated-declarations" "-Wno-deprecated-copy" "-Wno-unused-parameter" "-Wno-sign-compare" "-Wno-comment" "-Wunused-but-set-variable" "-Wno-unused-variable" "-Wno-ignored-qualifiers" "-Wno-return-type-c-linkage" "-Wno-overloaded-virtual" "-o" "/opt/rustwide/target/release/build/opencv/ffcab372dce703bb/out/072554f5d0d186bc-structured_light.o" "-c" "/opt/rustwide/target/release/build/opencv/ffcab372dce703bb/out/structured_light.cpp" with args "c++" did not execute successfully (status code exit status: 1).cargo:warning=c++: fatal error: Killed signal terminated program cc1plus
[INFO] [stderr] warning: opencv@0.88.8: compilation terminated.
[INFO] [stderr] warning: opencv@0.88.8: ToolExecError: Command "c++" "-O3" "-ffunction-sections" "-fdata-sections" "-fPIC" "-m64" "-std=c++14" "-I" "/opt/rustwide/cargo-home/registry/src/index.crates.io-1949cf8c6b5b557f/opencv-0.88.8/src_cpp" "-I" "/opt/rustwide/target/release/build/opencv/ffcab372dce703bb/out" "-I" "." "-I" "/usr/include/opencv4" "-Wall" "-Wextra" "-Wno-deprecated-declarations" "-Wno-deprecated-copy" "-Wno-unused-parameter" "-Wno-sign-compare" "-Wno-comment" "-Wunused-but-set-variable" "-Wno-unused-variable" "-Wno-ignored-qualifiers" "-Wno-return-type-c-linkage" "-Wno-overloaded-virtual" "-o" "/opt/rustwide/target/release/build/opencv/ffcab372dce703bb/out/072554f5d0d186bc-shape.o" "-c" "/opt/rustwide/target/release/build/opencv/ffcab372dce703bb/out/shape.cpp" with args "c++" did not execute successfully (status code exit status: 1).cargo:warning=c++: fatal error: Killed signal terminated program cc1plus
[INFO] [stderr] warning: opencv@0.88.8: compilation terminated.
[INFO] [stderr] error: failed to run custom build command for `opencv v0.88.8`
[INFO] [stderr] note: To improve backtraces for build dependencies, set the CARGO_PROFILE_RELEASE_BUILD_OVERRIDE_DEBUG=true environment variable to enable debug information generation.
[INFO] [stderr] 
[INFO] [stderr] Caused by:
[INFO] [stderr]   process didn't exit successfully: `/opt/rustwide/target/release/build/opencv/1088c81b46812e60/out/build_script_build` (exit status: 1)
[INFO] [stderr]   --- stdout
[INFO] [stderr]   cargo:rerun-if-env-changed=OPENCV4_NO_PKG_CONFIG
[INFO] [stderr]   cargo:rerun-if-env-changed=PKG_CONFIG_x86_64-unknown-linux-gnu
[INFO] [stderr]   cargo:rerun-if-env-changed=PKG_CONFIG_x86_64_unknown_linux_gnu
[INFO] [stderr]   cargo:rerun-if-env-changed=HOST_PKG_CONFIG
[INFO] [stderr]   cargo:rerun-if-env-changed=PKG_CONFIG
[INFO] [stderr]   cargo:rerun-if-env-changed=OPENCV4_STATIC
[INFO] [stderr]   cargo:rerun-if-env-changed=OPENCV4_DYNAMIC
[INFO] [stderr]   cargo:rerun-if-env-changed=PKG_CONFIG_ALL_STATIC
[INFO] [stderr]   cargo:rerun-if-env-changed=PKG_CONFIG_ALL_DYNAMIC
[INFO] [stderr]   cargo:rerun-if-env-changed=PKG_CONFIG_PATH_x86_64-unknown-linux-gnu
[INFO] [stderr]   cargo:rerun-if-env-changed=PKG_CONFIG_PATH_x86_64_unknown_linux_gnu
[INFO] [stderr]   cargo:rerun-if-env-changed=HOST_PKG_CONFIG_PATH
[INFO] [stderr]   cargo:rerun-if-env-changed=PKG_CONFIG_PATH
[INFO] [stderr]   cargo:rerun-if-env-changed=PKG_CONFIG_LIBDIR_x86_64-unknown-linux-gnu
[INFO] [stderr]   cargo:rerun-if-env-changed=PKG_CONFIG_LIBDIR_x86_64_unknown_linux_gnu
[INFO] [stderr]   cargo:rerun-if-env-changed=HOST_PKG_CONFIG_LIBDIR
[INFO] [stderr]   cargo:rerun-if-env-changed=PKG_CONFIG_LIBDIR
[INFO] [stderr]   cargo:rerun-if-env-changed=PKG_CONFIG_SYSROOT_DIR_x86_64-unknown-linux-gnu
[INFO] [stderr]   cargo:rerun-if-env-changed=PKG_CONFIG_SYSROOT_DIR_x86_64_unknown_linux_gnu
[INFO] [stderr]   cargo:rerun-if-env-changed=HOST_PKG_CONFIG_SYSROOT_DIR
[INFO] [stderr]   cargo:rerun-if-env-changed=PKG_CONFIG_SYSROOT_DIR
[INFO] [stderr]   cargo:rerun-if-env-changed=PKG_CONFIG_SYSROOT_DIR
[INFO] [stderr]   cargo:rerun-if-env-changed=SYSROOT
[INFO] [stderr]   cargo:rerun-if-env-changed=OPENCV4_STATIC
[INFO] [stderr]   cargo:rerun-if-env-changed=OPENCV4_DYNAMIC
[INFO] [stderr]   cargo:rerun-if-env-changed=PKG_CONFIG_ALL_STATIC
[INFO] [stderr]   cargo:rerun-if-env-changed=PKG_CONFIG_ALL_DYNAMIC
[INFO] [stderr]   cargo:rerun-if-env-changed=PKG_CONFIG_x86_64-unknown-linux-gnu
[INFO] [stderr]   cargo:rerun-if-env-changed=PKG_CONFIG_x86_64_unknown_linux_gnu
[INFO] [stderr]   cargo:rerun-if-env-changed=HOST_PKG_CONFIG
[INFO] [stderr]   cargo:rerun-if-env-changed=PKG_CONFIG
[INFO] [stderr]   cargo:rerun-if-env-changed=OPENCV4_STATIC
[INFO] [stderr]   cargo:rerun-if-env-changed=OPENCV4_DYNAMIC
[INFO] [stderr]   cargo:rerun-if-env-changed=PKG_CONFIG_ALL_STATIC
[INFO] [stderr]   cargo:rerun-if-env-changed=PKG_CONFIG_ALL_DYNAMIC
[INFO] [stderr]   cargo:rerun-if-env-changed=PKG_CONFIG_PATH_x86_64-unknown-linux-gnu
[INFO] [stderr]   cargo:rerun-if-env-changed=PKG_CONFIG_PATH_x86_64_unknown_linux_gnu
[INFO] [stderr]   cargo:rerun-if-env-changed=HOST_PKG_CONFIG_PATH
[INFO] [stderr]   cargo:rerun-if-env-changed=PKG_CONFIG_PATH
[INFO] [stderr]   cargo:rerun-if-env-changed=PKG_CONFIG_LIBDIR_x86_64-unknown-linux-gnu
[INFO] [stderr]   cargo:rerun-if-env-changed=PKG_CONFIG_LIBDIR_x86_64_unknown_linux_gnu
[INFO] [stderr]   cargo:rerun-if-env-changed=HOST_PKG_CONFIG_LIBDIR
[INFO] [stderr]   cargo:rerun-if-env-changed=PKG_CONFIG_LIBDIR
[INFO] [stderr]   cargo:rerun-if-env-changed=PKG_CONFIG_SYSROOT_DIR_x86_64-unknown-linux-gnu
[INFO] [stderr]   cargo:rerun-if-env-changed=PKG_CONFIG_SYSROOT_DIR_x86_64_unknown_linux_gnu
[INFO] [stderr]   cargo:rerun-if-env-changed=HOST_PKG_CONFIG_SYSROOT_DIR
[INFO] [stderr]   cargo:rerun-if-env-changed=PKG_CONFIG_SYSROOT_DIR
[INFO] [stderr]   cargo:rustc-cfg=ocvrs_opencv_branch_4
[INFO] [stderr]   cargo:rerun-if-env-changed=OPENCV_PACKAGE_NAME
[INFO] [stderr]   cargo:rerun-if-env-changed=OPENCV_PKGCONFIG_NAME
[INFO] [stderr]   cargo:rerun-if-env-changed=OPENCV_CMAKE_NAME
[INFO] [stderr]   cargo:rerun-if-env-changed=OPENCV_CMAKE_BIN
[INFO] [stderr]   cargo:rerun-if-env-changed=OPENCV_VCPKG_NAME
[INFO] [stderr]   cargo:rerun-if-env-changed=OPENCV_LINK_LIBS
[INFO] [stderr]   cargo:rerun-if-env-changed=OPENCV_LINK_PATHS
[INFO] [stderr]   cargo:rerun-if-env-changed=OPENCV_INCLUDE_PATHS
[INFO] [stderr]   cargo:rerun-if-env-changed=OPENCV_DISABLE_PROBES
[INFO] [stderr]   cargo:rerun-if-env-changed=OPENCV_MSVC_CRT
[INFO] [stderr]   cargo:rerun-if-env-changed=CMAKE_PREFIX_PATH
[INFO] [stderr]   cargo:rerun-if-env-changed=OpenCV_DIR
[INFO] [stderr]   cargo:rerun-if-env-changed=PKG_CONFIG_PATH
[INFO] [stderr]   cargo:rerun-if-env-changed=VCPKG_ROOT
[INFO] [stderr]   cargo:rerun-if-env-changed=VCPKGRS_DYNAMIC
[INFO] [stderr]   cargo:rerun-if-env-changed=VCPKGRS_TRIPLET
[INFO] [stderr]   cargo:rerun-if-env-changed=OCVRS_DOCS_GENERATE_DIR
[INFO] [stderr]   cargo:rerun-if-env-changed=DOCS_RS
[INFO] [stderr]   cargo:rerun-if-changed=/opt/rustwide/cargo-home/registry/src/index.crates.io-1949cf8c6b5b557f/opencv-0.88.8/src_cpp/aruco.hpp
[INFO] [stderr]   cargo:rerun-if-changed=/opt/rustwide/cargo-home/registry/src/index.crates.io-1949cf8c6b5b557f/opencv-0.88.8/src_cpp/manual-core.cpp
[INFO] [stderr]   cargo:rerun-if-changed=/opt/rustwide/cargo-home/registry/src/index.crates.io-1949cf8c6b5b557f/opencv-0.88.8/src_cpp/face.hpp
[INFO] [stderr]   cargo:rerun-if-changed=/opt/rustwide/cargo-home/registry/src/index.crates.io-1949cf8c6b5b557f/opencv-0.88.8/src_cpp/alphamat.hpp
[INFO] [stderr]   cargo:rerun-if-changed=/opt/rustwide/cargo-home/registry/src/index.crates.io-1949cf8c6b5b557f/opencv-0.88.8/src_cpp/videoio.hpp
[INFO] [stderr]   cargo:rerun-if-changed=/opt/rustwide/cargo-home/registry/src/index.crates.io-1949cf8c6b5b557f/opencv-0.88.8/src_cpp/bioinspired.hpp
[INFO] [stderr]   cargo:rerun-if-changed=/opt/rustwide/cargo-home/registry/src/index.crates.io-1949cf8c6b5b557f/opencv-0.88.8/src_cpp/photo.hpp
[INFO] [stderr]   cargo:rerun-if-changed=/opt/rustwide/cargo-home/registry/src/index.crates.io-1949cf8c6b5b557f/opencv-0.88.8/src_cpp/hdf.hpp
[INFO] [stderr]   cargo:rerun-if-changed=/opt/rustwide/cargo-home/registry/src/index.crates.io-1949cf8c6b5b557f/opencv-0.88.8/src_cpp/dnn.hpp
[INFO] [stderr]   cargo:rerun-if-changed=/opt/rustwide/cargo-home/registry/src/index.crates.io-1949cf8c6b5b557f/opencv-0.88.8/src_cpp/xfeatures2d.hpp
[INFO] [stderr]   cargo:rerun-if-changed=/opt/rustwide/cargo-home/registry/src/index.crates.io-1949cf8c6b5b557f/opencv-0.88.8/src_cpp/ccalib.hpp
[INFO] [stderr]   cargo:rerun-if-changed=/opt/rustwide/cargo-home/registry/src/index.crates.io-1949cf8c6b5b557f/opencv-0.88.8/src_cpp/core.hpp
[INFO] [stderr]   cargo:rerun-if-changed=/opt/rustwide/cargo-home/registry/src/index.crates.io-1949cf8c6b5b557f/opencv-0.88.8/src_cpp/gapi.hpp
[INFO] [stderr]   cargo:rerun-if-changed=/opt/rustwide/cargo-home/registry/src/index.crates.io-1949cf8c6b5b557f/opencv-0.88.8/src_cpp/ocvrs_common.hpp
[INFO] [stderr]   cargo:rerun-if-changed=/opt/rustwide/cargo-home/registry/src/index.crates.io-1949cf8c6b5b557f/opencv-0.88.8/src_cpp/sfm.hpp
[INFO] [stderr]   cargo:rerun-if-changed=Cargo.toml
[INFO] [stderr]   OPT_LEVEL = Some("3")
[INFO] [stderr]   TARGET = Some("x86_64-unknown-linux-gnu")
[INFO] [stderr]   HOST = Some("x86_64-unknown-linux-gnu")
[INFO] [stderr]   cargo:rerun-if-env-changed=CXX_x86_64-unknown-linux-gnu
[INFO] [stderr]   CXX_x86_64-unknown-linux-gnu = None
[INFO] [stderr]   cargo:rerun-if-env-changed=CXX_x86_64_unknown_linux_gnu
[INFO] [stderr]   CXX_x86_64_unknown_linux_gnu = None
[INFO] [stderr]   cargo:rerun-if-env-changed=HOST_CXX
[INFO] [stderr]   HOST_CXX = None
[INFO] [stderr]   cargo:rerun-if-env-changed=CXX
[INFO] [stderr]   CXX = None
[INFO] [stderr]   cargo:rerun-if-env-changed=CRATE_CC_NO_DEFAULTS
[INFO] [stderr]   CRATE_CC_NO_DEFAULTS = None
[INFO] [stderr]   DEBUG = Some("false")
[INFO] [stderr]   CARGO_CFG_TARGET_FEATURE = Some("fxsr,sse,sse2")
[INFO] [stderr]   cargo:rerun-if-env-changed=CXXFLAGS_x86_64-unknown-linux-gnu
[INFO] [stderr]   CXXFLAGS_x86_64-unknown-linux-gnu = None
[INFO] [stderr]   cargo:rerun-if-env-changed=CXXFLAGS_x86_64_unknown_linux_gnu
[INFO] [stderr]   CXXFLAGS_x86_64_unknown_linux_gnu = None
[INFO] [stderr]   cargo:rerun-if-env-changed=HOST_CXXFLAGS
[INFO] [stderr]   HOST_CXXFLAGS = None
[INFO] [stderr]   cargo:rerun-if-env-changed=CXXFLAGS
[INFO] [stderr]   CXXFLAGS = None
[INFO] [stderr]   cargo:rerun-if-env-changed=CXX_x86_64-unknown-linux-gnu
[INFO] [stderr]   CXX_x86_64-unknown-linux-gnu = None
[INFO] [stderr]   cargo:rerun-if-env-changed=CXX_x86_64_unknown_linux_gnu
[INFO] [stderr]   CXX_x86_64_unknown_linux_gnu = None
[INFO] [stderr]   cargo:rerun-if-env-changed=HOST_CXX
[INFO] [stderr]   HOST_CXX = None
[INFO] [stderr]   cargo:rerun-if-env-changed=CXX
[INFO] [stderr]   CXX = None
[INFO] [stderr]   cargo:rerun-if-env-changed=CRATE_CC_NO_DEFAULTS
[INFO] [stderr]   CRATE_CC_NO_DEFAULTS = None
[INFO] [stderr]   CARGO_CFG_TARGET_FEATURE = Some("fxsr,sse,sse2")
[INFO] [stderr]   cargo:rerun-if-env-changed=CXXFLAGS_x86_64-unknown-linux-gnu
[INFO] [stderr]   CXXFLAGS_x86_64-unknown-linux-gnu = None
[INFO] [stderr]   cargo:rerun-if-env-changed=CXXFLAGS_x86_64_unknown_linux_gnu
[INFO] [stderr]   CXXFLAGS_x86_64_unknown_linux_gnu = None
[INFO] [stderr]   cargo:rerun-if-env-changed=HOST_CXXFLAGS
[INFO] [stderr]   HOST_CXXFLAGS = None
[INFO] [stderr]   cargo:rerun-if-env-changed=CXXFLAGS
[INFO] [stderr]   CXXFLAGS = None
[INFO] [stderr]   cargo:rerun-if-env-changed=CXX_x86_64-unknown-linux-gnu
[INFO] [stderr]   CXX_x86_64-unknown-linux-gnu = None
[INFO] [stderr]   cargo:rerun-if-env-changed=CXX_x86_64_unknown_linux_gnu
[INFO] [stderr]   CXX_x86_64_unknown_linux_gnu = None
[INFO] [stderr]   cargo:rerun-if-env-changed=HOST_CXX
[INFO] [stderr]   HOST_CXX = None
[INFO] [stderr]   cargo:rerun-if-env-changed=CXX
[INFO] [stderr]   CXX = None
[INFO] [stderr]   cargo:rerun-if-env-changed=CRATE_CC_NO_DEFAULTS
[INFO] [stderr]   CRATE_CC_NO_DEFAULTS = None
[INFO] [stderr]   CARGO_CFG_TARGET_FEATURE = Some("fxsr,sse,sse2")
[INFO] [stderr]   cargo:rerun-if-env-changed=CXXFLAGS_x86_64-unknown-linux-gnu
[INFO] [stderr]   CXXFLAGS_x86_64-unknown-linux-gnu = None
[INFO] [stderr]   cargo:rerun-if-env-changed=CXXFLAGS_x86_64_unknown_linux_gnu
[INFO] [stderr]   CXXFLAGS_x86_64_unknown_linux_gnu = None
[INFO] [stderr]   cargo:rerun-if-env-changed=HOST_CXXFLAGS
[INFO] [stderr]   HOST_CXXFLAGS = None
[INFO] [stderr]   cargo:rerun-if-env-changed=CXXFLAGS
[INFO] [stderr]   CXXFLAGS = None
[INFO] [stderr]   cargo:rerun-if-env-changed=CXX_x86_64-unknown-linux-gnu
[INFO] [stderr]   CXX_x86_64-unknown-linux-gnu = None
[INFO] [stderr]   cargo:rerun-if-env-changed=CXX_x86_64_unknown_linux_gnu
[INFO] [stderr]   CXX_x86_64_unknown_linux_gnu = None
[INFO] [stderr]   cargo:rerun-if-env-changed=HOST_CXX
[INFO] [stderr]   HOST_CXX = None
[INFO] [stderr]   cargo:rerun-if-env-changed=CXX
[INFO] [stderr]   CXX = None
[INFO] [stderr]   cargo:rerun-if-env-changed=CRATE_CC_NO_DEFAULTS
[INFO] [stderr]   CRATE_CC_NO_DEFAULTS = None
[INFO] [stderr]   CARGO_CFG_TARGET_FEATURE = Some("fxsr,sse,sse2")
[INFO] [stderr]   cargo:rerun-if-env-changed=CXXFLAGS_x86_64-unknown-linux-gnu
[INFO] [stderr]   CXXFLAGS_x86_64-unknown-linux-gnu = None
[INFO] [stderr]   cargo:rerun-if-env-changed=CXXFLAGS_x86_64_unknown_linux_gnu
[INFO] [stderr]   CXXFLAGS_x86_64_unknown_linux_gnu = None
[INFO] [stderr]   cargo:rerun-if-env-changed=HOST_CXXFLAGS
[INFO] [stderr]   HOST_CXXFLAGS = None
[INFO] [stderr]   cargo:rerun-if-env-changed=CXXFLAGS
[INFO] [stderr]   CXXFLAGS = None
[INFO] [stderr]   cargo:rerun-if-env-changed=CXX_x86_64-unknown-linux-gnu
[INFO] [stderr]   CXX_x86_64-unknown-linux-gnu = None
[INFO] [stderr]   cargo:rerun-if-env-changed=CXX_x86_64_unknown_linux_gnu
[INFO] [stderr]   CXX_x86_64_unknown_linux_gnu = None
[INFO] [stderr]   cargo:rerun-if-env-changed=HOST_CXX
[INFO] [stderr]   HOST_CXX = None
[INFO] [stderr]   cargo:rerun-if-env-changed=CXX
[INFO] [stderr]   CXX = None
[INFO] [stderr]   cargo:rerun-if-env-changed=CRATE_CC_NO_DEFAULTS
[INFO] [stderr]   CRATE_CC_NO_DEFAULTS = None
[INFO] [stderr]   CARGO_CFG_TARGET_FEATURE = Some("fxsr,sse,sse2")
[INFO] [stderr]   cargo:rerun-if-env-changed=CXXFLAGS_x86_64-unknown-linux-gnu
[INFO] [stderr]   CXXFLAGS_x86_64-unknown-linux-gnu = None
[INFO] [stderr]   cargo:rerun-if-env-changed=CXXFLAGS_x86_64_unknown_linux_gnu
[INFO] [stderr]   CXXFLAGS_x86_64_unknown_linux_gnu = None
[INFO] [stderr]   cargo:rerun-if-env-changed=HOST_CXXFLAGS
[INFO] [stderr]   HOST_CXXFLAGS = None
[INFO] [stderr]   cargo:rerun-if-env-changed=CXXFLAGS
[INFO] [stderr]   CXXFLAGS = None
[INFO] [stderr]   cargo:rerun-if-env-changed=CXX_x86_64-unknown-linux-gnu
[INFO] [stderr]   CXX_x86_64-unknown-linux-gnu = None
[INFO] [stderr]   cargo:rerun-if-env-changed=CXX_x86_64_unknown_linux_gnu
[INFO] [stderr]   CXX_x86_64_unknown_linux_gnu = None
[INFO] [stderr]   cargo:rerun-if-env-changed=HOST_CXX
[INFO] [stderr]   HOST_CXX = None
[INFO] [stderr]   cargo:rerun-if-env-changed=CXX
[INFO] [stderr]   CXX = None
[INFO] [stderr]   cargo:rerun-if-env-changed=CRATE_CC_NO_DEFAULTS
[INFO] [stderr]   CRATE_CC_NO_DEFAULTS = None
[INFO] [stderr]   CARGO_CFG_TARGET_FEATURE = Some("fxsr,sse,sse2")
[INFO] [stderr]   cargo:rerun-if-env-changed=CXXFLAGS_x86_64-unknown-linux-gnu
[INFO] [stderr]   CXXFLAGS_x86_64-unknown-linux-gnu = None
[INFO] [stderr]   cargo:rerun-if-env-changed=CXXFLAGS_x86_64_unknown_linux_gnu
[INFO] [stderr]   CXXFLAGS_x86_64_unknown_linux_gnu = None
[INFO] [stderr]   cargo:rerun-if-env-changed=HOST_CXXFLAGS
[INFO] [stderr]   HOST_CXXFLAGS = None
[INFO] [stderr]   cargo:rerun-if-env-changed=CXXFLAGS
[INFO] [stderr]   CXXFLAGS = None
[INFO] [stderr]   cargo:rerun-if-env-changed=CXX_x86_64-unknown-linux-gnu
[INFO] [stderr]   CXX_x86_64-unknown-linux-gnu = None
[INFO] [stderr]   cargo:rerun-if-env-changed=CXX_x86_64_unknown_linux_gnu
[INFO] [stderr]   CXX_x86_64_unknown_linux_gnu = None
[INFO] [stderr]   cargo:rerun-if-env-changed=HOST_CXX
[INFO] [stderr]   HOST_CXX = None
[INFO] [stderr]   cargo:rerun-if-env-changed=CXX
[INFO] [stderr]   CXX = None
[INFO] [stderr]   cargo:rerun-if-env-changed=CRATE_CC_NO_DEFAULTS
[INFO] [stderr]   CRATE_CC_NO_DEFAULTS = None
[INFO] [stderr]   CARGO_CFG_TARGET_FEATURE = Some("fxsr,sse,sse2")
[INFO] [stderr]   cargo:rerun-if-env-changed=CXXFLAGS_x86_64-unknown-linux-gnu
[INFO] [stderr]   CXXFLAGS_x86_64-unknown-linux-gnu = None
[INFO] [stderr]   cargo:rerun-if-env-changed=CXXFLAGS_x86_64_unknown_linux_gnu
[INFO] [stderr]   CXXFLAGS_x86_64_unknown_linux_gnu = None
[INFO] [stderr]   cargo:rerun-if-env-changed=HOST_CXXFLAGS
[INFO] [stderr]   HOST_CXXFLAGS = None
[INFO] [stderr]   cargo:rerun-if-env-changed=CXXFLAGS
[INFO] [stderr]   CXXFLAGS = None
[INFO] [stderr]   cargo:rerun-if-env-changed=CXX_x86_64-unknown-linux-gnu
[INFO] [stderr]   CXX_x86_64-unknown-linux-gnu = None
[INFO] [stderr]   cargo:rerun-if-env-changed=CXX_x86_64_unknown_linux_gnu
[INFO] [stderr]   CXX_x86_64_unknown_linux_gnu = None
[INFO] [stderr]   cargo:rerun-if-env-changed=HOST_CXX
[INFO] [stderr]   HOST_CXX = None
[INFO] [stderr]   cargo:rerun-if-env-changed=CXX
[INFO] [stderr]   CXX = None
[INFO] [stderr]   cargo:rerun-if-env-changed=CRATE_CC_NO_DEFAULTS
[INFO] [stderr]   CRATE_CC_NO_DEFAULTS = None
[INFO] [stderr]   CARGO_CFG_TARGET_FEATURE = Some("fxsr,sse,sse2")
[INFO] [stderr]   cargo:rerun-if-env-changed=CXXFLAGS_x86_64-unknown-linux-gnu
[INFO] [stderr]   CXXFLAGS_x86_64-unknown-linux-gnu = None
[INFO] [stderr]   cargo:rerun-if-env-changed=CXXFLAGS_x86_64_unknown_linux_gnu
[INFO] [stderr]   CXXFLAGS_x86_64_unknown_linux_gnu = None
[INFO] [stderr]   cargo:rerun-if-env-changed=HOST_CXXFLAGS
[INFO] [stderr]   HOST_CXXFLAGS = None
[INFO] [stderr]   cargo:rerun-if-env-changed=CXXFLAGS
[INFO] [stderr]   CXXFLAGS = None
[INFO] [stderr]   cargo:rerun-if-env-changed=CXX_x86_64-unknown-linux-gnu
[INFO] [stderr]   CXX_x86_64-unknown-linux-gnu = None
[INFO] [stderr]   cargo:rerun-if-env-changed=CXX_x86_64_unknown_linux_gnu
[INFO] [stderr]   CXX_x86_64_unknown_linux_gnu = None
[INFO] [stderr]   cargo:rerun-if-env-changed=HOST_CXX
[INFO] [stderr]   HOST_CXX = None
[INFO] [stderr]   cargo:rerun-if-env-changed=CXX
[INFO] [stderr]   CXX = None
[INFO] [stderr]   cargo:rerun-if-env-changed=CRATE_CC_NO_DEFAULTS
[INFO] [stderr]   CRATE_CC_NO_DEFAULTS = None
[INFO] [stderr]   CARGO_CFG_TARGET_FEATURE = Some("fxsr,sse,sse2")
[INFO] [stderr]   cargo:rerun-if-env-changed=CXXFLAGS_x86_64-unknown-linux-gnu
[INFO] [stderr]   CXXFLAGS_x86_64-unknown-linux-gnu = None
[INFO] [stderr]   cargo:rerun-if-env-changed=CXXFLAGS_x86_64_unknown_linux_gnu
[INFO] [stderr]   CXXFLAGS_x86_64_unknown_linux_gnu = None
[INFO] [stderr]   cargo:rerun-if-env-changed=HOST_CXXFLAGS
[INFO] [stderr]   HOST_CXXFLAGS = None
[INFO] [stderr]   cargo:rerun-if-env-changed=CXXFLAGS
[INFO] [stderr]   CXXFLAGS = None
[INFO] [stderr]   cargo:rerun-if-env-changed=CXX_x86_64-unknown-linux-gnu
[INFO] [stderr]   CXX_x86_64-unknown-linux-gnu = None
[INFO] [stderr]   cargo:rerun-if-env-changed=CXX_x86_64_unknown_linux_gnu
[INFO] [stderr]   CXX_x86_64_unknown_linux_gnu = None
[INFO] [stderr]   cargo:rerun-if-env-changed=HOST_CXX
[INFO] [stderr]   HOST_CXX = None
[INFO] [stderr]   cargo:rerun-if-env-changed=CXX
[INFO] [stderr]   CXX = None
[INFO] [stderr]   cargo:rerun-if-env-changed=CRATE_CC_NO_DEFAULTS
[INFO] [stderr]   CRATE_CC_NO_DEFAULTS = None
[INFO] [stderr]   CARGO_CFG_TARGET_FEATURE = Some("fxsr,sse,sse2")
[INFO] [stderr]   cargo:rerun-if-env-changed=CXXFLAGS_x86_64-unknown-linux-gnu
[INFO] [stderr]   CXXFLAGS_x86_64-unknown-linux-gnu = None
[INFO] [stderr]   cargo:rerun-if-env-changed=CXXFLAGS_x86_64_unknown_linux_gnu
[INFO] [stderr]   CXXFLAGS_x86_64_unknown_linux_gnu = None
[INFO] [stderr]   cargo:rerun-if-env-changed=HOST_CXXFLAGS
[INFO] [stderr]   HOST_CXXFLAGS = None
[INFO] [stderr]   cargo:rerun-if-env-changed=CXXFLAGS
[INFO] [stderr]   CXXFLAGS = None
[INFO] [stderr]   cargo:rerun-if-env-changed=CXX_x86_64-unknown-linux-gnu
[INFO] [stderr]   CXX_x86_64-unknown-linux-gnu = None
[INFO] [stderr]   cargo:rerun-if-env-changed=CXX_x86_64_unknown_linux_gnu
[INFO] [stderr]   CXX_x86_64_unknown_linux_gnu = None
[INFO] [stderr]   cargo:rerun-if-env-changed=HOST_CXX
[INFO] [stderr]   HOST_CXX = None
[INFO] [stderr]   cargo:rerun-if-env-changed=CXX
[INFO] [stderr]   CXX = None
[INFO] [stderr]   cargo:rerun-if-env-changed=CRATE_CC_NO_DEFAULTS
[INFO] [stderr]   CRATE_CC_NO_DEFAULTS = None
[INFO] [stderr]   CARGO_CFG_TARGET_FEATURE = Some("fxsr,sse,sse2")
[INFO] [stderr]   cargo:rerun-if-env-changed=CXXFLAGS_x86_64-unknown-linux-gnu
[INFO] [stderr]   CXXFLAGS_x86_64-unknown-linux-gnu = None
[INFO] [stderr]   cargo:rerun-if-env-changed=CXXFLAGS_x86_64_unknown_linux_gnu
[INFO] [stderr]   CXXFLAGS_x86_64_unknown_linux_gnu = None
[INFO] [stderr]   cargo:rerun-if-env-changed=HOST_CXXFLAGS
[INFO] [stderr]   HOST_CXXFLAGS = None
[INFO] [stderr]   cargo:rerun-if-env-changed=CXXFLAGS
[INFO] [stderr]   CXXFLAGS = None
[INFO] [stderr]   cargo:rerun-if-env-changed=CXX_x86_64-unknown-linux-gnu
[INFO] [stderr]   CXX_x86_64-unknown-linux-gnu = None
[INFO] [stderr]   cargo:rerun-if-env-changed=CXX_x86_64_unknown_linux_gnu
[INFO] [stderr]   CXX_x86_64_unknown_linux_gnu = None
[INFO] [stderr]   cargo:rerun-if-env-changed=HOST_CXX
[INFO] [stderr]   HOST_CXX = None
[INFO] [stderr]   cargo:rerun-if-env-changed=CXX
[INFO] [stderr]   CXX = None
[INFO] [stderr]   cargo:rerun-if-env-changed=CRATE_CC_NO_DEFAULTS
[INFO] [stderr]   CRATE_CC_NO_DEFAULTS = None
[INFO] [stderr]   CARGO_CFG_TARGET_FEATURE = Some("fxsr,sse,sse2")
[INFO] [stderr]   cargo:rerun-if-env-changed=CXXFLAGS_x86_64-unknown-linux-gnu
[INFO] [stderr]   CXXFLAGS_x86_64-unknown-linux-gnu = None
[INFO] [stderr]   cargo:rerun-if-env-changed=CXXFLAGS_x86_64_unknown_linux_gnu
[INFO] [stderr]   CXXFLAGS_x86_64_unknown_linux_gnu = None
[INFO] [stderr]   cargo:rerun-if-env-changed=HOST_CXXFLAGS
[INFO] [stderr]   HOST_CXXFLAGS = None
[INFO] [stderr]   cargo:rerun-if-env-changed=CXXFLAGS
[INFO] [stderr]   CXXFLAGS = None
[INFO] [stderr]   cargo:rustc-cfg=ocvrs_has_module_alphamat
[INFO] [stderr]   cargo:rustc-cfg=ocvrs_has_module_aruco
[INFO] [stderr]   cargo:rustc-cfg=ocvrs_has_module_bgsegm
[INFO] [stderr]   cargo:rustc-cfg=ocvrs_has_module_bioinspired
[INFO] [stderr]   cargo:rustc-cfg=ocvrs_has_module_calib3d
[INFO] [stderr]   cargo:rustc-cfg=ocvrs_has_module_ccalib
[INFO] [stderr]   cargo:rustc-cfg=ocvrs_has_module_core
[INFO] [stderr]   cargo:rustc-cfg=ocvrs_has_module_cvv
[INFO] [stderr]   cargo:rustc-cfg=ocvrs_has_module_dnn
[INFO] [stderr]   cargo:rustc-cfg=ocvrs_has_module_dnn_superres
[INFO] [stderr]   cargo:rustc-cfg=ocvrs_has_module_dpm
[INFO] [stderr]   cargo:rustc-cfg=ocvrs_has_module_face
[INFO] [stderr]   cargo:rustc-cfg=ocvrs_has_module_features2d
[INFO] [stderr]   cargo:rustc-cfg=ocvrs_has_module_flann
[INFO] [stderr]   cargo:rustc-cfg=ocvrs_has_module_freetype
[INFO] [stderr]   cargo:rustc-cfg=ocvrs_has_module_fuzzy
[INFO] [stderr]   cargo:rustc-cfg=ocvrs_has_module_hdf
[INFO] [stderr]   cargo:rustc-cfg=ocvrs_has_module_hfs
[INFO] [stderr]   cargo:rustc-cfg=ocvrs_has_module_highgui
[INFO] [stderr]   cargo:rustc-cfg=ocvrs_has_module_img_hash
[INFO] [stderr]   cargo:rustc-cfg=ocvrs_has_module_imgcodecs
[INFO] [stderr]   cargo:rustc-cfg=ocvrs_has_module_imgproc
[INFO] [stderr]   cargo:rustc-cfg=ocvrs_has_module_intensity_transform
[INFO] [stderr]   cargo:rustc-cfg=ocvrs_has_module_line_descriptor
[INFO] [stderr]   cargo:rustc-cfg=ocvrs_has_module_mcc
[INFO] [stderr]   cargo:rustc-cfg=ocvrs_has_module_ml
[INFO] [stderr]   cargo:rustc-cfg=ocvrs_has_module_objdetect
[INFO] [stderr]   cargo:rustc-cfg=ocvrs_has_module_optflow
[INFO] [stderr]   cargo:rustc-cfg=ocvrs_has_module_phase_unwrapping
[INFO] [stderr]   cargo:rustc-cfg=ocvrs_has_module_photo
[INFO] [stderr]   cargo:rustc-cfg=ocvrs_has_module_plot
[INFO] [stderr]   cargo:rustc-cfg=ocvrs_has_module_quality
[INFO] [stderr]   cargo:rustc-cfg=ocvrs_has_module_rapid
[INFO] [stderr]   cargo:rustc-cfg=ocvrs_has_module_rgbd
[INFO] [stderr]   cargo:rustc-cfg=ocvrs_has_module_saliency
[INFO] [stderr]   cargo:rustc-cfg=ocvrs_has_module_shape
[INFO] [stderr]   cargo:rustc-cfg=ocvrs_has_module_stereo
[INFO] [stderr]   cargo:rustc-cfg=ocvrs_has_module_stitching
[INFO] [stderr]   cargo:rustc-cfg=ocvrs_has_module_structured_light
[INFO] [stderr]   cargo:rustc-cfg=ocvrs_has_module_superres
[INFO] [stderr]   cargo:rustc-cfg=ocvrs_has_module_surface_matching
[INFO] [stderr]   cargo:rustc-cfg=ocvrs_has_module_text
[INFO] [stderr]   cargo:rustc-cfg=ocvrs_has_module_tracking
[INFO] [stderr]   cargo:rustc-cfg=ocvrs_has_module_video
[INFO] [stderr]   cargo:rustc-cfg=ocvrs_has_module_videoio
[INFO] [stderr]   cargo:rustc-cfg=ocvrs_has_module_videostab
[INFO] [stderr]   cargo:rustc-cfg=ocvrs_has_module_viz
[INFO] [stderr]   cargo:rustc-cfg=ocvrs_has_module_wechat_qrcode
[INFO] [stderr]   cargo:rustc-cfg=ocvrs_has_module_ximgproc
[INFO] [stderr]   cargo:rustc-cfg=ocvrs_has_module_xobjdetect
[INFO] [stderr]   cargo:rustc-cfg=ocvrs_has_module_xphoto
[INFO] [stderr]   running: "c++" "-O3" "-ffunction-sections" "-fdata-sections" "-fPIC" "-m64" "-std=c++14" "-I" "/opt/rustwide/cargo-home/registry/src/index.crates.io-1949cf8c6b5b557f/opencv-0.88.8/src_cpp" "-I" "/opt/rustwide/target/release/build/opencv/ffcab372dce703bb/out" "-I" "." "-I" "/usr/include/opencv4" "-Wall" "-Wextra" "-Wno-deprecated-declarations" "-Wno-deprecated-copy" "-Wno-unused-parameter" "-Wno-sign-compare" "-Wno-comment" "-Wunused-but-set-variable" "-Wno-unused-variable" "-Wno-ignored-qualifiers" "-Wno-return-type-c-linkage" "-Wno-overloaded-virtual" "-o" "/opt/rustwide/target/release/build/opencv/ffcab372dce703bb/out/072554f5d0d186bc-alphamat.o" "-c" "/opt/rustwide/target/release/build/opencv/ffcab372dce703bb/out/alphamat.cpp"
[INFO] [stderr]   running: "c++" "-O3" "-ffunction-sections" "-fdata-sections" "-fPIC" "-m64" "-std=c++14" "-I" "/opt/rustwide/cargo-home/registry/src/index.crates.io-1949cf8c6b5b557f/opencv-0.88.8/src_cpp" "-I" "/opt/rustwide/target/release/build/opencv/ffcab372dce703bb/out" "-I" "." "-I" "/usr/include/opencv4" "-Wall" "-Wextra" "-Wno-deprecated-declarations" "-Wno-deprecated-copy" "-Wno-unused-parameter" "-Wno-sign-compare" "-Wno-comment" "-Wunused-but-set-variable" "-Wno-unused-variable" "-Wno-ignored-qualifiers" "-Wno-return-type-c-linkage" "-Wno-overloaded-virtual" "-o" "/opt/rustwide/target/release/build/opencv/ffcab372dce703bb/out/072554f5d0d186bc-aruco.o" "-c" "/opt/rustwide/target/release/build/opencv/ffcab372dce703bb/out/aruco.cpp"
[INFO] [stderr]   running: "c++" "-O3" "-ffunction-sections" "-fdata-sections" "-fPIC" "-m64" "-std=c++14" "-I" "/opt/rustwide/cargo-home/registry/src/index.crates.io-1949cf8c6b5b557f/opencv-0.88.8/src_cpp" "-I" "/opt/rustwide/target/release/build/opencv/ffcab372dce703bb/out" "-I" "." "-I" "/usr/include/opencv4" "-Wall" "-Wextra" "-Wno-deprecated-declarations" "-Wno-deprecated-copy" "-Wno-unused-parameter" "-Wno-sign-compare" "-Wno-comment" "-Wunused-but-set-variable" "-Wno-unused-variable" "-Wno-ignored-qualifiers" "-Wno-return-type-c-linkage" "-Wno-overloaded-virtual" "-o" "/opt/rustwide/target/release/build/opencv/ffcab372dce703bb/out/072554f5d0d186bc-bgsegm.o" "-c" "/opt/rustwide/target/release/build/opencv/ffcab372dce703bb/out/bgsegm.cpp"
[INFO] [stderr]   running: "c++" "-O3" "-ffunction-sections" "-fdata-sections" "-fPIC" "-m64" "-std=c++14" "-I" "/opt/rustwide/cargo-home/registry/src/index.crates.io-1949cf8c6b5b557f/opencv-0.88.8/src_cpp" "-I" "/opt/rustwide/target/release/build/opencv/ffcab372dce703bb/out" "-I" "." "-I" "/usr/include/opencv4" "-Wall" "-Wextra" "-Wno-deprecated-declarations" "-Wno-deprecated-copy" "-Wno-unused-parameter" "-Wno-sign-compare" "-Wno-comment" "-Wunused-but-set-variable" "-Wno-unused-variable" "-Wno-ignored-qualifiers" "-Wno-return-type-c-linkage" "-Wno-overloaded-virtual" "-o" "/opt/rustwide/target/release/build/opencv/ffcab372dce703bb/out/072554f5d0d186bc-bioinspired.o" "-c" "/opt/rustwide/target/release/build/opencv/ffcab372dce703bb/out/bioinspired.cpp"
[INFO] [stderr]   running: "c++" "-O3" "-ffunction-sections" "-fdata-sections" "-fPIC" "-m64" "-std=c++14" "-I" "/opt/rustwide/cargo-home/registry/src/index.crates.io-1949cf8c6b5b557f/opencv-0.88.8/src_cpp" "-I" "/opt/rustwide/target/release/build/opencv/ffcab372dce703bb/out" "-I" "." "-I" "/usr/include/opencv4" "-Wall" "-Wextra" "-Wno-deprecated-declarations" "-Wno-deprecated-copy" "-Wno-unused-parameter" "-Wno-sign-compare" "-Wno-comment" "-Wunused-but-set-variable" "-Wno-unused-variable" "-Wno-ignored-qualifiers" "-Wno-return-type-c-linkage" "-Wno-overloaded-virtual" "-o" "/opt/rustwide/target/release/build/opencv/ffcab372dce703bb/out/072554f5d0d186bc-calib3d.o" "-c" "/opt/rustwide/target/release/build/opencv/ffcab372dce703bb/out/calib3d.cpp"
[INFO] [stderr]   running: "c++" "-O3" "-ffunction-sections" "-fdata-sections" "-fPIC" "-m64" "-std=c++14" "-I" "/opt/rustwide/cargo-home/registry/src/index.crates.io-1949cf8c6b5b557f/opencv-0.88.8/src_cpp" "-I" "/opt/rustwide/target/release/build/opencv/ffcab372dce703bb/out" "-I" "." "-I" "/usr/include/opencv4" "-Wall" "-Wextra" "-Wno-deprecated-declarations" "-Wno-deprecated-copy" "-Wno-unused-parameter" "-Wno-sign-compare" "-Wno-comment" "-Wunused-but-set-variable" "-Wno-unused-variable" "-Wno-ignored-qualifiers" "-Wno-return-type-c-linkage" "-Wno-overloaded-virtual" "-o" "/opt/rustwide/target/release/build/opencv/ffcab372dce703bb/out/072554f5d0d186bc-ccalib.o" "-c" "/opt/rustwide/target/release/build/opencv/ffcab372dce703bb/out/ccalib.cpp"
[INFO] [stderr]   running: "c++" "-O3" "-ffunction-sections" "-fdata-sections" "-fPIC" "-m64" "-std=c++14" "-I" "/opt/rustwide/cargo-home/registry/src/index.crates.io-1949cf8c6b5b557f/opencv-0.88.8/src_cpp" "-I" "/opt/rustwide/target/release/build/opencv/ffcab372dce703bb/out" "-I" "." "-I" "/usr/include/opencv4" "-Wall" "-Wextra" "-Wno-deprecated-declarations" "-Wno-deprecated-copy" "-Wno-unused-parameter" "-Wno-sign-compare" "-Wno-comment" "-Wunused-but-set-variable" "-Wno-unused-variable" "-Wno-ignored-qualifiers" "-Wno-return-type-c-linkage" "-Wno-overloaded-virtual" "-o" "/opt/rustwide/target/release/build/opencv/ffcab372dce703bb/out/072554f5d0d186bc-core.o" "-c" "/opt/rustwide/target/release/build/opencv/ffcab372dce703bb/out/core.cpp"
[INFO] [stderr]   running: "c++" "-O3" "-ffunction-sections" "-fdata-sections" "-fPIC" "-m64" "-std=c++14" "-I" "/opt/rustwide/cargo-home/registry/src/index.crates.io-1949cf8c6b5b557f/opencv-0.88.8/src_cpp" "-I" "/opt/rustwide/target/release/build/opencv/ffcab372dce703bb/out" "-I" "." "-I" "/usr/include/opencv4" "-Wall" "-Wextra" "-Wno-deprecated-declarations" "-Wno-deprecated-copy" "-Wno-unused-parameter" "-Wno-sign-compare" "-Wno-comment" "-Wunused-but-set-variable" "-Wno-unused-variable" "-Wno-ignored-qualifiers" "-Wno-return-type-c-linkage" "-Wno-overloaded-virtual" "-o" "/opt/rustwide/target/release/build/opencv/ffcab372dce703bb/out/037f09d74d532358-manual-core.o" "-c" "/opt/rustwide/cargo-home/registry/src/index.crates.io-1949cf8c6b5b557f/opencv-0.88.8/src_cpp/manual-core.cpp"
[INFO] [stderr]   running: "c++" "-O3" "-ffunction-sections" "-fdata-sections" "-fPIC" "-m64" "-std=c++14" "-I" "/opt/rustwide/cargo-home/registry/src/index.crates.io-1949cf8c6b5b557f/opencv-0.88.8/src_cpp" "-I" "/opt/rustwide/target/release/build/opencv/ffcab372dce703bb/out" "-I" "." "-I" "/usr/include/opencv4" "-Wall" "-Wextra" "-Wno-deprecated-declarations" "-Wno-deprecated-copy" "-Wno-unused-parameter" "-Wno-sign-compare" "-Wno-comment" "-Wunused-but-set-variable" "-Wno-unused-variable" "-Wno-ignored-qualifiers" "-Wno-return-type-c-linkage" "-Wno-overloaded-virtual" "-o" "/opt/rustwide/target/release/build/opencv/ffcab372dce703bb/out/072554f5d0d186bc-cvv.o" "-c" "/opt/rustwide/target/release/build/opencv/ffcab372dce703bb/out/cvv.cpp"
[INFO] [stderr]   running: "c++" "-O3" "-ffunction-sections" "-fdata-sections" "-fPIC" "-m64" "-std=c++14" "-I" "/opt/rustwide/cargo-home/registry/src/index.crates.io-1949cf8c6b5b557f/opencv-0.88.8/src_cpp" "-I" "/opt/rustwide/target/release/build/opencv/ffcab372dce703bb/out" "-I" "." "-I" "/usr/include/opencv4" "-Wall" "-Wextra" "-Wno-deprecated-declarations" "-Wno-deprecated-copy" "-Wno-unused-parameter" "-Wno-sign-compare" "-Wno-comment" "-Wunused-but-set-variable" "-Wno-unused-variable" "-Wno-ignored-qualifiers" "-Wno-return-type-c-linkage" "-Wno-overloaded-virtual" "-o" "/opt/rustwide/target/release/build/opencv/ffcab372dce703bb/out/072554f5d0d186bc-dnn.o" "-c" "/opt/rustwide/target/release/build/opencv/ffcab372dce703bb/out/dnn.cpp"
[INFO] [stderr]   running: "c++" "-O3" "-ffunction-sections" "-fdata-sections" "-fPIC" "-m64" "-std=c++14" "-I" "/opt/rustwide/cargo-home/registry/src/index.crates.io-1949cf8c6b5b557f/opencv-0.88.8/src_cpp" "-I" "/opt/rustwide/target/release/build/opencv/ffcab372dce703bb/out" "-I" "." "-I" "/usr/include/opencv4" "-Wall" "-Wextra" "-Wno-deprecated-declarations" "-Wno-deprecated-copy" "-Wno-unused-parameter" "-Wno-sign-compare" "-Wno-comment" "-Wunused-but-set-variable" "-Wno-unused-variable" "-Wno-ignored-qualifiers" "-Wno-return-type-c-linkage" "-Wno-overloaded-virtual" "-o" "/opt/rustwide/target/release/build/opencv/ffcab372dce703bb/out/072554f5d0d186bc-dnn_superres.o" "-c" "/opt/rustwide/target/release/build/opencv/ffcab372dce703bb/out/dnn_superres.cpp"
[INFO] [stderr]   running: "c++" "-O3" "-ffunction-sections" "-fdata-sections" "-fPIC" "-m64" "-std=c++14" "-I" "/opt/rustwide/cargo-home/registry/src/index.crates.io-1949cf8c6b5b557f/opencv-0.88.8/src_cpp" "-I" "/opt/rustwide/target/release/build/opencv/ffcab372dce703bb/out" "-I" "." "-I" "/usr/include/opencv4" "-Wall" "-Wextra" "-Wno-deprecated-declarations" "-Wno-deprecated-copy" "-Wno-unused-parameter" "-Wno-sign-compare" "-Wno-comment" "-Wunused-but-set-variable" "-Wno-unused-variable" "-Wno-ignored-qualifiers" "-Wno-return-type-c-linkage" "-Wno-overloaded-virtual" "-o" "/opt/rustwide/target/release/build/opencv/ffcab372dce703bb/out/072554f5d0d186bc-dpm.o" "-c" "/opt/rustwide/target/release/build/opencv/ffcab372dce703bb/out/dpm.cpp"
[INFO] [stderr]   running: "c++" "-O3" "-ffunction-sections" "-fdata-sections" "-fPIC" "-m64" "-std=c++14" "-I" "/opt/rustwide/cargo-home/registry/src/index.crates.io-1949cf8c6b5b557f/opencv-0.88.8/src_cpp" "-I" "/opt/rustwide/target/release/build/opencv/ffcab372dce703bb/out" "-I" "." "-I" "/usr/include/opencv4" "-Wall" "-Wextra" "-Wno-deprecated-declarations" "-Wno-deprecated-copy" "-Wno-unused-parameter" "-Wno-sign-compare" "-Wno-comment" "-Wunused-but-set-variable" "-Wno-unused-variable" "-Wno-ignored-qualifiers" "-Wno-return-type-c-linkage" "-Wno-overloaded-virtual" "-o" "/opt/rustwide/target/release/build/opencv/ffcab372dce703bb/out/072554f5d0d186bc-face.o" "-c" "/opt/rustwide/target/release/build/opencv/ffcab372dce703bb/out/face.cpp"
[INFO] [stderr]   running: "c++" "-O3" "-ffunction-sections" "-fdata-sections" "-fPIC" "-m64" "-std=c++14" "-I" "/opt/rustwide/cargo-home/registry/src/index.crates.io-1949cf8c6b5b557f/opencv-0.88.8/src_cpp" "-I" "/opt/rustwide/target/release/build/opencv/ffcab372dce703bb/out" "-I" "." "-I" "/usr/include/opencv4" "-Wall" "-Wextra" "-Wno-deprecated-declarations" "-Wno-deprecated-copy" "-Wno-unused-parameter" "-Wno-sign-compare" "-Wno-comment" "-Wunused-but-set-variable" "-Wno-unused-variable" "-Wno-ignored-qualifiers" "-Wno-return-type-c-linkage" "-Wno-overloaded-virtual" "-o" "/opt/rustwide/target/release/build/opencv/ffcab372dce703bb/out/072554f5d0d186bc-features2d.o" "-c" "/opt/rustwide/target/release/build/opencv/ffcab372dce703bb/out/features2d.cpp"
[INFO] [stderr]   running: "c++" "-O3" "-ffunction-sections" "-fdata-sections" "-fPIC" "-m64" "-std=c++14" "-I" "/opt/rustwide/cargo-home/registry/src/index.crates.io-1949cf8c6b5b557f/opencv-0.88.8/src_cpp" "-I" "/opt/rustwide/target/release/build/opencv/ffcab372dce703bb/out" "-I" "." "-I" "/usr/include/opencv4" "-Wall" "-Wextra" "-Wno-deprecated-declarations" "-Wno-deprecated-copy" "-Wno-unused-parameter" "-Wno-sign-compare" "-Wno-comment" "-Wunused-but-set-variable" "-Wno-unused-variable" "-Wno-ignored-qualifiers" "-Wno-return-type-c-linkage" "-Wno-overloaded-virtual" "-o" "/opt/rustwide/target/release/build/opencv/ffcab372dce703bb/out/072554f5d0d186bc-flann.o" "-c" "/opt/rustwide/target/release/build/opencv/ffcab372dce703bb/out/flann.cpp"
[INFO] [stderr]   running: "c++" "-O3" "-ffunction-sections" "-fdata-sections" "-fPIC" "-m64" "-std=c++14" "-I" "/opt/rustwide/cargo-home/registry/src/index.crates.io-1949cf8c6b5b557f/opencv-0.88.8/src_cpp" "-I" "/opt/rustwide/target/release/build/opencv/ffcab372dce703bb/out" "-I" "." "-I" "/usr/include/opencv4" "-Wall" "-Wextra" "-Wno-deprecated-declarations" "-Wno-deprecated-copy" "-Wno-unused-parameter" "-Wno-sign-compare" "-Wno-comment" "-Wunused-but-set-variable" "-Wno-unused-variable" "-Wno-ignored-qualifiers" "-Wno-return-type-c-linkage" "-Wno-overloaded-virtual" "-o" "/opt/rustwide/target/release/build/opencv/ffcab372dce703bb/out/072554f5d0d186bc-freetype.o" "-c" "/opt/rustwide/target/release/build/opencv/ffcab372dce703bb/out/freetype.cpp"
[INFO] [stderr]   cargo:warning=c++: fatal error: Killed signal terminated program cc1plus
[INFO] [stderr] 
[INFO] [stderr]   cargo:warning=compilation terminated.
[INFO] [stderr] 
[INFO] [stderr]   cargo:warning=c++: fatal error: Killed signal terminated program cc1plus
[INFO] [stderr] 
[INFO] [stderr]   cargo:warning=compilation terminated.
[INFO] [stderr] 
[INFO] [stderr]   exit status: 1
[INFO] [stderr]   cargo:warning=ToolExecError: Command "c++" "-O3" "-ffunction-sections" "-fdata-sections" "-fPIC" "-m64" "-std=c++14" "-I" "/opt/rustwide/cargo-home/registry/src/index.crates.io-1949cf8c6b5b557f/opencv-0.88.8/src_cpp" "-I" "/opt/rustwide/target/release/build/opencv/ffcab372dce703bb/out" "-I" "." "-I" "/usr/include/opencv4" "-Wall" "-Wextra" "-Wno-deprecated-declarations" "-Wno-deprecated-copy" "-Wno-unused-parameter" "-Wno-sign-compare" "-Wno-comment" "-Wunused-but-set-variable" "-Wno-unused-variable" "-Wno-ignored-qualifiers" "-Wno-return-type-c-linkage" "-Wno-overloaded-virtual" "-o" "/opt/rustwide/target/release/build/opencv/ffcab372dce703bb/out/072554f5d0d186bc-bgsegm.o" "-c" "/opt/rustwide/target/release/build/opencv/ffcab372dce703bb/out/bgsegm.cpp" with args "c++" did not execute successfully (status code exit status: 1).
[INFO] [stderr]   exit status: 1
[INFO] [stderr]   cargo:warning=ToolExecError: Command "c++" "-O3" "-ffunction-sections" "-fdata-sections" "-fPIC" "-m64" "-std=c++14" "-I" "/opt/rustwide/cargo-home/registry/src/index.crates.io-1949cf8c6b5b557f/opencv-0.88.8/src_cpp" "-I" "/opt/rustwide/target/release/build/opencv/ffcab372dce703bb/out" "-I" "." "-I" "/usr/include/opencv4" "-Wall" "-Wextra" "-Wno-deprecated-declarations" "-Wno-deprecated-copy" "-Wno-unused-parameter" "-Wno-sign-compare" "-Wno-comment" "-Wunused-but-set-variable" "-Wno-unused-variable" "-Wno-ignored-qualifiers" "-Wno-return-type-c-linkage" "-Wno-overloaded-virtual" "-o" "/opt/rustwide/target/release/build/opencv/ffcab372dce703bb/out/072554f5d0d186bc-core.o" "-c" "/opt/rustwide/target/release/build/opencv/ffcab372dce703bb/out/core.cpp" with args "c++" did not execute successfully (status code exit status: 1).running: "c++" "-O3" "-ffunction-sections" "-fdata-sections" "-fPIC" "-m64" "-std=c++14" "-I" "/opt/rustwide/cargo-home/registry/src/index.crates.io-1949cf8c6b5b557f/opencv-0.88.8/src_cpp" "-I" "/opt/rustwide/target/release/build/opencv/ffcab372dce703bb/out" "-I" "." "-I" "/usr/include/opencv4" "-Wall" "-Wextra" "-Wno-deprecated-declarations" "-Wno-deprecated-copy" "-Wno-unused-parameter" "-Wno-sign-compare" "-Wno-comment" "-Wunused-but-set-variable" "-Wno-unused-variable" "-Wno-ignored-qualifiers" "-Wno-return-type-c-linkage" "-Wno-overloaded-virtual" "-o" "/opt/rustwide/target/release/build/opencv/ffcab372dce703bb/out/072554f5d0d186bc-fuzzy.o" "-c" "/opt/rustwide/target/release/build/opencv/ffcab372dce703bb/out/fuzzy.cpp"
[INFO] [stderr]   running: "c++" "-O3" "-ffunction-sections" "-fdata-sections" "-fPIC" "-m64" "-std=c++14" "-I" "/opt/rustwide/cargo-home/registry/src/index.crates.io-1949cf8c6b5b557f/opencv-0.88.8/src_cpp" "-I" "/opt/rustwide/target/release/build/opencv/ffcab372dce703bb/out" "-I" "." "-I" "/usr/include/opencv4" "-Wall" "-Wextra" "-Wno-deprecated-declarations" "-Wno-deprecated-copy" "-Wno-unused-parameter" "-Wno-sign-compare" "-Wno-comment" "-Wunused-but-set-variable" "-Wno-unused-variable" "-Wno-ignored-qualifiers" "-Wno-return-type-c-linkage" "-Wno-overloaded-virtual" "-o" "/opt/rustwide/target/release/build/opencv/ffcab372dce703bb/out/072554f5d0d186bc-hdf.o" "-c" "/opt/rustwide/target/release/build/opencv/ffcab372dce703bb/out/hdf.cpp"
[INFO] [stderr]   cargo:warning=c++: fatal error: Killed signal terminated program cc1plus
[INFO] [stderr] 
[INFO] [stderr]   cargo:warning=compilation terminated.
[INFO] [stderr] 
[INFO] [stderr] 
[INFO] [stderr]   exit status: 1
[INFO] [stderr]   cargo:warning=ToolExecError: Command "c++" "-O3" "-ffunction-sections" "-fdata-sections" "-fPIC" "-m64" "-std=c++14" "-I" "/opt/rustwide/cargo-home/registry/src/index.crates.io-1949cf8c6b5b557f/opencv-0.88.8/src_cpp" "-I" "/opt/rustwide/target/release/build/opencv/ffcab372dce703bb/out" "-I" "." "-I" "/usr/include/opencv4" "-Wall" "-Wextra" "-Wno-deprecated-declarations" "-Wno-deprecated-copy" "-Wno-unused-parameter" "-Wno-sign-compare" "-Wno-comment" "-Wunused-but-set-variable" "-Wno-unused-variable" "-Wno-ignored-qualifiers" "-Wno-return-type-c-linkage" "-Wno-overloaded-virtual" "-o" "/opt/rustwide/target/release/build/opencv/ffcab372dce703bb/out/072554f5d0d186bc-calib3d.o" "-c" "/opt/rustwide/target/release/build/opencv/ffcab372dce703bb/out/calib3d.cpp" with args "c++" did not execute successfully (status code exit status: 1).running: "c++" "-O3" "-ffunction-sections" "-fdata-sections" "-fPIC" "-m64" "-std=c++14" "-I" "/opt/rustwide/cargo-home/registry/src/index.crates.io-1949cf8c6b5b557f/opencv-0.88.8/src_cpp" "-I" "/opt/rustwide/target/release/build/opencv/ffcab372dce703bb/out" "-I" "." "-I" "/usr/include/opencv4" "-Wall" "-Wextra" "-Wno-deprecated-declarations" "-Wno-deprecated-copy" "-Wno-unused-parameter" "-Wno-sign-compare" "-Wno-comment" "-Wunused-but-set-variable" "-Wno-unused-variable" "-Wno-ignored-qualifiers" "-Wno-return-type-c-linkage" "-Wno-overloaded-virtual" "-o" "/opt/rustwide/target/release/build/opencv/ffcab372dce703bb/out/072554f5d0d186bc-hfs.o" "-c" "/opt/rustwide/target/release/build/opencv/ffcab372dce703bb/out/hfs.cpp"
[INFO] [stderr]   cargo:warning=c++: fatal error: Killed signal terminated program cc1plus
[INFO] [stderr] 
[INFO] [stderr]   cargo:warning=compilation terminated.
[INFO] [stderr] 
[INFO] [stderr] 
[INFO] [stderr]   exit status: 1
[INFO] [stderr]   cargo:warning=ToolExecError: Command "c++" "-O3" "-ffunction-sections" "-fdata-sections" "-fPIC" "-m64" "-std=c++14" "-I" "/opt/rustwide/cargo-home/registry/src/index.crates.io-1949cf8c6b5b557f/opencv-0.88.8/src_cpp" "-I" "/opt/rustwide/target/release/build/opencv/ffcab372dce703bb/out" "-I" "." "-I" "/usr/include/opencv4" "-Wall" "-Wextra" "-Wno-deprecated-declarations" "-Wno-deprecated-copy" "-Wno-unused-parameter" "-Wno-sign-compare" "-Wno-comment" "-Wunused-but-set-variable" "-Wno-unused-variable" "-Wno-ignored-qualifiers" "-Wno-return-type-c-linkage" "-Wno-overloaded-virtual" "-o" "/opt/rustwide/target/release/build/opencv/ffcab372dce703bb/out/072554f5d0d186bc-ccalib.o" "-c" "/opt/rustwide/target/release/build/opencv/ffcab372dce703bb/out/ccalib.cpp" with args "c++" did not execute successfully (status code exit status: 1).running: "c++" "-O3" "-ffunction-sections" "-fdata-sections" "-fPIC" "-m64" "-std=c++14" "-I" "/opt/rustwide/cargo-home/registry/src/index.crates.io-1949cf8c6b5b557f/opencv-0.88.8/src_cpp" "-I" "/opt/rustwide/target/release/build/opencv/ffcab372dce703bb/out" "-I" "." "-I" "/usr/include/opencv4" "-Wall" "-Wextra" "-Wno-deprecated-declarations" "-Wno-deprecated-copy" "-Wno-unused-parameter" "-Wno-sign-compare" "-Wno-comment" "-Wunused-but-set-variable" "-Wno-unused-variable" "-Wno-ignored-qualifiers" "-Wno-return-type-c-linkage" "-Wno-overloaded-virtual" "-o" "/opt/rustwide/target/release/build/opencv/ffcab372dce703bb/out/072554f5d0d186bc-highgui.o" "-c" "/opt/rustwide/target/release/build/opencv/ffcab372dce703bb/out/highgui.cpp"
[INFO] [stderr]   running: "c++" "-O3" "-ffunction-sections" "-fdata-sections" "-fPIC" "-m64" "-std=c++14" "-I" "/opt/rustwide/cargo-home/registry/src/index.crates.io-1949cf8c6b5b557f/opencv-0.88.8/src_cpp" "-I" "/opt/rustwide/target/release/build/opencv/ffcab372dce703bb/out" "-I" "." "-I" "/usr/include/opencv4" "-Wall" "-Wextra" "-Wno-deprecated-declarations" "-Wno-deprecated-copy" "-Wno-unused-parameter" "-Wno-sign-compare" "-Wno-comment" "-Wunused-but-set-variable" "-Wno-unused-variable" "-Wno-ignored-qualifiers" "-Wno-return-type-c-linkage" "-Wno-overloaded-virtual" "-o" "/opt/rustwide/target/release/build/opencv/ffcab372dce703bb/out/072554f5d0d186bc-img_hash.o" "-c" "/opt/rustwide/target/release/build/opencv/ffcab372dce703bb/out/img_hash.cpp"
[INFO] [stderr]   cargo:warning=c++: fatal error: Killed signal terminated program cc1plus
[INFO] [stderr] 
[INFO] [stderr]   cargo:warning=compilation terminated.
[INFO] [stderr] 
[INFO] [stderr] 
[INFO] [stderr]   exit status: 0
[INFO] [stderr]   exit status: 1
[INFO] [stderr]   cargo:warning=ToolExecError: Command "c++" "-O3" "-ffunction-sections" "-fdata-sections" "-fPIC" "-m64" "-std=c++14" "-I" "/opt/rustwide/cargo-home/registry/src/index.crates.io-1949cf8c6b5b557f/opencv-0.88.8/src_cpp" "-I" "/opt/rustwide/target/release/build/opencv/ffcab372dce703bb/out" "-I" "." "-I" "/usr/include/opencv4" "-Wall" "-Wextra" "-Wno-deprecated-declarations" "-Wno-deprecated-copy" "-Wno-unused-parameter" "-Wno-sign-compare" "-Wno-comment" "-Wunused-but-set-variable" "-Wno-unused-variable" "-Wno-ignored-qualifiers" "-Wno-return-type-c-linkage" "-Wno-overloaded-virtual" "-o" "/opt/rustwide/target/release/build/opencv/ffcab372dce703bb/out/072554f5d0d186bc-dnn.o" "-c" "/opt/rustwide/target/release/build/opencv/ffcab372dce703bb/out/dnn.cpp" with args "c++" did not execute successfully (status code exit status: 1).
[INFO] [stderr]   exit status: 1
[INFO] [stderr]   cargo:warning=ToolExecError: Command "c++" "-O3" "-ffunction-sections" "-fdata-sections" "-fPIC" "-m64" "-std=c++14" "-I" "/opt/rustwide/cargo-home/registry/src/index.crates.io-1949cf8c6b5b557f/opencv-0.88.8/src_cpp" "-I" "/opt/rustwide/target/release/build/opencv/ffcab372dce703bb/out" "-I" "." "-I" "/usr/include/opencv4" "-Wall" "-Wextra" "-Wno-deprecated-declarations" "-Wno-deprecated-copy" "-Wno-unused-parameter" "-Wno-sign-compare" "-Wno-comment" "-Wunused-but-set-variable" "-Wno-unused-variable" "-Wno-ignored-qualifiers" "-Wno-return-type-c-linkage" "-Wno-overloaded-virtual" "-o" "/opt/rustwide/target/release/build/opencv/ffcab372dce703bb/out/072554f5d0d186bc-dpm.o" "-c" "/opt/rustwide/target/release/build/opencv/ffcab372dce703bb/out/dpm.cpp" with args "c++" did not execute successfully (status code exit status: 1).cargo:warning=c++: fatal error: Killed signal terminated program cc1plus
[INFO] [stderr] 
[INFO] [stderr]   cargo:warning=compilation terminated.
[INFO] [stderr] 
[INFO] [stderr]   running: "c++" "-O3" "-ffunction-sections" "-fdata-sections" "-fPIC" "-m64" "-std=c++14" "-I" "/opt/rustwide/cargo-home/registry/src/index.crates.io-1949cf8c6b5b557f/opencv-0.88.8/src_cpp" "-I" "/opt/rustwide/target/release/build/opencv/ffcab372dce703bb/out" "-I" "." "-I" "/usr/include/opencv4" "-Wall" "-Wextra" "-Wno-deprecated-declarations" "-Wno-deprecated-copy" "-Wno-unused-parameter" "-Wno-sign-compare" "-Wno-comment" "-Wunused-but-set-variable" "-Wno-unused-variable" "-Wno-ignored-qualifiers" "-Wno-return-type-c-linkage" "-Wno-overloaded-virtual" "-o" "/opt/rustwide/target/release/build/opencv/ffcab372dce703bb/out/072554f5d0d186bc-imgcodecs.o" "-c" "/opt/rustwide/target/release/build/opencv/ffcab372dce703bb/out/imgcodecs.cpp"
[INFO] [stderr]   running: "c++" "-O3" "-ffunction-sections" "-fdata-sections" "-fPIC" "-m64" "-std=c++14" "-I" "/opt/rustwide/cargo-home/registry/src/index.crates.io-1949cf8c6b5b557f/opencv-0.88.8/src_cpp" "-I" "/opt/rustwide/target/release/build/opencv/ffcab372dce703bb/out" "-I" "." "-I" "/usr/include/opencv4" "-Wall" "-Wextra" "-Wno-deprecated-declarations" "-Wno-deprecated-copy" "-Wno-unused-parameter" "-Wno-sign-compare" "-Wno-comment" "-Wunused-but-set-variable" "-Wno-unused-variable" "-Wno-ignored-qualifiers" "-Wno-return-type-c-linkage" "-Wno-overloaded-virtual" "-o" "/opt/rustwide/target/release/build/opencv/ffcab372dce703bb/out/072554f5d0d186bc-imgproc.o" "-c" "/opt/rustwide/target/release/build/opencv/ffcab372dce703bb/out/imgproc.cpp"
[INFO] [stderr]   running: "c++" "-O3" "-ffunction-sections" "-fdata-sections" "-fPIC" "-m64" "-std=c++14" "-I" "/opt/rustwide/cargo-home/registry/src/index.crates.io-1949cf8c6b5b557f/opencv-0.88.8/src_cpp" "-I" "/opt/rustwide/target/release/build/opencv/ffcab372dce703bb/out" "-I" "." "-I" "/usr/include/opencv4" "-Wall" "-Wextra" "-Wno-deprecated-declarations" "-Wno-deprecated-copy" "-Wno-unused-parameter" "-Wno-sign-compare" "-Wno-comment" "-Wunused-but-set-variable" "-Wno-unused-variable" "-Wno-ignored-qualifiers" "-Wno-return-type-c-linkage" "-Wno-overloaded-virtual" "-o" "/opt/rustwide/target/release/build/opencv/ffcab372dce703bb/out/072554f5d0d186bc-intensity_transform.o" "-c" "/opt/rustwide/target/release/build/opencv/ffcab372dce703bb/out/intensity_transform.cpp"
[INFO] [stderr]   running: "c++" "-O3" "-ffunction-sections" "-fdata-sections" "-fPIC" "-m64" "-std=c++14" "-I" "/opt/rustwide/cargo-home/registry/src/index.crates.io-1949cf8c6b5b557f/opencv-0.88.8/src_cpp" "-I" "/opt/rustwide/target/release/build/opencv/ffcab372dce703bb/out" "-I" "." "-I" "/usr/include/opencv4" "-Wall" "-Wextra" "-Wno-deprecated-declarations" "-Wno-deprecated-copy" "-Wno-unused-parameter" "-Wno-sign-compare" "-Wno-comment" "-Wunused-but-set-variable" "-Wno-unused-variable" "-Wno-ignored-qualifiers" "-Wno-return-type-c-linkage" "-Wno-overloaded-virtual" "-o" "/opt/rustwide/target/release/build/opencv/ffcab372dce703bb/out/072554f5d0d186bc-line_descriptor.o" "-c" "/opt/rustwide/target/release/build/opencv/ffcab372dce703bb/out/line_descriptor.cpp"
[INFO] [stderr]   cargo:warning=c++: fatal error: Killed signal terminated program cc1plus
[INFO] [stderr] 
[INFO] [stderr]   cargo:warning=compilation terminated.
[INFO] [stderr] 
[INFO] [stderr]   cargo:warning=c++: fatal error: Killed signal terminated program cc1plus
[INFO] [stderr] 
[INFO] [stderr]   cargo:warning=compilation terminated.
[INFO] [stderr] 
[INFO] [stderr] 
[INFO] [stderr]   exit status: 0
[INFO] [stderr]   exit status: 0
[INFO] [stderr]   exit status: 1
[INFO] [stderr]   cargo:warning=ToolExecError: Command "c++" "-O3" "-ffunction-sections" "-fdata-sections" "-fPIC" "-m64" "-std=c++14" "-I" "/opt/rustwide/cargo-home/registry/src/index.crates.io-1949cf8c6b5b557f/opencv-0.88.8/src_cpp" "-I" "/opt/rustwide/target/release/build/opencv/ffcab372dce703bb/out" "-I" "." "-I" "/usr/include/opencv4" "-Wall" "-Wextra" "-Wno-deprecated-declarations" "-Wno-deprecated-copy" "-Wno-unused-parameter" "-Wno-sign-compare" "-Wno-comment" "-Wunused-but-set-variable" "-Wno-unused-variable" "-Wno-ignored-qualifiers" "-Wno-return-type-c-linkage" "-Wno-overloaded-virtual" "-o" "/opt/rustwide/target/release/build/opencv/ffcab372dce703bb/out/072554f5d0d186bc-face.o" "-c" "/opt/rustwide/target/release/build/opencv/ffcab372dce703bb/out/face.cpp" with args "c++" did not execute successfully (status code exit status: 1).
[INFO] [stderr]   exit status: 1
[INFO] [stderr]   cargo:warning=ToolExecError: Command "c++" "-O3" "-ffunction-sections" "-fdata-sections" "-fPIC" "-m64" "-std=c++14" "-I" "/opt/rustwide/cargo-home/registry/src/index.crates.io-1949cf8c6b5b557f/opencv-0.88.8/src_cpp" "-I" "/opt/rustwide/target/release/build/opencv/ffcab372dce703bb/out" "-I" "." "-I" "/usr/include/opencv4" "-Wall" "-Wextra" "-Wno-deprecated-declarations" "-Wno-deprecated-copy" "-Wno-unused-parameter" "-Wno-sign-compare" "-Wno-comment" "-Wunused-but-set-variable" "-Wno-unused-variable" "-Wno-ignored-qualifiers" "-Wno-return-type-c-linkage" "-Wno-overloaded-virtual" "-o" "/opt/rustwide/target/release/build/opencv/ffcab372dce703bb/out/072554f5d0d186bc-flann.o" "-c" "/opt/rustwide/target/release/build/opencv/ffcab372dce703bb/out/flann.cpp" with args "c++" did not execute successfully (status code exit status: 1).running: "c++" "-O3" "-ffunction-sections" "-fdata-sections" "-fPIC" "-m64" "-std=c++14" "-I" "/opt/rustwide/cargo-home/registry/src/index.crates.io-1949cf8c6b5b557f/opencv-0.88.8/src_cpp" "-I" "/opt/rustwide/target/release/build/opencv/ffcab372dce703bb/out" "-I" "." "-I" "/usr/include/opencv4" "-Wall" "-Wextra" "-Wno-deprecated-declarations" "-Wno-deprecated-copy" "-Wno-unused-parameter" "-Wno-sign-compare" "-Wno-comment" "-Wunused-but-set-variable" "-Wno-unused-variable" "-Wno-ignored-qualifiers" "-Wno-return-type-c-linkage" "-Wno-overloaded-virtual" "-o" "/opt/rustwide/target/release/build/opencv/ffcab372dce703bb/out/072554f5d0d186bc-mcc.o" "-c" "/opt/rustwide/target/release/build/opencv/ffcab372dce703bb/out/mcc.cpp"
[INFO] [stderr]   running: "c++" "-O3" "-ffunction-sections" "-fdata-sections" "-fPIC" "-m64" "-std=c++14" "-I" "/opt/rustwide/cargo-home/registry/src/index.crates.io-1949cf8c6b5b557f/opencv-0.88.8/src_cpp" "-I" "/opt/rustwide/target/release/build/opencv/ffcab372dce703bb/out" "-I" "." "-I" "/usr/include/opencv4" "-Wall" "-Wextra" "-Wno-deprecated-declarations" "-Wno-deprecated-copy" "-Wno-unused-parameter" "-Wno-sign-compare" "-Wno-comment" "-Wunused-but-set-variable" "-Wno-unused-variable" "-Wno-ignored-qualifiers" "-Wno-return-type-c-linkage" "-Wno-overloaded-virtual" "-o" "/opt/rustwide/target/release/build/opencv/ffcab372dce703bb/out/072554f5d0d186bc-ml.o" "-c" "/opt/rustwide/target/release/build/opencv/ffcab372dce703bb/out/ml.cpp"
[INFO] [stderr]   running: "c++" "-O3" "-ffunction-sections" "-fdata-sections" "-fPIC" "-m64" "-std=c++14" "-I" "/opt/rustwide/cargo-home/registry/src/index.crates.io-1949cf8c6b5b557f/opencv-0.88.8/src_cpp" "-I" "/opt/rustwide/target/release/build/opencv/ffcab372dce703bb/out" "-I" "." "-I" "/usr/include/opencv4" "-Wall" "-Wextra" "-Wno-deprecated-declarations" "-Wno-deprecated-copy" "-Wno-unused-parameter" "-Wno-sign-compare" "-Wno-comment" "-Wunused-but-set-variable" "-Wno-unused-variable" "-Wno-ignored-qualifiers" "-Wno-return-type-c-linkage" "-Wno-overloaded-virtual" "-o" "/opt/rustwide/target/release/build/opencv/ffcab372dce703bb/out/072554f5d0d186bc-objdetect.o" "-c" "/opt/rustwide/target/release/build/opencv/ffcab372dce703bb/out/objdetect.cpp"
[INFO] [stderr]   cargo:warning=c++: fatal error: Killed signal terminated program cc1plus
[INFO] [stderr] 
[INFO] [stderr]   cargo:warning=compilation terminated.
[INFO] [stderr] 
[INFO] [stderr]   cargo:warning=c++: fatal error: Killed signal terminated program cc1plus
[INFO] [stderr] 
[INFO] [stderr]   cargo:warning=compilation terminated.
[INFO] [stderr] 
[INFO] [stderr] 
[INFO] [stderr]   exit status: 0
[INFO] [stderr]   exit status: 1
[INFO] [stderr]   cargo:warning=ToolExecError: Command "c++" "-O3" "-ffunction-sections" "-fdata-sections" "-fPIC" "-m64" "-std=c++14" "-I" "/opt/rustwide/cargo-home/registry/src/index.crates.io-1949cf8c6b5b557f/opencv-0.88.8/src_cpp" "-I" "/opt/rustwide/target/release/build/opencv/ffcab372dce703bb/out" "-I" "." "-I" "/usr/include/opencv4" "-Wall" "-Wextra" "-Wno-deprecated-declarations" "-Wno-deprecated-copy" "-Wno-unused-parameter" "-Wno-sign-compare" "-Wno-comment" "-Wunused-but-set-variable" "-Wno-unused-variable" "-Wno-ignored-qualifiers" "-Wno-return-type-c-linkage" "-Wno-overloaded-virtual" "-o" "/opt/rustwide/target/release/build/opencv/ffcab372dce703bb/out/072554f5d0d186bc-aruco.o" "-c" "/opt/rustwide/target/release/build/opencv/ffcab372dce703bb/out/aruco.cpp" with args "c++" did not execute successfully (status code exit status: 1).
[INFO] [stderr]   exit status: 1
[INFO] [stderr]   cargo:warning=ToolExecError: Command "c++" "-O3" "-ffunction-sections" "-fdata-sections" "-fPIC" "-m64" "-std=c++14" "-I" "/opt/rustwide/cargo-home/registry/src/index.crates.io-1949cf8c6b5b557f/opencv-0.88.8/src_cpp" "-I" "/opt/rustwide/target/release/build/opencv/ffcab372dce703bb/out" "-I" "." "-I" "/usr/include/opencv4" "-Wall" "-Wextra" "-Wno-deprecated-declarations" "-Wno-deprecated-copy" "-Wno-unused-parameter" "-Wno-sign-compare" "-Wno-comment" "-Wunused-but-set-variable" "-Wno-unused-variable" "-Wno-ignored-qualifiers" "-Wno-return-type-c-linkage" "-Wno-overloaded-virtual" "-o" "/opt/rustwide/target/release/build/opencv/ffcab372dce703bb/out/072554f5d0d186bc-features2d.o" "-c" "/opt/rustwide/target/release/build/opencv/ffcab372dce703bb/out/features2d.cpp" with args "c++" did not execute successfully (status code exit status: 1).running: "c++" "-O3" "-ffunction-sections" "-fdata-sections" "-fPIC" "-m64" "-std=c++14" "-I" "/opt/rustwide/cargo-home/registry/src/index.crates.io-1949cf8c6b5b557f/opencv-0.88.8/src_cpp" "-I" "/opt/rustwide/target/release/build/opencv/ffcab372dce703bb/out" "-I" "." "-I" "/usr/include/opencv4" "-Wall" "-Wextra" "-Wno-deprecated-declarations" "-Wno-deprecated-copy" "-Wno-unused-parameter" "-Wno-sign-compare" "-Wno-comment" "-Wunused-but-set-variable" "-Wno-unused-variable" "-Wno-ignored-qualifiers" "-Wno-return-type-c-linkage" "-Wno-overloaded-virtual" "-o" "/opt/rustwide/target/release/build/opencv/ffcab372dce703bb/out/072554f5d0d186bc-optflow.o" "-c" "/opt/rustwide/target/release/build/opencv/ffcab372dce703bb/out/optflow.cpp"
[INFO] [stderr]   running: "c++" "-O3" "-ffunction-sections" "-fdata-sections" "-fPIC" "-m64" "-std=c++14" "-I" "/opt/rustwide/cargo-home/registry/src/index.crates.io-1949cf8c6b5b557f/opencv-0.88.8/src_cpp" "-I" "/opt/rustwide/target/release/build/opencv/ffcab372dce703bb/out" "-I" "." "-I" "/usr/include/opencv4" "-Wall" "-Wextra" "-Wno-deprecated-declarations" "-Wno-deprecated-copy" "-Wno-unused-parameter" "-Wno-sign-compare" "-Wno-comment" "-Wunused-but-set-variable" "-Wno-unused-variable" "-Wno-ignored-qualifiers" "-Wno-return-type-c-linkage" "-Wno-overloaded-virtual" "-o" "/opt/rustwide/target/release/build/opencv/ffcab372dce703bb/out/072554f5d0d186bc-phase_unwrapping.o" "-c" "/opt/rustwide/target/release/build/opencv/ffcab372dce703bb/out/phase_unwrapping.cpp"
[INFO] [stderr]   running: "c++" "-O3" "-ffunction-sections" "-fdata-sections" "-fPIC" "-m64" "-std=c++14" "-I" "/opt/rustwide/cargo-home/registry/src/index.crates.io-1949cf8c6b5b557f/opencv-0.88.8/src_cpp" "-I" "/opt/rustwide/target/release/build/opencv/ffcab372dce703bb/out" "-I" "." "-I" "/usr/include/opencv4" "-Wall" "-Wextra" "-Wno-deprecated-declarations" "-Wno-deprecated-copy" "-Wno-unused-parameter" "-Wno-sign-compare" "-Wno-comment" "-Wunused-but-set-variable" "-Wno-unused-variable" "-Wno-ignored-qualifiers" "-Wno-return-type-c-linkage" "-Wno-overloaded-virtual" "-o" "/opt/rustwide/target/release/build/opencv/ffcab372dce703bb/out/072554f5d0d186bc-photo.o" "-c" "/opt/rustwide/target/release/build/opencv/ffcab372dce703bb/out/photo.cpp"
[INFO] [stderr]   cargo:warning=c++: fatal error: Killed signal terminated program cc1plus
[INFO] [stderr] 
[INFO] [stderr]   cargo:warning=compilation terminated.
[INFO] [stderr] 
[INFO] [stderr]   cargo:warning=c++: fatal error: Killed signal terminated program cc1plus
[INFO] [stderr] 
[INFO] [stderr]   cargo:warning=compilation terminated.
[INFO] [stderr] 
[INFO] [stderr] 
[INFO] [stderr]   exit status: 0
[INFO] [stderr]   exit status: 1
[INFO] [stderr]   cargo:warning=ToolExecError: Command "c++" "-O3" "-ffunction-sections" "-fdata-sections" "-fPIC" "-m64" "-std=c++14" "-I" "/opt/rustwide/cargo-home/registry/src/index.crates.io-1949cf8c6b5b557f/opencv-0.88.8/src_cpp" "-I" "/opt/rustwide/target/release/build/opencv/ffcab372dce703bb/out" "-I" "." "-I" "/usr/include/opencv4" "-Wall" "-Wextra" "-Wno-deprecated-declarations" "-Wno-deprecated-copy" "-Wno-unused-parameter" "-Wno-sign-compare" "-Wno-comment" "-Wunused-but-set-variable" "-Wno-unused-variable" "-Wno-ignored-qualifiers" "-Wno-return-type-c-linkage" "-Wno-overloaded-virtual" "-o" "/opt/rustwide/target/release/build/opencv/ffcab372dce703bb/out/072554f5d0d186bc-bioinspired.o" "-c" "/opt/rustwide/target/release/build/opencv/ffcab372dce703bb/out/bioinspired.cpp" with args "c++" did not execute successfully (status code exit status: 1).
[INFO] [stderr]   exit status: 1
[INFO] [stderr]   cargo:warning=ToolExecError: Command "c++" "-O3" "-ffunction-sections" "-fdata-sections" "-fPIC" "-m64" "-std=c++14" "-I" "/opt/rustwide/cargo-home/registry/src/index.crates.io-1949cf8c6b5b557f/opencv-0.88.8/src_cpp" "-I" "/opt/rustwide/target/release/build/opencv/ffcab372dce703bb/out" "-I" "." "-I" "/usr/include/opencv4" "-Wall" "-Wextra" "-Wno-deprecated-declarations" "-Wno-deprecated-copy" "-Wno-unused-parameter" "-Wno-sign-compare" "-Wno-comment" "-Wunused-but-set-variable" "-Wno-unused-variable" "-Wno-ignored-qualifiers" "-Wno-return-type-c-linkage" "-Wno-overloaded-virtual" "-o" "/opt/rustwide/target/release/build/opencv/ffcab372dce703bb/out/037f09d74d532358-manual-core.o" "-c" "/opt/rustwide/cargo-home/registry/src/index.crates.io-1949cf8c6b5b557f/opencv-0.88.8/src_cpp/manual-core.cpp" with args "c++" did not execute successfully (status code exit status: 1).running: "c++" "-O3" "-ffunction-sections" "-fdata-sections" "-fPIC" "-m64" "-std=c++14" "-I" "/opt/rustwide/cargo-home/registry/src/index.crates.io-1949cf8c6b5b557f/opencv-0.88.8/src_cpp" "-I" "/opt/rustwide/target/release/build/opencv/ffcab372dce703bb/out" "-I" "." "-I" "/usr/include/opencv4" "-Wall" "-Wextra" "-Wno-deprecated-declarations" "-Wno-deprecated-copy" "-Wno-unused-parameter" "-Wno-sign-compare" "-Wno-comment" "-Wunused-but-set-variable" "-Wno-unused-variable" "-Wno-ignored-qualifiers" "-Wno-return-type-c-linkage" "-Wno-overloaded-virtual" "-o" "/opt/rustwide/target/release/build/opencv/ffcab372dce703bb/out/072554f5d0d186bc-plot.o" "-c" "/opt/rustwide/target/release/build/opencv/ffcab372dce703bb/out/plot.cpp"
[INFO] [stderr]   running: "c++" "-O3" "-ffunction-sections" "-fdata-sections" "-fPIC" "-m64" "-std=c++14" "-I" "/opt/rustwide/cargo-home/registry/src/index.crates.io-1949cf8c6b5b557f/opencv-0.88.8/src_cpp" "-I" "/opt/rustwide/target/release/build/opencv/ffcab372dce703bb/out" "-I" "." "-I" "/usr/include/opencv4" "-Wall" "-Wextra" "-Wno-deprecated-declarations" "-Wno-deprecated-copy" "-Wno-unused-parameter" "-Wno-sign-compare" "-Wno-comment" "-Wunused-but-set-variable" "-Wno-unused-variable" "-Wno-ignored-qualifiers" "-Wno-return-type-c-linkage" "-Wno-overloaded-virtual" "-o" "/opt/rustwide/target/release/build/opencv/ffcab372dce703bb/out/072554f5d0d186bc-quality.o" "-c" "/opt/rustwide/target/release/build/opencv/ffcab372dce703bb/out/quality.cpp"
[INFO] [stderr]   running: "c++" "-O3" "-ffunction-sections" "-fdata-sections" "-fPIC" "-m64" "-std=c++14" "-I" "/opt/rustwide/cargo-home/registry/src/index.crates.io-1949cf8c6b5b557f/opencv-0.88.8/src_cpp" "-I" "/opt/rustwide/target/release/build/opencv/ffcab372dce703bb/out" "-I" "." "-I" "/usr/include/opencv4" "-Wall" "-Wextra" "-Wno-deprecated-declarations" "-Wno-deprecated-copy" "-Wno-unused-parameter" "-Wno-sign-compare" "-Wno-comment" "-Wunused-but-set-variable" "-Wno-unused-variable" "-Wno-ignored-qualifiers" "-Wno-return-type-c-linkage" "-Wno-overloaded-virtual" "-o" "/opt/rustwide/target/release/build/opencv/ffcab372dce703bb/out/072554f5d0d186bc-rapid.o" "-c" "/opt/rustwide/target/release/build/opencv/ffcab372dce703bb/out/rapid.cpp"
[INFO] [stderr]   running: "c++" "-O3" "-ffunction-sections" "-fdata-sections" "-fPIC" "-m64" "-std=c++14" "-I" "/opt/rustwide/cargo-home/registry/src/index.crates.io-1949cf8c6b5b557f/opencv-0.88.8/src_cpp" "-I" "/opt/rustwide/target/release/build/opencv/ffcab372dce703bb/out" "-I" "." "-I" "/usr/include/opencv4" "-Wall" "-Wextra" "-Wno-deprecated-declarations" "-Wno-deprecated-copy" "-Wno-unused-parameter" "-Wno-sign-compare" "-Wno-comment" "-Wunused-but-set-variable" "-Wno-unused-variable" "-Wno-ignored-qualifiers" "-Wno-return-type-c-linkage" "-Wno-overloaded-virtual" "-o" "/opt/rustwide/target/release/build/opencv/ffcab372dce703bb/out/072554f5d0d186bc-rgbd.o" "-c" "/opt/rustwide/target/release/build/opencv/ffcab372dce703bb/out/rgbd.cpp"
[INFO] [stderr]   cargo:warning=c++: fatal error: Killed signal terminated program cc1plus
[INFO] [stderr] 
[INFO] [stderr]   cargo:warning=compilation terminated.
[INFO] [stderr] 
[INFO] [stderr] 
[INFO] [stderr]   exit status: 0
[INFO] [stderr]   exit status: 0
[INFO] [stderr]   exit status: 1
[INFO] [stderr]   cargo:warning=ToolExecError: Command "c++" "-O3" "-ffunction-sections" "-fdata-sections" "-fPIC" "-m64" "-std=c++14" "-I" "/opt/rustwide/cargo-home/registry/src/index.crates.io-1949cf8c6b5b557f/opencv-0.88.8/src_cpp" "-I" "/opt/rustwide/target/release/build/opencv/ffcab372dce703bb/out" "-I" "." "-I" "/usr/include/opencv4" "-Wall" "-Wextra" "-Wno-deprecated-declarations" "-Wno-deprecated-copy" "-Wno-unused-parameter" "-Wno-sign-compare" "-Wno-comment" "-Wunused-but-set-variable" "-Wno-unused-variable" "-Wno-ignored-qualifiers" "-Wno-return-type-c-linkage" "-Wno-overloaded-virtual" "-o" "/opt/rustwide/target/release/build/opencv/ffcab372dce703bb/out/072554f5d0d186bc-imgproc.o" "-c" "/opt/rustwide/target/release/build/opencv/ffcab372dce703bb/out/imgproc.cpp" with args "c++" did not execute successfully (status code exit status: 1).running: "c++" "-O3" "-ffunction-sections" "-fdata-sections" "-fPIC" "-m64" "-std=c++14" "-I" "/opt/rustwide/cargo-home/registry/src/index.crates.io-1949cf8c6b5b557f/opencv-0.88.8/src_cpp" "-I" "/opt/rustwide/target/release/build/opencv/ffcab372dce703bb/out" "-I" "." "-I" "/usr/include/opencv4" "-Wall" "-Wextra" "-Wno-deprecated-declarations" "-Wno-deprecated-copy" "-Wno-unused-parameter" "-Wno-sign-compare" "-Wno-comment" "-Wunused-but-set-variable" "-Wno-unused-variable" "-Wno-ignored-qualifiers" "-Wno-return-type-c-linkage" "-Wno-overloaded-virtual" "-o" "/opt/rustwide/target/release/build/opencv/ffcab372dce703bb/out/072554f5d0d186bc-saliency.o" "-c" "/opt/rustwide/target/release/build/opencv/ffcab372dce703bb/out/saliency.cpp"
[INFO] [stderr]   cargo:warning=c++: fatal error: Killed signal terminated program cc1plus
[INFO] [stderr] 
[INFO] [stderr]   cargo:warning=compilation terminated.
[INFO] [stderr] 
[INFO] [stderr] 
[INFO] [stderr]   exit status: 1
[INFO] [stderr]   cargo:warning=ToolExecError: Command "c++" "-O3" "-ffunction-sections" "-fdata-sections" "-fPIC" "-m64" "-std=c++14" "-I" "/opt/rustwide/cargo-home/registry/src/index.crates.io-1949cf8c6b5b557f/opencv-0.88.8/src_cpp" "-I" "/opt/rustwide/target/release/build/opencv/ffcab372dce703bb/out" "-I" "." "-I" "/usr/include/opencv4" "-Wall" "-Wextra" "-Wno-deprecated-declarations" "-Wno-deprecated-copy" "-Wno-unused-parameter" "-Wno-sign-compare" "-Wno-comment" "-Wunused-but-set-variable" "-Wno-unused-variable" "-Wno-ignored-qualifiers" "-Wno-return-type-c-linkage" "-Wno-overloaded-virtual" "-o" "/opt/rustwide/target/release/build/opencv/ffcab372dce703bb/out/072554f5d0d186bc-hdf.o" "-c" "/opt/rustwide/target/release/build/opencv/ffcab372dce703bb/out/hdf.cpp" with args "c++" did not execute successfully (status code exit status: 1).running: "c++" "-O3" "-ffunction-sections" "-fdata-sections" "-fPIC" "-m64" "-std=c++14" "-I" "/opt/rustwide/cargo-home/registry/src/index.crates.io-1949cf8c6b5b557f/opencv-0.88.8/src_cpp" "-I" "/opt/rustwide/target/release/build/opencv/ffcab372dce703bb/out" "-I" "." "-I" "/usr/include/opencv4" "-Wall" "-Wextra" "-Wno-deprecated-declarations" "-Wno-deprecated-copy" "-Wno-unused-parameter" "-Wno-sign-compare" "-Wno-comment" "-Wunused-but-set-variable" "-Wno-unused-variable" "-Wno-ignored-qualifiers" "-Wno-return-type-c-linkage" "-Wno-overloaded-virtual" "-o" "/opt/rustwide/target/release/build/opencv/ffcab372dce703bb/out/072554f5d0d186bc-shape.o" "-c" "/opt/rustwide/target/release/build/opencv/ffcab372dce703bb/out/shape.cpp"
[INFO] [stderr]   cargo:warning=c++: fatal error: Killed signal terminated program cc1plus
[INFO] [stderr] 
[INFO] [stderr]   cargo:warning=compilation terminated.
[INFO] [stderr] 
[INFO] [stderr]   cargo:warning=c++: fatal error: Killed signal terminated program cc1plus
[INFO] [stderr] 
[INFO] [stderr]   cargo:warning=compilation terminated.
[INFO] [stderr] 
[INFO] [stderr] 
[INFO] [stderr]   exit status: 1
[INFO] [stderr]   cargo:warning=ToolExecError: Command "c++" "-O3" "-ffunction-sections" "-fdata-sections" "-fPIC" "-m64" "-std=c++14" "-I" "/opt/rustwide/cargo-home/registry/src/index.crates.io-1949cf8c6b5b557f/opencv-0.88.8/src_cpp" "-I" "/opt/rustwide/target/release/build/opencv/ffcab372dce703bb/out" "-I" "." "-I" "/usr/include/opencv4" "-Wall" "-Wextra" "-Wno-deprecated-declarations" "-Wno-deprecated-copy" "-Wno-unused-parameter" "-Wno-sign-compare" "-Wno-comment" "-Wunused-but-set-variable" "-Wno-unused-variable" "-Wno-ignored-qualifiers" "-Wno-return-type-c-linkage" "-Wno-overloaded-virtual" "-o" "/opt/rustwide/target/release/build/opencv/ffcab372dce703bb/out/072554f5d0d186bc-img_hash.o" "-c" "/opt/rustwide/target/release/build/opencv/ffcab372dce703bb/out/img_hash.cpp" with args "c++" did not execute successfully (status code exit status: 1).
[INFO] [stderr]   exit status: 1
[INFO] [stderr]   cargo:warning=ToolExecError: Command "c++" "-O3" "-ffunction-sections" "-fdata-sections" "-fPIC" "-m64" "-std=c++14" "-I" "/opt/rustwide/cargo-home/registry/src/index.crates.io-1949cf8c6b5b557f/opencv-0.88.8/src_cpp" "-I" "/opt/rustwide/target/release/build/opencv/ffcab372dce703bb/out" "-I" "." "-I" "/usr/include/opencv4" "-Wall" "-Wextra" "-Wno-deprecated-declarations" "-Wno-deprecated-copy" "-Wno-unused-parameter" "-Wno-sign-compare" "-Wno-comment" "-Wunused-but-set-variable" "-Wno-unused-variable" "-Wno-ignored-qualifiers" "-Wno-return-type-c-linkage" "-Wno-overloaded-virtual" "-o" "/opt/rustwide/target/release/build/opencv/ffcab372dce703bb/out/072554f5d0d186bc-line_descriptor.o" "-c" "/opt/rustwide/target/release/build/opencv/ffcab372dce703bb/out/line_descriptor.cpp" with args "c++" did not execute successfully (status code exit status: 1).running: "c++" "-O3" "-ffunction-sections" "-fdata-sections" "-fPIC" "-m64" "-std=c++14" "-I" "/opt/rustwide/cargo-home/registry/src/index.crates.io-1949cf8c6b5b557f/opencv-0.88.8/src_cpp" "-I" "/opt/rustwide/target/release/build/opencv/ffcab372dce703bb/out" "-I" "." "-I" "/usr/include/opencv4" "-Wall" "-Wextra" "-Wno-deprecated-declarations" "-Wno-deprecated-copy" "-Wno-unused-parameter" "-Wno-sign-compare" "-Wno-comment" "-Wunused-but-set-variable" "-Wno-unused-variable" "-Wno-ignored-qualifiers" "-Wno-return-type-c-linkage" "-Wno-overloaded-virtual" "-o" "/opt/rustwide/target/release/build/opencv/ffcab372dce703bb/out/072554f5d0d186bc-stereo.o" "-c" "/opt/rustwide/target/release/build/opencv/ffcab372dce703bb/out/stereo.cpp"
[INFO] [stderr]   running: "c++" "-O3" "-ffunction-sections" "-fdata-sections" "-fPIC" "-m64" "-std=c++14" "-I" "/opt/rustwide/cargo-home/registry/src/index.crates.io-1949cf8c6b5b557f/opencv-0.88.8/src_cpp" "-I" "/opt/rustwide/target/release/build/opencv/ffcab372dce703bb/out" "-I" "." "-I" "/usr/include/opencv4" "-Wall" "-Wextra" "-Wno-deprecated-declarations" "-Wno-deprecated-copy" "-Wno-unused-parameter" "-Wno-sign-compare" "-Wno-comment" "-Wunused-but-set-variable" "-Wno-unused-variable" "-Wno-ignored-qualifiers" "-Wno-return-type-c-linkage" "-Wno-overloaded-virtual" "-o" "/opt/rustwide/target/release/build/opencv/ffcab372dce703bb/out/072554f5d0d186bc-stitching.o" "-c" "/opt/rustwide/target/release/build/opencv/ffcab372dce703bb/out/stitching.cpp"
[INFO] [stderr]   running: "c++" "-O3" "-ffunction-sections" "-fdata-sections" "-fPIC" "-m64" "-std=c++14" "-I" "/opt/rustwide/cargo-home/registry/src/index.crates.io-1949cf8c6b5b557f/opencv-0.88.8/src_cpp" "-I" "/opt/rustwide/target/release/build/opencv/ffcab372dce703bb/out" "-I" "." "-I" "/usr/include/opencv4" "-Wall" "-Wextra" "-Wno-deprecated-declarations" "-Wno-deprecated-copy" "-Wno-unused-parameter" "-Wno-sign-compare" "-Wno-comment" "-Wunused-but-set-variable" "-Wno-unused-variable" "-Wno-ignored-qualifiers" "-Wno-return-type-c-linkage" "-Wno-overloaded-virtual" "-o" "/opt/rustwide/target/release/build/opencv/ffcab372dce703bb/out/072554f5d0d186bc-structured_light.o" "-c" "/opt/rustwide/target/release/build/opencv/ffcab372dce703bb/out/structured_light.cpp"
[INFO] [stderr]   cargo:warning=c++: fatal error: Killed signal terminated program cc1plus
[INFO] [stderr] 
[INFO] [stderr]   cargo:warning=compilation terminated.
[INFO] [stderr] 
[INFO] [stderr] 
[INFO] [stderr]   exit status: 0
[INFO] [stderr]   exit status: 1
[INFO] [stderr]   cargo:warning=ToolExecError: Command "c++" "-O3" "-ffunction-sections" "-fdata-sections" "-fPIC" "-m64" "-std=c++14" "-I" "/opt/rustwide/cargo-home/registry/src/index.crates.io-1949cf8c6b5b557f/opencv-0.88.8/src_cpp" "-I" "/opt/rustwide/target/release/build/opencv/ffcab372dce703bb/out" "-I" "." "-I" "/usr/include/opencv4" "-Wall" "-Wextra" "-Wno-deprecated-declarations" "-Wno-deprecated-copy" "-Wno-unused-parameter" "-Wno-sign-compare" "-Wno-comment" "-Wunused-but-set-variable" "-Wno-unused-variable" "-Wno-ignored-qualifiers" "-Wno-return-type-c-linkage" "-Wno-overloaded-virtual" "-o" "/opt/rustwide/target/release/build/opencv/ffcab372dce703bb/out/072554f5d0d186bc-phase_unwrapping.o" "-c" "/opt/rustwide/target/release/build/opencv/ffcab372dce703bb/out/phase_unwrapping.cpp" with args "c++" did not execute successfully (status code exit status: 1).running: "c++" "-O3" "-ffunction-sections" "-fdata-sections" "-fPIC" "-m64" "-std=c++14" "-I" "/opt/rustwide/cargo-home/registry/src/index.crates.io-1949cf8c6b5b557f/opencv-0.88.8/src_cpp" "-I" "/opt/rustwide/target/release/build/opencv/ffcab372dce703bb/out" "-I" "." "-I" "/usr/include/opencv4" "-Wall" "-Wextra" "-Wno-deprecated-declarations" "-Wno-deprecated-copy" "-Wno-unused-parameter" "-Wno-sign-compare" "-Wno-comment" "-Wunused-but-set-variable" "-Wno-unused-variable" "-Wno-ignored-qualifiers" "-Wno-return-type-c-linkage" "-Wno-overloaded-virtual" "-o" "/opt/rustwide/target/release/build/opencv/ffcab372dce703bb/out/072554f5d0d186bc-superres.o" "-c" "/opt/rustwide/target/release/build/opencv/ffcab372dce703bb/out/superres.cpp"
[INFO] [stderr]   cargo:warning=c++: fatal error: Killed signal terminated program cc1plus
[INFO] [stderr] 
[INFO] [stderr]   cargo:warning=compilation terminated.
[INFO] [stderr] 
[INFO] [stderr]   cargo:warning=c++: fatal error: Killed signal terminated program cc1plus
[INFO] [stderr] 
[INFO] [stderr]   cargo:warning=compilation terminated.
[INFO] [stderr] 
[INFO] [stderr]   cargo:warning=c++: fatal error: Killed signal terminated program cc1plus
[INFO] [stderr] 
[INFO] [stderr]   cargo:warning=compilation terminated.
[INFO] [stderr] 
[INFO] [stderr]   cargo:warning=c++: fatal error: Killed signal terminated program cc1plus
[INFO] [stderr] 
[INFO] [stderr]   cargo:warning=compilation terminated.
[INFO] [stderr] 
[INFO] [stderr] 
[INFO] [stderr]   exit status: 1
[INFO] [stderr]   cargo:warning=ToolExecError: Command "c++" "-O3" "-ffunction-sections" "-fdata-sections" "-fPIC" "-m64" "-std=c++14" "-I" "/opt/rustwide/cargo-home/registry/src/index.crates.io-1949cf8c6b5b557f/opencv-0.88.8/src_cpp" "-I" "/opt/rustwide/target/release/build/opencv/ffcab372dce703bb/out" "-I" "." "-I" "/usr/include/opencv4" "-Wall" "-Wextra" "-Wno-deprecated-declarations" "-Wno-deprecated-copy" "-Wno-unused-parameter" "-Wno-sign-compare" "-Wno-comment" "-Wunused-but-set-variable" "-Wno-unused-variable" "-Wno-ignored-qualifiers" "-Wno-return-type-c-linkage" "-Wno-overloaded-virtual" "-o" "/opt/rustwide/target/release/build/opencv/ffcab372dce703bb/out/072554f5d0d186bc-highgui.o" "-c" "/opt/rustwide/target/release/build/opencv/ffcab372dce703bb/out/highgui.cpp" with args "c++" did not execute successfully (status code exit status: 1).
[INFO] [stderr]   exit status: 1
[INFO] [stderr]   cargo:warning=ToolExecError: Command "c++" "-O3" "-ffunction-sections" "-fdata-sections" "-fPIC" "-m64" "-std=c++14" "-I" "/opt/rustwide/cargo-home/registry/src/index.crates.io-1949cf8c6b5b557f/opencv-0.88.8/src_cpp" "-I" "/opt/rustwide/target/release/build/opencv/ffcab372dce703bb/out" "-I" "." "-I" "/usr/include/opencv4" "-Wall" "-Wextra" "-Wno-deprecated-declarations" "-Wno-deprecated-copy" "-Wno-unused-parameter" "-Wno-sign-compare" "-Wno-comment" "-Wunused-but-set-variable" "-Wno-unused-variable" "-Wno-ignored-qualifiers" "-Wno-return-type-c-linkage" "-Wno-overloaded-virtual" "-o" "/opt/rustwide/target/release/build/opencv/ffcab372dce703bb/out/072554f5d0d186bc-mcc.o" "-c" "/opt/rustwide/target/release/build/opencv/ffcab372dce703bb/out/mcc.cpp" with args "c++" did not execute successfully (status code exit status: 1).
[INFO] [stderr]   exit status: 1
[INFO] [stderr]   cargo:warning=ToolExecError: Command "c++" "-O3" "-ffunction-sections" "-fdata-sections" "-fPIC" "-m64" "-std=c++14" "-I" "/opt/rustwide/cargo-home/registry/src/index.crates.io-1949cf8c6b5b557f/opencv-0.88.8/src_cpp" "-I" "/opt/rustwide/target/release/build/opencv/ffcab372dce703bb/out" "-I" "." "-I" "/usr/include/opencv4" "-Wall" "-Wextra" "-Wno-deprecated-declarations" "-Wno-deprecated-copy" "-Wno-unused-parameter" "-Wno-sign-compare" "-Wno-comment" "-Wunused-but-set-variable" "-Wno-unused-variable" "-Wno-ignored-qualifiers" "-Wno-return-type-c-linkage" "-Wno-overloaded-virtual" "-o" "/opt/rustwide/target/release/build/opencv/ffcab372dce703bb/out/072554f5d0d186bc-ml.o" "-c" "/opt/rustwide/target/release/build/opencv/ffcab372dce703bb/out/ml.cpp" with args "c++" did not execute successfully (status code exit status: 1).
[INFO] [stderr]   exit status: 1
[INFO] [stderr]   cargo:warning=ToolExecError: Command "c++" "-O3" "-ffunction-sections" "-fdata-sections" "-fPIC" "-m64" "-std=c++14" "-I" "/opt/rustwide/cargo-home/registry/src/index.crates.io-1949cf8c6b5b557f/opencv-0.88.8/src_cpp" "-I" "/opt/rustwide/target/release/build/opencv/ffcab372dce703bb/out" "-I" "." "-I" "/usr/include/opencv4" "-Wall" "-Wextra" "-Wno-deprecated-declarations" "-Wno-deprecated-copy" "-Wno-unused-parameter" "-Wno-sign-compare" "-Wno-comment" "-Wunused-but-set-variable" "-Wno-unused-variable" "-Wno-ignored-qualifiers" "-Wno-return-type-c-linkage" "-Wno-overloaded-virtual" "-o" "/opt/rustwide/target/release/build/opencv/ffcab372dce703bb/out/072554f5d0d186bc-objdetect.o" "-c" "/opt/rustwide/target/release/build/opencv/ffcab372dce703bb/out/objdetect.cpp" with args "c++" did not execute successfully (status code exit status: 1).running: "c++" "-O3" "-ffunction-sections" "-fdata-sections" "-fPIC" "-m64" "-std=c++14" "-I" "/opt/rustwide/cargo-home/registry/src/index.crates.io-1949cf8c6b5b557f/opencv-0.88.8/src_cpp" "-I" "/opt/rustwide/target/release/build/opencv/ffcab372dce703bb/out" "-I" "." "-I" "/usr/include/opencv4" "-Wall" "-Wextra" "-Wno-deprecated-declarations" "-Wno-deprecated-copy" "-Wno-unused-parameter" "-Wno-sign-compare" "-Wno-comment" "-Wunused-but-set-variable" "-Wno-unused-variable" "-Wno-ignored-qualifiers" "-Wno-return-type-c-linkage" "-Wno-overloaded-virtual" "-o" "/opt/rustwide/target/release/build/opencv/ffcab372dce703bb/out/072554f5d0d186bc-surface_matching.o" "-c" "/opt/rustwide/target/release/build/opencv/ffcab372dce703bb/out/surface_matching.cpp"
[INFO] [stderr]   running: "c++" "-O3" "-ffunction-sections" "-fdata-sections" "-fPIC" "-m64" "-std=c++14" "-I" "/opt/rustwide/cargo-home/registry/src/index.crates.io-1949cf8c6b5b557f/opencv-0.88.8/src_cpp" "-I" "/opt/rustwide/target/release/build/opencv/ffcab372dce703bb/out" "-I" "." "-I" "/usr/include/opencv4" "-Wall" "-Wextra" "-Wno-deprecated-declarations" "-Wno-deprecated-copy" "-Wno-unused-parameter" "-Wno-sign-compare" "-Wno-comment" "-Wunused-but-set-variable" "-Wno-unused-variable" "-Wno-ignored-qualifiers" "-Wno-return-type-c-linkage" "-Wno-overloaded-virtual" "-o" "/opt/rustwide/target/release/build/opencv/ffcab372dce703bb/out/072554f5d0d186bc-text.o" "-c" "/opt/rustwide/target/release/build/opencv/ffcab372dce703bb/out/text.cpp"
[INFO] [stderr]   running: "c++" "-O3" "-ffunction-sections" "-fdata-sections" "-fPIC" "-m64" "-std=c++14" "-I" "/opt/rustwide/cargo-home/registry/src/index.crates.io-1949cf8c6b5b557f/opencv-0.88.8/src_cpp" "-I" "/opt/rustwide/target/release/build/opencv/ffcab372dce703bb/out" "-I" "." "-I" "/usr/include/opencv4" "-Wall" "-Wextra" "-Wno-deprecated-declarations" "-Wno-deprecated-copy" "-Wno-unused-parameter" "-Wno-sign-compare" "-Wno-comment" "-Wunused-but-set-variable" "-Wno-unused-variable" "-Wno-ignored-qualifiers" "-Wno-return-type-c-linkage" "-Wno-overloaded-virtual" "-o" "/opt/rustwide/target/release/build/opencv/ffcab372dce703bb/out/072554f5d0d186bc-tracking.o" "-c" "/opt/rustwide/target/release/build/opencv/ffcab372dce703bb/out/tracking.cpp"
[INFO] [stderr]   running: "c++" "-O3" "-ffunction-sections" "-fdata-sections" "-fPIC" "-m64" "-std=c++14" "-I" "/opt/rustwide/cargo-home/registry/src/index.crates.io-1949cf8c6b5b557f/opencv-0.88.8/src_cpp" "-I" "/opt/rustwide/target/release/build/opencv/ffcab372dce703bb/out" "-I" "." "-I" "/usr/include/opencv4" "-Wall" "-Wextra" "-Wno-deprecated-declarations" "-Wno-deprecated-copy" "-Wno-unused-parameter" "-Wno-sign-compare" "-Wno-comment" "-Wunused-but-set-variable" "-Wno-unused-variable" "-Wno-ignored-qualifiers" "-Wno-return-type-c-linkage" "-Wno-overloaded-virtual" "-o" "/opt/rustwide/target/release/build/opencv/ffcab372dce703bb/out/072554f5d0d186bc-video.o" "-c" "/opt/rustwide/target/release/build/opencv/ffcab372dce703bb/out/video.cpp"
[INFO] [stderr]   cargo:warning=c++: fatal error: Killed signal terminated program cc1plus
[INFO] [stderr] 
[INFO] [stderr]   cargo:warning=compilation terminated.
[INFO] [stderr] 
[INFO] [stderr] 
[INFO] [stderr]   exit status: 1
[INFO] [stderr]   cargo:warning=ToolExecError: Command "c++" "-O3" "-ffunction-sections" "-fdata-sections" "-fPIC" "-m64" "-std=c++14" "-I" "/opt/rustwide/cargo-home/registry/src/index.crates.io-1949cf8c6b5b557f/opencv-0.88.8/src_cpp" "-I" "/opt/rustwide/target/release/build/opencv/ffcab372dce703bb/out" "-I" "." "-I" "/usr/include/opencv4" "-Wall" "-Wextra" "-Wno-deprecated-declarations" "-Wno-deprecated-copy" "-Wno-unused-parameter" "-Wno-sign-compare" "-Wno-comment" "-Wunused-but-set-variable" "-Wno-unused-variable" "-Wno-ignored-qualifiers" "-Wno-return-type-c-linkage" "-Wno-overloaded-virtual" "-o" "/opt/rustwide/target/release/build/opencv/ffcab372dce703bb/out/072554f5d0d186bc-rgbd.o" "-c" "/opt/rustwide/target/release/build/opencv/ffcab372dce703bb/out/rgbd.cpp" with args "c++" did not execute successfully (status code exit status: 1).running: "c++" "-O3" "-ffunction-sections" "-fdata-sections" "-fPIC" "-m64" "-std=c++14" "-I" "/opt/rustwide/cargo-home/registry/src/index.crates.io-1949cf8c6b5b557f/opencv-0.88.8/src_cpp" "-I" "/opt/rustwide/target/release/build/opencv/ffcab372dce703bb/out" "-I" "." "-I" "/usr/include/opencv4" "-Wall" "-Wextra" "-Wno-deprecated-declarations" "-Wno-deprecated-copy" "-Wno-unused-parameter" "-Wno-sign-compare" "-Wno-comment" "-Wunused-but-set-variable" "-Wno-unused-variable" "-Wno-ignored-qualifiers" "-Wno-return-type-c-linkage" "-Wno-overloaded-virtual" "-o" "/opt/rustwide/target/release/build/opencv/ffcab372dce703bb/out/072554f5d0d186bc-videoio.o" "-c" "/opt/rustwide/target/release/build/opencv/ffcab372dce703bb/out/videoio.cpp"
[INFO] [stderr]   cargo:warning=c++: fatal error: Killed signal terminated program cc1plus
[INFO] [stderr] 
[INFO] [stderr]   cargo:warning=compilation terminated.
[INFO] [stderr] 
[INFO] [stderr] 
[INFO] [stderr]   exit status: 1
[INFO] [stderr]   cargo:warning=ToolExecError: Command "c++" "-O3" "-ffunction-sections" "-fdata-sections" "-fPIC" "-m64" "-std=c++14" "-I" "/opt/rustwide/cargo-home/registry/src/index.crates.io-1949cf8c6b5b557f/opencv-0.88.8/src_cpp" "-I" "/opt/rustwide/target/release/build/opencv/ffcab372dce703bb/out" "-I" "." "-I" "/usr/include/opencv4" "-Wall" "-Wextra" "-Wno-deprecated-declarations" "-Wno-deprecated-copy" "-Wno-unused-parameter" "-Wno-sign-compare" "-Wno-comment" "-Wunused-but-set-variable" "-Wno-unused-variable" "-Wno-ignored-qualifiers" "-Wno-return-type-c-linkage" "-Wno-overloaded-virtual" "-o" "/opt/rustwide/target/release/build/opencv/ffcab372dce703bb/out/072554f5d0d186bc-quality.o" "-c" "/opt/rustwide/target/release/build/opencv/ffcab372dce703bb/out/quality.cpp" with args "c++" did not execute successfully (status code exit status: 1).running: "c++" "-O3" "-ffunction-sections" "-fdata-sections" "-fPIC" "-m64" "-std=c++14" "-I" "/opt/rustwide/cargo-home/registry/src/index.crates.io-1949cf8c6b5b557f/opencv-0.88.8/src_cpp" "-I" "/opt/rustwide/target/release/build/opencv/ffcab372dce703bb/out" "-I" "." "-I" "/usr/include/opencv4" "-Wall" "-Wextra" "-Wno-deprecated-declarations" "-Wno-deprecated-copy" "-Wno-unused-parameter" "-Wno-sign-compare" "-Wno-comment" "-Wunused-but-set-variable" "-Wno-unused-variable" "-Wno-ignored-qualifiers" "-Wno-return-type-c-linkage" "-Wno-overloaded-virtual" "-o" "/opt/rustwide/target/release/build/opencv/ffcab372dce703bb/out/072554f5d0d186bc-videostab.o" "-c" "/opt/rustwide/target/release/build/opencv/ffcab372dce703bb/out/videostab.cpp"
[INFO] [stderr]   running: "c++" "-O3" "-ffunction-sections" "-fdata-sections" "-fPIC" "-m64" "-std=c++14" "-I" "/opt/rustwide/cargo-home/registry/src/index.crates.io-1949cf8c6b5b557f/opencv-0.88.8/src_cpp" "-I" "/opt/rustwide/target/release/build/opencv/ffcab372dce703bb/out" "-I" "." "-I" "/usr/include/opencv4" "-Wall" "-Wextra" "-Wno-deprecated-declarations" "-Wno-deprecated-copy" "-Wno-unused-parameter" "-Wno-sign-compare" "-Wno-comment" "-Wunused-but-set-variable" "-Wno-unused-variable" "-Wno-ignored-qualifiers" "-Wno-return-type-c-linkage" "-Wno-overloaded-virtual" "-o" "/opt/rustwide/target/release/build/opencv/ffcab372dce703bb/out/072554f5d0d186bc-viz.o" "-c" "/opt/rustwide/target/release/build/opencv/ffcab372dce703bb/out/viz.cpp"
[INFO] [stderr]   cargo:warning=c++: fatal error: Killed signal terminated program cc1plus
[INFO] [stderr] 
[INFO] [stderr]   cargo:warning=compilation terminated.
[INFO] [stderr] 
[INFO] [stderr]   cargo:warning=c++: fatal error: Killed signal terminated program cc1plus
[INFO] [stderr] 
[INFO] [stderr]   cargo:warning=compilation terminated.
[INFO] [stderr] 
[INFO] [stderr] 
[INFO] [stderr]   exit status: 0
[INFO] [stderr]   exit status: 1
[INFO] [stderr]   cargo:warning=ToolExecError: Command "c++" "-O3" "-ffunction-sections" "-fdata-sections" "-fPIC" "-m64" "-std=c++14" "-I" "/opt/rustwide/cargo-home/registry/src/index.crates.io-1949cf8c6b5b557f/opencv-0.88.8/src_cpp" "-I" "/opt/rustwide/target/release/build/opencv/ffcab372dce703bb/out" "-I" "." "-I" "/usr/include/opencv4" "-Wall" "-Wextra" "-Wno-deprecated-declarations" "-Wno-deprecated-copy" "-Wno-unused-parameter" "-Wno-sign-compare" "-Wno-comment" "-Wunused-but-set-variable" "-Wno-unused-variable" "-Wno-ignored-qualifiers" "-Wno-return-type-c-linkage" "-Wno-overloaded-virtual" "-o" "/opt/rustwide/target/release/build/opencv/ffcab372dce703bb/out/072554f5d0d186bc-photo.o" "-c" "/opt/rustwide/target/release/build/opencv/ffcab372dce703bb/out/photo.cpp" with args "c++" did not execute successfully (status code exit status: 1).
[INFO] [stderr]   exit status: 1
[INFO] [stderr]   cargo:warning=ToolExecError: Command "c++" "-O3" "-ffunction-sections" "-fdata-sections" "-fPIC" "-m64" "-std=c++14" "-I" "/opt/rustwide/cargo-home/registry/src/index.crates.io-1949cf8c6b5b557f/opencv-0.88.8/src_cpp" "-I" "/opt/rustwide/target/release/build/opencv/ffcab372dce703bb/out" "-I" "." "-I" "/usr/include/opencv4" "-Wall" "-Wextra" "-Wno-deprecated-declarations" "-Wno-deprecated-copy" "-Wno-unused-parameter" "-Wno-sign-compare" "-Wno-comment" "-Wunused-but-set-variable" "-Wno-unused-variable" "-Wno-ignored-qualifiers" "-Wno-return-type-c-linkage" "-Wno-overloaded-virtual" "-o" "/opt/rustwide/target/release/build/opencv/ffcab372dce703bb/out/072554f5d0d186bc-saliency.o" "-c" "/opt/rustwide/target/release/build/opencv/ffcab372dce703bb/out/saliency.cpp" with args "c++" did not execute successfully (status code exit status: 1).running: "c++" "-O3" "-ffunction-sections" "-fdata-sections" "-fPIC" "-m64" "-std=c++14" "-I" "/opt/rustwide/cargo-home/registry/src/index.crates.io-1949cf8c6b5b557f/opencv-0.88.8/src_cpp" "-I" "/opt/rustwide/target/release/build/opencv/ffcab372dce703bb/out" "-I" "." "-I" "/usr/include/opencv4" "-Wall" "-Wextra" "-Wno-deprecated-declarations" "-Wno-deprecated-copy" "-Wno-unused-parameter" "-Wno-sign-compare" "-Wno-comment" "-Wunused-but-set-variable" "-Wno-unused-variable" "-Wno-ignored-qualifiers" "-Wno-return-type-c-linkage" "-Wno-overloaded-virtual" "-o" "/opt/rustwide/target/release/build/opencv/ffcab372dce703bb/out/072554f5d0d186bc-wechat_qrcode.o" "-c" "/opt/rustwide/target/release/build/opencv/ffcab372dce703bb/out/wechat_qrcode.cpp"
[INFO] [stderr]   running: "c++" "-O3" "-ffunction-sections" "-fdata-sections" "-fPIC" "-m64" "-std=c++14" "-I" "/opt/rustwide/cargo-home/registry/src/index.crates.io-1949cf8c6b5b557f/opencv-0.88.8/src_cpp" "-I" "/opt/rustwide/target/release/build/opencv/ffcab372dce703bb/out" "-I" "." "-I" "/usr/include/opencv4" "-Wall" "-Wextra" "-Wno-deprecated-declarations" "-Wno-deprecated-copy" "-Wno-unused-parameter" "-Wno-sign-compare" "-Wno-comment" "-Wunused-but-set-variable" "-Wno-unused-variable" "-Wno-ignored-qualifiers" "-Wno-return-type-c-linkage" "-Wno-overloaded-virtual" "-o" "/opt/rustwide/target/release/build/opencv/ffcab372dce703bb/out/072554f5d0d186bc-ximgproc.o" "-c" "/opt/rustwide/target/release/build/opencv/ffcab372dce703bb/out/ximgproc.cpp"
[INFO] [stderr]   cargo:warning=c++: fatal error: Killed signal terminated program cc1plus
[INFO] [stderr] 
[INFO] [stderr]   cargo:warning=compilation terminated.
[INFO] [stderr] 
[INFO] [stderr] 
[INFO] [stderr]   exit status: 1
[INFO] [stderr]   cargo:warning=ToolExecError: Command "c++" "-O3" "-ffunction-sections" "-fdata-sections" "-fPIC" "-m64" "-std=c++14" "-I" "/opt/rustwide/cargo-home/registry/src/index.crates.io-1949cf8c6b5b557f/opencv-0.88.8/src_cpp" "-I" "/opt/rustwide/target/release/build/opencv/ffcab372dce703bb/out" "-I" "." "-I" "/usr/include/opencv4" "-Wall" "-Wextra" "-Wno-deprecated-declarations" "-Wno-deprecated-copy" "-Wno-unused-parameter" "-Wno-sign-compare" "-Wno-comment" "-Wunused-but-set-variable" "-Wno-unused-variable" "-Wno-ignored-qualifiers" "-Wno-return-type-c-linkage" "-Wno-overloaded-virtual" "-o" "/opt/rustwide/target/release/build/opencv/ffcab372dce703bb/out/072554f5d0d186bc-rapid.o" "-c" "/opt/rustwide/target/release/build/opencv/ffcab372dce703bb/out/rapid.cpp" with args "c++" did not execute successfully (status code exit status: 1).running: "c++" "-O3" "-ffunction-sections" "-fdata-sections" "-fPIC" "-m64" "-std=c++14" "-I" "/opt/rustwide/cargo-home/registry/src/index.crates.io-1949cf8c6b5b557f/opencv-0.88.8/src_cpp" "-I" "/opt/rustwide/target/release/build/opencv/ffcab372dce703bb/out" "-I" "." "-I" "/usr/include/opencv4" "-Wall" "-Wextra" "-Wno-deprecated-declarations" "-Wno-deprecated-copy" "-Wno-unused-parameter" "-Wno-sign-compare" "-Wno-comment" "-Wunused-but-set-variable" "-Wno-unused-variable" "-Wno-ignored-qualifiers" "-Wno-return-type-c-linkage" "-Wno-overloaded-virtual" "-o" "/opt/rustwide/target/release/build/opencv/ffcab372dce703bb/out/072554f5d0d186bc-xobjdetect.o" "-c" "/opt/rustwide/target/release/build/opencv/ffcab372dce703bb/out/xobjdetect.cpp"
[INFO] [stderr]   cargo:warning=c++: fatal error: Killed signal terminated program cc1plus
[INFO] [stderr] 
[INFO] [stderr]   cargo:warning=compilation terminated.
[INFO] [stderr] 
[INFO] [stderr] 
[INFO] [stderr]   exit status: 1
[INFO] [stderr]   cargo:warning=ToolExecError: Command "c++" "-O3" "-ffunction-sections" "-fdata-sections" "-fPIC" "-m64" "-std=c++14" "-I" "/opt/rustwide/cargo-home/registry/src/index.crates.io-1949cf8c6b5b557f/opencv-0.88.8/src_cpp" "-I" "/opt/rustwide/target/release/build/opencv/ffcab372dce703bb/out" "-I" "." "-I" "/usr/include/opencv4" "-Wall" "-Wextra" "-Wno-deprecated-declarations" "-Wno-deprecated-copy" "-Wno-unused-parameter" "-Wno-sign-compare" "-Wno-comment" "-Wunused-but-set-variable" "-Wno-unused-variable" "-Wno-ignored-qualifiers" "-Wno-return-type-c-linkage" "-Wno-overloaded-virtual" "-o" "/opt/rustwide/target/release/build/opencv/ffcab372dce703bb/out/072554f5d0d186bc-optflow.o" "-c" "/opt/rustwide/target/release/build/opencv/ffcab372dce703bb/out/optflow.cpp" with args "c++" did not execute successfully (status code exit status: 1).running: "c++" "-O3" "-ffunction-sections" "-fdata-sections" "-fPIC" "-m64" "-std=c++14" "-I" "/opt/rustwide/cargo-home/registry/src/index.crates.io-1949cf8c6b5b557f/opencv-0.88.8/src_cpp" "-I" "/opt/rustwide/target/release/build/opencv/ffcab372dce703bb/out" "-I" "." "-I" "/usr/include/opencv4" "-Wall" "-Wextra" "-Wno-deprecated-declarations" "-Wno-deprecated-copy" "-Wno-unused-parameter" "-Wno-sign-compare" "-Wno-comment" "-Wunused-but-set-variable" "-Wno-unused-variable" "-Wno-ignored-qualifiers" "-Wno-return-type-c-linkage" "-Wno-overloaded-virtual" "-o" "/opt/rustwide/target/release/build/opencv/ffcab372dce703bb/out/072554f5d0d186bc-xphoto.o" "-c" "/opt/rustwide/target/release/build/opencv/ffcab372dce703bb/out/xphoto.cpp"
[INFO] [stderr]   cargo:warning=c++: fatal error: Killed signal terminated program cc1plus
[INFO] [stderr] 
[INFO] [stderr]   cargo:warning=compilation terminated.
[INFO] [stderr] 
[INFO] [stderr] 
[INFO] [stderr]   exit status: 1
[INFO] [stderr]   cargo:warning=ToolExecError: Command "c++" "-O3" "-ffunction-sections" "-fdata-sections" "-fPIC" "-m64" "-std=c++14" "-I" "/opt/rustwide/cargo-home/registry/src/index.crates.io-1949cf8c6b5b557f/opencv-0.88.8/src_cpp" "-I" "/opt/rustwide/target/release/build/opencv/ffcab372dce703bb/out" "-I" "." "-I" "/usr/include/opencv4" "-Wall" "-Wextra" "-Wno-deprecated-declarations" "-Wno-deprecated-copy" "-Wno-unused-parameter" "-Wno-sign-compare" "-Wno-comment" "-Wunused-but-set-variable" "-Wno-unused-variable" "-Wno-ignored-qualifiers" "-Wno-return-type-c-linkage" "-Wno-overloaded-virtual" "-o" "/opt/rustwide/target/release/build/opencv/ffcab372dce703bb/out/072554f5d0d186bc-video.o" "-c" "/opt/rustwide/target/release/build/opencv/ffcab372dce703bb/out/video.cpp" with args "c++" did not execute successfully (status code exit status: 1).cargo:warning=c++: fatal error: Killed signal terminated program cc1plus
[INFO] [stderr] 
[INFO] [stderr]   cargo:warning=compilation terminated.
[INFO] [stderr] 
[INFO] [stderr] 
[INFO] [stderr]   exit status: 1
[INFO] [stderr]   cargo:warning=ToolExecError: Command "c++" "-O3" "-ffunction-sections" "-fdata-sections" "-fPIC" "-m64" "-std=c++14" "-I" "/opt/rustwide/cargo-home/registry/src/index.crates.io-1949cf8c6b5b557f/opencv-0.88.8/src_cpp" "-I" "/opt/rustwide/target/release/build/opencv/ffcab372dce703bb/out" "-I" "." "-I" "/usr/include/opencv4" "-Wall" "-Wextra" "-Wno-deprecated-declarations" "-Wno-deprecated-copy" "-Wno-unused-parameter" "-Wno-sign-compare" "-Wno-comment" "-Wunused-but-set-variable" "-Wno-unused-variable" "-Wno-ignored-qualifiers" "-Wno-return-type-c-linkage" "-Wno-overloaded-virtual" "-o" "/opt/rustwide/target/release/build/opencv/ffcab372dce703bb/out/072554f5d0d186bc-stitching.o" "-c" "/opt/rustwide/target/release/build/opencv/ffcab372dce703bb/out/stitching.cpp" with args "c++" did not execute successfully (status code exit status: 1).cargo:warning=c++: fatal error: Killed signal terminated program cc1plus
[INFO] [stderr] 
[INFO] [stderr]   cargo:warning=compilation terminated.
[INFO] [stderr] 
[INFO] [stderr] 
[INFO] [stderr]   exit status: 0
[INFO] [stderr]   exit status: 1
[INFO] [stderr]   cargo:warning=ToolExecError: Command "c++" "-O3" "-ffunction-sections" "-fdata-sections" "-fPIC" "-m64" "-std=c++14" "-I" "/opt/rustwide/cargo-home/registry/src/index.crates.io-1949cf8c6b5b557f/opencv-0.88.8/src_cpp" "-I" "/opt/rustwide/target/release/build/opencv/ffcab372dce703bb/out" "-I" "." "-I" "/usr/include/opencv4" "-Wall" "-Wextra" "-Wno-deprecated-declarations" "-Wno-deprecated-copy" "-Wno-unused-parameter" "-Wno-sign-compare" "-Wno-comment" "-Wunused-but-set-variable" "-Wno-unused-variable" "-Wno-ignored-qualifiers" "-Wno-return-type-c-linkage" "-Wno-overloaded-virtual" "-o" "/opt/rustwide/target/release/build/opencv/ffcab372dce703bb/out/072554f5d0d186bc-surface_matching.o" "-c" "/opt/rustwide/target/release/build/opencv/ffcab372dce703bb/out/surface_matching.cpp" with args "c++" did not execute successfully (status code exit status: 1).
[INFO] [stderr]   exit status: 1
[INFO] [stderr]   cargo:warning=ToolExecError: Command "c++" "-O3" "-ffunction-sections" "-fdata-sections" "-fPIC" "-m64" "-std=c++14" "-I" "/opt/rustwide/cargo-home/registry/src/index.crates.io-1949cf8c6b5b557f/opencv-0.88.8/src_cpp" "-I" "/opt/rustwide/target/release/build/opencv/ffcab372dce703bb/out" "-I" "." "-I" "/usr/include/opencv4" "-Wall" "-Wextra" "-Wno-deprecated-declarations" "-Wno-deprecated-copy" "-Wno-unused-parameter" "-Wno-sign-compare" "-Wno-comment" "-Wunused-but-set-variable" "-Wno-unused-variable" "-Wno-ignored-qualifiers" "-Wno-return-type-c-linkage" "-Wno-overloaded-virtual" "-o" "/opt/rustwide/target/release/build/opencv/ffcab372dce703bb/out/072554f5d0d186bc-structured_light.o" "-c" "/opt/rustwide/target/release/build/opencv/ffcab372dce703bb/out/structured_light.cpp" with args "c++" did not execute successfully (status code exit status: 1).cargo:warning=c++: fatal error: Killed signal terminated program cc1plus
[INFO] [stderr] 
[INFO] [stderr]   cargo:warning=compilation terminated.
[INFO] [stderr] 
[INFO] [stderr] 
[INFO] [stderr]   exit status: 1
[INFO] [stderr]   cargo:warning=ToolExecError: Command "c++" "-O3" "-ffunction-sections" "-fdata-sections" "-fPIC" "-m64" "-std=c++14" "-I" "/opt/rustwide/cargo-home/registry/src/index.crates.io-1949cf8c6b5b557f/opencv-0.88.8/src_cpp" "-I" "/opt/rustwide/target/release/build/opencv/ffcab372dce703bb/out" "-I" "." "-I" "/usr/include/opencv4" "-Wall" "-Wextra" "-Wno-deprecated-declarations" "-Wno-deprecated-copy" "-Wno-unused-parameter" "-Wno-sign-compare" "-Wno-comment" "-Wunused-but-set-variable" "-Wno-unused-variable" "-Wno-ignored-qualifiers" "-Wno-return-type-c-linkage" "-Wno-overloaded-virtual" "-o" "/opt/rustwide/target/release/build/opencv/ffcab372dce703bb/out/072554f5d0d186bc-shape.o" "-c" "/opt/rustwide/target/release/build/opencv/ffcab372dce703bb/out/shape.cpp" with args "c++" did not execute successfully (status code exit status: 1).cargo:warning=c++: fatal error: Killed signal terminated program cc1plus
[INFO] [stderr] 
[INFO] [stderr]   cargo:warning=compilation terminated.
[INFO] [stderr] 
[INFO] [stderr] 
[INFO] [stderr]   exit status: 0
[INFO] [stderr]   exit status: 0
[INFO] [stderr]   exit status: 0
[INFO] [stderr]   exit status: 0
[INFO] [stderr]   exit status: 0
[INFO] [stderr]   exit status: 0
[INFO] [stderr]   exit status: 0
[INFO] [stderr]   exit status: 0
[INFO] [stderr]   exit status: 0
[INFO] [stderr]   exit status: 0
[INFO] [stderr] 
[INFO] [stderr]   --- stderr
[INFO] [stderr]   === Crate version: Some("0.88.8")
[INFO] [stderr]   === Environment configuration:
[INFO] [stderr]   ===   OPENCV_PACKAGE_NAME = None
[INFO] [stderr]   ===   OPENCV_PKGCONFIG_NAME = None
[INFO] [stderr]   ===   OPENCV_CMAKE_NAME = None
[INFO] [stderr]   ===   OPENCV_CMAKE_BIN = None
[INFO] [stderr]   ===   OPENCV_VCPKG_NAME = None
[INFO] [stderr]   ===   OPENCV_LINK_LIBS = None
[INFO] [stderr]   ===   OPENCV_LINK_PATHS = None
[INFO] [stderr]   ===   OPENCV_INCLUDE_PATHS = None
[INFO] [stderr]   ===   OPENCV_DISABLE_PROBES = None
[INFO] [stderr]   ===   OPENCV_MSVC_CRT = None
[INFO] [stderr]   ===   CMAKE_PREFIX_PATH = None
[INFO] [stderr]   ===   OpenCV_DIR = None
[INFO] [stderr]   ===   PKG_CONFIG_PATH = None
[INFO] [stderr]   ===   VCPKG_ROOT = None
[INFO] [stderr]   ===   VCPKGRS_DYNAMIC = None
[INFO] [stderr]   ===   VCPKGRS_TRIPLET = None
[INFO] [stderr]   ===   OCVRS_DOCS_GENERATE_DIR = None
[INFO] [stderr]   ===   DOCS_RS = None
[INFO] [stderr]   ===   PATH = Some("/opt/rustwide/cargo-home/bin:/usr/local/sbin:/usr/local/bin:/usr/sbin:/usr/bin:/sbin:/bin")
[INFO] [stderr]   === Enabled features:
[INFO] [stderr]   ===   ALPHAMAT
[INFO] [stderr]   ===   ARUCO
[INFO] [stderr]   ===   ARUCO_DETECTOR
[INFO] [stderr]   ===   BARCODE
[INFO] [stderr]   ===   BGSEGM
[INFO] [stderr]   ===   BIOINSPIRED
[INFO] [stderr]   ===   CALIB3D
[INFO] [stderr]   ===   CCALIB
[INFO] [stderr]   ===   CUDAARITHM
[INFO] [stderr]   ===   CUDABGSEGM
[INFO] [stderr]   ===   CUDACODEC
[INFO] [stderr]   ===   CUDAFEATURES2D
[INFO] [stderr]   ===   CUDAFILTERS
[INFO] [stderr]   ===   CUDAIMGPROC
[INFO] [stderr]   ===   CUDAOBJDETECT
[INFO] [stderr]   ===   CUDAOPTFLOW
[INFO] [stderr]   ===   CUDASTEREO
[INFO] [stderr]   ===   CUDAWARPING
[INFO] [stderr]   ===   CVV
[INFO] [stderr]   ===   DEFAULT
[INFO] [stderr]   ===   DNN
[INFO] [stderr]   ===   DNN_SUPERRES
[INFO] [stderr]   ===   DPM
[INFO] [stderr]   ===   FACE
[INFO] [stderr]   ===   FEATURES2D
[INFO] [stderr]   ===   FLANN
[INFO] [stderr]   ===   FREETYPE
[INFO] [stderr]   ===   FUZZY
[INFO] [stderr]   ===   GAPI
[INFO] [stderr]   ===   HDF
[INFO] [stderr]   ===   HFS
[INFO] [stderr]   ===   HIGHGUI
[INFO] [stderr]   ===   IMGCODECS
[INFO] [stderr]   ===   IMGPROC
[INFO] [stderr]   ===   IMG_HASH
[INFO] [stderr]   ===   INTENSITY_TRANSFORM
[INFO] [stderr]   ===   LINE_DESCRIPTOR
[INFO] [stderr]   ===   MCC
[INFO] [stderr]   ===   ML
[INFO] [stderr]   ===   OBJDETECT
[INFO] [stderr]   ===   OPTFLOW
[INFO] [stderr]   ===   OVIS
[INFO] [stderr]   ===   PHASE_UNWRAPPING
[INFO] [stderr]   ===   PHOTO
[INFO] [stderr]   ===   PLOT
[INFO] [stderr]   ===   QUALITY
[INFO] [stderr]   ===   RAPID
[INFO] [stderr]   ===   RGBD
[INFO] [stderr]   ===   SALIENCY
[INFO] [stderr]   ===   SFM
[INFO] [stderr]   ===   SHAPE
[INFO] [stderr]   ===   STEREO
[INFO] [stderr]   ===   STITCHING
[INFO] [stderr]   ===   STRUCTURED_LIGHT
[INFO] [stderr]   ===   SUPERRES
[INFO] [stderr]   ===   SURFACE_MATCHING
[INFO] [stderr]   ===   TEXT
[INFO] [stderr]   ===   TRACKING
[INFO] [stderr]   ===   VIDEO
[INFO] [stderr]   ===   VIDEOIO
[INFO] [stderr]   ===   VIDEOSTAB
[INFO] [stderr]   ===   VIZ
[INFO] [stderr]   ===   WECHAT_QRCODE
[INFO] [stderr]   ===   XFEATURES2D
[INFO] [stderr]   ===   XIMGPROC
[INFO] [stderr]   ===   XOBJDETECT
[INFO] [stderr]   ===   XPHOTO
[INFO] [stderr]   === Detected probe priority based on environment vars: pkg_config: false, cmake: false, vcpkg: false
[INFO] [stderr]   === Probing the OpenCV library in the following order: environment, pkg_config, cmake, vcpkg_cmake, vcpkg
[INFO] [stderr]   === Can't probe using: environment, continuing with other methods because: Some environment variables are missing
[INFO] [stderr]   === Probing OpenCV library using pkg_config
[INFO] [stderr]   === Successfully probed using: pkg_config
[INFO] [stderr]   === OpenCV library configuration: Library {
[INFO] [stderr]       include_paths: [
[INFO] [stderr]           "/usr/include/opencv4",
[INFO] [stderr]       ],
[INFO] [stderr]       version: Version {
[INFO] [stderr]           major: 4,
[INFO] [stderr]           minor: 10,
[INFO] [stderr]           patch: 0,
[INFO] [stderr]       },
[INFO] [stderr]       cargo_metadata: [
[INFO] [stderr]           "cargo:rustc-link-search=/usr/lib/x86_64-linux-gnu",
[INFO] [stderr]           "cargo:rustc-link-lib=opencv_stitching",
[INFO] [stderr]           "cargo:rustc-link-lib=opencv_alphamat",
[INFO] [stderr]           "cargo:rustc-link-lib=opencv_aruco",
[INFO] [stderr]           "cargo:rustc-link-lib=opencv_bgsegm",
[INFO] [stderr]           "cargo:rustc-link-lib=opencv_bioinspired",
[INFO] [stderr]           "cargo:rustc-link-lib=opencv_ccalib",
[INFO] [stderr]           "cargo:rustc-link-lib=opencv_cvv",
[INFO] [stderr]           "cargo:rustc-link-lib=opencv_dnn_objdetect",
[INFO] [stderr]           "cargo:rustc-link-lib=opencv_dnn_superres",
[INFO] [stderr]           "cargo:rustc-link-lib=opencv_dpm",
[INFO] [stderr]           "cargo:rustc-link-lib=opencv_face",
[INFO] [stderr]           "cargo:rustc-link-lib=opencv_freetype",
[INFO] [stderr]           "cargo:rustc-link-lib=opencv_fuzzy",
[INFO] [stderr]           "cargo:rustc-link-lib=opencv_hdf",
[INFO] [stderr]           "cargo:rustc-link-lib=opencv_hfs",
[INFO] [stderr]           "cargo:rustc-link-lib=opencv_img_hash",
[INFO] [stderr]           "cargo:rustc-link-lib=opencv_intensity_transform",
[INFO] [stderr]           "cargo:rustc-link-lib=opencv_line_descriptor",
[INFO] [stderr]           "cargo:rustc-link-lib=opencv_mcc",
[INFO] [stderr]           "cargo:rustc-link-lib=opencv_quality",
[INFO] [stderr]           "cargo:rustc-link-lib=opencv_rapid",
[INFO] [stderr]           "cargo:rustc-link-lib=opencv_reg",
[INFO] [stderr]           "cargo:rustc-link-lib=opencv_rgbd",
[INFO] [stderr]           "cargo:rustc-link-lib=opencv_saliency",
[INFO] [stderr]           "cargo:rustc-link-lib=opencv_shape",
[INFO] [stderr]           "cargo:rustc-link-lib=opencv_signal",
[INFO] [stderr]           "cargo:rustc-link-lib=opencv_stereo",
[INFO] [stderr]           "cargo:rustc-link-lib=opencv_structured_light",
[INFO] [stderr]           "cargo:rustc-link-lib=opencv_phase_unwrapping",
[INFO] [stderr]           "cargo:rustc-link-lib=opencv_superres",
[INFO] [stderr]           "cargo:rustc-link-lib=opencv_optflow",
[INFO] [stderr]           "cargo:rustc-link-lib=opencv_surface_matching",
[INFO] [stderr]           "cargo:rustc-link-lib=opencv_tracking",
[INFO] [stderr]           "cargo:rustc-link-lib=opencv_highgui",
[INFO] [stderr]           "cargo:rustc-link-lib=opencv_datasets",
[INFO] [stderr]           "cargo:rustc-link-lib=opencv_text",
[INFO] [stderr]           "cargo:rustc-link-lib=opencv_plot",
[INFO] [stderr]           "cargo:rustc-link-lib=opencv_ml",
[INFO] [stderr]           "cargo:rustc-link-lib=opencv_videostab",
[INFO] [stderr]           "cargo:rustc-link-lib=opencv_videoio",
[INFO] [stderr]           "cargo:rustc-link-lib=opencv_viz",
[INFO] [stderr]           "cargo:rustc-link-lib=opencv_wechat_qrcode",
[INFO] [stderr]           "cargo:rustc-link-lib=opencv_ximgproc",
[INFO] [stderr]           "cargo:rustc-link-lib=opencv_video",
[INFO] [stderr]           "cargo:rustc-link-lib=opencv_xobjdetect",
[INFO] [stderr]           "cargo:rustc-link-lib=opencv_objdetect",
[INFO] [stderr]           "cargo:rustc-link-lib=opencv_calib3d",
[INFO] [stderr]           "cargo:rustc-link-lib=opencv_imgcodecs",
[INFO] [stderr]           "cargo:rustc-link-lib=opencv_features2d",
[INFO] [stderr]           "cargo:rustc-link-lib=opencv_dnn",
[INFO] [stderr]           "cargo:rustc-link-lib=opencv_flann",
[INFO] [stderr]           "cargo:rustc-link-lib=opencv_xphoto",
[INFO] [stderr]           "cargo:rustc-link-lib=opencv_photo",
[INFO] [stderr]           "cargo:rustc-link-lib=opencv_imgproc",
[INFO] [stderr]           "cargo:rustc-link-lib=opencv_core",
[INFO] [stderr]       ],
[INFO] [stderr]   }
[INFO] [stderr]   === Detected OpenCV module header dir at: /usr/include/opencv4/opencv2
[INFO] [stderr]   === Found OpenCV version: 4.10.0 in headers located at: /usr/include/opencv4
[INFO] [stderr]   === Generating code in: /opt/rustwide/target/release/build/opencv/ffcab372dce703bb/out
[INFO] [stderr]   === Placing generated bindings into: /opt/rustwide/target/release/build/opencv/ffcab372dce703bb/out/opencv
[INFO] [stderr]   === Using OpenCV headers from: /usr/include/opencv4
[INFO] [stderr]   === Clang: Ubuntu clang version 21.1.8 (6ubuntu1)
[INFO] [stderr]   === Clang command line args: [
[INFO] [stderr]       "-isystem/usr/lib/gcc/x86_64-linux-gnu/15/../../../../include/c++/15",
[INFO] [stderr]       "-isystem/usr/lib/gcc/x86_64-linux-gnu/15/../../../../include/x86_64-linux-gnu/c++/15",
[INFO] [stderr]       "-isystem/usr/lib/gcc/x86_64-linux-gnu/15/../../../../include/c++/15/backward",
[INFO] [stderr]       "-isystem/usr/lib/llvm-21/lib/clang/21/include",
[INFO] [stderr]       "-isystem/usr/local/include",
[INFO] [stderr]       "-isystem/usr/include/x86_64-linux-gnu",
[INFO] [stderr]       "-isystem/usr/include",
[INFO] [stderr]       "-I/usr/include/opencv4",
[INFO] [stderr]       "-F/usr/include/opencv4",
[INFO] [stderr]       "-I/opt/rustwide/cargo-home/registry/src/index.crates.io-1949cf8c6b5b557f/opencv-0.88.8/src_cpp",
[INFO] [stderr]       "-F/opt/rustwide/cargo-home/registry/src/index.crates.io-1949cf8c6b5b557f/opencv-0.88.8/src_cpp",
[INFO] [stderr]       "-DOCVRS_PARSING_HEADERS",
[INFO] [stderr]       "-includeocvrs_common.hpp",
[INFO] [stderr]       "-std=c++14",
[INFO] [stderr]   ]
[INFO] [stderr]   === Using environment job server with the the amount of available jobs: 14
[INFO] [stderr]   === Generating 51 modules
[INFO] [stderr]   === Running: "/opt/rustwide/target/release/build/opencv/1088c81b46812e60/out/build_script_build" "/usr/include/opencv4" "/opt/rustwide/cargo-home/registry/src/index.crates.io-1949cf8c6b5b557f/opencv-0.88.8/src_cpp" "/opt/rustwide/target/release/build/opencv/ffcab372dce703bb/out" "bioinspired" ""
[INFO] [stderr]   === Running: "/opt/rustwide/target/release/build/opencv/1088c81b46812e60/out/build_script_build" "/usr/include/opencv4" "/opt/rustwide/cargo-home/registry/src/index.crates.io-1949cf8c6b5b557f/opencv-0.88.8/src_cpp" "/opt/rustwide/target/release/build/opencv/ffcab372dce703bb/out" "bgsegm" ""
[INFO] [stderr]   === Running: "/opt/rustwide/target/release/build/opencv/1088c81b46812e60/out/build_script_build" "/usr/include/opencv4" "/opt/rustwide/cargo-home/registry/src/index.crates.io-1949cf8c6b5b557f/opencv-0.88.8/src_cpp" "/opt/rustwide/target/release/build/opencv/ffcab372dce703bb/out" "alphamat" ""
[INFO] [stderr]   === Running: "/opt/rustwide/target/release/build/opencv/1088c81b46812e60/out/build_script_build" "/usr/include/opencv4" "/opt/rustwide/cargo-home/registry/src/index.crates.io-1949cf8c6b5b557f/opencv-0.88.8/src_cpp" "/opt/rustwide/target/release/build/opencv/ffcab372dce703bb/out" "aruco" ""
[INFO] [stderr]   === Running: "/opt/rustwide/target/release/build/opencv/1088c81b46812e60/out/build_script_build" "/usr/include/opencv4" "/opt/rustwide/cargo-home/registry/src/index.crates.io-1949cf8c6b5b557f/opencv-0.88.8/src_cpp" "/opt/rustwide/target/release/build/opencv/ffcab372dce703bb/out" "cvv" ""
[INFO] [stderr]   === Running: "/opt/rustwide/target/release/build/opencv/1088c81b46812e60/out/build_script_build" "/usr/include/opencv4" "/opt/rustwide/cargo-home/registry/src/index.crates.io-1949cf8c6b5b557f/opencv-0.88.8/src_cpp" "/opt/rustwide/target/release/build/opencv/ffcab372dce703bb/out" "ccalib" ""
[INFO] [stderr]   === Running: "/opt/rustwide/target/release/build/opencv/1088c81b46812e60/out/build_script_build" "/usr/include/opencv4" "/opt/rustwide/cargo-home/registry/src/index.crates.io-1949cf8c6b5b557f/opencv-0.88.8/src_cpp" "/opt/rustwide/target/release/build/opencv/ffcab372dce703bb/out" "calib3d" ""
[INFO] [stderr]   === Running: "/opt/rustwide/target/release/build/opencv/1088c81b46812e60/out/build_script_build" "/usr/include/opencv4" "/opt/rustwide/cargo-home/registry/src/index.crates.io-1949cf8c6b5b557f/opencv-0.88.8/src_cpp" "/opt/rustwide/target/release/build/opencv/ffcab372dce703bb/out" "features2d" ""
[INFO] [stderr]   === Running: "/opt/rustwide/target/release/build/opencv/1088c81b46812e60/out/build_script_build" "/usr/include/opencv4" "/opt/rustwide/cargo-home/registry/src/index.crates.io-1949cf8c6b5b557f/opencv-0.88.8/src_cpp" "/opt/rustwide/target/release/build/opencv/ffcab372dce703bb/out" "flann" ""
[INFO] [stderr]   === Running: "/opt/rustwide/target/release/build/opencv/1088c81b46812e60/out/build_script_build" "/usr/include/opencv4" "/opt/rustwide/cargo-home/registry/src/index.crates.io-1949cf8c6b5b557f/opencv-0.88.8/src_cpp" "/opt/rustwide/target/release/build/opencv/ffcab372dce703bb/out" "dnn_superres" ""
[INFO] [stderr]   === Running: "/opt/rustwide/target/release/build/opencv/1088c81b46812e60/out/build_script_build" "/usr/include/opencv4" "/opt/rustwide/cargo-home/registry/src/index.crates.io-1949cf8c6b5b557f/opencv-0.88.8/src_cpp" "/opt/rustwide/target/release/build/opencv/ffcab372dce703bb/out" "face" ""
[INFO] [stderr]   === Running: "/opt/rustwide/target/release/build/opencv/1088c81b46812e60/out/build_script_build" "/usr/include/opencv4" "/opt/rustwide/cargo-home/registry/src/index.crates.io-1949cf8c6b5b557f/opencv-0.88.8/src_cpp" "/opt/rustwide/target/release/build/opencv/ffcab372dce703bb/out" "dpm" ""
[INFO] [stderr]   === Running: "/opt/rustwide/target/release/build/opencv/1088c81b46812e60/out/build_script_build" "/usr/include/opencv4" "/opt/rustwide/cargo-home/registry/src/index.crates.io-1949cf8c6b5b557f/opencv-0.88.8/src_cpp" "/opt/rustwide/target/release/build/opencv/ffcab372dce703bb/out" "dnn" ""
[INFO] [stderr]   === Running: "/opt/rustwide/target/release/build/opencv/1088c81b46812e60/out/build_script_build" "/usr/include/opencv4" "/opt/rustwide/cargo-home/registry/src/index.crates.io-1949cf8c6b5b557f/opencv-0.88.8/src_cpp" "/opt/rustwide/target/release/build/opencv/ffcab372dce703bb/out" "core" ""
[INFO] [stderr]   === Generated: dnn_superres in 9.554681865s
[INFO] [stderr]   === Generated: alphamat in 9.675052236s
[INFO] [stderr]   === Running: "/opt/rustwide/target/release/build/opencv/1088c81b46812e60/out/build_script_build" "/usr/include/opencv4" "/opt/rustwide/cargo-home/registry/src/index.crates.io-1949cf8c6b5b557f/opencv-0.88.8/src_cpp" "/opt/rustwide/target/release/build/opencv/ffcab372dce703bb/out" "freetype" ""
[INFO] [stderr]   === Generated: cvv in 10.008330633s
[INFO] [stderr]   === Generated: bioinspired in 10.1518318s
[INFO] [stderr]   === Running: "/opt/rustwide/target/release/build/opencv/1088c81b46812e60/out/build_script_build" "/usr/include/opencv4" "/opt/rustwide/cargo-home/registry/src/index.crates.io-1949cf8c6b5b557f/opencv-0.88.8/src_cpp" "/opt/rustwide/target/release/build/opencv/ffcab372dce703bb/out" "fuzzy" ""
[INFO] [stderr]   === Generated: bgsegm in 10.515229573s
[INFO] [stderr]   === Running: "/opt/rustwide/target/release/build/opencv/1088c81b46812e60/out/build_script_build" "/usr/include/opencv4" "/opt/rustwide/cargo-home/registry/src/index.crates.io-1949cf8c6b5b557f/opencv-0.88.8/src_cpp" "/opt/rustwide/target/release/build/opencv/ffcab372dce703bb/out" "hdf" ""
[INFO] [stderr]   === Generated: aruco in 10.752977305s
[INFO] [stderr]   === Running: "/opt/rustwide/target/release/build/opencv/1088c81b46812e60/out/build_script_build" "/usr/include/opencv4" "/opt/rustwide/cargo-home/registry/src/index.crates.io-1949cf8c6b5b557f/opencv-0.88.8/src_cpp" "/opt/rustwide/target/release/build/opencv/ffcab372dce703bb/out" "hfs" ""
[INFO] [stderr]   === Generated: flann in 10.882456234s
[INFO] [stderr]   === Generated: dpm in 11.144356862s
[INFO] [stderr]   === Running: "/opt/rustwide/target/release/build/opencv/1088c81b46812e60/out/build_script_build" "/usr/include/opencv4" "/opt/rustwide/cargo-home/registry/src/index.crates.io-1949cf8c6b5b557f/opencv-0.88.8/src_cpp" "/opt/rustwide/target/release/build/opencv/ffcab372dce703bb/out" "highgui" ""
[INFO] [stderr]   === Generated: face in 11.675968428s
[INFO] [stderr]   === Running: "/opt/rustwide/target/release/build/opencv/1088c81b46812e60/out/build_script_build" "/usr/include/opencv4" "/opt/rustwide/cargo-home/registry/src/index.crates.io-1949cf8c6b5b557f/opencv-0.88.8/src_cpp" "/opt/rustwide/target/release/build/opencv/ffcab372dce703bb/out" "img_hash" ""
[INFO] [stderr]   === Generated: features2d in 11.868893377s
[INFO] [stderr]   === Running: "/opt/rustwide/target/release/build/opencv/1088c81b46812e60/out/build_script_build" "/usr/include/opencv4" "/opt/rustwide/cargo-home/registry/src/index.crates.io-1949cf8c6b5b557f/opencv-0.88.8/src_cpp" "/opt/rustwide/target/release/build/opencv/ffcab372dce703bb/out" "imgcodecs" ""
[INFO] [stderr]   === Running: "/opt/rustwide/target/release/build/opencv/1088c81b46812e60/out/build_script_build" "/usr/include/opencv4" "/opt/rustwide/cargo-home/registry/src/index.crates.io-1949cf8c6b5b557f/opencv-0.88.8/src_cpp" "/opt/rustwide/target/release/build/opencv/ffcab372dce703bb/out" "imgproc" ""
[INFO] [stderr]   === Running: "/opt/rustwide/target/release/build/opencv/1088c81b46812e60/out/build_script_build" "/usr/include/opencv4" "/opt/rustwide/cargo-home/registry/src/index.crates.io-1949cf8c6b5b557f/opencv-0.88.8/src_cpp" "/opt/rustwide/target/release/build/opencv/ffcab372dce703bb/out" "intensity_transform" ""
[INFO] [stderr]   === Generated: highgui in 4.2259931s
[INFO] [stderr]   === Running: "/opt/rustwide/target/release/build/opencv/1088c81b46812e60/out/build_script_build" "/usr/include/opencv4" "/opt/rustwide/cargo-home/registry/src/index.crates.io-1949cf8c6b5b557f/opencv-0.88.8/src_cpp" "/opt/rustwide/target/release/build/opencv/ffcab372dce703bb/out" "line_descriptor" ""
[INFO] [stderr]   === Generated: hdf in 5.809860369s
[INFO] [stderr]   === Running: "/opt/rustwide/target/release/build/opencv/1088c81b46812e60/out/build_script_build" "/usr/include/opencv4" "/opt/rustwide/cargo-home/registry/src/index.crates.io-1949cf8c6b5b557f/opencv-0.88.8/src_cpp" "/opt/rustwide/target/release/build/opencv/ffcab372dce703bb/out" "mcc" ""
[INFO] [stderr]   === Generated: ccalib in 18.560180896s
[INFO] [stderr]   === Generated: imgcodecs in 6.585877756s
[INFO] [stderr]   === Generated: img_hash in 7.56699042s
[INFO] [stderr]   === Generated: intensity_transform in 7.305562861s
[INFO] [stderr]   === Running: "/opt/rustwide/target/release/build/opencv/1088c81b46812e60/out/build_script_build" "/usr/include/opencv4" "/opt/rustwide/cargo-home/registry/src/index.crates.io-1949cf8c6b5b557f/opencv-0.88.8/src_cpp" "/opt/rustwide/target/release/build/opencv/ffcab372dce703bb/out" "ml" ""
[INFO] [stderr]   === Generated: hfs in 9.036643727s
[INFO] [stderr]   === Generated: fuzzy in 11.020526123s
[INFO] [stderr]   === Generated: line_descriptor in 6.401102665s
[INFO] [stderr]   === Running: "/opt/rustwide/target/release/build/opencv/1088c81b46812e60/out/build_script_build" "/usr/include/opencv4" "/opt/rustwide/cargo-home/registry/src/index.crates.io-1949cf8c6b5b557f/opencv-0.88.8/src_cpp" "/opt/rustwide/target/release/build/opencv/ffcab372dce703bb/out" "objdetect" ""
[INFO] [stderr]   === Generated: freetype in 12.716740213s
[INFO] [stderr]   === Running: "/opt/rustwide/target/release/build/opencv/1088c81b46812e60/out/build_script_build" "/usr/include/opencv4" "/opt/rustwide/cargo-home/registry/src/index.crates.io-1949cf8c6b5b557f/opencv-0.88.8/src_cpp" "/opt/rustwide/target/release/build/opencv/ffcab372dce703bb/out" "optflow" ""
[INFO] [stderr]   === Running: "/opt/rustwide/target/release/build/opencv/1088c81b46812e60/out/build_script_build" "/usr/include/opencv4" "/opt/rustwide/cargo-home/registry/src/index.crates.io-1949cf8c6b5b557f/opencv-0.88.8/src_cpp" "/opt/rustwide/target/release/build/opencv/ffcab372dce703bb/out" "phase_unwrapping" ""
[INFO] [stderr]   === Running: "/opt/rustwide/target/release/build/opencv/1088c81b46812e60/out/build_script_build" "/usr/include/opencv4" "/opt/rustwide/cargo-home/registry/src/index.crates.io-1949cf8c6b5b557f/opencv-0.88.8/src_cpp" "/opt/rustwide/target/release/build/opencv/ffcab372dce703bb/out" "photo" ""
[INFO] [stderr]   === Running: "/opt/rustwide/target/release/build/opencv/1088c81b46812e60/out/build_script_build" "/usr/include/opencv4" "/opt/rustwide/cargo-home/registry/src/index.crates.io-1949cf8c6b5b557f/opencv-0.88.8/src_cpp" "/opt/rustwide/target/release/build/opencv/ffcab372dce703bb/out" "plot" ""
[INFO] [stderr]   === Running: "/opt/rustwide/target/release/build/opencv/1088c81b46812e60/out/build_script_build" "/usr/include/opencv4" "/opt/rustwide/cargo-home/registry/src/index.crates.io-1949cf8c6b5b557f/opencv-0.88.8/src_cpp" "/opt/rustwide/target/release/build/opencv/ffcab372dce703bb/out" "quality" ""
[INFO] [stderr]   === Running: "/opt/rustwide/target/release/build/opencv/1088c81b46812e60/out/build_script_build" "/usr/include/opencv4" "/opt/rustwide/cargo-home/registry/src/index.crates.io-1949cf8c6b5b557f/opencv-0.88.8/src_cpp" "/opt/rustwide/target/release/build/opencv/ffcab372dce703bb/out" "rapid" ""
[INFO] [stderr]   === Generated: calib3d in 27.979968472s
[INFO] [stderr]   === Running: "/opt/rustwide/target/release/build/opencv/1088c81b46812e60/out/build_script_build" "/usr/include/opencv4" "/opt/rustwide/cargo-home/registry/src/index.crates.io-1949cf8c6b5b557f/opencv-0.88.8/src_cpp" "/opt/rustwide/target/release/build/opencv/ffcab372dce703bb/out" "rgbd" ""
[INFO] [stderr]   === Running: "/opt/rustwide/target/release/build/opencv/1088c81b46812e60/out/build_script_build" "/usr/include/opencv4" "/opt/rustwide/cargo-home/registry/src/index.crates.io-1949cf8c6b5b557f/opencv-0.88.8/src_cpp" "/opt/rustwide/target/release/build/opencv/ffcab372dce703bb/out" "saliency" ""
[INFO] [stderr]   === Generated: mcc in 13.135341126s
[INFO] [stderr]   === Running: "/opt/rustwide/target/release/build/opencv/1088c81b46812e60/out/build_script_build" "/usr/include/opencv4" "/opt/rustwide/cargo-home/registry/src/index.crates.io-1949cf8c6b5b557f/opencv-0.88.8/src_cpp" "/opt/rustwide/target/release/build/opencv/ffcab372dce703bb/out" "shape" ""
[INFO] [stderr]   === Generated: imgproc in 17.762028293s
[INFO] [stderr]   === Generated: plot in 4.529963461s
[INFO] [stderr]   === Generated: rapid in 4.427108298s
[INFO] [stderr]   === Running: "/opt/rustwide/target/release/build/opencv/1088c81b46812e60/out/build_script_build" "/usr/include/opencv4" "/opt/rustwide/cargo-home/registry/src/index.crates.io-1949cf8c6b5b557f/opencv-0.88.8/src_cpp" "/opt/rustwide/target/release/build/opencv/ffcab372dce703bb/out" "stereo" ""
[INFO] [stderr]   === Generated: quality in 4.584083163s
[INFO] [stderr]   === Running: "/opt/rustwide/target/release/build/opencv/1088c81b46812e60/out/build_script_build" "/usr/include/opencv4" "/opt/rustwide/cargo-home/registry/src/index.crates.io-1949cf8c6b5b557f/opencv-0.88.8/src_cpp" "/opt/rustwide/target/release/build/opencv/ffcab372dce703bb/out" "stitching" ""
[INFO] [stderr]   === Generated: phase_unwrapping in 8.215422757s
[INFO] [stderr]   === Generated: shape in 3.563648025s
[INFO] [stderr]   === Generated: dnn in 33.286666171s
[INFO] [stderr]   === Generated: optflow in 11.017999543s
[INFO] [stderr]   === Generated: photo in 9.511930551s
[INFO] [stderr]   === Generated: objdetect in 13.633988358s
[INFO] [stderr]   === Running: "/opt/rustwide/target/release/build/opencv/1088c81b46812e60/out/build_script_build" "/usr/include/opencv4" "/opt/rustwide/cargo-home/registry/src/index.crates.io-1949cf8c6b5b557f/opencv-0.88.8/src_cpp" "/opt/rustwide/target/release/build/opencv/ffcab372dce703bb/out" "structured_light" ""
[INFO] [stderr]   === Generated: core in 35.575025929s
[INFO] [stderr]   === Generated: saliency in 8.183021442s
[INFO] [stderr]   === Running: "/opt/rustwide/target/release/build/opencv/1088c81b46812e60/out/build_script_build" "/usr/include/opencv4" "/opt/rustwide/cargo-home/registry/src/index.crates.io-1949cf8c6b5b557f/opencv-0.88.8/src_cpp" "/opt/rustwide/target/release/build/opencv/ffcab372dce703bb/out" "surface_matching" ""
[INFO] [stderr]   === Running: "/opt/rustwide/target/release/build/opencv/1088c81b46812e60/out/build_script_build" "/usr/include/opencv4" "/opt/rustwide/cargo-home/registry/src/index.crates.io-1949cf8c6b5b557f/opencv-0.88.8/src_cpp" "/opt/rustwide/target/release/build/opencv/ffcab372dce703bb/out" "superres" ""
[INFO] [stderr]   === Running: "/opt/rustwide/target/release/build/opencv/1088c81b46812e60/out/build_script_build" "/usr/include/opencv4" "/opt/rustwide/cargo-home/registry/src/index.crates.io-1949cf8c6b5b557f/opencv-0.88.8/src_cpp" "/opt/rustwide/target/release/build/opencv/ffcab372dce703bb/out" "text" ""
[INFO] [stderr]   === Running: "/opt/rustwide/target/release/build/opencv/1088c81b46812e60/out/build_script_build" "/usr/include/opencv4" "/opt/rustwide/cargo-home/registry/src/index.crates.io-1949cf8c6b5b557f/opencv-0.88.8/src_cpp" "/opt/rustwide/target/release/build/opencv/ffcab372dce703bb/out" "tracking" ""
[INFO] [stderr]   === Running: "/opt/rustwide/target/release/build/opencv/1088c81b46812e60/out/build_script_build" "/usr/include/opencv4" "/opt/rustwide/cargo-home/registry/src/index.crates.io-1949cf8c6b5b557f/opencv-0.88.8/src_cpp" "/opt/rustwide/target/release/build/opencv/ffcab372dce703bb/out" "video" ""
[INFO] [stderr]   === Generated: ml in 17.314312304s
[INFO] [stderr]   === Running: "/opt/rustwide/target/release/build/opencv/1088c81b46812e60/out/build_script_build" "/usr/include/opencv4" "/opt/rustwide/cargo-home/registry/src/index.crates.io-1949cf8c6b5b557f/opencv-0.88.8/src_cpp" "/opt/rustwide/target/release/build/opencv/ffcab372dce703bb/out" "videoio" ""
[INFO] [stderr]   === Running: "/opt/rustwide/target/release/build/opencv/1088c81b46812e60/out/build_script_build" "/usr/include/opencv4" "/opt/rustwide/cargo-home/registry/src/index.crates.io-1949cf8c6b5b557f/opencv-0.88.8/src_cpp" "/opt/rustwide/target/release/build/opencv/ffcab372dce703bb/out" "videostab" ""
[INFO] [stderr]   === Running: "/opt/rustwide/target/release/build/opencv/1088c81b46812e60/out/build_script_build" "/usr/include/opencv4" "/opt/rustwide/cargo-home/registry/src/index.crates.io-1949cf8c6b5b557f/opencv-0.88.8/src_cpp" "/opt/rustwide/target/release/build/opencv/ffcab372dce703bb/out" "viz" ""
[INFO] [stderr]   === Running: "/opt/rustwide/target/release/build/opencv/1088c81b46812e60/out/build_script_build" "/usr/include/opencv4" "/opt/rustwide/cargo-home/registry/src/index.crates.io-1949cf8c6b5b557f/opencv-0.88.8/src_cpp" "/opt/rustwide/target/release/build/opencv/ffcab372dce703bb/out" "wechat_qrcode" ""
[INFO] [stderr]   === Generated: stereo in 6.888013007s
[INFO] [stderr]   === Generated: rgbd in 13.257982237s
[INFO] [stderr]   === Running: "/opt/rustwide/target/release/build/opencv/1088c81b46812e60/out/build_script_build" "/usr/include/opencv4" "/opt/rustwide/cargo-home/registry/src/index.crates.io-1949cf8c6b5b557f/opencv-0.88.8/src_cpp" "/opt/rustwide/target/release/build/opencv/ffcab372dce703bb/out" "ximgproc" ""
[INFO] [stderr]   === Running: "/opt/rustwide/target/release/build/opencv/1088c81b46812e60/out/build_script_build" "/usr/include/opencv4" "/opt/rustwide/cargo-home/registry/src/index.crates.io-1949cf8c6b5b557f/opencv-0.88.8/src_cpp" "/opt/rustwide/target/release/build/opencv/ffcab372dce703bb/out" "xobjdetect" ""
[INFO] [stderr]   === Running: "/opt/rustwide/target/release/build/opencv/1088c81b46812e60/out/build_script_build" "/usr/include/opencv4" "/opt/rustwide/cargo-home/registry/src/index.crates.io-1949cf8c6b5b557f/opencv-0.88.8/src_cpp" "/opt/rustwide/target/release/build/opencv/ffcab372dce703bb/out" "xphoto" ""
[INFO] [stderr]   === Generated: superres in 8.741000374s
[INFO] [stderr]   === Generated: tracking in 10.331993711s
[INFO] [stderr]   === Generated: surface_matching in 10.978007879s
[INFO] [stderr]   === Generated: structured_light in 12.30035114s
[INFO] [stderr]   === Generated: wechat_qrcode in 10.048609476s
[INFO] [stderr]   === Generated: videoio in 12.470430382s
[INFO] [stderr]   === Generated: xobjdetect in 8.394973458s
[INFO] [stderr]   === Generated: text in 17.644014302s
[INFO] [stderr]   === Generated: video in 17.314006894s
[INFO] [stderr]   === Generated: videostab in 18.015896123s
[INFO] [stderr]   === Generated: xphoto in 12.347626601s
[INFO] [stderr]   === Generated: viz in 18.426988858s
[INFO] [stderr]   === Generated: stitching in 27.788939423s
[INFO] [stderr]   === Generated: ximgproc in 19.764788825s
[INFO] [stderr]   === Total binding generation time: 62.326048956s
[INFO] [stderr]   === Total binding collection time: 399.945377ms
[INFO] [stderr]   === Compiler information: Tool {
[INFO] [stderr]       path: "c++",
[INFO] [stderr]       cc_wrapper_path: None,
[INFO] [stderr]       cc_wrapper_args: [],
[INFO] [stderr]       args: [
[INFO] [stderr]           "-O3",
[INFO] [stderr]           "-ffunction-sections",
[INFO] [stderr]           "-fdata-sections",
[INFO] [stderr]           "-fPIC",
[INFO] [stderr]           "-m64",
[INFO] [stderr]           "-std=c++14",
[INFO] [stderr]           "-I",
[INFO] [stderr]           "/opt/rustwide/cargo-home/registry/src/index.crates.io-1949cf8c6b5b557f/opencv-0.88.8/src_cpp",
[INFO] [stderr]           "-I",
[INFO] [stderr]           "/opt/rustwide/target/release/build/opencv/ffcab372dce703bb/out",
[INFO] [stderr]           "-I",
[INFO] [stderr]           ".",
[INFO] [stderr]           "-I",
[INFO] [stderr]           "/usr/include/opencv4",
[INFO] [stderr]           "-Wall",
[INFO] [stderr]           "-Wextra",
[INFO] [stderr]           "-Wno-deprecated-declarations",
[INFO] [stderr]           "-Wno-deprecated-copy",
[INFO] [stderr]           "-Wno-unused-parameter",
[INFO] [stderr]           "-Wno-sign-compare",
[INFO] [stderr]           "-Wno-comment",
[INFO] [stderr]           "-Wunused-but-set-variable",
[INFO] [stderr]           "-Wno-unused-variable",
[INFO] [stderr]           "-Wno-ignored-qualifiers",
[INFO] [stderr]           "-Wno-return-type-c-linkage",
[INFO] [stderr]           "-Wno-overloaded-virtual",
[INFO] [stderr]       ],
[INFO] [stderr]       env: [],
[INFO] [stderr]       family: Gnu,
[INFO] [stderr]       cuda: false,
[INFO] [stderr]       removed_args: [],
[INFO] [stderr]   }
[INFO] [stderr] 
[INFO] [stderr] 
[INFO] [stderr]   error occurred: Command "c++" "-O3" "-ffunction-sections" "-fdata-sections" "-fPIC" "-m64" "-std=c++14" "-I" "/opt/rustwide/cargo-home/registry/src/index.crates.io-1949cf8c6b5b557f/opencv-0.88.8/src_cpp" "-I" "/opt/rustwide/target/release/build/opencv/ffcab372dce703bb/out" "-I" "." "-I" "/usr/include/opencv4" "-Wall" "-Wextra" "-Wno-deprecated-declarations" "-Wno-deprecated-copy" "-Wno-unused-parameter" "-Wno-sign-compare" "-Wno-comment" "-Wunused-but-set-variable" "-Wno-unused-variable" "-Wno-ignored-qualifiers" "-Wno-return-type-c-linkage" "-Wno-overloaded-virtual" "-o" "/opt/rustwide/target/release/build/opencv/ffcab372dce703bb/out/072554f5d0d186bc-shape.o" "-c" "/opt/rustwide/target/release/build/opencv/ffcab372dce703bb/out/shape.cpp" with args "c++" did not execute successfully (status code exit status: 1).
[INFO] [stderr] 
[INFO] [stderr] 
[INFO] running `Command { std: "docker" "inspect" "cf1fd3d05eed01153f05bdce8ad3cfdee03b17e8f8a20219d1e3255478732d1d", kill_on_drop: false }`
[INFO] running `Command { std: "docker" "rm" "-f" "cf1fd3d05eed01153f05bdce8ad3cfdee03b17e8f8a20219d1e3255478732d1d", kill_on_drop: false }`
[INFO] [stdout] cf1fd3d05eed01153f05bdce8ad3cfdee03b17e8f8a20219d1e3255478732d1d
