[INFO] cloning repository https://github.com/haixuanTao/wser
[INFO] running `Command { std: "git" "-c" "credential.helper=" "-c" "credential.helper=/workspace/cargo-home/bin/git-credential-null" "clone" "--bare" "https://github.com/haixuanTao/wser" "/workspace/cache/git-repos/https%3A%2F%2Fgithub.com%2FhaixuanTao%2Fwser", kill_on_drop: false }`
[INFO] [stderr] Cloning into bare repository '/workspace/cache/git-repos/https%3A%2F%2Fgithub.com%2FhaixuanTao%2Fwser'...
[INFO] running `Command { std: "git" "rev-parse" "HEAD", kill_on_drop: false }`
[INFO] [stdout] b1fccc07ed395202ecaa0cfe338977c019a9492d
[INFO] testing haixuanTao/wser/b1fccc07ed395202ecaa0cfe338977c019a9492d against 1.99.0-beta.8+cargoflags=--release for beta-release-1.100-2
[INFO] running `Command { std: "git" "clone" "/workspace/cache/git-repos/https%3A%2F%2Fgithub.com%2FhaixuanTao%2Fwser" "/workspace/builds/worker-0-tc1/source", kill_on_drop: false }`
[INFO] [stderr] Cloning into '/workspace/builds/worker-0-tc1/source'...
[INFO] [stderr] done.
[INFO] removed /workspace/builds/worker-0-tc1/source/.cargo/config.toml
[INFO] started tweaking git repo https://github.com/haixuanTao/wser
[INFO] removed 0 missing examples
[INFO] finished tweaking git repo https://github.com/haixuanTao/wser
[INFO] tweaked toml for git repo https://github.com/haixuanTao/wser written to /workspace/builds/worker-0-tc1/source/Cargo.toml
[INFO] validating manifest of git repo https://github.com/haixuanTao/wser on toolchain 1.99.0-beta.8
[INFO] running `Command { std: CARGO_HOME="/workspace/cargo-home" RUSTUP_HOME="/workspace/rustup-home" "/workspace/cargo-home/bin/cargo" "+1.99.0-beta.8" "metadata" "--manifest-path" "Cargo.toml" "--no-deps", kill_on_drop: false }`
[INFO] crate git repo https://github.com/haixuanTao/wser already has a lockfile, it will not be regenerated
[INFO] running `Command { std: CARGO_HOME="/workspace/cargo-home" RUSTUP_HOME="/workspace/rustup-home" "/workspace/cargo-home/bin/cargo" "+1.99.0-beta.8" "fetch" "--manifest-path" "Cargo.toml", kill_on_drop: false }`
[INFO] [stderr]     Updating crates.io index
[INFO] [stderr]  Downloading crates ...
[INFO] [stderr]   Downloaded web-transport-proto v0.2.8
[INFO] [stderr]   Downloaded web-transport-quinn v0.3.4
[INFO] [stderr]   Downloaded web-transport v0.3.1
[INFO] [stderr]   Downloaded web-transport-wasm v0.1.1
[INFO] [stderr]   Downloaded embedded-can v0.4.1
[INFO] [stderr]   Downloaded neli-proc-macros v0.1.4
[INFO] [stderr]   Downloaded unescaper v0.1.8
[INFO] [stderr]   Downloaded libudev v0.3.0
[INFO] [stderr]   Downloaded video-toolbox-sys v0.2.0
[INFO] [stderr]   Downloaded nasm-rs v0.3.2
[INFO] [stderr]   Downloaded neli v0.6.5
[INFO] [stderr]   Downloaded objc2-media-toolbox v0.3.2
[INFO] [stderr]   Downloaded cc v1.2.53
[INFO] [stderr]   Downloaded serialport v4.7.3
[INFO] [stderr]   Downloaded realsense-sys v2.56.5
[INFO] [stderr]   Downloaded socketcan v3.5.0
[INFO] [stderr]   Downloaded rustypot v1.4.2
[INFO] [stderr]   Downloaded slabbin v1.2.0
[INFO] [stderr]   Downloaded vulkano-macros v0.35.0
[INFO] [stderr]   Downloaded webpki-root-certs v1.0.5
[INFO] [stderr]   Downloaded aws-lc-rs v1.15.3
[INFO] [stderr]   Downloaded vk-parse v0.15.0
[INFO] [stderr]   Downloaded objc2-core-media v0.3.2
[INFO] [stderr]   Downloaded realsense-rust v1.3.0
[INFO] [stderr]   Downloaded objc2-image-io v0.3.2
[INFO] [stderr]   Downloaded objc2-avf-audio v0.3.2
[INFO] [stderr]   Downloaded ravif v0.12.0
[INFO] [stderr]   Downloaded flate2 v1.1.8
[INFO] [stderr]   Downloaded objc2-av-foundation v0.3.2
[INFO] [stderr]   Downloaded openh264-sys2 v0.6.6
[INFO] [stderr]   Downloaded vulkano v0.35.2
[INFO] [stderr]   Downloaded moq-transport v0.12.1
[INFO] [stderr]   Downloaded cudarc v0.16.4
[INFO] [stderr]   Downloaded openh264 v0.6.6
[INFO] [stderr]   Downloaded moq-token v0.5.6
[INFO] [stderr]   Downloaded web-transport-trait v0.3.1
[INFO] [stderr]   Downloaded web-transport-proto v0.3.1
[INFO] [stderr]   Downloaded moq-native v0.12.0
[INFO] [stderr]   Downloaded web-transport-ws v0.2.2
[INFO] [stderr]   Downloaded aws-lc-sys v0.36.0
[INFO] [stderr]   Downloaded web-transport-quinn v0.10.2
[INFO] [stderr]   Downloaded rcgen v0.14.6
[INFO] [stderr]   Downloaded x509-parser v0.18.0
[INFO] [stderr]   Downloaded moq-lite v0.12.0
[INFO] [stderr]   Downloaded web-async v0.1.1
[INFO] [stderr]   Downloaded iroh-quinn-proto v0.15.1
[INFO] [stderr]   Downloaded sorted-index-buffer v0.2.1
[INFO] [stderr]   Downloaded identity-hash v0.1.0
[INFO] [stderr]   Downloaded enum-assoc v1.3.0
[INFO] [stderr]   Downloaded portmapper v0.14.0
[INFO] [stderr]   Downloaded netwatch v0.14.0
[INFO] [stderr]   Downloaded wmi v0.18.1
[INFO] [stderr]   Downloaded netlink-packet-core v0.8.1
[INFO] [stderr]   Downloaded mac-addr v0.3.0
[INFO] [stderr]   Downloaded iroh v0.96.1
[INFO] [stderr]   Downloaded objc2-security v0.3.2
[INFO] [stderr]   Downloaded netlink-sys v0.8.7
[INFO] [stderr]   Downloaded netlink-proto v0.12.0
[INFO] [stderr]   Downloaded netlink-packet-route v0.28.0
[INFO] [stderr]   Downloaded netdev v0.40.0
[INFO] [stderr]   Downloaded netlink-packet-route v0.25.1
[INFO] [stderr]   Downloaded n0-watcher v0.6.1
[INFO] [stderr]   Downloaded n0-future v0.3.2
[INFO] [stderr]   Downloaded futures-buffered v0.2.12
[INFO] [stderr]   Downloaded diatomic-waker v0.2.3
[INFO] [stderr]   Downloaded spez v0.1.2
[INFO] [stderr]   Downloaded iroh-metrics v0.38.2
[INFO] [stderr]   Downloaded iroh-metrics-derive v0.4.1
[INFO] [stderr]   Downloaded attohttpc v0.30.1
[INFO] [stderr]   Downloaded crypto-common v0.2.0
[INFO] [stderr]   Downloaded cordyceps v0.3.4
[INFO] [stderr]   Downloaded generator v0.8.8
[INFO] [stderr]   Downloaded n0-error v0.1.3
[INFO] [stderr]   Downloaded n0-error-macros v0.1.3
[INFO] [stderr]   Downloaded iroh-quinn-udp v0.8.0
[INFO] [stderr]   Downloaded postcard-derive v0.2.2
[INFO] [stderr]   Downloaded igd-next v0.16.2
[INFO] [stderr]   Downloaded pkcs8 v0.11.0-rc.10
[INFO] [stderr]   Downloaded spki v0.8.0-rc.4
[INFO] [stderr]   Downloaded der v0.8.0-rc.10
[INFO] [stderr]   Downloaded pkarr v5.0.2
[INFO] [stderr]   Downloaded ntimestamp v1.0.0
[INFO] [stderr]   Downloaded signature v3.0.0-rc.6
[INFO] [stderr]   Downloaded digest v0.11.0-rc.10
[INFO] [stderr]   Downloaded block-buffer v0.11.0
[INFO] [stderr]   Downloaded simple-dns v0.9.3
[INFO] [stderr]   Downloaded ed25519-dalek v3.0.0-pre.1
[INFO] [stderr]   Downloaded sha2 v0.11.0-rc.2
[INFO] [stderr]   Downloaded ed25519 v3.0.0-rc.2
[INFO] [stderr]   Downloaded seize v0.5.1
[INFO] [stderr]   Downloaded vergen-gitcl v1.0.8
[INFO] [stderr]   Downloaded async-compat v0.2.5
[INFO] [stderr]   Downloaded hybrid-array v0.4.7
[INFO] [stderr]   Downloaded papaya v0.2.3
[INFO] [stderr]   Downloaded iroh-relay v0.96.1
[INFO] [stderr]   Downloaded z32 v1.3.0
[INFO] [stderr]   Downloaded moka v0.12.12
[INFO] [stderr]   Downloaded curve25519-dalek v5.0.0-pre.1
[INFO] [stderr]   Downloaded iroh-base v0.96.1
[INFO] [stderr]   Downloaded vergen-lib v0.1.6
[INFO] [stderr]   Downloaded iroh-quinn v0.16.1
[INFO] [stderr]   Downloaded tokio-websockets v0.12.3
[INFO] [stderr]   Downloaded dav1d-sys v0.8.3
[INFO] [stderr]   Downloaded dav1d v0.11.1
[INFO] [stderr]   Downloaded system-deps v7.0.7
[INFO] [stderr]   Downloaded cfg-expr v0.20.6
[INFO] [stderr]   Downloaded ctrlc v3.5.1
[INFO] [stderr]   Downloaded cpal v0.15.3
[INFO] [stderr]   Downloaded coreaudio-sys v0.2.17
[INFO] [stderr]   Downloaded av-data v0.4.4
[INFO] [stderr]   Downloaded pyo3-macros v0.22.6
[INFO] [stderr]   Downloaded pyo3-macros-backend v0.22.6
[INFO] [stderr]   Downloaded pyo3-build-config v0.22.6
[INFO] [stderr]   Downloaded pyo3 v0.22.6
[INFO] [stderr]   Downloaded numpy v0.22.1
[INFO] [stderr]   Downloaded pyo3-ffi v0.22.6
[INFO] running `Command { std: "docker" "create" "-v" "/var/lib/crater-agent-workspace/builds/worker-0-tc1/source:/opt/rustwide/workdir:ro,Z" "-v" "/var/lib/crater-agent-workspace/builds/worker-0-tc1/target:/opt/rustwide/target:rw,Z" "-v" "/var/lib/crater-agent-workspace/cargo-home:/opt/rustwide/cargo-home:ro,Z" "-v" "/var/lib/crater-agent-workspace/rustup-home:/opt/rustwide/rustup-home:ro,Z" "-m" "1610612736" "--network" "none" "ghcr.io/rust-lang/crates-build-env/linux@sha256:77db811e55d90add9212f6832c23229e3de5f1c1f9905e8cb07319ea15df73ac" "sleep" "infinity", kill_on_drop: false }`
[INFO] [stdout] 6c9b0a7d496a3ea865713459db34b4590da07b4b681c7d6b1cb966182c496231
[INFO] running `Command { std: "docker" "start" "6c9b0a7d496a3ea865713459db34b4590da07b4b681c7d6b1cb966182c496231", kill_on_drop: false }`
[INFO] running `Command { std: "docker" "inspect" "6c9b0a7d496a3ea865713459db34b4590da07b4b681c7d6b1cb966182c496231", kill_on_drop: false }`
[INFO] running `Command { std: "docker" "exec" "-e" "SOURCE_DIR=/opt/rustwide/workdir" "-e" "CARGO_HOME=/opt/rustwide/cargo-home" "-e" "RUSTUP_HOME=/opt/rustwide/rustup-home" "-e" "CARGO_TARGET_DIR=/opt/rustwide/target" "-w" "/opt/rustwide/workdir" "--user" "0:0" "6c9b0a7d496a3ea865713459db34b4590da07b4b681c7d6b1cb966182c496231" "/opt/rustwide/cargo-home/bin/cargo" "+1.99.0-beta.8" "metadata" "--no-deps" "--format-version=1", kill_on_drop: false }`
[INFO] running `Command { std: "docker" "inspect" "6c9b0a7d496a3ea865713459db34b4590da07b4b681c7d6b1cb966182c496231", kill_on_drop: false }`
[INFO] running `Command { std: "docker" "exec" "-e" "SOURCE_DIR=/opt/rustwide/workdir" "-e" "CARGO_HOME=/opt/rustwide/cargo-home" "-e" "RUSTUP_HOME=/opt/rustwide/rustup-home" "-e" "CARGO_TARGET_DIR=/opt/rustwide/target" "-e" "CARGO_INCREMENTAL=0" "-e" "RUST_BACKTRACE=full" "-e" "RUSTFLAGS=--cap-lints=warn" "-e" "RUSTDOCFLAGS=--cap-lints=warn" "-w" "/opt/rustwide/workdir" "--user" "0:0" "6c9b0a7d496a3ea865713459db34b4590da07b4b681c7d6b1cb966182c496231" "/opt/rustwide/cargo-home/bin/cargo" "+1.99.0-beta.8" "build" "--frozen" "--message-format=json" "--release", kill_on_drop: false }`
[INFO] [stderr]    Compiling proc-macro2 v1.0.105
[INFO] [stderr]    Compiling quote v1.0.43
[INFO] [stderr]    Compiling libc v0.2.180
[INFO] [stderr]    Compiling subtle v2.6.1
[INFO] [stderr]    Compiling smallvec v1.15.1
[INFO] [stderr]    Compiling find-msvc-tools v0.1.8
[INFO] [stderr]    Compiling object v0.37.3
[INFO] [stderr]    Compiling generic-array v0.14.7
[INFO] [stderr]    Compiling itoa v1.0.17
[INFO] [stderr]    Compiling gimli v0.32.3
[INFO] [stderr]    Compiling rustc-demangle v0.1.27
[INFO] [stderr]    Compiling miniz_oxide v0.8.9
[INFO] [stderr]    Compiling parking_lot_core v0.9.12
[INFO] [stderr]    Compiling zerocopy v0.8.33
[INFO] [stderr]    Compiling dunce v1.0.5
[INFO] [stderr]    Compiling fs_extra v1.3.0
[INFO] [stderr]    Compiling petgraph v0.6.5
[INFO] [stderr]    Compiling rustls-pki-types v1.14.0
[INFO] [stderr]    Compiling aws-lc-rs v1.15.3
[INFO] [stderr]    Compiling libm v0.2.15
[INFO] [stderr]    Compiling untrusted v0.7.1
[INFO] [stderr]    Compiling http v1.4.0
[INFO] [stderr]    Compiling tracing-core v0.1.36
[INFO] [stderr]    Compiling futures-io v0.3.31
[INFO] [stderr]    Compiling rustls v0.23.36
[INFO] [stderr]    Compiling base64ct v1.8.3
[INFO] [stderr]    Compiling cfg_aliases v0.2.1
[INFO] [stderr]    Compiling num-traits v0.2.19
[INFO] [stderr]    Compiling openssl-probe v0.2.0
[INFO] [stderr]    Compiling pem-rfc7468 v0.7.0
[INFO] [stderr]    Compiling getrandom v0.2.17
[INFO] [stderr]    Compiling syn v2.0.114
[INFO] [stderr]    Compiling socket2 v0.6.1
[INFO] [stderr]    Compiling errno v0.3.14
[INFO] [stderr]    Compiling block-buffer v0.10.4
[INFO] [stderr]    Compiling crypto-common v0.1.7
[INFO] [stderr]    Compiling signal-hook-registry v1.4.8
[INFO] [stderr]    Compiling rand_core v0.6.4
[INFO] [stderr]    Compiling mio v1.1.1
[INFO] [stderr]    Compiling digest v0.10.7
[INFO] [stderr]    Compiling getrandom v0.3.4
[INFO] [stderr]    Compiling rand_core v0.9.5
[INFO] [stderr]    Compiling der v0.7.10
[INFO] [stderr]    Compiling hmac v0.12.1
[INFO] [stderr]    Compiling jobserver v0.1.34
[INFO] [stderr]    Compiling rustls-native-certs v0.8.3
[INFO] [stderr]    Compiling quinn-udp v0.5.14
[INFO] [stderr]    Compiling time-core v0.1.7
[INFO] [stderr]    Compiling siphasher v1.0.1
[INFO] [stderr]    Compiling time-macros v0.2.25
[INFO] [stderr]    Compiling tinyvec v1.10.0
[INFO] [stderr]    Compiling cc v1.2.53
[INFO] [stderr]    Compiling ff v0.13.1
[INFO] [stderr]    Compiling quinn v0.11.9
[INFO] [stderr]    Compiling winnow v0.7.14
[INFO] [stderr]    Compiling lru-slab v0.1.2
[INFO] [stderr]    Compiling base16ct v0.2.0
[INFO] [stderr]    Compiling hashbrown v0.16.1
[INFO] [stderr]    Compiling cmake v0.1.57
[INFO] [stderr]    Compiling spin v0.9.8
[INFO] [stderr]    Compiling group v0.13.0
[INFO] [stderr]    Compiling http-body v1.0.1
[INFO] [stderr]    Compiling hkdf v0.12.4
[INFO] [stderr]    Compiling lazy_static v1.5.0
[INFO] [stderr]    Compiling signature v2.2.0
[INFO] [stderr]    Compiling crypto-bigint v0.5.5
[INFO] [stderr]    Compiling zmij v1.0.14
[INFO] [stderr]    Compiling toml_datetime v0.7.5+spec-1.1.0
[INFO] [stderr]    Compiling concurrent-queue v2.5.0
[INFO] [stderr]    Compiling rfc6979 v0.4.0
[INFO] [stderr]    Compiling ppv-lite86 v0.2.21
[INFO] [stderr]    Compiling num-integer v0.1.46
[INFO] [stderr]    Compiling indexmap v2.13.0
[INFO] [stderr]    Compiling event-listener v5.4.1
[INFO] [stderr]    Compiling sha1 v0.10.6
[INFO] [stderr]    Compiling webpki-roots v1.0.5
[INFO] [stderr]    Compiling web-transport-trait v0.3.1
[INFO] [stderr]    Compiling time v0.3.45
[INFO] [stderr]    Compiling aws-lc-sys v0.36.0
[INFO] [stderr]    Compiling ring v0.17.14
[INFO] [stderr]    Compiling data-encoding v2.10.0
[INFO] [stderr]    Compiling anyhow v1.0.100
[INFO] [stderr]    Compiling regex-syntax v0.8.8
[INFO] [stderr]    Compiling num-bigint-dig v0.8.6
[INFO] [stderr]    Compiling utf-8 v0.7.6
[INFO] [stderr]    Compiling spki v0.7.3
[INFO] [stderr]    Compiling rand_chacha v0.9.0
[INFO] [stderr]    Compiling rand_chacha v0.3.1
[INFO] [stderr]    Compiling event-listener-strategy v0.5.4
[INFO] [stderr]    Compiling addr2line v0.25.1
[INFO] [stderr]    Compiling pkcs8 v0.10.2
[INFO] [stderr]    Compiling num-iter v0.1.45
[INFO] [stderr]    Compiling rand v0.9.2
[INFO] [stderr]    Compiling rand v0.8.5
[INFO] [stderr]    Compiling toml_parser v1.0.6+spec-1.1.0
[INFO] [stderr]    Compiling sec1 v0.7.3
[INFO] [stderr]    Compiling num-bigint v0.4.6
[INFO] [stderr]    Compiling serde_json v1.0.149
[INFO] [stderr]    Compiling webpki-roots v0.26.11
[INFO] [stderr]    Compiling sha2 v0.10.9
[INFO] [stderr]    Compiling fastbloom v0.14.1
[INFO] [stderr]    Compiling toml_edit v0.23.10+spec-1.0.0
[INFO] [stderr]    Compiling elliptic-curve v0.13.8
[INFO] [stderr]    Compiling clap_lex v0.7.7
[INFO] [stderr]    Compiling iri-string v0.7.10
[INFO] [stderr]    Compiling bitflags v2.10.0
[INFO] [stderr]    Compiling synstructure v0.13.2
[INFO] [stderr]    Compiling darling_core v0.21.3
[INFO] [stderr]    Compiling proc-macro-crate v3.4.0
[INFO] [stderr]    Compiling primeorder v0.13.6
[INFO] [stderr]    Compiling ecdsa v0.16.9
[INFO] [stderr]    Compiling regex-automata v0.4.13
[INFO] [stderr]    Compiling ryu v1.0.22
[INFO] [stderr]    Compiling yasna v0.5.2
[INFO] [stderr]    Compiling clap_builder v4.5.54
[INFO] [stderr]    Compiling backtrace v0.3.76
[INFO] [stderr]    Compiling pkcs1 v0.7.5
[INFO] [stderr]    Compiling zerofrom-derive v0.1.6
[INFO] [stderr]    Compiling yoke-derive v0.8.1
[INFO] [stderr]    Compiling zerovec-derive v0.11.2
[INFO] [stderr]    Compiling tokio-macros v2.6.0
[INFO] [stderr]    Compiling displaydoc v0.2.5
[INFO] [stderr]    Compiling zerofrom v0.1.6
[INFO] [stderr]    Compiling yoke v0.8.1
[INFO] [stderr]    Compiling parking_lot v0.12.5
[INFO] [stderr]    Compiling thiserror-impl v2.0.17
[INFO] [stderr]    Compiling zerotrie v0.2.3
[INFO] [stderr]    Compiling tokio v1.49.0
[INFO] [stderr]    Compiling futures-macro v0.3.31
[INFO] [stderr]    Compiling zerovec v0.11.5
[INFO] [stderr]    Compiling tracing-attributes v0.1.31
[INFO] [stderr]    Compiling serde_derive v1.0.228
[INFO] [stderr]    Compiling tinystr v0.8.2
[INFO] [stderr]    Compiling potential_utf v0.1.4
[INFO] [stderr]    Compiling icu_locale_core v2.1.1
[INFO] [stderr]    Compiling icu_collections v2.1.1
[INFO] [stderr]    Compiling thiserror v2.0.17
[INFO] [stderr]    Compiling futures-util v0.3.31
[INFO] [stderr]    Compiling thiserror-impl v1.0.69
[INFO] [stderr]    Compiling darling_macro v0.21.3
[INFO] [stderr]    Compiling darling v0.21.3
[INFO] [stderr]    Compiling serde_with_macros v3.16.1
[INFO] [stderr]    Compiling tracing v0.1.44
[INFO] [stderr]    Compiling num_enum_derive v0.7.5
[INFO] [stderr]    Compiling simple_asn1 v0.6.3
[INFO] [stderr]    Compiling icu_provider v2.1.1
[INFO] [stderr]    Compiling thiserror v1.0.69
[INFO] [stderr]    Compiling serde_with v3.16.1
[INFO] [stderr]    Compiling matchers v0.2.0
[INFO] [stderr]    Compiling icu_properties v2.1.2
[INFO] [stderr]    Compiling icu_normalizer v2.1.1
[INFO] [stderr]    Compiling num_enum v0.7.5
[INFO] [stderr]    Compiling clap_derive v4.5.49
[INFO] [stderr]    Compiling async-channel v2.5.0
[INFO] [stderr]    Compiling sharded-slab v0.1.7
[INFO] [stderr]    Compiling http-body-util v0.1.3
[INFO] [stderr]    Compiling serde v1.0.228
[INFO] [stderr]    Compiling pem v3.0.6
[INFO] [stderr]    Compiling idna_adapter v1.2.1
[INFO] [stderr]    Compiling idna v1.1.0
[INFO] [stderr]    Compiling serde_urlencoded v0.7.1
[INFO] [stderr]    Compiling tracing-log v0.2.0
[INFO] [stderr]    Compiling humantime v2.3.0
[INFO] [stderr]    Compiling rsa v0.9.10
[INFO] [stderr]    Compiling tracing-subscriber v0.3.22
[INFO] [stderr]    Compiling clap v4.5.54
[INFO] [stderr]    Compiling p384 v0.13.1
[INFO] [stderr]    Compiling p256 v0.13.2
[INFO] [stderr]    Compiling uuid v1.19.0
[INFO] [stderr]    Compiling rustls-pemfile v2.2.0
[INFO] [stderr]    Compiling futures-executor v0.3.31
[INFO] [stderr]    Compiling humantime-serde v1.1.1
[INFO] [stderr]    Compiling url v2.5.8
[INFO] [stderr]    Compiling futures v0.3.31
[INFO] [stderr]    Compiling web-transport-proto v0.2.8
[INFO] [stderr]    Compiling hyper v1.8.1
[INFO] [stderr]    Compiling tower v0.5.3
[INFO] [stderr]    Compiling web-transport-proto v0.3.1
[INFO] [stderr]    Compiling web-async v0.1.1
[INFO] [stderr]    Compiling tokio-util v0.7.18
[INFO] [stderr]    Compiling moq-lite v0.12.0
[INFO] [stderr]    Compiling tower-http v0.6.8
[INFO] [stderr]    Compiling hyper-util v0.1.19
[INFO] [stderr]    Compiling rcgen v0.14.6
[INFO] [stderr]    Compiling reqwest v0.12.28
[INFO] [stderr]    Compiling rustls-webpki v0.103.9
[INFO] [stderr]    Compiling jsonwebtoken v10.2.0
[INFO] [stderr]    Compiling moq-token v0.5.6
[INFO] [stderr]    Compiling rustls-platform-verifier v0.6.2
[INFO] [stderr]    Compiling tungstenite v0.24.0
[INFO] [stderr]    Compiling tokio-rustls v0.26.4
[INFO] [stderr]    Compiling quinn-proto v0.11.13
[INFO] [stderr]    Compiling tokio-tungstenite v0.24.0
[INFO] [stderr]    Compiling web-transport-ws v0.2.2
[INFO] [stderr]    Compiling web-transport-quinn v0.3.4
[INFO] [stderr]    Compiling web-transport-quinn v0.10.2
[INFO] [stderr]    Compiling web-transport v0.3.1
[INFO] [stderr]    Compiling moq-transport v0.12.1
[INFO] [stderr]    Compiling moq-native v0.12.0
[INFO] [stderr]    Compiling xoq v0.3.7 (/opt/rustwide/workdir)
[INFO] [stderr]     Finished `release` profile [optimized] target(s) in 4m 27s
[INFO] running `Command { std: "docker" "inspect" "6c9b0a7d496a3ea865713459db34b4590da07b4b681c7d6b1cb966182c496231", kill_on_drop: false }`
[INFO] running `Command { std: "docker" "exec" "-e" "SOURCE_DIR=/opt/rustwide/workdir" "-e" "CARGO_HOME=/opt/rustwide/cargo-home" "-e" "RUSTUP_HOME=/opt/rustwide/rustup-home" "-e" "CARGO_TARGET_DIR=/opt/rustwide/target" "-e" "CARGO_INCREMENTAL=0" "-e" "RUST_BACKTRACE=full" "-e" "RUSTFLAGS=--cap-lints=warn" "-e" "RUSTDOCFLAGS=--cap-lints=warn" "-w" "/opt/rustwide/workdir" "--user" "0:0" "6c9b0a7d496a3ea865713459db34b4590da07b4b681c7d6b1cb966182c496231" "/opt/rustwide/cargo-home/bin/cargo" "+1.99.0-beta.8" "test" "--frozen" "--no-run" "--message-format=json" "--release", kill_on_drop: false }`
[INFO] [stderr]    Compiling libc v0.2.180
[INFO] [stderr]    Compiling scopeguard v1.2.0
[INFO] [stderr]    Compiling regex-automata v0.4.13
[INFO] [stderr]    Compiling nix v0.30.1
[INFO] [stderr]    Compiling unescaper v0.1.8
[INFO] [stderr]    Compiling proc-macro2 v1.0.105
[INFO] [stderr]    Compiling unicode-ident v1.0.22
[INFO] [stderr]    Compiling termcolor v1.4.1
[INFO] [stderr]    Compiling lock_api v0.4.14
[INFO] [stderr]    Compiling getrandom v0.2.17
[INFO] [stderr]    Compiling backtrace v0.3.76
[INFO] [stderr]    Compiling errno v0.3.14
[INFO] [stderr]    Compiling socket2 v0.6.1
[INFO] [stderr]    Compiling mio v1.1.1
[INFO] [stderr]    Compiling getrandom v0.3.4
[INFO] [stderr]    Compiling is-terminal v0.4.17
[INFO] [stderr]    Compiling nix v0.26.4
[INFO] [stderr]    Compiling signal-hook-registry v1.4.8
[INFO] [stderr]    Compiling rand_core v0.6.4
[INFO] [stderr]    Compiling ring v0.17.14
[INFO] [stderr]    Compiling rand_core v0.9.5
[INFO] [stderr]    Compiling uuid v1.19.0
[INFO] [stderr]    Compiling signal-hook v0.3.18
[INFO] [stderr]    Compiling rand_chacha v0.3.1
[INFO] [stderr]    Compiling ff v0.13.1
[INFO] [stderr]    Compiling signature v2.2.0
[INFO] [stderr]    Compiling quinn-udp v0.5.14
[INFO] [stderr]    Compiling group v0.13.0
[INFO] [stderr]    Compiling crypto-bigint v0.5.5
[INFO] [stderr]    Compiling jsonwebtoken v10.2.0
[INFO] [stderr]    Compiling rand_chacha v0.9.0
[INFO] [stderr]    Compiling rand v0.8.5
[INFO] [stderr]    Compiling rand v0.9.2
[INFO] [stderr]    Compiling parking_lot_core v0.9.12
[INFO] [stderr]    Compiling anyhow v1.0.100
[INFO] [stderr]    Compiling ctrlc v3.5.1
[INFO] [stderr]    Compiling parking_lot v0.12.5
[INFO] [stderr]    Compiling num-bigint-dig v0.8.6
[INFO] [stderr]    Compiling tokio v1.49.0
[INFO] [stderr]    Compiling fastbloom v0.14.1
[INFO] [stderr]    Compiling elliptic-curve v0.13.8
[INFO] [stderr]    Compiling matchers v0.2.0
[INFO] [stderr]    Compiling regex v1.12.2
[INFO] [stderr]    Compiling serialport v4.7.3
[INFO] [stderr]    Compiling tracing-subscriber v0.3.22
[INFO] [stderr]    Compiling primeorder v0.13.6
[INFO] [stderr]    Compiling ecdsa v0.16.9
[INFO] [stderr]    Compiling env_logger v0.10.2
[INFO] [stderr]    Compiling rustls-webpki v0.103.9
[INFO] [stderr]    Compiling rcgen v0.14.6
[INFO] [stderr]    Compiling p384 v0.13.1
[INFO] [stderr]    Compiling p256 v0.13.2
[INFO] [stderr]    Compiling rsa v0.9.10
[INFO] [stderr]    Compiling rustls v0.23.36
[INFO] [stderr]    Compiling moq-token v0.5.6
[INFO] [stderr]    Compiling rustypot v1.4.2
[INFO] [stderr]    Compiling web-transport-proto v0.3.1
[INFO] [stderr]    Compiling tower v0.5.3
[INFO] [stderr]    Compiling hyper v1.8.1
[INFO] [stderr]    Compiling web-async v0.1.1
[INFO] [stderr]    Compiling tokio-util v0.7.18
[INFO] [stderr]    Compiling moq-lite v0.12.0
[INFO] [stderr]    Compiling tower-http v0.6.8
[INFO] [stderr]    Compiling hyper-util v0.1.19
[INFO] [stderr]    Compiling rustls-platform-verifier v0.6.2
[INFO] [stderr]    Compiling tungstenite v0.24.0
[INFO] [stderr]    Compiling tokio-rustls v0.26.4
[INFO] [stderr]    Compiling quinn-proto v0.11.13
[INFO] [stderr]    Compiling tokio-tungstenite v0.24.0
[INFO] [stderr]    Compiling web-transport-ws v0.2.2
[INFO] [stderr]    Compiling reqwest v0.12.28
[INFO] [stderr]    Compiling quinn v0.11.9
[INFO] [stderr]    Compiling web-transport-quinn v0.3.4
[INFO] [stderr]    Compiling web-transport-quinn v0.10.2
[INFO] [stderr]    Compiling web-transport v0.3.1
[INFO] [stderr]    Compiling moq-transport v0.12.1
[INFO] [stderr]    Compiling moq-native v0.12.0
[INFO] [stderr]    Compiling xoq v0.3.7 (/opt/rustwide/workdir)
[INFO] [stdout] error[E0432]: unresolved import `objc2`
[INFO] [stdout]  --> examples/cam_test.rs:1:5
[INFO] [stdout]   |
[INFO] [stdout] 1 | use objc2::class;
[INFO] [stdout]   |     ^^^^^ use of unresolved module or unlinked crate `objc2`
[INFO] [stdout]   |
[INFO] [stdout]   = help: if you wanted to use a crate named `objc2`, use `cargo add objc2` to add it to your `Cargo.toml`
[INFO] [stdout] 
[INFO] [stdout] 
[INFO] [stdout] error[E0433]: cannot find module or crate `objc2` in this scope
[INFO] [stdout]  --> examples/cam_test.rs:3:5
[INFO] [stdout]   |
[INFO] [stdout] 3 | use objc2::runtime::Bool;
[INFO] [stdout]   |     ^^^^^ use of unresolved module or unlinked crate `objc2`
[INFO] [stdout]   |
[INFO] [stdout]   = help: if you wanted to use a crate named `objc2`, use `cargo add objc2` to add it to your `Cargo.toml`
[INFO] [stdout] 
[INFO] [stdout] 
[INFO] [stdout] error[E0432]: unresolved import `objc2`
[INFO] [stdout]  --> examples/cam_test.rs:2:5
[INFO] [stdout]   |
[INFO] [stdout] 2 | use objc2::msg_send;
[INFO] [stdout]   |     ^^^^^ use of unresolved module or unlinked crate `objc2`
[INFO] [stdout]   |
[INFO] [stdout]   = help: if you wanted to use a crate named `objc2`, use `cargo add objc2` to add it to your `Cargo.toml`
[INFO] [stdout] 
[INFO] [stdout] 
[INFO] [stdout] error[E0432]: unresolved import `objc2_av_foundation`
[INFO] [stdout]  --> examples/cam_test.rs:4:5
[INFO] [stdout]   |
[INFO] [stdout] 4 | use objc2_av_foundation::{AVCaptureDevice, AVMediaTypeVideo};
[INFO] [stdout]   |     ^^^^^^^^^^^^^^^^^^^ use of unresolved module or unlinked crate `objc2_av_foundation`
[INFO] [stdout]   |
[INFO] [stdout]   = help: if you wanted to use a crate named `objc2_av_foundation`, use `cargo add objc2_av_foundation` to add it to your `Cargo.toml`
[INFO] [stdout] 
[INFO] [stdout] 
[INFO] [stdout] warning: function `print_pose` is never used
[INFO] [stdout]    --> examples/test_cartesian_ik.rs:293:4
[INFO] [stdout]     |
[INFO] [stdout] 293 | fn print_pose(label: &str, pose: &Mat4) {
[INFO] [stdout]     |    ^^^^^^^^^^
[INFO] [stdout]     |
[INFO] [stdout]     = note: `#[warn(dead_code)]` (part of `#[warn(unused)]`) on by default
[INFO] [stdout] 
[INFO] [stdout] 
[INFO] [stdout] Some errors have detailed explanations: E0432, E0433.
[INFO] [stdout] 
[INFO] [stdout] For more information about an error, try `rustc --explain E0432`.
[INFO] [stdout] 
[INFO] [stdout] warning: function `test_config` is never used
[INFO] [stdout]    --> examples/test_cartesian_ik.rs:307:4
[INFO] [stdout]     |
[INFO] [stdout] 307 | fn test_config(name: &str, angles: &[f64; 7]) {
[INFO] [stdout]     |    ^^^^^^^^^^^
[INFO] [stdout] 
[INFO] [stdout] 
[INFO] [stdout] warning: function `test_iterative` is never used
[INFO] [stdout]    --> examples/test_cartesian_ik.rs:386:4
[INFO] [stdout]     |
[INFO] [stdout] 386 | fn test_iterative(name: &str, angles: &[f64; 7]) {
[INFO] [stdout]     |    ^^^^^^^^^^^^^^
[INFO] [stdout] 
[INFO] [stdout] 
[INFO] [stderr] error: could not compile `xoq` (example "cam_test") due to 4 previous errors
[INFO] [stderr] warning: build failed, waiting for other jobs to finish...
[INFO] [stdout] error[E0433]: cannot find module or crate `crossterm` in this scope
[INFO] [stdout]   --> examples/openarm_teleop.rs:22:5
[INFO] [stdout]    |
[INFO] [stdout] 22 | use crossterm::event::{self, Event, KeyCode, KeyEvent, KeyModifiers};
[INFO] [stdout]    |     ^^^^^^^^^ use of unresolved module or unlinked crate `crossterm`
[INFO] [stdout]    |
[INFO] [stdout]    = help: if you wanted to use a crate named `crossterm`, use `cargo add crossterm` to add it to your `Cargo.toml`
[INFO] [stdout] 
[INFO] [stdout] 
[INFO] [stdout] error[E0432]: unresolved import `xoq::socketcan`
[INFO] [stdout]    --> examples/openarm_teleop.rs:30:5
[INFO] [stdout]     |
[INFO] [stdout]  30 | use xoq::socketcan;
[INFO] [stdout]     |     ^^^^^---------
[INFO] [stdout]     |          |
[INFO] [stdout]     |          no `socketcan` in the root
[INFO] [stdout]     |
[INFO] [stdout] note: found an item that was configured out
[INFO] [stdout]    --> src/lib.rs:235:9
[INFO] [stdout]     |
[INFO] [stdout] 234 | #[cfg(feature = "can-remote")]
[INFO] [stdout]     |       ---------------------- the item is gated behind the `can-remote` feature
[INFO] [stdout] 235 | pub mod socketcan {
[INFO] [stdout]     |         ^^^^^^^^^
[INFO] [stdout] 
[INFO] [stdout] 
[INFO] [stdout] error[E0432]: unresolved import `crossterm`
[INFO] [stdout]   --> examples/openarm_teleop.rs:23:5
[INFO] [stdout]    |
[INFO] [stdout] 23 | use crossterm::terminal;
[INFO] [stdout]    |     ^^^^^^^^^ use of unresolved module or unlinked crate `crossterm`
[INFO] [stdout]    |
[INFO] [stdout]    = help: if you wanted to use a crate named `crossterm`, use `cargo add crossterm` to add it to your `Cargo.toml`
[INFO] [stdout] 
[INFO] [stdout] 
[INFO] [stdout] error[E0433]: cannot find module or crate `crossterm` in this scope
[INFO] [stdout]    --> examples/openarm_teleop.rs:910:9
[INFO] [stdout]     |
[INFO] [stdout] 910 |         crossterm::execute!(
[INFO] [stdout]     |         ^^^^^^^^^ use of unresolved module or unlinked crate `crossterm`
[INFO] [stdout] 
[INFO] [stdout] 
[INFO] [stdout] error[E0433]: cannot find module or crate `crossterm` in this scope
[INFO] [stdout]    --> examples/openarm_teleop.rs:922:17
[INFO] [stdout]     |
[INFO] [stdout] 922 |         let _ = crossterm::execute!(
[INFO] [stdout]     |                 ^^^^^^^^^ use of unresolved module or unlinked crate `crossterm`
[INFO] [stdout] 
[INFO] [stdout] 
[INFO] [stdout] error[E0433]: cannot find module or crate `crossterm` in this scope
[INFO] [stdout]     --> examples/openarm_teleop.rs:1759:13
[INFO] [stdout]      |
[INFO] [stdout] 1759 |     let _ = crossterm::execute!(
[INFO] [stdout]      |             ^^^^^^^^^ use of unresolved module or unlinked crate `crossterm`
[INFO] [stdout] 
[INFO] [stdout] 
[INFO] [stdout] Some errors have detailed explanations: E0432, E0433.
[INFO] [stdout] 
[INFO] [stdout] For more information about an error, try `rustc --explain E0432`.
[INFO] [stdout] 
[INFO] [stderr] error: could not compile `xoq` (example "openarm_teleop") due to 6 previous errors
[INFO] running `Command { std: "docker" "inspect" "6c9b0a7d496a3ea865713459db34b4590da07b4b681c7d6b1cb966182c496231", kill_on_drop: false }`
[INFO] running `Command { std: "docker" "rm" "-f" "6c9b0a7d496a3ea865713459db34b4590da07b4b681c7d6b1cb966182c496231", kill_on_drop: false }`
[INFO] [stdout] 6c9b0a7d496a3ea865713459db34b4590da07b4b681c7d6b1cb966182c496231
