[INFO] cloning repository https://github.com/hacbit/ani_update
[INFO] running `Command { std: "git" "-c" "credential.helper=" "-c" "credential.helper=/workspace/cargo-home/bin/git-credential-null" "clone" "--bare" "https://github.com/hacbit/ani_update" "/workspace/cache/git-repos/https%3A%2F%2Fgithub.com%2Fhacbit%2Fani_update", kill_on_drop: false }`
[INFO] [stderr] Cloning into bare repository '/workspace/cache/git-repos/https%3A%2F%2Fgithub.com%2Fhacbit%2Fani_update'...
[INFO] running `Command { std: "git" "rev-parse" "HEAD", kill_on_drop: false }`
[INFO] [stdout] 4e6fb315d449b7a462ddbef7192e6818b132f6ec
[INFO] testing hacbit/ani_update against 1.100.0-beta.1+cargoflags=--release for beta-release-1.100-2
[INFO] running `Command { std: "git" "clone" "/workspace/cache/git-repos/https%3A%2F%2Fgithub.com%2Fhacbit%2Fani_update" "/workspace/builds/worker-7-tc2/source", kill_on_drop: false }`
[INFO] [stderr] Cloning into '/workspace/builds/worker-7-tc2/source'...
[INFO] [stderr] done.
[INFO] removed /workspace/builds/worker-7-tc2/source/.cargo/config.toml
[INFO] started tweaking git repo https://github.com/hacbit/ani_update
[INFO] finished tweaking git repo https://github.com/hacbit/ani_update
[INFO] tweaked toml for git repo https://github.com/hacbit/ani_update written to /workspace/builds/worker-7-tc2/source/Cargo.toml
[INFO] validating manifest of git repo https://github.com/hacbit/ani_update on toolchain 1.100.0-beta.1
[INFO] running `Command { std: CARGO_HOME="/workspace/cargo-home" RUSTUP_HOME="/workspace/rustup-home" "/workspace/cargo-home/bin/cargo" "+1.100.0-beta.1" "metadata" "--manifest-path" "Cargo.toml" "--no-deps", kill_on_drop: false }`
[INFO] crate git repo https://github.com/hacbit/ani_update already has a lockfile, it will not be regenerated
[INFO] running `Command { std: CARGO_HOME="/workspace/cargo-home" RUSTUP_HOME="/workspace/rustup-home" "/workspace/cargo-home/bin/cargo" "+1.100.0-beta.1" "fetch" "--manifest-path" "Cargo.toml", kill_on_drop: false }`
[INFO] running `Command { std: "docker" "create" "-v" "/var/lib/crater-agent-workspace/builds/worker-7-tc2/source:/opt/rustwide/workdir:ro,Z" "-v" "/var/lib/crater-agent-workspace/builds/worker-7-tc2/target:/opt/rustwide/target:rw,Z" "-v" "/var/lib/crater-agent-workspace/cargo-home:/opt/rustwide/cargo-home:ro,Z" "-v" "/var/lib/crater-agent-workspace/rustup-home:/opt/rustwide/rustup-home:ro,Z" "-m" "1610612736" "--network" "none" "ghcr.io/rust-lang/crates-build-env/linux@sha256:77db811e55d90add9212f6832c23229e3de5f1c1f9905e8cb07319ea15df73ac" "sleep" "infinity", kill_on_drop: false }`
[INFO] [stdout] 89ef6fc58b7bb66266bc49c857d35d8cd102ba34c8ca984d740356281c49d416
[INFO] running `Command { std: "docker" "start" "89ef6fc58b7bb66266bc49c857d35d8cd102ba34c8ca984d740356281c49d416", kill_on_drop: false }`
[INFO] running `Command { std: "docker" "inspect" "89ef6fc58b7bb66266bc49c857d35d8cd102ba34c8ca984d740356281c49d416", kill_on_drop: false }`
[INFO] running `Command { std: "docker" "exec" "-e" "SOURCE_DIR=/opt/rustwide/workdir" "-e" "CARGO_HOME=/opt/rustwide/cargo-home" "-e" "RUSTUP_HOME=/opt/rustwide/rustup-home" "-e" "CARGO_TARGET_DIR=/opt/rustwide/target" "-w" "/opt/rustwide/workdir" "--user" "0:0" "89ef6fc58b7bb66266bc49c857d35d8cd102ba34c8ca984d740356281c49d416" "/opt/rustwide/cargo-home/bin/cargo" "+1.100.0-beta.1" "metadata" "--no-deps" "--format-version=1", kill_on_drop: false }`
[INFO] running `Command { std: "docker" "inspect" "89ef6fc58b7bb66266bc49c857d35d8cd102ba34c8ca984d740356281c49d416", kill_on_drop: false }`
[INFO] running `Command { std: "docker" "exec" "-e" "SOURCE_DIR=/opt/rustwide/workdir" "-e" "CARGO_HOME=/opt/rustwide/cargo-home" "-e" "RUSTUP_HOME=/opt/rustwide/rustup-home" "-e" "CARGO_TARGET_DIR=/opt/rustwide/target" "-e" "CARGO_INCREMENTAL=0" "-e" "RUST_BACKTRACE=full" "-e" "RUSTFLAGS=--cap-lints=warn" "-e" "RUSTDOCFLAGS=--cap-lints=warn" "-w" "/opt/rustwide/workdir" "--user" "0:0" "89ef6fc58b7bb66266bc49c857d35d8cd102ba34c8ca984d740356281c49d416" "/opt/rustwide/cargo-home/bin/cargo" "+1.100.0-beta.1" "build" "--frozen" "--message-format=json" "--release", kill_on_drop: false }`
[INFO] [stderr]    Compiling proc-macro2 v1.0.86
[INFO] [stderr]    Compiling libc v0.2.155
[INFO] [stderr]    Compiling pkg-config v0.3.30
[INFO] [stderr]    Compiling crossbeam-utils v0.8.20
[INFO] [stderr]    Compiling subtle v2.6.1
[INFO] [stderr]    Compiling rayon-core v1.12.1
[INFO] [stderr]    Compiling autocfg v1.3.0
[INFO] [stderr]    Compiling zstd-safe v7.2.0
[INFO] [stderr]    Compiling inout v0.1.3
[INFO] [stderr]    Compiling crc32fast v1.4.2
[INFO] [stderr]    Compiling digest v0.10.7
[INFO] [stderr]    Compiling crc-catalog v2.4.0
[INFO] [stderr]    Compiling num-traits v0.2.19
[INFO] [stderr]    Compiling thiserror v1.0.63
[INFO] [stderr]    Compiling adler v1.0.2
[INFO] [stderr]    Compiling once_cell v1.19.0
[INFO] [stderr]    Compiling cpufeatures v0.2.12
[INFO] [stderr]    Compiling powerfmt v0.2.0
[INFO] [stderr]    Compiling miniz_oxide v0.7.4
[INFO] [stderr]    Compiling hmac v0.12.1
[INFO] [stderr]    Compiling deranged v0.3.11
[INFO] [stderr]    Compiling crc v3.2.1
[INFO] [stderr]    Compiling cipher v0.4.4
[INFO] [stderr]    Compiling simd-adler32 v0.3.7
[INFO] [stderr]    Compiling quote v1.0.37
[INFO] [stderr]    Compiling jobserver v0.1.32
[INFO] [stderr]    Compiling syn v2.0.77
[INFO] [stderr]    Compiling crossbeam-epoch v0.9.18
[INFO] [stderr]    Compiling hashbrown v0.14.5
[INFO] [stderr]    Compiling cc v1.1.7
[INFO] [stderr]    Compiling bumpalo v3.16.0
[INFO] [stderr]    Compiling crossbeam-deque v0.8.5
[INFO] [stderr]    Compiling zip v2.1.6
[INFO] [stderr]    Compiling num-conv v0.1.0
[INFO] [stderr]    Compiling either v1.13.0
[INFO] [stderr]    Compiling lockfree-object-pool v0.1.6
[INFO] [stderr]    Compiling time-core v0.1.2
[INFO] [stderr]    Compiling zopfli v0.8.1
[INFO] [stderr]    Compiling time v0.3.36
[INFO] [stderr]    Compiling indexmap v2.3.0
[INFO] [stderr]    Compiling flate2 v1.0.30
[INFO] [stderr]    Compiling rayon v1.10.0
[INFO] [stderr]    Compiling lzma-rs v0.3.0
[INFO] [stderr]    Compiling zstd-sys v2.0.12+zstd.1.5.6
[INFO] [stderr]    Compiling bzip2-sys v0.1.11+1.0.8
[INFO] [stderr]    Compiling bzip2 v0.4.4
[INFO] [stderr]    Compiling aes v0.8.4
[INFO] [stderr]    Compiling pbkdf2 v0.12.2
[INFO] [stderr]    Compiling sha1 v0.10.6
[INFO] [stderr]    Compiling iana-time-zone v0.1.60
[INFO] [stderr]    Compiling constant_time_eq v0.3.0
[INFO] [stderr]    Compiling deflate64 v0.1.9
[INFO] [stderr]    Compiling colored v2.1.0
[INFO] [stderr]    Compiling chrono v0.4.38
[INFO] [stderr]    Compiling sysinfo v0.30.13
[INFO] [stderr]    Compiling zerocopy-derive v0.6.6
[INFO] [stderr]    Compiling zerocopy v0.6.6
[INFO] [stderr]    Compiling ppv-lite86 v0.2.18
[INFO] [stderr]    Compiling rand_chacha v0.3.1
[INFO] [stderr]    Compiling zeroize_derive v1.4.2
[INFO] [stderr]    Compiling thiserror-impl v1.0.63
[INFO] [stderr]    Compiling zeroize v1.8.1
[INFO] [stderr]    Compiling rand v0.8.5
[INFO] [stderr]    Compiling displaydoc v0.2.5
[INFO] [stderr]    Compiling ani_update_macro v0.1.1 (/opt/rustwide/workdir/crates/ani_update_macro)
[INFO] [stderr]    Compiling zstd v0.13.2
[INFO] [stderr]    Compiling ani_update v0.1.1 (/opt/rustwide/workdir)
[INFO] [stdout] error[E0425]: cannot find value `APP_NAME` in this scope
[INFO] [stdout]    --> src/main.rs:246:31
[INFO] [stdout]     |
[INFO] [stdout] 246 |             if proc.name() == APP_NAME {
[INFO] [stdout]     |                               ^^^^^^^^ not found in this scope
[INFO] [stdout] 
[INFO] [stdout] 
[INFO] [stdout] error[E0425]: cannot find value `APP_NAME` in this scope
[INFO] [stdout]    --> src/main.rs:328:32
[INFO] [stdout]     |
[INFO] [stdout] 328 |     std::process::Command::new(APP_NAME)
[INFO] [stdout]     |                                ^^^^^^^^ not found in this scope
[INFO] [stdout] 
[INFO] [stdout] 
[INFO] [stdout] warning: unused import: `std::collections::HashMap`
[INFO] [stdout]  --> src/main.rs:1:5
[INFO] [stdout]   |
[INFO] [stdout] 1 | use std::collections::HashMap;
[INFO] [stdout]   |     ^^^^^^^^^^^^^^^^^^^^^^^^^
[INFO] [stdout]   |
[INFO] [stdout]   = note: `#[warn(unused_imports)]` (part of `#[warn(unused)]`) on by default
[INFO] [stdout] 
[INFO] [stdout] 
[INFO] [stdout] warning: unused import: `File`
[INFO] [stdout]  --> src/main.rs:2:21
[INFO] [stdout]   |
[INFO] [stdout] 2 | use std::fs::{self, File};
[INFO] [stdout]   |                     ^^^^
[INFO] [stdout] 
[INFO] [stdout] 
[INFO] [stdout] warning: unused imports: `Read` and `Write`
[INFO] [stdout]  --> src/main.rs:3:21
[INFO] [stdout]   |
[INFO] [stdout] 3 | use std::io::{self, Read, Write};
[INFO] [stdout]   |                     ^^^^  ^^^^^
[INFO] [stdout] 
[INFO] [stdout] 
[INFO] [stdout] warning: unused import: `PathBuf`
[INFO] [stdout]  --> src/main.rs:4:23
[INFO] [stdout]   |
[INFO] [stdout] 4 | use std::path::{Path, PathBuf};
[INFO] [stdout]   |                       ^^^^^^^
[INFO] [stdout] 
[INFO] [stdout] 
[INFO] [stdout] warning: unused import: `zip::read::ZipArchive`
[INFO] [stdout]  --> src/main.rs:5:5
[INFO] [stdout]   |
[INFO] [stdout] 5 | use zip::read::ZipArchive;
[INFO] [stdout]   |     ^^^^^^^^^^^^^^^^^^^^^
[INFO] [stdout] 
[INFO] [stdout] 
[INFO] [stdout] warning: unused macro definition: `success`
[INFO] [stdout]   --> src/main.rs:53:14
[INFO] [stdout]    |
[INFO] [stdout] 53 | macro_rules! success {
[INFO] [stdout]    |              ^^^^^^^
[INFO] [stdout]    |
[INFO] [stdout]    = note: `#[warn(unused_macros)]` (part of `#[warn(unused)]`) on by default
[INFO] [stdout] 
[INFO] [stdout] 
[INFO] [stdout] warning: unused macro definition: `error`
[INFO] [stdout]   --> src/main.rs:65:14
[INFO] [stdout]    |
[INFO] [stdout] 65 | macro_rules! error {
[INFO] [stdout]    |              ^^^^^
[INFO] [stdout] 
[INFO] [stdout] 
[INFO] [stdout] error[E0601]: `main` function not found in crate `ani_update`
[INFO] [stdout]    --> src/main.rs:361:2
[INFO] [stdout]     |
[INFO] [stdout] 361 | }
[INFO] [stdout]     |  ^ consider adding a `main` function to `src/main.rs`
[INFO] [stdout] 
[INFO] [stdout] 
[INFO] [stdout] Some errors have detailed explanations: E0425, E0601.
[INFO] [stdout] 
[INFO] [stdout] For more information about an error, try `rustc --explain E0425`.
[INFO] [stdout] 
[INFO] [stderr] error: could not compile `ani_update` (bin "ani_update") due to 3 previous errors; 7 warnings emitted
[INFO] running `Command { std: "docker" "inspect" "89ef6fc58b7bb66266bc49c857d35d8cd102ba34c8ca984d740356281c49d416", kill_on_drop: false }`
[INFO] running `Command { std: "docker" "rm" "-f" "89ef6fc58b7bb66266bc49c857d35d8cd102ba34c8ca984d740356281c49d416", kill_on_drop: false }`
[INFO] [stdout] 89ef6fc58b7bb66266bc49c857d35d8cd102ba34c8ca984d740356281c49d416
