[INFO] cloning repository https://github.com/grauwoelfchen/ripsaw
[INFO] running `Command { std: "git" "-c" "credential.helper=" "-c" "credential.helper=/workspace/cargo-home/bin/git-credential-null" "clone" "--bare" "https://github.com/grauwoelfchen/ripsaw" "/workspace/cache/git-repos/https%3A%2F%2Fgithub.com%2Fgrauwoelfchen%2Fripsaw", kill_on_drop: false }`
[INFO] [stderr] Cloning into bare repository '/workspace/cache/git-repos/https%3A%2F%2Fgithub.com%2Fgrauwoelfchen%2Fripsaw'...
[INFO] running `Command { std: "git" "rev-parse" "HEAD", kill_on_drop: false }`
[INFO] [stdout] ba06c9045364d223adea1e98846c8668716fc1a0
[INFO] testing grauwoelfchen/ripsaw against 1.99.0-beta.8+cargoflags=--release for beta-release-1.100-2
[INFO] running `Command { std: "git" "clone" "/workspace/cache/git-repos/https%3A%2F%2Fgithub.com%2Fgrauwoelfchen%2Fripsaw" "/workspace/builds/worker-1-tc1/source", kill_on_drop: false }`
[INFO] [stderr] Cloning into '/workspace/builds/worker-1-tc1/source'...
[INFO] [stderr] done.
[INFO] started tweaking git repo https://github.com/grauwoelfchen/ripsaw
[INFO] finished tweaking git repo https://github.com/grauwoelfchen/ripsaw
[INFO] tweaked toml for git repo https://github.com/grauwoelfchen/ripsaw written to /workspace/builds/worker-1-tc1/source/Cargo.toml
[INFO] validating manifest of git repo https://github.com/grauwoelfchen/ripsaw on toolchain 1.99.0-beta.8
[INFO] running `Command { std: CARGO_HOME="/workspace/cargo-home" RUSTUP_HOME="/workspace/rustup-home" "/workspace/cargo-home/bin/cargo" "+1.99.0-beta.8" "metadata" "--manifest-path" "Cargo.toml" "--no-deps", kill_on_drop: false }`
[INFO] crate git repo https://github.com/grauwoelfchen/ripsaw already has a lockfile, it will not be regenerated
[INFO] running `Command { std: CARGO_HOME="/workspace/cargo-home" RUSTUP_HOME="/workspace/rustup-home" "/workspace/cargo-home/bin/cargo" "+1.99.0-beta.8" "fetch" "--manifest-path" "Cargo.toml", kill_on_drop: false }`
[INFO] [stderr]     Updating crates.io index
[INFO] [stderr]  Downloading crates ...
[INFO] [stderr]   Downloaded unicode-xid v0.2.0
[INFO] [stderr]   Downloaded smallvec v0.6.10
[INFO] [stderr]   Downloaded serde v1.0.101
[INFO] [stderr]   Downloaded itoa v0.4.4
[INFO] [stderr]   Downloaded core-foundation-sys v0.6.2
[INFO] [stderr]   Downloaded vcpkg v0.2.7
[INFO] [stderr]   Downloaded unicode-normalization v0.1.8
[INFO] [stderr]   Downloaded serde_json v1.0.40
[INFO] [stderr]   Downloaded tempfile v3.1.0
[INFO] [stderr]   Downloaded remove_dir_all v0.5.2
[INFO] [stderr]   Downloaded security-framework-sys v0.3.1
[INFO] [stderr]   Downloaded num_cpus v1.10.1
[INFO] [stderr]   Downloaded safemem v0.3.2
[INFO] [stderr]   Downloaded hyper-native-tls v0.3.0
[INFO] [stderr]   Downloaded cfg-if v0.1.10
[INFO] [stderr]   Downloaded antidote v1.0.0
[INFO] [stderr]   Downloaded pkg-config v0.3.16
[INFO] [stderr]   Downloaded either v1.5.3
[INFO] [stderr]   Downloaded openssl-probe v0.1.2
[INFO] [stderr]   Downloaded hyper-rustls v0.6.2
[INFO] [stderr]   Downloaded autocfg v0.1.6
[INFO] [stderr]   Downloaded rand_chacha v0.2.1
[INFO] [stderr]   Downloaded ppv-lite86 v0.2.5
[INFO] [stderr]   Downloaded bitflags v1.2.0
[INFO] [stderr]   Downloaded c2-chacha v0.2.2
[INFO] [stderr]   Downloaded core-foundation v0.6.4
[INFO] [stderr]   Downloaded num-integer v0.1.41
[INFO] [stderr]   Downloaded getrandom v0.1.12
[INFO] [stderr]   Downloaded quote v1.0.2
[INFO] [stderr]   Downloaded log v0.4.8
[INFO] [stderr]   Downloaded redox_syscall v0.1.56
[INFO] [stderr]   Downloaded wasi v0.7.0
[INFO] [stderr]   Downloaded schannel v0.1.16
[INFO] [stderr]   Downloaded httparse v1.3.4
[INFO] [stderr]   Downloaded byteorder v1.3.2
[INFO] [stderr]   Downloaded sct v0.4.0
[INFO] [stderr]   Downloaded ryu v1.0.0
[INFO] [stderr]   Downloaded yup-oauth2 v1.0.12
[INFO] [stderr]   Downloaded native-tls v0.2.3
[INFO] [stderr]   Downloaded time v0.1.42
[INFO] [stderr]   Downloaded num-traits v0.2.8
[INFO] [stderr]   Downloaded proc-macro2 v1.0.4
[INFO] [stderr]   Downloaded openssl-sys v0.9.50
[INFO] [stderr]   Downloaded cc v1.0.45
[INFO] [stderr]   Downloaded security-framework v0.3.1
[INFO] [stderr]   Downloaded webpki v0.18.1
[INFO] [stderr]   Downloaded serde_derive v1.0.101
[INFO] [stderr]   Downloaded google-storage1 v1.0.11+20190624
[INFO] [stderr]   Downloaded rand v0.7.2
[INFO] [stderr]   Downloaded itertools v0.8.0
[INFO] [stderr]   Downloaded hyper v0.10.16
[INFO] [stderr]   Downloaded chrono v0.4.9
[INFO] [stderr]   Downloaded syn v1.0.5
[INFO] [stderr]   Downloaded openssl v0.10.25
[INFO] [stderr]   Downloaded webpki-roots v0.15.0
[INFO] [stderr]   Downloaded rustls v0.13.1
[INFO] [stderr]   Downloaded libc v0.2.62
[INFO] [stderr]   Downloaded winapi v0.3.8
[INFO] running `Command { std: "docker" "create" "-v" "/var/lib/crater-agent-workspace/builds/worker-1-tc1/source:/opt/rustwide/workdir:ro,Z" "-v" "/var/lib/crater-agent-workspace/builds/worker-1-tc1/target:/opt/rustwide/target:rw,Z" "-v" "/var/lib/crater-agent-workspace/cargo-home:/opt/rustwide/cargo-home:ro,Z" "-v" "/var/lib/crater-agent-workspace/rustup-home:/opt/rustwide/rustup-home:ro,Z" "-m" "1610612736" "--network" "none" "ghcr.io/rust-lang/crates-build-env/linux@sha256:77db811e55d90add9212f6832c23229e3de5f1c1f9905e8cb07319ea15df73ac" "sleep" "infinity", kill_on_drop: false }`
[INFO] [stdout] 5bb3b624cbe94a1a00952384a7ad099aa70d25710262ef406f08b2d6f9c8385b
[INFO] running `Command { std: "docker" "start" "5bb3b624cbe94a1a00952384a7ad099aa70d25710262ef406f08b2d6f9c8385b", kill_on_drop: false }`
[INFO] running `Command { std: "docker" "inspect" "5bb3b624cbe94a1a00952384a7ad099aa70d25710262ef406f08b2d6f9c8385b", kill_on_drop: false }`
[INFO] running `Command { std: "docker" "exec" "-e" "SOURCE_DIR=/opt/rustwide/workdir" "-e" "CARGO_HOME=/opt/rustwide/cargo-home" "-e" "RUSTUP_HOME=/opt/rustwide/rustup-home" "-e" "CARGO_TARGET_DIR=/opt/rustwide/target" "-w" "/opt/rustwide/workdir" "--user" "0:0" "5bb3b624cbe94a1a00952384a7ad099aa70d25710262ef406f08b2d6f9c8385b" "/opt/rustwide/cargo-home/bin/cargo" "+1.99.0-beta.8" "metadata" "--no-deps" "--format-version=1", kill_on_drop: false }`
[INFO] running `Command { std: "docker" "inspect" "5bb3b624cbe94a1a00952384a7ad099aa70d25710262ef406f08b2d6f9c8385b", kill_on_drop: false }`
[INFO] running `Command { std: "docker" "exec" "-e" "SOURCE_DIR=/opt/rustwide/workdir" "-e" "CARGO_HOME=/opt/rustwide/cargo-home" "-e" "RUSTUP_HOME=/opt/rustwide/rustup-home" "-e" "CARGO_TARGET_DIR=/opt/rustwide/target" "-e" "CARGO_INCREMENTAL=0" "-e" "RUST_BACKTRACE=full" "-e" "RUSTFLAGS=--cap-lints=warn" "-e" "RUSTDOCFLAGS=--cap-lints=warn" "-w" "/opt/rustwide/workdir" "--user" "0:0" "5bb3b624cbe94a1a00952384a7ad099aa70d25710262ef406f08b2d6f9c8385b" "/opt/rustwide/cargo-home/bin/cargo" "+1.99.0-beta.8" "build" "--frozen" "--message-format=json" "--release", kill_on_drop: false }`
[INFO] [stderr]    Compiling libc v0.2.62
[INFO] [stderr]    Compiling cc v1.0.45
[INFO] [stderr]    Compiling autocfg v0.1.6
[INFO] [stderr]    Compiling lazy_static v1.4.0
[INFO] [stderr]    Compiling log v0.4.8
[INFO] [stderr]    Compiling cfg-if v0.1.10
[INFO] [stderr]    Compiling pkg-config v0.3.16
[INFO] [stderr]    Compiling byteorder v1.3.2
[INFO] [stderr]    Compiling proc-macro2 v1.0.4
[INFO] [stderr]    Compiling smallvec v0.6.10
[INFO] [stderr]    Compiling matches v0.1.8
[INFO] [stderr]    Compiling unicode-xid v0.2.0
[INFO] [stderr]    Compiling httparse v1.3.4
[INFO] [stderr]    Compiling syn v1.0.5
[INFO] [stderr]    Compiling safemem v0.3.2
[INFO] [stderr]    Compiling bitflags v1.2.0
[INFO] [stderr]    Compiling unicode-bidi v0.3.4
[INFO] [stderr]    Compiling unicase v1.4.2
[INFO] [stderr]    Compiling percent-encoding v1.0.1
[INFO] [stderr]    Compiling foreign-types-shared v0.1.1
[INFO] [stderr]    Compiling untrusted v0.6.2
[INFO] [stderr]    Compiling openssl v0.10.25
[INFO] [stderr]    Compiling foreign-types v0.3.2
[INFO] [stderr]    Compiling typeable v0.1.2
[INFO] [stderr]    Compiling language-tags v0.2.2
[INFO] [stderr]    Compiling unicode-normalization v0.1.8
[INFO] [stderr]    Compiling serde v1.0.101
[INFO] [stderr]    Compiling traitobject v0.1.0
[INFO] [stderr]    Compiling ryu v1.0.0
[INFO] [stderr]    Compiling num-traits v0.2.8
[INFO] [stderr]    Compiling num-integer v0.1.41
[INFO] [stderr] error: could not compile `traitobject` (lib) due to 3 previous errors
[INFO] [stdout] error[E0119]: conflicting implementations of trait `Trait` for type `(dyn Send + Sync + 'static)`
[INFO] [stdout]   --> /opt/rustwide/cargo-home/registry/src/index.crates.io-1949cf8c6b5b557f/traitobject-0.1.0/src/impls.rs:72:1
[INFO] [stdout]    |
[INFO] [stdout] 71 | unsafe impl Trait for ::std::marker::Send + Sync { }
[INFO] [stdout]    | ------------------------------------------------ first implementation here
[INFO] [stdout] 72 | unsafe impl Trait for ::std::marker::Send + Send + Sync { }
[INFO] [stdout]    | ^^^^^^^^^^^^^^^^^^^^^^^^^^^^^^^^^^^^^^^^^^^^^^^^^^^^^^^ conflicting implementation for `(dyn Send + Sync + 'static)`
[INFO] [stdout] 
[INFO] [stdout] 
[INFO] [stderr] warning: build failed, waiting for other jobs to finish...
[INFO] [stdout] error[E0119]: conflicting implementations of trait `Trait` for type `(dyn Send + Sync + 'static)`
[INFO] [stdout]   --> /opt/rustwide/cargo-home/registry/src/index.crates.io-1949cf8c6b5b557f/traitobject-0.1.0/src/impls.rs:73:1
[INFO] [stdout]    |
[INFO] [stdout] 71 | unsafe impl Trait for ::std::marker::Send + Sync { }
[INFO] [stdout]    | ------------------------------------------------ first implementation here
[INFO] [stdout] 72 | unsafe impl Trait for ::std::marker::Send + Send + Sync { }
[INFO] [stdout] 73 | unsafe impl Trait for ::std::marker::Sync + Send { }
[INFO] [stdout]    | ^^^^^^^^^^^^^^^^^^^^^^^^^^^^^^^^^^^^^^^^^^^^^^^^ conflicting implementation for `(dyn Send + Sync + 'static)`
[INFO] [stdout] 
[INFO] [stdout] 
[INFO] [stdout] error[E0119]: conflicting implementations of trait `Trait` for type `(dyn Send + Sync + 'static)`
[INFO] [stdout]   --> /opt/rustwide/cargo-home/registry/src/index.crates.io-1949cf8c6b5b557f/traitobject-0.1.0/src/impls.rs:75:1
[INFO] [stdout]    |
[INFO] [stdout] 71 | unsafe impl Trait for ::std::marker::Send + Sync { }
[INFO] [stdout]    | ------------------------------------------------ first implementation here
[INFO] [stdout] ...
[INFO] [stdout] 75 | unsafe impl Trait for ::std::marker::Sync + Send + Sync { }
[INFO] [stdout]    | ^^^^^^^^^^^^^^^^^^^^^^^^^^^^^^^^^^^^^^^^^^^^^^^^^^^^^^^ conflicting implementation for `(dyn Send + Sync + 'static)`
[INFO] [stdout] 
[INFO] [stdout] 
[INFO] [stdout] For more information about this error, try `rustc --explain E0119`.
[INFO] [stdout] 
[INFO] running `Command { std: "docker" "inspect" "5bb3b624cbe94a1a00952384a7ad099aa70d25710262ef406f08b2d6f9c8385b", kill_on_drop: false }`
[INFO] running `Command { std: "docker" "rm" "-f" "5bb3b624cbe94a1a00952384a7ad099aa70d25710262ef406f08b2d6f9c8385b", kill_on_drop: false }`
[INFO] [stdout] 5bb3b624cbe94a1a00952384a7ad099aa70d25710262ef406f08b2d6f9c8385b
