[INFO] cloning repository https://github.com/grassfieldk/windows-media-bar
[INFO] running `Command { std: "git" "-c" "credential.helper=" "-c" "credential.helper=/workspace/cargo-home/bin/git-credential-null" "clone" "--bare" "https://github.com/grassfieldk/windows-media-bar" "/workspace/cache/git-repos/https%3A%2F%2Fgithub.com%2Fgrassfieldk%2Fwindows-media-bar", kill_on_drop: false }`
[INFO] [stderr] Cloning into bare repository '/workspace/cache/git-repos/https%3A%2F%2Fgithub.com%2Fgrassfieldk%2Fwindows-media-bar'...
[INFO] running `Command { std: "git" "rev-parse" "HEAD", kill_on_drop: false }`
[INFO] [stdout] 18590df8770d9df95a1d76e5246748d27ea9bb1d
[INFO] testing grassfieldk/windows-media-bar against 1.100.0-beta.1+cargoflags=--release for beta-release-1.100-2
[INFO] running `Command { std: "git" "clone" "/workspace/cache/git-repos/https%3A%2F%2Fgithub.com%2Fgrassfieldk%2Fwindows-media-bar" "/workspace/builds/worker-7-tc2/source", kill_on_drop: false }`
[INFO] [stderr] Cloning into '/workspace/builds/worker-7-tc2/source'...
[INFO] [stderr] done.
[INFO] started tweaking git repo https://github.com/grassfieldk/windows-media-bar
[INFO] finished tweaking git repo https://github.com/grassfieldk/windows-media-bar
[INFO] tweaked toml for git repo https://github.com/grassfieldk/windows-media-bar written to /workspace/builds/worker-7-tc2/source/Cargo.toml
[INFO] validating manifest of git repo https://github.com/grassfieldk/windows-media-bar on toolchain 1.100.0-beta.1
[INFO] running `Command { std: CARGO_HOME="/workspace/cargo-home" RUSTUP_HOME="/workspace/rustup-home" "/workspace/cargo-home/bin/cargo" "+1.100.0-beta.1" "metadata" "--manifest-path" "Cargo.toml" "--no-deps", kill_on_drop: false }`
[INFO] crate git repo https://github.com/grassfieldk/windows-media-bar already has a lockfile, it will not be regenerated
[INFO] running `Command { std: CARGO_HOME="/workspace/cargo-home" RUSTUP_HOME="/workspace/rustup-home" "/workspace/cargo-home/bin/cargo" "+1.100.0-beta.1" "fetch" "--manifest-path" "Cargo.toml", kill_on_drop: false }`
[INFO] running `Command { std: "docker" "create" "-v" "/var/lib/crater-agent-workspace/builds/worker-7-tc2/source:/opt/rustwide/workdir:ro,Z" "-v" "/var/lib/crater-agent-workspace/builds/worker-7-tc2/target:/opt/rustwide/target:rw,Z" "-v" "/var/lib/crater-agent-workspace/cargo-home:/opt/rustwide/cargo-home:ro,Z" "-v" "/var/lib/crater-agent-workspace/rustup-home:/opt/rustwide/rustup-home:ro,Z" "-m" "1610612736" "--network" "none" "ghcr.io/rust-lang/crates-build-env/linux@sha256:77db811e55d90add9212f6832c23229e3de5f1c1f9905e8cb07319ea15df73ac" "sleep" "infinity", kill_on_drop: false }`
[INFO] [stdout] 82aebbcb654a912572a06cd10fef011557c39bfdfe0038805c975ed5c1623a87
[INFO] running `Command { std: "docker" "start" "82aebbcb654a912572a06cd10fef011557c39bfdfe0038805c975ed5c1623a87", kill_on_drop: false }`
[INFO] running `Command { std: "docker" "inspect" "82aebbcb654a912572a06cd10fef011557c39bfdfe0038805c975ed5c1623a87", kill_on_drop: false }`
[INFO] running `Command { std: "docker" "exec" "-e" "SOURCE_DIR=/opt/rustwide/workdir" "-e" "CARGO_HOME=/opt/rustwide/cargo-home" "-e" "RUSTUP_HOME=/opt/rustwide/rustup-home" "-e" "CARGO_TARGET_DIR=/opt/rustwide/target" "-w" "/opt/rustwide/workdir" "--user" "0:0" "82aebbcb654a912572a06cd10fef011557c39bfdfe0038805c975ed5c1623a87" "/opt/rustwide/cargo-home/bin/cargo" "+1.100.0-beta.1" "metadata" "--no-deps" "--format-version=1", kill_on_drop: false }`
[INFO] running `Command { std: "docker" "inspect" "82aebbcb654a912572a06cd10fef011557c39bfdfe0038805c975ed5c1623a87", kill_on_drop: false }`
[INFO] running `Command { std: "docker" "exec" "-e" "SOURCE_DIR=/opt/rustwide/workdir" "-e" "CARGO_HOME=/opt/rustwide/cargo-home" "-e" "RUSTUP_HOME=/opt/rustwide/rustup-home" "-e" "CARGO_TARGET_DIR=/opt/rustwide/target" "-e" "CARGO_INCREMENTAL=0" "-e" "RUST_BACKTRACE=full" "-e" "RUSTFLAGS=--cap-lints=warn" "-e" "RUSTDOCFLAGS=--cap-lints=warn" "-w" "/opt/rustwide/workdir" "--user" "0:0" "82aebbcb654a912572a06cd10fef011557c39bfdfe0038805c975ed5c1623a87" "/opt/rustwide/cargo-home/bin/cargo" "+1.100.0-beta.1" "build" "--frozen" "--message-format=json" "--release", kill_on_drop: false }`
[INFO] [stderr]    Compiling proc-macro2 v1.0.107
[INFO] [stderr]    Compiling quote v1.0.47
[INFO] [stderr]    Compiling unicode-ident v1.0.26
[INFO] [stderr]    Compiling libc v0.2.190
[INFO] [stderr]    Compiling serde_core v1.0.229
[INFO] [stderr]    Compiling bytes v1.12.1
[INFO] [stderr]    Compiling shlex v2.0.1
[INFO] [stderr]    Compiling find-msvc-tools v0.1.14
[INFO] [stderr]    Compiling simd-adler32 v0.3.10
[INFO] [stderr]    Compiling pin-project-lite v0.2.17
[INFO] [stderr]    Compiling futures-core v0.3.34
[INFO] [stderr]    Compiling cc v1.6.0
[INFO] [stderr]    Compiling pkg-config v0.3.34
[INFO] [stderr]    Compiling libm v0.2.16
[INFO] [stderr]    Compiling adler2 v2.0.1
[INFO] [stderr]    Compiling crc32fast v1.5.2
[INFO] [stderr]    Compiling cfg-if v1.0.5
[INFO] [stderr]    Compiling smallvec v1.16.2
[INFO] [stderr]    Compiling litemap v0.8.3
[INFO] [stderr]    Compiling writeable v0.6.4
[INFO] [stderr]    Compiling miniz_oxide v0.9.1
[INFO] [stderr]    Compiling bytemuck v1.25.2
[INFO] [stderr]    Compiling icu_normalizer_data v2.3.0
[INFO] [stderr]    Compiling log v0.4.34
[INFO] [stderr]    Compiling icu_properties_data v2.3.0
[INFO] [stderr]    Compiling futures-sink v0.3.34
[INFO] [stderr]    Compiling flate2 v1.1.10
[INFO] [stderr]    Compiling http v1.5.0
[INFO] [stderr]    Compiling slotmap v1.1.1
[INFO] [stderr]    Compiling memchr v2.8.3
[INFO] [stderr]    Compiling syn v3.0.6
[INFO] [stderr]    Compiling syn v2.0.119
[INFO] [stderr]    Compiling arrayvec v0.7.8
[INFO] [stderr]    Compiling core_maths v0.1.1
[INFO] [stderr]    Compiling mio v1.2.4
[INFO] [stderr]    Compiling socket2 v0.6.5
[INFO] [stderr]    Compiling windows_x86_64_gnu v0.52.6
[INFO] [stderr]    Compiling float-cmp v0.9.0
[INFO] [stderr]    Compiling strict-num v0.1.1
[INFO] [stderr]    Compiling tokio v1.53.2
[INFO] [stderr]    Compiling openssl-sys v0.9.117
[INFO] [stderr]    Compiling http-body v1.1.0
[INFO] [stderr]    Compiling ttf-parser v0.24.1
[INFO] [stderr]    Compiling miniz_oxide v0.8.9
[INFO] [stderr]    Compiling fdeflate v0.3.7
[INFO] [stderr]    Compiling bitflags v2.13.2
[INFO] [stderr]    Compiling roxmltree v0.20.0
[INFO] [stderr]    Compiling openssl v0.10.81
[INFO] [stderr]    Compiling serde v1.0.229
[INFO] [stderr]    Compiling futures-task v0.3.34
[INFO] [stderr]    Compiling bitflags v1.3.2
[INFO] [stderr]    Compiling arrayref v0.3.9
[INFO] [stderr]    Compiling slab v0.4.12
[INFO] [stderr]    Compiling futures-io v0.3.34
[INFO] [stderr]    Compiling synstructure v0.14.0
[INFO] [stderr]    Compiling futures-util v0.3.34
[INFO] [stderr]    Compiling memmap2 v0.9.11
[INFO] [stderr]    Compiling fontconfig-parser v0.5.8
[INFO] [stderr]    Compiling tiny-skia-path v0.11.4
[INFO] [stderr]    Compiling png v0.17.16
[INFO] [stderr]    Compiling zerofrom-derive v0.1.8
[INFO] [stderr]    Compiling yoke-derive v0.8.4
[INFO] [stderr]    Compiling zerovec-derive v0.11.6
[INFO] [stderr]    Compiling displaydoc v0.2.7
[INFO] [stderr]    Compiling zerofrom v0.1.8
[INFO] [stderr]    Compiling yoke v0.8.3
[INFO] [stderr]    Compiling zerotrie v0.2.5
[INFO] [stderr]    Compiling openssl-macros v0.1.1
[INFO] [stderr]    Compiling zerovec v0.11.8
[INFO] [stderr]    Compiling kurbo v0.11.3
[INFO] [stderr]    Compiling typenum v1.20.1
[INFO] [stderr]    Compiling siphasher v1.0.4
[INFO] [stderr]    Compiling unicode-bidi-mirroring v0.3.0
[INFO] [stderr]    Compiling unicode-ccc v0.3.0
[INFO] [stderr]    Compiling unicode-properties v0.1.4
[INFO] [stderr]    Compiling try-lock v0.2.5
[INFO] [stderr]    Compiling tinyvec v1.13.3
[INFO] [stderr]    Compiling tinystr v0.8.4
[INFO] [stderr]    Compiling potential_utf v0.1.6
[INFO] [stderr]    Compiling icu_locale_core v2.3.0
[INFO] [stderr]    Compiling icu_collections v2.3.0
[INFO] [stderr]    Compiling native-tls v0.2.18
[INFO] [stderr]    Compiling unicode-script v0.5.8
[INFO] [stderr]    Compiling once_cell v1.21.4
[INFO] [stderr]    Compiling tracing-core v0.1.36
[INFO] [stderr]    Compiling rustybuzz v0.18.0
[INFO] [stderr]    Compiling svgtypes v0.15.3
[INFO] [stderr]    Compiling fontdb v0.22.0
[INFO] [stderr]    Compiling generic-array v0.14.7
[INFO] [stderr]    Compiling want v0.3.1
[INFO] [stderr]    Compiling icu_provider v2.3.1
[INFO] [stderr]    Compiling windows-targets v0.52.6
[INFO] [stderr]    Compiling futures-channel v0.3.34
[INFO] [stderr]    Compiling simplecss v0.2.2
[INFO] [stderr]    Compiling icu_properties v2.3.0
[INFO] [stderr]    Compiling icu_normalizer v2.3.0
[INFO] [stderr]    Compiling zmij v1.0.23
[INFO] [stderr]    Compiling weezl v0.1.12
[INFO] [stderr]    Compiling color_quant v1.1.0
[INFO] [stderr]    Compiling unicode-vo v0.1.0
[INFO] [stderr]    Compiling xmlwriter v0.1.0
[INFO] [stderr]    Compiling imagesize v0.13.0
[INFO] [stderr]    Compiling idna_adapter v1.2.2
[INFO] [stderr]    Compiling zune-core v0.4.12
[INFO] [stderr]    Compiling pico-args v0.5.0
[INFO] [stderr]    Compiling openssl-probe v0.2.1
[INFO] [stderr]    Compiling data-url v0.3.2
[INFO] [stderr]    Compiling base64 v0.22.1
[INFO] [stderr]    Compiling quick-error v2.0.1
[INFO] [stderr]    Compiling byteorder-lite v0.1.0
[INFO] [stderr]    Compiling hyper v1.11.1
[INFO] [stderr]    Compiling zune-jpeg v0.4.21
[INFO] [stderr]    Compiling usvg v0.44.0
[INFO] [stderr]    Compiling image-webp v0.1.3
[INFO] [stderr]    Compiling idna v1.1.0
[INFO] [stderr]    Compiling gif v0.13.3
[INFO] [stderr]    Compiling windows-result v0.2.0
[INFO] [stderr]    Compiling toml v0.5.11
[INFO] [stderr]    Compiling tracing v0.1.44
[INFO] [stderr]    Compiling tiny-skia v0.11.4
[INFO] [stderr]    Compiling serde_derive v1.0.229
[INFO] [stderr]    Compiling rgb v0.8.53
[INFO] [stderr]    Compiling sync_wrapper v1.0.2
[INFO] [stderr]    Compiling byteorder v1.5.0
[INFO] [stderr]    Compiling serde_json v1.0.151
[INFO] [stderr]    Compiling ipnet v2.12.2
[INFO] [stderr]    Compiling base64 v0.23.1
[INFO] [stderr]    Compiling ico v0.3.0
[INFO] [stderr]    Compiling hyper-util v0.1.21
[INFO] [stderr]    Compiling tower v0.5.3
[INFO] [stderr]    Compiling resvg v0.44.0
[INFO] [stderr]    Compiling tokio-native-tls v0.3.1
[INFO] [stderr]    Compiling winres v0.1.12
[INFO] [stderr]    Compiling windows-strings v0.1.0
[INFO] [stderr]    Compiling url v2.5.8
[INFO] [stderr]    Compiling block-buffer v0.10.4
[INFO] [stderr]    Compiling crypto-common v0.1.7
[INFO] [stderr]    Compiling windows-interface v0.58.0
[INFO] [stderr]    Compiling windows-implement v0.58.0
[INFO] [stderr]    Compiling http-body-util v0.1.5
[INFO] [stderr]    Compiling zeroize v1.9.0
[INFO] [stderr]    Compiling rustls-pki-types v1.15.1
[INFO] [stderr]    Compiling windows-media-bar v1.0.2 (/opt/rustwide/workdir)
[INFO] [stderr]    Compiling tower-http v0.6.11
[INFO] [stderr]    Compiling hyper-tls v0.6.0
[INFO] [stderr]    Compiling windows-core v0.58.0
[INFO] [stderr]    Compiling digest v0.10.7
[INFO] [stderr]    Compiling serde_urlencoded v0.7.1
[INFO] [stderr]    Compiling sha2 v0.10.9
[INFO] [stderr]    Compiling windows v0.58.0
[INFO] [stderr]    Compiling semver v1.0.28
[INFO] [stderr]    Compiling reqwest v0.12.28
[INFO] [stdout] error[E0433]: cannot find `Win32` in `windows`
[INFO] [stdout]   --> src/updater.rs:13:14
[INFO] [stdout]    |
[INFO] [stdout] 13 | use windows::Win32::{
[INFO] [stdout]    |              ^^^^^ could not find `Win32` in `windows`
[INFO] [stdout] 
[INFO] [stdout] 
[INFO] [stdout] error[E0433]: cannot find `Media` in `windows`
[INFO] [stdout]   --> src/main.rs:12:5
[INFO] [stdout]    |
[INFO] [stdout] 12 |     Media::Control::*,
[INFO] [stdout]    |     ^^^^^ could not find `Media` in `windows`
[INFO] [stdout] 
[INFO] [stdout] 
[INFO] [stdout] error[E0433]: cannot find `Storage` in `windows`
[INFO] [stdout]   --> src/main.rs:13:5
[INFO] [stdout]    |
[INFO] [stdout] 13 |     Storage::Streams::*,
[INFO] [stdout]    |     ^^^^^^^ could not find `Storage` in `windows`
[INFO] [stdout] 
[INFO] [stdout] 
[INFO] [stdout] error[E0433]: cannot find `UI` in `windows`
[INFO] [stdout]   --> src/main.rs:14:5
[INFO] [stdout]    |
[INFO] [stdout] 14 |     UI::ViewManagement::{UIColorType, UISettings},
[INFO] [stdout]    |     ^^ could not find `UI` in `windows`
[INFO] [stdout] 
[INFO] [stdout] 
[INFO] [stdout] error[E0433]: cannot find `Win32` in `windows`
[INFO] [stdout]   --> src/main.rs:15:5
[INFO] [stdout]    |
[INFO] [stdout] 15 |     Win32::Foundation::*,
[INFO] [stdout]    |     ^^^^^ could not find `Win32` in `windows`
[INFO] [stdout] 
[INFO] [stdout] 
[INFO] [stdout] error[E0433]: cannot find `Win32` in `windows`
[INFO] [stdout]   --> src/main.rs:16:5
[INFO] [stdout]    |
[INFO] [stdout] 16 |     Win32::Graphics::Gdi::*,
[INFO] [stdout]    |     ^^^^^ could not find `Win32` in `windows`
[INFO] [stdout] 
[INFO] [stdout] 
[INFO] [stdout] error[E0433]: cannot find `Win32` in `windows`
[INFO] [stdout]   --> src/main.rs:17:5
[INFO] [stdout]    |
[INFO] [stdout] 17 |     Win32::Graphics::Imaging::*,
[INFO] [stdout]    |     ^^^^^ could not find `Win32` in `windows`
[INFO] [stdout] 
[INFO] [stdout] 
[INFO] [stdout] error[E0433]: cannot find `Win32` in `windows`
[INFO] [stdout]   --> src/main.rs:18:5
[INFO] [stdout]    |
[INFO] [stdout] 18 |     Win32::System::Com::*,
[INFO] [stdout]    |     ^^^^^ could not find `Win32` in `windows`
[INFO] [stdout] 
[INFO] [stdout] 
[INFO] [stdout] error[E0433]: cannot find `Win32` in `windows`
[INFO] [stdout]   --> src/main.rs:19:5
[INFO] [stdout]    |
[INFO] [stdout] 19 |     Win32::System::LibraryLoader::GetModuleHandleW,
[INFO] [stdout]    |     ^^^^^ could not find `Win32` in `windows`
[INFO] [stdout] 
[INFO] [stdout] 
[INFO] [stdout] error[E0433]: cannot find `Win32` in `windows`
[INFO] [stdout]   --> src/main.rs:20:5
[INFO] [stdout]    |
[INFO] [stdout] 20 |     Win32::System::Registry::*,
[INFO] [stdout]    |     ^^^^^ could not find `Win32` in `windows`
[INFO] [stdout] 
[INFO] [stdout] 
[INFO] [stdout] error[E0433]: cannot find `Win32` in `windows`
[INFO] [stdout]   --> src/main.rs:21:5
[INFO] [stdout]    |
[INFO] [stdout] 21 |     Win32::UI::Input::KeyboardAndMouse::*,
[INFO] [stdout]    |     ^^^^^ could not find `Win32` in `windows`
[INFO] [stdout] 
[INFO] [stdout] 
[INFO] [stdout] error[E0433]: cannot find `Win32` in `windows`
[INFO] [stdout]   --> src/main.rs:22:5
[INFO] [stdout]    |
[INFO] [stdout] 22 |     Win32::UI::Controls::{DRAWITEMSTRUCT, ODS_DISABLED, ODS_FOCUS, ODS_SELECTED},
[INFO] [stdout]    |     ^^^^^ could not find `Win32` in `windows`
[INFO] [stdout] 
[INFO] [stdout] 
[INFO] [stdout] error[E0433]: cannot find `Win32` in `windows`
[INFO] [stdout]   --> src/main.rs:23:5
[INFO] [stdout]    |
[INFO] [stdout] 23 |     Win32::UI::Shell::*,
[INFO] [stdout]    |     ^^^^^ could not find `Win32` in `windows`
[INFO] [stdout] 
[INFO] [stdout] 
[INFO] [stdout] error[E0433]: cannot find `Win32` in `windows`
[INFO] [stdout]   --> src/main.rs:24:5
[INFO] [stdout]    |
[INFO] [stdout] 24 |     Win32::UI::WindowsAndMessaging::*,
[INFO] [stdout]    |     ^^^^^ could not find `Win32` in `windows`
[INFO] [stdout] 
[INFO] [stdout] 
[INFO] [stdout] error[E0432]: unresolved import `windows::core`
[INFO] [stdout]   --> src/main.rs:11:5
[INFO] [stdout]    |
[INFO] [stdout] 11 |     core::*,
[INFO] [stdout]    |     ^^^^ could not find `core` in `windows`
[INFO] [stdout] 
[INFO] [stdout] 
[INFO] [stdout] error[E0432]: unresolved import `windows::Media`
[INFO] [stdout]    --> src/main.rs:568:34
[INFO] [stdout]     |
[INFO] [stdout] 568 |                     use windows::Media::MediaPlaybackAutoRepeatMode as Mode;
[INFO] [stdout]     |                                  ^^^^^ could not find `Media` in `windows`
[INFO] [stdout] 
[INFO] [stdout] 
[INFO] [stdout] error[E0432]: unresolved import `windows::Media`
[INFO] [stdout]     --> src/main.rs:1217:22
[INFO] [stdout]      |
[INFO] [stdout] 1217 |         use windows::Media::MediaPlaybackAutoRepeatMode as Mode;
[INFO] [stdout]      |                      ^^^^^ could not find `Media` in `windows`
[INFO] [stdout] 
[INFO] [stdout] 
[INFO] [stdout] error: cannot find macro `w` in this scope
[INFO] [stdout]    --> src/main.rs:103:30
[INFO] [stdout]     |
[INFO] [stdout] 103 | const STARTUP_KEY:  PCWSTR = w!("Software\\Microsoft\\Windows\\CurrentVersion\\Run");
[INFO] [stdout]     |                              ^
[INFO] [stdout] 
[INFO] [stdout] 
[INFO] [stdout] error: cannot find macro `w` in this scope
[INFO] [stdout]    --> src/main.rs:104:30
[INFO] [stdout]     |
[INFO] [stdout] 104 | const STARTUP_NAME: PCWSTR = w!("MediaBar");
[INFO] [stdout]     |                              ^
[INFO] [stdout] 
[INFO] [stdout] 
[INFO] [stdout] error: cannot find macro `w` in this scope
[INFO] [stdout]    --> src/main.rs:105:30
[INFO] [stdout]     |
[INFO] [stdout] 105 | const SETTINGS_KEY: PCWSTR = w!("Software\\MediaBar");
[INFO] [stdout]     |                              ^
[INFO] [stdout] 
[INFO] [stdout] 
[INFO] [stdout] error: cannot find macro `w` in this scope
[INFO] [stdout]    --> src/main.rs:228:34
[INFO] [stdout]     |
[INFO] [stdout] 228 |         if RegQueryValueExW(key, w!("BarH"), None, Some(&mut ty),
[INFO] [stdout]     |                                  ^
[INFO] [stdout] 
[INFO] [stdout] 
[INFO] [stdout] error: cannot find macro `w` in this scope
[INFO] [stdout]    --> src/main.rs:237:34
[INFO] [stdout]     |
[INFO] [stdout] 237 |         if RegQueryValueExW(key, w!("FontSize"), None, Some(&mut ty),
[INFO] [stdout]     |                                  ^
[INFO] [stdout] 
[INFO] [stdout] 
[INFO] [stdout] error: cannot find macro `w` in this scope
[INFO] [stdout]    --> src/main.rs:246:34
[INFO] [stdout]     |
[INFO] [stdout] 246 |         if RegQueryValueExW(key, w!("FontFace"), None, Some(&mut ty),
[INFO] [stdout]     |                                  ^
[INFO] [stdout] 
[INFO] [stdout] 
[INFO] [stdout] error: cannot find macro `w` in this scope
[INFO] [stdout]    --> src/main.rs:259:34
[INFO] [stdout]     |
[INFO] [stdout] 259 |         if RegQueryValueExW(key, w!("MonitorIdx"), None, Some(&mut ty),
[INFO] [stdout]     |                                  ^
[INFO] [stdout] 
[INFO] [stdout] 
[INFO] [stdout] error: cannot find macro `w` in this scope
[INFO] [stdout]    --> src/main.rs:268:34
[INFO] [stdout]     |
[INFO] [stdout] 268 |         if RegQueryValueExW(key, w!("AutoUpdate"), None, Some(&mut ty),
[INFO] [stdout]     |                                  ^
[INFO] [stdout] 
[INFO] [stdout] 
[INFO] [stdout] error: cannot find macro `w` in this scope
[INFO] [stdout]    --> src/main.rs:288:37
[INFO] [stdout]     |
[INFO] [stdout] 288 |         let _ = RegSetValueExW(key, w!("BarH"), 0, REG_DWORD,
[INFO] [stdout]     |                                     ^
[INFO] [stdout] 
[INFO] [stdout] 
[INFO] [stdout] error: cannot find macro `w` in this scope
[INFO] [stdout]    --> src/main.rs:292:37
[INFO] [stdout]     |
[INFO] [stdout] 292 |         let _ = RegSetValueExW(key, w!("FontSize"), 0, REG_DWORD,
[INFO] [stdout]     |                                     ^
[INFO] [stdout] 
[INFO] [stdout] 
[INFO] [stdout] error: cannot find macro `w` in this scope
[INFO] [stdout]    --> src/main.rs:296:37
[INFO] [stdout]     |
[INFO] [stdout] 296 |         let _ = RegSetValueExW(key, w!("FontFace"), 0, REG_SZ,
[INFO] [stdout]     |                                     ^
[INFO] [stdout] 
[INFO] [stdout] 
[INFO] [stdout] error: cannot find macro `w` in this scope
[INFO] [stdout]    --> src/main.rs:300:37
[INFO] [stdout]     |
[INFO] [stdout] 300 |         let _ = RegSetValueExW(key, w!("MonitorIdx"), 0, REG_DWORD,
[INFO] [stdout]     |                                     ^
[INFO] [stdout] 
[INFO] [stdout] 
[INFO] [stdout] error: cannot find macro `w` in this scope
[INFO] [stdout]    --> src/main.rs:304:37
[INFO] [stdout]     |
[INFO] [stdout] 304 |         let _ = RegSetValueExW(key, w!("AutoUpdate"), 0, REG_DWORD,
[INFO] [stdout]     |                                     ^
[INFO] [stdout] 
[INFO] [stdout] 
[INFO] [stdout] error: cannot find macro `w` in this scope
[INFO] [stdout]    --> src/main.rs:422:45
[INFO] [stdout]     |
[INFO] [stdout] 422 |     let _ = AppendMenuW(menu, MF_STRING, 3, w!("設定 (&P)"));
[INFO] [stdout]     |                                             ^
[INFO] [stdout] 
[INFO] [stdout] 
[INFO] [stdout] error: cannot find macro `w` in this scope
[INFO] [stdout]    --> src/main.rs:436:61
[INFO] [stdout]     |
[INFO] [stdout] 436 |         let _ = AppendMenuW(menu, MF_POPUP, sub.0 as usize, w!("表示画面 (&D)"));
[INFO] [stdout]     |                                                             ^
[INFO] [stdout] 
[INFO] [stdout] 
[INFO] [stdout] error: cannot find macro `w` in this scope
[INFO] [stdout]    --> src/main.rs:440:45
[INFO] [stdout]     |
[INFO] [stdout] 440 |     let _ = AppendMenuW(menu, MF_STRING, 1, w!("スタートアップ時に起動 (&S)"));
[INFO] [stdout]     |                                             ^
[INFO] [stdout] 
[INFO] [stdout] 
[INFO] [stdout] error: cannot find macro `w` in this scope
[INFO] [stdout]    --> src/main.rs:444:45
[INFO] [stdout]     |
[INFO] [stdout] 444 |     let _ = AppendMenuW(menu, MF_STRING, 2, w!("終了 (&X)"));
[INFO] [stdout]     |                                             ^
[INFO] [stdout] 
[INFO] [stdout] 
[INFO] [stdout] error: cannot find macro `w` in this scope
[INFO] [stdout]     --> src/main.rs:1393:34
[INFO] [stdout]      |
[INFO] [stdout] 1393 |     let new_font_btn = make_font(w!("Segoe MDL2 Assets"), 14);
[INFO] [stdout]      |                                  ^
[INFO] [stdout] 
[INFO] [stdout] 
[INFO] [stdout] error: cannot find macro `w` in this scope
[INFO] [stdout]     --> src/main.rs:1441:9
[INFO] [stdout]      |
[INFO] [stdout] 1441 |         w!("MediaBarSettings"),
[INFO] [stdout]      |         ^
[INFO] [stdout] 
[INFO] [stdout] 
[INFO] [stdout] error: cannot find macro `w` in this scope
[INFO] [stdout]     --> src/main.rs:1442:9
[INFO] [stdout]      |
[INFO] [stdout] 1442 |         w!("MediaBar 設定"),
[INFO] [stdout]      |         ^
[INFO] [stdout] 
[INFO] [stdout] 
[INFO] [stdout] error: cannot find macro `w` in this scope
[INFO] [stdout]     --> src/main.rs:1514:19
[INFO] [stdout]      |
[INFO] [stdout] 1514 |             mk(0, w!("STATIC"), w!("バーの高さ"),    0, lx, 22, 112, rh, 0);
[INFO] [stdout]      |                   ^
[INFO] [stdout] 
[INFO] [stdout] 
[INFO] [stdout] error: cannot find macro `w` in this scope
[INFO] [stdout]     --> src/main.rs:1514:33
[INFO] [stdout]      |
[INFO] [stdout] 1514 |             mk(0, w!("STATIC"), w!("バーの高さ"),    0, lx, 22, 112, rh, 0);
[INFO] [stdout]      |                                 ^
[INFO] [stdout] 
[INFO] [stdout] 
[INFO] [stdout] error: cannot find macro `w` in this scope
[INFO] [stdout]     --> src/main.rs:1515:19
[INFO] [stdout]      |
[INFO] [stdout] 1515 |             mk(0, w!("STATIC"), w!("px"),              0, cx+68, 22, 28, rh, 0);
[INFO] [stdout]      |                   ^
[INFO] [stdout] 
[INFO] [stdout] 
[INFO] [stdout] error: cannot find macro `w` in this scope
[INFO] [stdout]     --> src/main.rs:1515:33
[INFO] [stdout]      |
[INFO] [stdout] 1515 |             mk(0, w!("STATIC"), w!("px"),              0, cx+68, 22, 28, rh, 0);
[INFO] [stdout]      |                                 ^
[INFO] [stdout] 
[INFO] [stdout] 
[INFO] [stdout] error: cannot find macro `w` in this scope
[INFO] [stdout]     --> src/main.rs:1516:19
[INFO] [stdout]      |
[INFO] [stdout] 1516 |             mk(0, w!("STATIC"), w!("フォント"),       0, lx, 58, 112, rh, 0);
[INFO] [stdout]      |                   ^
[INFO] [stdout] 
[INFO] [stdout] 
[INFO] [stdout] error: cannot find macro `w` in this scope
[INFO] [stdout]     --> src/main.rs:1516:33
[INFO] [stdout]      |
[INFO] [stdout] 1516 |             mk(0, w!("STATIC"), w!("フォント"),       0, lx, 58, 112, rh, 0);
[INFO] [stdout]      |                                 ^
[INFO] [stdout] 
[INFO] [stdout] 
[INFO] [stdout] error: cannot find macro `w` in this scope
[INFO] [stdout]     --> src/main.rs:1517:19
[INFO] [stdout]      |
[INFO] [stdout] 1517 |             mk(0, w!("STATIC"), w!("フォントサイズ"), 0, lx, 94, 112, rh, 0);
[INFO] [stdout]      |                   ^
[INFO] [stdout] 
[INFO] [stdout] 
[INFO] [stdout] error: cannot find macro `w` in this scope
[INFO] [stdout]     --> src/main.rs:1517:33
[INFO] [stdout]      |
[INFO] [stdout] 1517 |             mk(0, w!("STATIC"), w!("フォントサイズ"), 0, lx, 94, 112, rh, 0);
[INFO] [stdout]      |                                 ^
[INFO] [stdout] 
[INFO] [stdout] 
[INFO] [stdout] error: cannot find macro `w` in this scope
[INFO] [stdout]     --> src/main.rs:1518:19
[INFO] [stdout]      |
[INFO] [stdout] 1518 |             mk(0, w!("STATIC"), w!("px"),              0, cx+68, 94, 28, rh, 0);
[INFO] [stdout]      |                   ^
[INFO] [stdout] 
[INFO] [stdout] 
[INFO] [stdout] error: cannot find macro `w` in this scope
[INFO] [stdout]     --> src/main.rs:1518:33
[INFO] [stdout]      |
[INFO] [stdout] 1518 |             mk(0, w!("STATIC"), w!("px"),              0, cx+68, 94, 28, rh, 0);
[INFO] [stdout]      |                                 ^
[INFO] [stdout] 
[INFO] [stdout] 
[INFO] [stdout] error: cannot find macro `w` in this scope
[INFO] [stdout]     --> src/main.rs:1521:39
[INFO] [stdout]      |
[INFO] [stdout] 1521 |             let barh_edit = mk(0x200, w!("EDIT"), w!(""),
[INFO] [stdout]      |                                       ^
[INFO] [stdout] 
[INFO] [stdout] 
[INFO] [stdout] error: cannot find macro `w` in this scope
[INFO] [stdout]     --> src/main.rs:1521:51
[INFO] [stdout]      |
[INFO] [stdout] 1521 |             let barh_edit = mk(0x200, w!("EDIT"), w!(""),
[INFO] [stdout]      |                                                   ^
[INFO] [stdout] 
[INFO] [stdout] 
[INFO] [stdout] error: cannot find macro `w` in this scope
[INFO] [stdout]     --> src/main.rs:1523:39
[INFO] [stdout]      |
[INFO] [stdout] 1523 |             let size_edit = mk(0x200, w!("EDIT"), w!(""),
[INFO] [stdout]      |                                       ^
[INFO] [stdout] 
[INFO] [stdout] 
[INFO] [stdout] error: cannot find macro `w` in this scope
[INFO] [stdout]     --> src/main.rs:1523:51
[INFO] [stdout]      |
[INFO] [stdout] 1523 |             let size_edit = mk(0x200, w!("EDIT"), w!(""),
[INFO] [stdout]      |                                                   ^
[INFO] [stdout] 
[INFO] [stdout] 
[INFO] [stdout] error: cannot find macro `w` in this scope
[INFO] [stdout]     --> src/main.rs:1527:36
[INFO] [stdout]      |
[INFO] [stdout] 1527 |             let font_combo = mk(0, w!("COMBOBOX"), w!(""),
[INFO] [stdout]      |                                    ^
[INFO] [stdout] 
[INFO] [stdout] 
[INFO] [stdout] error: cannot find macro `w` in this scope
[INFO] [stdout]     --> src/main.rs:1527:52
[INFO] [stdout]      |
[INFO] [stdout] 1527 |             let font_combo = mk(0, w!("COMBOBOX"), w!(""),
[INFO] [stdout]      |                                                    ^
[INFO] [stdout] 
[INFO] [stdout] 
[INFO] [stdout] error: cannot find macro `w` in this scope
[INFO] [stdout]     --> src/main.rs:1531:35
[INFO] [stdout]      |
[INFO] [stdout] 1531 |             let automatic = mk(0, w!("BUTTON"), w!("起動時に自動更新する"),
[INFO] [stdout]      |                                   ^
[INFO] [stdout] 
[INFO] [stdout] 
[INFO] [stdout] error: cannot find macro `w` in this scope
[INFO] [stdout]     --> src/main.rs:1531:49
[INFO] [stdout]      |
[INFO] [stdout] 1531 |             let automatic = mk(0, w!("BUTTON"), w!("起動時に自動更新する"),
[INFO] [stdout]      |                                                 ^
[INFO] [stdout] 
[INFO] [stdout] 
[INFO] [stdout] error: cannot find macro `w` in this scope
[INFO] [stdout]     --> src/main.rs:1534:19
[INFO] [stdout]      |
[INFO] [stdout] 1534 |             mk(0, w!("STATIC"), w!("無効の場合はバーの更新ボタンから更新できます"),
[INFO] [stdout]      |                   ^
[INFO] [stdout] 
[INFO] [stdout] 
[INFO] [stdout] error: cannot find macro `w` in this scope
[INFO] [stdout]     --> src/main.rs:1534:33
[INFO] [stdout]      |
[INFO] [stdout] 1534 |             mk(0, w!("STATIC"), w!("無効の場合はバーの更新ボタンから更新できます"),
[INFO] [stdout]      |                                 ^
[INFO] [stdout] 
[INFO] [stdout] 
[INFO] [stdout] error: cannot find macro `w` in this scope
[INFO] [stdout]     --> src/main.rs:1538:19
[INFO] [stdout]      |
[INFO] [stdout] 1538 |             mk(0, w!("STATIC"), PCWSTR(wide.as_ptr()), 0, lx, 184, 196, 22, 0);
[INFO] [stdout]      |                   ^
[INFO] [stdout] 
[INFO] [stdout] 
[INFO] [stdout] error: cannot find macro `w` in this scope
[INFO] [stdout]     --> src/main.rs:1539:19
[INFO] [stdout]      |
[INFO] [stdout] 1539 |             mk(0, w!("BUTTON"), w!("更新を確認"), WS_TABSTOP.0, 224, 180, 112, 26, IDC_UPDATE);
[INFO] [stdout]      |                   ^
[INFO] [stdout] 
[INFO] [stdout] 
[INFO] [stdout] error: cannot find macro `w` in this scope
[INFO] [stdout]     --> src/main.rs:1539:33
[INFO] [stdout]      |
[INFO] [stdout] 1539 |             mk(0, w!("BUTTON"), w!("更新を確認"), WS_TABSTOP.0, 224, 180, 112, 26, IDC_UPDATE);
[INFO] [stdout]      |                                 ^
[INFO] [stdout] 
[INFO] [stdout] 
[INFO] [stdout] error: cannot find macro `w` in this scope
[INFO] [stdout]     --> src/main.rs:1540:19
[INFO] [stdout]      |
[INFO] [stdout] 1540 |             mk(0, w!("STATIC"), w!(""), 0, lx, 214, 316, 46, IDC_UPDATE_STATUS);
[INFO] [stdout]      |                   ^
[INFO] [stdout] 
[INFO] [stdout] 
[INFO] [stdout] error: cannot find macro `w` in this scope
[INFO] [stdout]     --> src/main.rs:1540:33
[INFO] [stdout]      |
[INFO] [stdout] 1540 |             mk(0, w!("STATIC"), w!(""), 0, lx, 214, 316, 46, IDC_UPDATE_STATUS);
[INFO] [stdout]      |                                 ^
[INFO] [stdout] 
[INFO] [stdout] 
[INFO] [stdout] error: cannot find macro `w` in this scope
[INFO] [stdout]     --> src/main.rs:1544:19
[INFO] [stdout]      |
[INFO] [stdout] 1544 |             mk(0, w!("BUTTON"), w!("OK"),         WS_TABSTOP.0 | 1, br - bw,      by, bw, bh, 1);
[INFO] [stdout]      |                   ^
[INFO] [stdout] 
[INFO] [stdout] 
[INFO] [stdout] error: cannot find macro `w` in this scope
[INFO] [stdout]     --> src/main.rs:1544:33
[INFO] [stdout]      |
[INFO] [stdout] 1544 |             mk(0, w!("BUTTON"), w!("OK"),         WS_TABSTOP.0 | 1, br - bw,      by, bw, bh, 1);
[INFO] [stdout]      |                                 ^
[INFO] [stdout] 
[INFO] [stdout] 
[INFO] [stdout] error: cannot find macro `w` in this scope
[INFO] [stdout]     --> src/main.rs:1545:19
[INFO] [stdout]      |
[INFO] [stdout] 1545 |             mk(0, w!("BUTTON"), w!("キャンセル"), WS_TABSTOP.0,     br - bw*2 - 8, by, bw, bh, 2);
[INFO] [stdout]      |                   ^
[INFO] [stdout] 
[INFO] [stdout] 
[INFO] [stdout] error: cannot find macro `w` in this scope
[INFO] [stdout]     --> src/main.rs:1545:33
[INFO] [stdout]      |
[INFO] [stdout] 1545 |             mk(0, w!("BUTTON"), w!("キャンセル"), WS_TABSTOP.0,     br - bw*2 - 8, by, bw, bh, 2);
[INFO] [stdout]      |                                 ^
[INFO] [stdout] 
[INFO] [stdout] 
[INFO] [stdout] error: cannot find macro `w` in this scope
[INFO] [stdout]     --> src/main.rs:1877:24
[INFO] [stdout]      |
[INFO] [stdout] 1877 |         if FindWindowW(w!("MediaBarClass"), PCWSTR(std::ptr::null())).is_ok() {
[INFO] [stdout]      |                        ^
[INFO] [stdout] 
[INFO] [stdout] 
[INFO] [stdout] error: cannot find macro `w` in this scope
[INFO] [stdout]     --> src/main.rs:1891:28
[INFO] [stdout]      |
[INFO] [stdout] 1891 |             lpszClassName: w!("MediaBarClass"),
[INFO] [stdout]      |                            ^
[INFO] [stdout] 
[INFO] [stdout] 
[INFO] [stdout] error: cannot find macro `w` in this scope
[INFO] [stdout]     --> src/main.rs:1895:54
[INFO] [stdout]      |
[INFO] [stdout] 1895 |         TASKBAR_CREATED.store(RegisterWindowMessageW(w!("TaskbarCreated")), Ordering::Relaxed);
[INFO] [stdout]      |                                                      ^
[INFO] [stdout] 
[INFO] [stdout] 
[INFO] [stdout] error: cannot find macro `w` in this scope
[INFO] [stdout]     --> src/main.rs:1904:28
[INFO] [stdout]      |
[INFO] [stdout] 1904 |             lpszClassName: w!("MediaBarSettings"),
[INFO] [stdout]      |                            ^
[INFO] [stdout] 
[INFO] [stdout] 
[INFO] [stdout] error: cannot find macro `w` in this scope
[INFO] [stdout]     --> src/main.rs:1926:13
[INFO] [stdout]      |
[INFO] [stdout] 1926 |             w!("MediaBarClass"),
[INFO] [stdout]      |             ^
[INFO] [stdout] 
[INFO] [stdout] 
[INFO] [stdout] error: cannot find macro `w` in this scope
[INFO] [stdout]     --> src/main.rs:1927:13
[INFO] [stdout]      |
[INFO] [stdout] 1927 |             w!("MediaBar"),
[INFO] [stdout]      |             ^
[INFO] [stdout] 
[INFO] [stdout] 
[INFO] [stdout] error: cannot find macro `w` in this scope
[INFO] [stdout]     --> src/main.rs:1946:34
[INFO] [stdout]      |
[INFO] [stdout] 1946 |         let font_btn = make_font(w!("Segoe MDL2 Assets"), 14);
[INFO] [stdout]      |                                  ^
[INFO] [stdout] 
[INFO] [stdout] 
[INFO] [stdout] error: cannot find macro `w` in this scope
[INFO] [stdout]     --> src/main.rs:1966:33
[INFO] [stdout]      |
[INFO] [stdout] 1966 |             WINDOW_EX_STYLE(0), w!("BUTTON"), w!("更新"), WS_CHILD | WS_TABSTOP | WINDOW_STYLE(BS_OWNERDRAW as u32),
[INFO] [stdout]      |                                 ^
[INFO] [stdout] 
[INFO] [stdout] 
[INFO] [stdout] error: cannot find macro `w` in this scope
[INFO] [stdout]     --> src/main.rs:1966:47
[INFO] [stdout]      |
[INFO] [stdout] 1966 |             WINDOW_EX_STYLE(0), w!("BUTTON"), w!("更新"), WS_CHILD | WS_TABSTOP | WINDOW_STYLE(BS_OWNERDRAW as u32),
[INFO] [stdout]      |                                               ^
[INFO] [stdout] 
[INFO] [stdout] 
[INFO] [stdout] error[E0107]: enum takes 2 generic arguments but 1 generic argument was supplied
[INFO] [stdout]     --> src/main.rs:1872:14
[INFO] [stdout]      |
[INFO] [stdout] 1872 | fn main() -> Result<()> {
[INFO] [stdout]      |              ^^^^^^ -- supplied 1 generic argument
[INFO] [stdout]      |              |
[INFO] [stdout]      |              expected 2 generic arguments
[INFO] [stdout]      |
[INFO] [stdout] help: add missing generic argument
[INFO] [stdout]      |
[INFO] [stdout] 1872 | fn main() -> Result<(), E> {
[INFO] [stdout]      |                       +++
[INFO] [stdout] 
[INFO] [stdout] 
[INFO] [stdout] Some errors have detailed explanations: E0107, E0432, E0433.
[INFO] [stdout] 
[INFO] [stdout] For more information about an error, try `rustc --explain E0107`.
[INFO] [stdout] 
[INFO] [stderr] error: could not compile `windows-media-bar` (bin "windows-media-bar") due to 76 previous errors
[INFO] running `Command { std: "docker" "inspect" "82aebbcb654a912572a06cd10fef011557c39bfdfe0038805c975ed5c1623a87", kill_on_drop: false }`
[INFO] running `Command { std: "docker" "rm" "-f" "82aebbcb654a912572a06cd10fef011557c39bfdfe0038805c975ed5c1623a87", kill_on_drop: false }`
[INFO] [stdout] 82aebbcb654a912572a06cd10fef011557c39bfdfe0038805c975ed5c1623a87
