[INFO] cloning repository https://github.com/govindrathore27/cudnml
[INFO] running `Command { std: "git" "-c" "credential.helper=" "-c" "credential.helper=/workspace/cargo-home/bin/git-credential-null" "clone" "--bare" "https://github.com/govindrathore27/cudnml" "/workspace/cache/git-repos/https%3A%2F%2Fgithub.com%2Fgovindrathore27%2Fcudnml", kill_on_drop: false }`
[INFO] [stderr] Cloning into bare repository '/workspace/cache/git-repos/https%3A%2F%2Fgithub.com%2Fgovindrathore27%2Fcudnml'...
[INFO] running `Command { std: "git" "rev-parse" "HEAD", kill_on_drop: false }`
[INFO] [stdout] cf5b5c016e84d3fa9fd3eabb586cee305d56b98f
[INFO] testing govindrathore27/cudnml against 1.100.0-beta.1+cargoflags=--release for beta-release-1.100-2
[INFO] running `Command { std: "git" "clone" "/workspace/cache/git-repos/https%3A%2F%2Fgithub.com%2Fgovindrathore27%2Fcudnml" "/workspace/builds/worker-1-tc2/source", kill_on_drop: false }`
[INFO] [stderr] Cloning into '/workspace/builds/worker-1-tc2/source'...
[INFO] [stderr] done.
[INFO] removed /workspace/builds/worker-1-tc2/source/rust-toolchain.toml
[INFO] started tweaking git repo https://github.com/govindrathore27/cudnml
[INFO] finished tweaking git repo https://github.com/govindrathore27/cudnml
[INFO] tweaked toml for git repo https://github.com/govindrathore27/cudnml written to /workspace/builds/worker-1-tc2/source/Cargo.toml
[INFO] validating manifest of git repo https://github.com/govindrathore27/cudnml on toolchain 1.100.0-beta.1
[INFO] running `Command { std: CARGO_HOME="/workspace/cargo-home" RUSTUP_HOME="/workspace/rustup-home" "/workspace/cargo-home/bin/cargo" "+1.100.0-beta.1" "metadata" "--manifest-path" "Cargo.toml" "--no-deps", kill_on_drop: false }`
[INFO] crate git repo https://github.com/govindrathore27/cudnml already has a lockfile, it will not be regenerated
[INFO] running `Command { std: CARGO_HOME="/workspace/cargo-home" RUSTUP_HOME="/workspace/rustup-home" "/workspace/cargo-home/bin/cargo" "+1.100.0-beta.1" "fetch" "--manifest-path" "Cargo.toml", kill_on_drop: false }`
[INFO] [stderr]     Blocking waiting for file lock on package cache
[INFO] [stderr]     Blocking waiting for file lock on package cache
[INFO] running `Command { std: "docker" "create" "-v" "/var/lib/crater-agent-workspace/builds/worker-1-tc2/source:/opt/rustwide/workdir:ro,Z" "-v" "/var/lib/crater-agent-workspace/builds/worker-1-tc2/target:/opt/rustwide/target:rw,Z" "-v" "/var/lib/crater-agent-workspace/cargo-home:/opt/rustwide/cargo-home:ro,Z" "-v" "/var/lib/crater-agent-workspace/rustup-home:/opt/rustwide/rustup-home:ro,Z" "-m" "1610612736" "--network" "none" "ghcr.io/rust-lang/crates-build-env/linux@sha256:77db811e55d90add9212f6832c23229e3de5f1c1f9905e8cb07319ea15df73ac" "sleep" "infinity", kill_on_drop: false }`
[INFO] [stdout] 4eddf9d288f0db15351df215e2251b9c2d368fe7a2696e11f002d806c0227c10
[INFO] running `Command { std: "docker" "start" "4eddf9d288f0db15351df215e2251b9c2d368fe7a2696e11f002d806c0227c10", kill_on_drop: false }`
[INFO] running `Command { std: "docker" "inspect" "4eddf9d288f0db15351df215e2251b9c2d368fe7a2696e11f002d806c0227c10", kill_on_drop: false }`
[INFO] running `Command { std: "docker" "exec" "-e" "SOURCE_DIR=/opt/rustwide/workdir" "-e" "CARGO_HOME=/opt/rustwide/cargo-home" "-e" "RUSTUP_HOME=/opt/rustwide/rustup-home" "-e" "CARGO_TARGET_DIR=/opt/rustwide/target" "-w" "/opt/rustwide/workdir" "--user" "0:0" "4eddf9d288f0db15351df215e2251b9c2d368fe7a2696e11f002d806c0227c10" "/opt/rustwide/cargo-home/bin/cargo" "+1.100.0-beta.1" "metadata" "--no-deps" "--format-version=1", kill_on_drop: false }`
[INFO] running `Command { std: "docker" "inspect" "4eddf9d288f0db15351df215e2251b9c2d368fe7a2696e11f002d806c0227c10", kill_on_drop: false }`
[INFO] running `Command { std: "docker" "exec" "-e" "SOURCE_DIR=/opt/rustwide/workdir" "-e" "CARGO_HOME=/opt/rustwide/cargo-home" "-e" "RUSTUP_HOME=/opt/rustwide/rustup-home" "-e" "CARGO_TARGET_DIR=/opt/rustwide/target" "-e" "CARGO_INCREMENTAL=0" "-e" "RUST_BACKTRACE=full" "-e" "RUSTFLAGS=--cap-lints=warn" "-e" "RUSTDOCFLAGS=--cap-lints=warn" "-w" "/opt/rustwide/workdir" "--user" "0:0" "4eddf9d288f0db15351df215e2251b9c2d368fe7a2696e11f002d806c0227c10" "/opt/rustwide/cargo-home/bin/cargo" "+1.100.0-beta.1" "build" "--frozen" "--message-format=json" "--release", kill_on_drop: false }`
[INFO] [stderr]    Compiling autocfg v1.5.1
[INFO] [stderr]    Compiling target-lexicon v0.13.5
[INFO] [stderr]    Compiling libc v0.2.186
[INFO] [stderr]    Compiling serde_json v1.0.150
[INFO] [stderr]    Compiling rawpointer v0.2.1
[INFO] [stderr]    Compiling cudarc v0.19.8
[INFO] [stderr]    Compiling proc-macro2 v1.0.106
[INFO] [stderr]    Compiling zmij v1.0.21
[INFO] [stderr]    Compiling libloading v0.9.0
[INFO] [stderr]    Compiling memchr v2.8.2
[INFO] [stderr]    Compiling itoa v1.0.18
[INFO] [stderr]    Compiling either v1.16.0
[INFO] [stderr]    Compiling rayon v1.12.0
[INFO] [stderr]    Compiling num-traits v0.2.19
[INFO] [stderr]    Compiling matrixmultiply v0.3.10
[INFO] [stderr]    Compiling pyo3-build-config v0.29.0
[INFO] [stderr]    Compiling quote v1.0.45
[INFO] [stderr]    Compiling syn v2.0.118
[INFO] [stderr]    Compiling pyo3-ffi v0.29.0
[INFO] [stderr]    Compiling pyo3 v0.29.0
[INFO] [stderr]    Compiling num-complex v0.4.6
[INFO] [stderr]    Compiling num-integer v0.1.46
[INFO] [stderr]    Compiling ndarray v0.16.1
[INFO] [stderr]    Compiling pyo3-macros-backend v0.29.0
[INFO] [stderr]    Compiling thiserror-impl v1.0.69
[INFO] [stderr]    Compiling serde_derive v1.0.228
[INFO] [stderr]    Compiling thiserror v1.0.69
[INFO] [stderr]    Compiling serde v1.0.228
[INFO] [stderr]    Compiling pyo3-macros v0.29.0
[INFO] [stderr]    Compiling sylva-core v0.1.0 (/opt/rustwide/workdir/crates/sylva-core)
[INFO] [stderr]    Compiling sylva-cuda v0.1.0 (/opt/rustwide/workdir/crates/sylva-cuda)
[INFO] [stdout] error: linking with `cc` failed: exit status: 1
[INFO] [stdout]   |
[INFO] [stdout]   = note:  "cc" "-Wl,--version-script=/opt/rustwide/target/release/build/sylva-cuda/a341e173162f943f/out/rustc8t5NqJ/list" "-Wl,--no-undefined-version" "-m64" "/opt/rustwide/target/release/build/sylva-cuda/a341e173162f943f/out/rustc8t5NqJ/symbols.o" "<4 object files omitted>" "-Wl,--as-needed" "-Wl,-Bstatic" "/opt/rustwide/target/release/build/thiserror/d674a0b3629590f2/out/libthiserror-d674a0b3629590f2.rlib" "/opt/rustwide/target/release/build/cudarc/40cc95608e697c83/out/libcudarc-40cc95608e697c83.rlib" "/opt/rustwide/target/release/build/pyo3/7bf0bc4d6ffa93be/out/libpyo3-7bf0bc4d6ffa93be.rlib" "/opt/rustwide/target/release/build/once_cell/a92ce0590bdd2571/out/libonce_cell-a92ce0590bdd2571.rlib" "/opt/rustwide/target/release/build/pyo3-ffi/95c278569e400800/out/libpyo3_ffi-95c278569e400800.rlib" "/opt/rustwide/target/release/build/libc/9127009e093ab63a/out/liblibc-9127009e093ab63a.rlib" "<sysroot>/lib/rustlib/x86_64-unknown-linux-gnu/lib/{libstd-*,libpanic_unwind-*,libobject-*,libmemchr-*,libaddr2line-*,libgimli-*,libcfg_if-*,librustc_demangle-*,libstd_detect-*,libhashbrown-*,librustc_std_workspace_alloc-*,libminiz_oxide-*,libadler2-*,libunwind-*,liblibc-*,librustc_std_workspace_core-*,liballoc-*,libcore-*,libcompiler_builtins-*}.rlib" "-Wl,-Bdynamic" "-lcuda" "-lnvrtc" "-lgcc_s" "-lutil" "-lrt" "-lpthread" "-lm" "-ldl" "-lc" "-L" "/opt/rustwide/target/release/build/sylva-cuda/a341e173162f943f/out/rustc8t5NqJ/raw-dylibs" "-B<sysroot>/lib/rustlib/x86_64-unknown-linux-gnu/bin/gcc-ld" "-fuse-ld=lld" "-Wl,--eh-frame-hdr" "-Wl,-z,noexecstack" "-L" "/usr/lib" "-L" "/usr/lib/x86_64-linux-gnu" "-L" "/usr/lib64" "-L" "<sysroot>/lib/rustlib/x86_64-unknown-linux-gnu/lib" "-o" "/opt/rustwide/target/release/build/sylva-cuda/a341e173162f943f/out/libsylva_cuda.so" "-Wl,--gc-sections" "-shared" "-Wl,-z,relro,-z,now" "-Wl,-O1" "-Wl,--strip-debug" "-nodefaultlibs"
[INFO] [stdout]   = note: some arguments are omitted. use `--verbose` to show all linker arguments
[INFO] [stdout]   = note: rust-lld: error: unable to find library -lcuda
[INFO] [stdout]           rust-lld: error: unable to find library -lnvrtc
[INFO] [stdout]           collect2: error: ld returned 1 exit status
[INFO] [stdout]           
[INFO] [stdout] 
[INFO] [stdout] 
[INFO] [stderr] error: could not compile `sylva-cuda` (lib) due to 1 previous error
[INFO] [stderr] warning: unused dependency `serde_json`
[INFO] [stderr]   --> crates/sylva-core/Cargo.toml:29:1
[INFO] [stderr]    |
[INFO] [stderr] 29 | serde_json = "1"                                  # round-trip + Treelite-export later.
[INFO] [stderr]    | ^^^^^^^^^^^^^^^^
[INFO] [stderr]    |
[INFO] [stderr]    = note: `cargo::unused_dependencies` is set to `warn` by default
[INFO] [stderr] help: consider removing the dependency on `serde_json`
[INFO] [stderr] warning: `sylva-core` (manifest) generated 1 warning
[INFO] running `Command { std: "docker" "inspect" "4eddf9d288f0db15351df215e2251b9c2d368fe7a2696e11f002d806c0227c10", kill_on_drop: false }`
[INFO] running `Command { std: "docker" "rm" "-f" "4eddf9d288f0db15351df215e2251b9c2d368fe7a2696e11f002d806c0227c10", kill_on_drop: false }`
[INFO] [stdout] 4eddf9d288f0db15351df215e2251b9c2d368fe7a2696e11f002d806c0227c10
