[INFO] cloning repository https://github.com/gothburz/rust-std-fs-metadata-examples
[INFO] running `Command { std: "git" "-c" "credential.helper=" "-c" "credential.helper=/workspace/cargo-home/bin/git-credential-null" "clone" "--bare" "https://github.com/gothburz/rust-std-fs-metadata-examples" "/workspace/cache/git-repos/https%3A%2F%2Fgithub.com%2Fgothburz%2Frust-std-fs-metadata-examples", kill_on_drop: false }`
[INFO] [stderr] Cloning into bare repository '/workspace/cache/git-repos/https%3A%2F%2Fgithub.com%2Fgothburz%2Frust-std-fs-metadata-examples'...
[INFO] running `Command { std: "git" "rev-parse" "HEAD", kill_on_drop: false }`
[INFO] [stdout] 6c1e59742aecb6d8b4d9af0f381e6036e004e390
[INFO] testing gothburz/rust-std-fs-metadata-examples against 1.99.0-beta.8+cargoflags=--release for beta-release-1.100-2
[INFO] running `Command { std: "git" "clone" "/workspace/cache/git-repos/https%3A%2F%2Fgithub.com%2Fgothburz%2Frust-std-fs-metadata-examples" "/workspace/builds/worker-3-tc1/source", kill_on_drop: false }`
[INFO] [stderr] Cloning into '/workspace/builds/worker-3-tc1/source'...
[INFO] [stderr] done.
[INFO] started tweaking git repo https://github.com/gothburz/rust-std-fs-metadata-examples
[INFO] finished tweaking git repo https://github.com/gothburz/rust-std-fs-metadata-examples
[INFO] tweaked toml for git repo https://github.com/gothburz/rust-std-fs-metadata-examples written to /workspace/builds/worker-3-tc1/source/Cargo.toml
[INFO] validating manifest of git repo https://github.com/gothburz/rust-std-fs-metadata-examples on toolchain 1.99.0-beta.8
[INFO] running `Command { std: CARGO_HOME="/workspace/cargo-home" RUSTUP_HOME="/workspace/rustup-home" "/workspace/cargo-home/bin/cargo" "+1.99.0-beta.8" "metadata" "--manifest-path" "Cargo.toml" "--no-deps", kill_on_drop: false }`
[INFO] crate git repo https://github.com/gothburz/rust-std-fs-metadata-examples already has a lockfile, it will not be regenerated
[INFO] running `Command { std: CARGO_HOME="/workspace/cargo-home" RUSTUP_HOME="/workspace/rustup-home" "/workspace/cargo-home/bin/cargo" "+1.99.0-beta.8" "fetch" "--manifest-path" "Cargo.toml", kill_on_drop: false }`
[INFO] running `Command { std: "docker" "create" "-v" "/var/lib/crater-agent-workspace/builds/worker-3-tc1/source:/opt/rustwide/workdir:ro,Z" "-v" "/var/lib/crater-agent-workspace/builds/worker-3-tc1/target:/opt/rustwide/target:rw,Z" "-v" "/var/lib/crater-agent-workspace/cargo-home:/opt/rustwide/cargo-home:ro,Z" "-v" "/var/lib/crater-agent-workspace/rustup-home:/opt/rustwide/rustup-home:ro,Z" "-m" "1610612736" "--network" "none" "ghcr.io/rust-lang/crates-build-env/linux@sha256:77db811e55d90add9212f6832c23229e3de5f1c1f9905e8cb07319ea15df73ac" "sleep" "infinity", kill_on_drop: false }`
[INFO] [stdout] 5dc3c95bfe3026cdb457710ea483fdab9e2e4792effdbe56f393508d5691a4a4
[INFO] running `Command { std: "docker" "start" "5dc3c95bfe3026cdb457710ea483fdab9e2e4792effdbe56f393508d5691a4a4", kill_on_drop: false }`
[INFO] running `Command { std: "docker" "inspect" "5dc3c95bfe3026cdb457710ea483fdab9e2e4792effdbe56f393508d5691a4a4", kill_on_drop: false }`
[INFO] running `Command { std: "docker" "exec" "-e" "SOURCE_DIR=/opt/rustwide/workdir" "-e" "CARGO_HOME=/opt/rustwide/cargo-home" "-e" "RUSTUP_HOME=/opt/rustwide/rustup-home" "-e" "CARGO_TARGET_DIR=/opt/rustwide/target" "-w" "/opt/rustwide/workdir" "--user" "0:0" "5dc3c95bfe3026cdb457710ea483fdab9e2e4792effdbe56f393508d5691a4a4" "/opt/rustwide/cargo-home/bin/cargo" "+1.99.0-beta.8" "metadata" "--no-deps" "--format-version=1", kill_on_drop: false }`
[INFO] running `Command { std: "docker" "inspect" "5dc3c95bfe3026cdb457710ea483fdab9e2e4792effdbe56f393508d5691a4a4", kill_on_drop: false }`
[INFO] running `Command { std: "docker" "exec" "-e" "SOURCE_DIR=/opt/rustwide/workdir" "-e" "CARGO_HOME=/opt/rustwide/cargo-home" "-e" "RUSTUP_HOME=/opt/rustwide/rustup-home" "-e" "CARGO_TARGET_DIR=/opt/rustwide/target" "-e" "CARGO_INCREMENTAL=0" "-e" "RUST_BACKTRACE=full" "-e" "RUSTFLAGS=--cap-lints=warn" "-e" "RUSTDOCFLAGS=--cap-lints=warn" "-w" "/opt/rustwide/workdir" "--user" "0:0" "5dc3c95bfe3026cdb457710ea483fdab9e2e4792effdbe56f393508d5691a4a4" "/opt/rustwide/cargo-home/bin/cargo" "+1.99.0-beta.8" "build" "--frozen" "--message-format=json" "--release", kill_on_drop: false }`
[INFO] [stderr]    Compiling metadata v0.1.0 (/opt/rustwide/workdir)
[INFO] [stdout] error[E0433]: cannot find `macos` in `os`
[INFO] [stdout]  --> src/main.rs:2:14
[INFO] [stdout]   |
[INFO] [stdout] 2 | use std::os::macos::fs::MetadataExt;
[INFO] [stdout]   |              ^^^^^ could not find `macos` in `os`
[INFO] [stdout]   |
[INFO] [stdout] note: found an item that was configured out
[INFO] [stdout]  --> /rustc/dfb0accb7f508ae8be965d8629557221c889dd98/library/std/src/os/mod.rs:118:6
[INFO] [stdout]   |
[INFO] [stdout]   = note: the item is gated behind the `macos` feature
[INFO] [stdout] 
[INFO] [stdout] 
[INFO] [stdout] error[E0599]: no method named `st_dev` found for struct `Metadata` in the current scope
[INFO] [stdout]   --> src/main.rs:44:36
[INFO] [stdout]    |
[INFO] [stdout] 44 |     let macos_device_id = metadata.st_dev();
[INFO] [stdout]    |                                    ^^^^^^
[INFO] [stdout]    |
[INFO] [stdout]   --> /rustc/dfb0accb7f508ae8be965d8629557221c889dd98/library/std/src/os/linux/fs.rs:62:7
[INFO] [stdout]    |
[INFO] [stdout]    = note: the method is available for `Metadata` here
[INFO] [stdout]    |
[INFO] [stdout]    = help: items from traits can only be used if the trait is in scope
[INFO] [stdout] help: trait `MetadataExt` which provides `st_dev` is implemented but not in scope; perhaps you want to import it
[INFO] [stdout]    |
[INFO] [stdout]  1 + use std::os::linux::fs::MetadataExt;
[INFO] [stdout]    |
[INFO] [stdout] help: there is a method `st_rdev` with a similar name
[INFO] [stdout]    |
[INFO] [stdout] 44 |     let macos_device_id = metadata.st_rdev();
[INFO] [stdout]    |                                       +
[INFO] [stdout] 
[INFO] [stdout] 
[INFO] [stdout] error[E0599]: no method named `st_ino` found for struct `Metadata` in the current scope
[INFO] [stdout]   --> src/main.rs:47:36
[INFO] [stdout]    |
[INFO] [stdout] 47 |     let macos_ino_value = metadata.st_ino();
[INFO] [stdout]    |                                    ^^^^^^
[INFO] [stdout]    |
[INFO] [stdout]   --> /rustc/dfb0accb7f508ae8be965d8629557221c889dd98/library/std/src/os/linux/fs.rs:80:7
[INFO] [stdout]    |
[INFO] [stdout]    = note: the method is available for `Metadata` here
[INFO] [stdout]    |
[INFO] [stdout]    = help: items from traits can only be used if the trait is in scope
[INFO] [stdout] help: trait `MetadataExt` which provides `st_ino` is implemented but not in scope; perhaps you want to import it
[INFO] [stdout]    |
[INFO] [stdout]  1 + use std::os::linux::fs::MetadataExt;
[INFO] [stdout]    |
[INFO] [stdout] help: there is a method `ino` with a similar name
[INFO] [stdout]    |
[INFO] [stdout] 47 -     let macos_ino_value = metadata.st_ino();
[INFO] [stdout] 47 +     let macos_ino_value = metadata.ino();
[INFO] [stdout]    |
[INFO] [stdout] 
[INFO] [stdout] 
[INFO] [stdout] error[E0599]: no method named `st_mode` found for struct `Metadata` in the current scope
[INFO] [stdout]   --> src/main.rs:50:40
[INFO] [stdout]    |
[INFO] [stdout] 50 |     let macos_st_mode_value = metadata.st_mode();
[INFO] [stdout]    |                                        ^^^^^^^
[INFO] [stdout]    |
[INFO] [stdout]   --> /rustc/dfb0accb7f508ae8be965d8629557221c889dd98/library/std/src/os/linux/fs.rs:98:7
[INFO] [stdout]    |
[INFO] [stdout]    = note: the method is available for `Metadata` here
[INFO] [stdout]    |
[INFO] [stdout]    = help: items from traits can only be used if the trait is in scope
[INFO] [stdout] help: trait `MetadataExt` which provides `st_mode` is implemented but not in scope; perhaps you want to import it
[INFO] [stdout]    |
[INFO] [stdout]  1 + use std::os::linux::fs::MetadataExt;
[INFO] [stdout]    |
[INFO] [stdout] help: there is a method `mode` with a similar name
[INFO] [stdout]    |
[INFO] [stdout] 50 -     let macos_st_mode_value = metadata.st_mode();
[INFO] [stdout] 50 +     let macos_st_mode_value = metadata.mode();
[INFO] [stdout]    |
[INFO] [stdout] 
[INFO] [stdout] 
[INFO] [stdout] error[E0599]: no method named `st_nlink` found for struct `Metadata` in the current scope
[INFO] [stdout]   --> src/main.rs:53:41
[INFO] [stdout]    |
[INFO] [stdout] 53 |     let macos_st_nlink_value = metadata.st_nlink();
[INFO] [stdout]    |                                         ^^^^^^^^
[INFO] [stdout]    |
[INFO] [stdout]   --> /rustc/dfb0accb7f508ae8be965d8629557221c889dd98/library/std/src/os/linux/fs.rs:116:7
[INFO] [stdout]    |
[INFO] [stdout]    = note: the method is available for `Metadata` here
[INFO] [stdout]    |
[INFO] [stdout]    = help: items from traits can only be used if the trait is in scope
[INFO] [stdout] help: trait `MetadataExt` which provides `st_nlink` is implemented but not in scope; perhaps you want to import it
[INFO] [stdout]    |
[INFO] [stdout]  1 + use std::os::linux::fs::MetadataExt;
[INFO] [stdout]    |
[INFO] [stdout] help: there is a method `nlink` with a similar name
[INFO] [stdout]    |
[INFO] [stdout] 53 -     let macos_st_nlink_value = metadata.st_nlink();
[INFO] [stdout] 53 +     let macos_st_nlink_value = metadata.nlink();
[INFO] [stdout]    |
[INFO] [stdout] 
[INFO] [stdout] 
[INFO] [stdout] error[E0599]: no method named `st_uid` found for struct `Metadata` in the current scope
[INFO] [stdout]   --> src/main.rs:56:39
[INFO] [stdout]    |
[INFO] [stdout] 56 |     let macos_st_uid_value = metadata.st_uid();
[INFO] [stdout]    |                                       ^^^^^^
[INFO] [stdout]    |
[INFO] [stdout]   --> /rustc/dfb0accb7f508ae8be965d8629557221c889dd98/library/std/src/os/linux/fs.rs:134:7
[INFO] [stdout]    |
[INFO] [stdout]    = note: the method is available for `Metadata` here
[INFO] [stdout]    |
[INFO] [stdout]    = help: items from traits can only be used if the trait is in scope
[INFO] [stdout] help: trait `MetadataExt` which provides `st_uid` is implemented but not in scope; perhaps you want to import it
[INFO] [stdout]    |
[INFO] [stdout]  1 + use std::os::linux::fs::MetadataExt;
[INFO] [stdout]    |
[INFO] [stdout] help: there is a method `st_gid` with a similar name
[INFO] [stdout]    |
[INFO] [stdout] 56 -     let macos_st_uid_value = metadata.st_uid();
[INFO] [stdout] 56 +     let macos_st_uid_value = metadata.st_gid();
[INFO] [stdout]    |
[INFO] [stdout] 
[INFO] [stdout] 
[INFO] [stdout] error[E0599]: no method named `st_gid` found for struct `Metadata` in the current scope
[INFO] [stdout]   --> src/main.rs:59:39
[INFO] [stdout]    |
[INFO] [stdout] 59 |     let macos_st_gid_value = metadata.st_gid();
[INFO] [stdout]    |                                       ^^^^^^
[INFO] [stdout]    |
[INFO] [stdout]   --> /rustc/dfb0accb7f508ae8be965d8629557221c889dd98/library/std/src/os/linux/fs.rs:152:7
[INFO] [stdout]    |
[INFO] [stdout]    = note: the method is available for `Metadata` here
[INFO] [stdout]    |
[INFO] [stdout]    = help: items from traits can only be used if the trait is in scope
[INFO] [stdout] help: trait `MetadataExt` which provides `st_gid` is implemented but not in scope; perhaps you want to import it
[INFO] [stdout]    |
[INFO] [stdout]  1 + use std::os::linux::fs::MetadataExt;
[INFO] [stdout]    |
[INFO] [stdout] help: there is a method `st_uid` with a similar name
[INFO] [stdout]    |
[INFO] [stdout] 59 -     let macos_st_gid_value = metadata.st_gid();
[INFO] [stdout] 59 +     let macos_st_gid_value = metadata.st_uid();
[INFO] [stdout]    |
[INFO] [stdout] 
[INFO] [stdout] 
[INFO] [stdout] error[E0599]: no method named `st_rdev` found for struct `Metadata` in the current scope
[INFO] [stdout]   --> src/main.rs:62:40
[INFO] [stdout]    |
[INFO] [stdout] 62 |     let macos_st_rdev_value = metadata.st_rdev();
[INFO] [stdout]    |                                        ^^^^^^^
[INFO] [stdout]    |
[INFO] [stdout]   --> /rustc/dfb0accb7f508ae8be965d8629557221c889dd98/library/std/src/os/linux/fs.rs:170:7
[INFO] [stdout]    |
[INFO] [stdout]    = note: the method is available for `Metadata` here
[INFO] [stdout]    |
[INFO] [stdout]    = help: items from traits can only be used if the trait is in scope
[INFO] [stdout] help: trait `MetadataExt` which provides `st_rdev` is implemented but not in scope; perhaps you want to import it
[INFO] [stdout]    |
[INFO] [stdout]  1 + use std::os::linux::fs::MetadataExt;
[INFO] [stdout]    |
[INFO] [stdout] help: there is a method `st_dev` with a similar name
[INFO] [stdout]    |
[INFO] [stdout] 62 -     let macos_st_rdev_value = metadata.st_rdev();
[INFO] [stdout] 62 +     let macos_st_rdev_value = metadata.st_dev();
[INFO] [stdout]    |
[INFO] [stdout] 
[INFO] [stdout] 
[INFO] [stdout] error[E0599]: no method named `st_size` found for struct `Metadata` in the current scope
[INFO] [stdout]   --> src/main.rs:65:40
[INFO] [stdout]    |
[INFO] [stdout] 65 |     let macos_st_size_value = metadata.st_size();
[INFO] [stdout]    |                                        ^^^^^^^
[INFO] [stdout]    |
[INFO] [stdout]   --> /rustc/dfb0accb7f508ae8be965d8629557221c889dd98/library/std/src/os/linux/fs.rs:191:7
[INFO] [stdout]    |
[INFO] [stdout]    = note: the method is available for `Metadata` here
[INFO] [stdout]    |
[INFO] [stdout]    = help: items from traits can only be used if the trait is in scope
[INFO] [stdout] help: trait `MetadataExt` which provides `st_size` is implemented but not in scope; perhaps you want to import it
[INFO] [stdout]    |
[INFO] [stdout]  1 + use std::os::linux::fs::MetadataExt;
[INFO] [stdout]    |
[INFO] [stdout] help: there is a method `size` with a similar name
[INFO] [stdout]    |
[INFO] [stdout] 65 -     let macos_st_size_value = metadata.st_size();
[INFO] [stdout] 65 +     let macos_st_size_value = metadata.size();
[INFO] [stdout]    |
[INFO] [stdout] 
[INFO] [stdout] 
[INFO] [stdout] error[E0599]: no method named `st_atime` found for struct `Metadata` in the current scope
[INFO] [stdout]   --> src/main.rs:68:41
[INFO] [stdout]    |
[INFO] [stdout] 68 |     let macos_st_atime_value = metadata.st_atime();
[INFO] [stdout]    |                                         ^^^^^^^^
[INFO] [stdout]    |
[INFO] [stdout]   --> /rustc/dfb0accb7f508ae8be965d8629557221c889dd98/library/std/src/os/linux/fs.rs:209:7
[INFO] [stdout]    |
[INFO] [stdout]    = note: the method is available for `Metadata` here
[INFO] [stdout]    |
[INFO] [stdout]    = help: items from traits can only be used if the trait is in scope
[INFO] [stdout] help: trait `MetadataExt` which provides `st_atime` is implemented but not in scope; perhaps you want to import it
[INFO] [stdout]    |
[INFO] [stdout]  1 + use std::os::linux::fs::MetadataExt;
[INFO] [stdout]    |
[INFO] [stdout] help: there is a method `st_ctime` with a similar name
[INFO] [stdout]    |
[INFO] [stdout] 68 -     let macos_st_atime_value = metadata.st_atime();
[INFO] [stdout] 68 +     let macos_st_atime_value = metadata.st_ctime();
[INFO] [stdout]    |
[INFO] [stdout] 
[INFO] [stdout] 
[INFO] [stdout] error[E0599]: no method named `st_atime_nsec` found for struct `Metadata` in the current scope
[INFO] [stdout]   --> src/main.rs:71:46
[INFO] [stdout]    |
[INFO] [stdout] 71 |     let macos_st_atime_nsec_value = metadata.st_atime_nsec();
[INFO] [stdout]    |                                              ^^^^^^^^^^^^^
[INFO] [stdout]    |
[INFO] [stdout]   --> /rustc/dfb0accb7f508ae8be965d8629557221c889dd98/library/std/src/os/linux/fs.rs:229:7
[INFO] [stdout]    |
[INFO] [stdout]    = note: the method is available for `Metadata` here
[INFO] [stdout]    |
[INFO] [stdout]    = help: items from traits can only be used if the trait is in scope
[INFO] [stdout] help: trait `MetadataExt` which provides `st_atime_nsec` is implemented but not in scope; perhaps you want to import it
[INFO] [stdout]    |
[INFO] [stdout]  1 + use std::os::linux::fs::MetadataExt;
[INFO] [stdout]    |
[INFO] [stdout] help: there is a method `st_ctime_nsec` with a similar name
[INFO] [stdout]    |
[INFO] [stdout] 71 -     let macos_st_atime_nsec_value = metadata.st_atime_nsec();
[INFO] [stdout] 71 +     let macos_st_atime_nsec_value = metadata.st_ctime_nsec();
[INFO] [stdout]    |
[INFO] [stdout] 
[INFO] [stdout] 
[INFO] [stdout] error[E0599]: no method named `st_mtime` found for struct `Metadata` in the current scope
[INFO] [stdout]   --> src/main.rs:74:41
[INFO] [stdout]    |
[INFO] [stdout] 74 |     let macos_st_mtime_value = metadata.st_mtime();
[INFO] [stdout]    |                                         ^^^^^^^^
[INFO] [stdout]    |
[INFO] [stdout]   --> /rustc/dfb0accb7f508ae8be965d8629557221c889dd98/library/std/src/os/linux/fs.rs:247:7
[INFO] [stdout]    |
[INFO] [stdout]    = note: the method is available for `Metadata` here
[INFO] [stdout]    |
[INFO] [stdout]    = help: items from traits can only be used if the trait is in scope
[INFO] [stdout] help: trait `MetadataExt` which provides `st_mtime` is implemented but not in scope; perhaps you want to import it
[INFO] [stdout]    |
[INFO] [stdout]  1 + use std::os::linux::fs::MetadataExt;
[INFO] [stdout]    |
[INFO] [stdout] help: there is a method `st_atime` with a similar name
[INFO] [stdout]    |
[INFO] [stdout] 74 -     let macos_st_mtime_value = metadata.st_mtime();
[INFO] [stdout] 74 +     let macos_st_mtime_value = metadata.st_atime();
[INFO] [stdout]    |
[INFO] [stdout] 
[INFO] [stdout] 
[INFO] [stdout] error[E0599]: no method named `st_mtime_nsec` found for struct `Metadata` in the current scope
[INFO] [stdout]   --> src/main.rs:77:46
[INFO] [stdout]    |
[INFO] [stdout] 77 |     let macos_st_mtime_nsec_value = metadata.st_mtime_nsec();
[INFO] [stdout]    |                                              ^^^^^^^^^^^^^
[INFO] [stdout]    |
[INFO] [stdout]   --> /rustc/dfb0accb7f508ae8be965d8629557221c889dd98/library/std/src/os/linux/fs.rs:267:7
[INFO] [stdout]    |
[INFO] [stdout]    = note: the method is available for `Metadata` here
[INFO] [stdout]    |
[INFO] [stdout]    = help: items from traits can only be used if the trait is in scope
[INFO] [stdout] help: trait `MetadataExt` which provides `st_mtime_nsec` is implemented but not in scope; perhaps you want to import it
[INFO] [stdout]    |
[INFO] [stdout]  1 + use std::os::linux::fs::MetadataExt;
[INFO] [stdout]    |
[INFO] [stdout] help: there is a method `st_atime_nsec` with a similar name
[INFO] [stdout]    |
[INFO] [stdout] 77 -     let macos_st_mtime_nsec_value = metadata.st_mtime_nsec();
[INFO] [stdout] 77 +     let macos_st_mtime_nsec_value = metadata.st_atime_nsec();
[INFO] [stdout]    |
[INFO] [stdout] 
[INFO] [stdout] 
[INFO] [stdout] error[E0599]: no method named `st_ctime` found for struct `Metadata` in the current scope
[INFO] [stdout]   --> src/main.rs:80:41
[INFO] [stdout]    |
[INFO] [stdout] 80 |     let macos_st_ctime_value = metadata.st_ctime();
[INFO] [stdout]    |                                         ^^^^^^^^
[INFO] [stdout]    |
[INFO] [stdout]   --> /rustc/dfb0accb7f508ae8be965d8629557221c889dd98/library/std/src/os/linux/fs.rs:285:7
[INFO] [stdout]    |
[INFO] [stdout]    = note: the method is available for `Metadata` here
[INFO] [stdout]    |
[INFO] [stdout]    = help: items from traits can only be used if the trait is in scope
[INFO] [stdout] help: trait `MetadataExt` which provides `st_ctime` is implemented but not in scope; perhaps you want to import it
[INFO] [stdout]    |
[INFO] [stdout]  1 + use std::os::linux::fs::MetadataExt;
[INFO] [stdout]    |
[INFO] [stdout] help: there is a method `st_atime` with a similar name
[INFO] [stdout]    |
[INFO] [stdout] 80 -     let macos_st_ctime_value = metadata.st_ctime();
[INFO] [stdout] 80 +     let macos_st_ctime_value = metadata.st_atime();
[INFO] [stdout]    |
[INFO] [stdout] 
[INFO] [stdout] 
[INFO] [stdout] error[E0599]: no method named `st_ctime_nsec` found for struct `Metadata` in the current scope
[INFO] [stdout]   --> src/main.rs:83:46
[INFO] [stdout]    |
[INFO] [stdout] 83 |     let macos_st_ctime_nsec_value = metadata.st_ctime_nsec();
[INFO] [stdout]    |                                              ^^^^^^^^^^^^^
[INFO] [stdout]    |
[INFO] [stdout]   --> /rustc/dfb0accb7f508ae8be965d8629557221c889dd98/library/std/src/os/linux/fs.rs:305:7
[INFO] [stdout]    |
[INFO] [stdout]    = note: the method is available for `Metadata` here
[INFO] [stdout]    |
[INFO] [stdout]    = help: items from traits can only be used if the trait is in scope
[INFO] [stdout] help: trait `MetadataExt` which provides `st_ctime_nsec` is implemented but not in scope; perhaps you want to import it
[INFO] [stdout]    |
[INFO] [stdout]  1 + use std::os::linux::fs::MetadataExt;
[INFO] [stdout]    |
[INFO] [stdout] help: there is a method `st_atime_nsec` with a similar name
[INFO] [stdout]    |
[INFO] [stdout] 83 -     let macos_st_ctime_nsec_value = metadata.st_ctime_nsec();
[INFO] [stdout] 83 +     let macos_st_ctime_nsec_value = metadata.st_atime_nsec();
[INFO] [stdout]    |
[INFO] [stdout] 
[INFO] [stdout] 
[INFO] [stdout] error[E0599]: no method named `st_blksize` found for struct `Metadata` in the current scope
[INFO] [stdout]   --> src/main.rs:86:43
[INFO] [stdout]    |
[INFO] [stdout] 86 |     let macos_st_blksize_value = metadata.st_blksize();
[INFO] [stdout]    |                                           ^^^^^^^^^^
[INFO] [stdout]    |
[INFO] [stdout]   --> /rustc/dfb0accb7f508ae8be965d8629557221c889dd98/library/std/src/os/linux/fs.rs:323:7
[INFO] [stdout]    |
[INFO] [stdout]    = note: the method is available for `Metadata` here
[INFO] [stdout]    |
[INFO] [stdout]    = help: items from traits can only be used if the trait is in scope
[INFO] [stdout] help: trait `MetadataExt` which provides `st_blksize` is implemented but not in scope; perhaps you want to import it
[INFO] [stdout]    |
[INFO] [stdout]  1 + use std::os::linux::fs::MetadataExt;
[INFO] [stdout]    |
[INFO] [stdout] help: there is a method `blksize` with a similar name
[INFO] [stdout]    |
[INFO] [stdout] 86 -     let macos_st_blksize_value = metadata.st_blksize();
[INFO] [stdout] 86 +     let macos_st_blksize_value = metadata.blksize();
[INFO] [stdout]    |
[INFO] [stdout] 
[INFO] [stdout] 
[INFO] [stdout] error[E0599]: no method named `st_blocks` found for struct `Metadata` in the current scope
[INFO] [stdout]   --> src/main.rs:89:42
[INFO] [stdout]    |
[INFO] [stdout] 89 |     let macos_st_blocks_value = metadata.st_blocks();
[INFO] [stdout]    |                                          ^^^^^^^^^
[INFO] [stdout]    |
[INFO] [stdout]   --> /rustc/dfb0accb7f508ae8be965d8629557221c889dd98/library/std/src/os/linux/fs.rs:341:7
[INFO] [stdout]    |
[INFO] [stdout]    = note: the method is available for `Metadata` here
[INFO] [stdout]    |
[INFO] [stdout]    = help: items from traits can only be used if the trait is in scope
[INFO] [stdout] help: trait `MetadataExt` which provides `st_blocks` is implemented but not in scope; perhaps you want to import it
[INFO] [stdout]    |
[INFO] [stdout]  1 + use std::os::linux::fs::MetadataExt;
[INFO] [stdout]    |
[INFO] [stdout] help: there is a method `blocks` with a similar name
[INFO] [stdout]    |
[INFO] [stdout] 89 -     let macos_st_blocks_value = metadata.st_blocks();
[INFO] [stdout] 89 +     let macos_st_blocks_value = metadata.blocks();
[INFO] [stdout]    |
[INFO] [stdout] 
[INFO] [stdout] 
[INFO] [stdout] Some errors have detailed explanations: E0433, E0599.
[INFO] [stdout] 
[INFO] [stdout] For more information about an error, try `rustc --explain E0433`.
[INFO] [stdout] 
[INFO] [stderr] error: could not compile `metadata` (bin "metadata") due to 17 previous errors
[INFO] running `Command { std: "docker" "inspect" "5dc3c95bfe3026cdb457710ea483fdab9e2e4792effdbe56f393508d5691a4a4", kill_on_drop: false }`
[INFO] running `Command { std: "docker" "rm" "-f" "5dc3c95bfe3026cdb457710ea483fdab9e2e4792effdbe56f393508d5691a4a4", kill_on_drop: false }`
[INFO] [stdout] 5dc3c95bfe3026cdb457710ea483fdab9e2e4792effdbe56f393508d5691a4a4
