[INFO] cloning repository https://github.com/gmh5225/query-gpu-name-rs
[INFO] running `Command { std: "git" "-c" "credential.helper=" "-c" "credential.helper=/workspace/cargo-home/bin/git-credential-null" "clone" "--bare" "https://github.com/gmh5225/query-gpu-name-rs" "/workspace/cache/git-repos/https%3A%2F%2Fgithub.com%2Fgmh5225%2Fquery-gpu-name-rs", kill_on_drop: false }`
[INFO] [stderr] Cloning into bare repository '/workspace/cache/git-repos/https%3A%2F%2Fgithub.com%2Fgmh5225%2Fquery-gpu-name-rs'...
[INFO] running `Command { std: "git" "rev-parse" "HEAD", kill_on_drop: false }`
[INFO] [stdout] a8faf632a16f4382d048ad7d0b567dc439bd3b26
[INFO] testing gmh5225/query-gpu-name-rs against 1.100.0-beta.1+cargoflags=--release for beta-release-1.100-2
[INFO] running `Command { std: "git" "clone" "/workspace/cache/git-repos/https%3A%2F%2Fgithub.com%2Fgmh5225%2Fquery-gpu-name-rs" "/workspace/builds/worker-1-tc2/source", kill_on_drop: false }`
[INFO] [stderr] Cloning into '/workspace/builds/worker-1-tc2/source'...
[INFO] [stderr] done.
[INFO] started tweaking git repo https://github.com/gmh5225/query-gpu-name-rs
[INFO] finished tweaking git repo https://github.com/gmh5225/query-gpu-name-rs
[INFO] tweaked toml for git repo https://github.com/gmh5225/query-gpu-name-rs written to /workspace/builds/worker-1-tc2/source/Cargo.toml
[INFO] validating manifest of git repo https://github.com/gmh5225/query-gpu-name-rs on toolchain 1.100.0-beta.1
[INFO] running `Command { std: CARGO_HOME="/workspace/cargo-home" RUSTUP_HOME="/workspace/rustup-home" "/workspace/cargo-home/bin/cargo" "+1.100.0-beta.1" "metadata" "--manifest-path" "Cargo.toml" "--no-deps", kill_on_drop: false }`
[INFO] crate git repo https://github.com/gmh5225/query-gpu-name-rs already has a lockfile, it will not be regenerated
[INFO] running `Command { std: CARGO_HOME="/workspace/cargo-home" RUSTUP_HOME="/workspace/rustup-home" "/workspace/cargo-home/bin/cargo" "+1.100.0-beta.1" "fetch" "--manifest-path" "Cargo.toml", kill_on_drop: false }`
[INFO] running `Command { std: "docker" "create" "-v" "/var/lib/crater-agent-workspace/builds/worker-1-tc2/source:/opt/rustwide/workdir:ro,Z" "-v" "/var/lib/crater-agent-workspace/builds/worker-1-tc2/target:/opt/rustwide/target:rw,Z" "-v" "/var/lib/crater-agent-workspace/cargo-home:/opt/rustwide/cargo-home:ro,Z" "-v" "/var/lib/crater-agent-workspace/rustup-home:/opt/rustwide/rustup-home:ro,Z" "-m" "1610612736" "--network" "none" "ghcr.io/rust-lang/crates-build-env/linux@sha256:77db811e55d90add9212f6832c23229e3de5f1c1f9905e8cb07319ea15df73ac" "sleep" "infinity", kill_on_drop: false }`
[INFO] [stdout] 183dcb4faa14ba9685b1aa227d1693b4a143b8d9ffd316be5272527cfe422ecc
[INFO] running `Command { std: "docker" "start" "183dcb4faa14ba9685b1aa227d1693b4a143b8d9ffd316be5272527cfe422ecc", kill_on_drop: false }`
[INFO] running `Command { std: "docker" "inspect" "183dcb4faa14ba9685b1aa227d1693b4a143b8d9ffd316be5272527cfe422ecc", kill_on_drop: false }`
[INFO] running `Command { std: "docker" "exec" "-e" "SOURCE_DIR=/opt/rustwide/workdir" "-e" "CARGO_HOME=/opt/rustwide/cargo-home" "-e" "RUSTUP_HOME=/opt/rustwide/rustup-home" "-e" "CARGO_TARGET_DIR=/opt/rustwide/target" "-w" "/opt/rustwide/workdir" "--user" "0:0" "183dcb4faa14ba9685b1aa227d1693b4a143b8d9ffd316be5272527cfe422ecc" "/opt/rustwide/cargo-home/bin/cargo" "+1.100.0-beta.1" "metadata" "--no-deps" "--format-version=1", kill_on_drop: false }`
[INFO] running `Command { std: "docker" "inspect" "183dcb4faa14ba9685b1aa227d1693b4a143b8d9ffd316be5272527cfe422ecc", kill_on_drop: false }`
[INFO] running `Command { std: "docker" "exec" "-e" "SOURCE_DIR=/opt/rustwide/workdir" "-e" "CARGO_HOME=/opt/rustwide/cargo-home" "-e" "RUSTUP_HOME=/opt/rustwide/rustup-home" "-e" "CARGO_TARGET_DIR=/opt/rustwide/target" "-e" "CARGO_INCREMENTAL=0" "-e" "RUST_BACKTRACE=full" "-e" "RUSTFLAGS=--cap-lints=warn" "-e" "RUSTDOCFLAGS=--cap-lints=warn" "-w" "/opt/rustwide/workdir" "--user" "0:0" "183dcb4faa14ba9685b1aa227d1693b4a143b8d9ffd316be5272527cfe422ecc" "/opt/rustwide/cargo-home/bin/cargo" "+1.100.0-beta.1" "build" "--frozen" "--message-format=json" "--release", kill_on_drop: false }`
[INFO] [stderr]    Compiling windows_x86_64_gnu v0.48.5
[INFO] [stderr]    Compiling windows-targets v0.48.5
[INFO] [stderr]    Compiling windows v0.48.0
[INFO] [stderr]    Compiling query_gpu_name v0.1.0 (/opt/rustwide/workdir)
[INFO] [stdout] warning: unused import: `CSIDL_SYSTEM`
[INFO] [stdout]   --> src/main.rs:14:39
[INFO] [stdout]    |
[INFO] [stdout] 14 |         UI::Shell::{SHGetFolderPathA, CSIDL_SYSTEM, SHGFP_TYPE_CURRENT},
[INFO] [stdout]    |                                       ^^^^^^^^^^^^
[INFO] [stdout]    |
[INFO] [stdout]    = note: `#[warn(unused_imports)]` (part of `#[warn(unused)]`) on by default
[INFO] [stdout] 
[INFO] [stdout] 
[INFO] [stdout] error: linking with `cc` failed: exit status: 1
[INFO] [stdout]   |
[INFO] [stdout]   = note:  "cc" "-m64" "/opt/rustwide/target/release/build/query_gpu_name/b554d5c6a566cdc8/out/rustcpwCycX/symbols.o" "<3 object files omitted>" "-Wl,--as-needed" "-Wl,-Bstatic" "/opt/rustwide/target/release/build/windows/cacefc81636b5348/out/libwindows-cacefc81636b5348.rlib" "/opt/rustwide/target/release/build/windows-targets/7d1e2880fe441718/out/libwindows_targets-7d1e2880fe441718.rlib" "<sysroot>/lib/rustlib/x86_64-unknown-linux-gnu/lib/{libstd-*,libpanic_unwind-*,libobject-*,libmemchr-*,libaddr2line-*,libgimli-*,libcfg_if-*,librustc_demangle-*,libstd_detect-*,libhashbrown-*,librustc_std_workspace_alloc-*,libminiz_oxide-*,libadler2-*,libunwind-*,liblibc-*,librustc_std_workspace_core-*,liballoc-*,libcore-*,libcompiler_builtins-*}.rlib" "-Wl,-Bdynamic" "-lgcc_s" "-lutil" "-lrt" "-lpthread" "-lm" "-ldl" "-lc" "-L" "/opt/rustwide/target/release/build/query_gpu_name/b554d5c6a566cdc8/out/rustcpwCycX/raw-dylibs" "-B<sysroot>/lib/rustlib/x86_64-unknown-linux-gnu/bin/gcc-ld" "-fuse-ld=lld" "-Wl,--eh-frame-hdr" "-Wl,-z,noexecstack" "-L" "<sysroot>/lib/rustlib/x86_64-unknown-linux-gnu/lib" "-o" "/opt/rustwide/target/release/build/query_gpu_name/b554d5c6a566cdc8/out/query_gpu_name" "-Wl,--gc-sections" "-pie" "-Wl,-z,relro,-z,now" "-Wl,-O1" "-Wl,--strip-debug" "-nodefaultlibs"
[INFO] [stdout]   = note: some arguments are omitted. use `--verbose` to show all linker arguments
[INFO] [stdout]   = note: rust-lld: error: undefined symbol: SetupDiGetClassDevsA
[INFO] [stdout]           >>> referenced by query_gpu_name.3f02d42a87a19961-cgu.0
[INFO] [stdout]           >>>               /opt/rustwide/target/release/build/query_gpu_name/b554d5c6a566cdc8/out/query_gpu_name.query_gpu_name.3f02d42a87a19961-cgu.0.rcgu.o:(query_gpu_name::main)
[INFO] [stdout]           
[INFO] [stdout]           rust-lld: error: undefined symbol: SetupDiEnumDeviceInfo
[INFO] [stdout]           >>> referenced by query_gpu_name.3f02d42a87a19961-cgu.0
[INFO] [stdout]           >>>               /opt/rustwide/target/release/build/query_gpu_name/b554d5c6a566cdc8/out/query_gpu_name.query_gpu_name.3f02d42a87a19961-cgu.0.rcgu.o:(query_gpu_name::main)
[INFO] [stdout]           >>> referenced by query_gpu_name.3f02d42a87a19961-cgu.0
[INFO] [stdout]           >>>               /opt/rustwide/target/release/build/query_gpu_name/b554d5c6a566cdc8/out/query_gpu_name.query_gpu_name.3f02d42a87a19961-cgu.0.rcgu.o:(query_gpu_name::main)
[INFO] [stdout]           
[INFO] [stdout]           rust-lld: error: undefined symbol: SetupDiGetDeviceRegistryPropertyA
[INFO] [stdout]           >>> referenced by query_gpu_name.3f02d42a87a19961-cgu.0
[INFO] [stdout]           >>>               /opt/rustwide/target/release/build/query_gpu_name/b554d5c6a566cdc8/out/query_gpu_name.query_gpu_name.3f02d42a87a19961-cgu.0.rcgu.o:(query_gpu_name::main)
[INFO] [stdout]           >>> referenced by query_gpu_name.3f02d42a87a19961-cgu.0
[INFO] [stdout]           >>>               /opt/rustwide/target/release/build/query_gpu_name/b554d5c6a566cdc8/out/query_gpu_name.query_gpu_name.3f02d42a87a19961-cgu.0.rcgu.o:(query_gpu_name::main)
[INFO] [stdout]           
[INFO] [stdout]           rust-lld: error: undefined symbol: SetupDiDestroyDeviceInfoList
[INFO] [stdout]           >>> referenced by query_gpu_name.3f02d42a87a19961-cgu.0
[INFO] [stdout]           >>>               /opt/rustwide/target/release/build/query_gpu_name/b554d5c6a566cdc8/out/query_gpu_name.query_gpu_name.3f02d42a87a19961-cgu.0.rcgu.o:(query_gpu_name::main)
[INFO] [stdout]           
[INFO] [stdout]           rust-lld: error: undefined symbol: RegOpenKeyExA
[INFO] [stdout]           >>> referenced by query_gpu_name.3f02d42a87a19961-cgu.0
[INFO] [stdout]           >>>               /opt/rustwide/target/release/build/query_gpu_name/b554d5c6a566cdc8/out/query_gpu_name.query_gpu_name.3f02d42a87a19961-cgu.0.rcgu.o:(query_gpu_name::main)
[INFO] [stdout]           
[INFO] [stdout]           rust-lld: error: undefined symbol: RegQueryValueExA
[INFO] [stdout]           >>> referenced by query_gpu_name.3f02d42a87a19961-cgu.0
[INFO] [stdout]           >>>               /opt/rustwide/target/release/build/query_gpu_name/b554d5c6a566cdc8/out/query_gpu_name.query_gpu_name.3f02d42a87a19961-cgu.0.rcgu.o:(query_gpu_name::main)
[INFO] [stdout]           >>> referenced by query_gpu_name.3f02d42a87a19961-cgu.0
[INFO] [stdout]           >>>               /opt/rustwide/target/release/build/query_gpu_name/b554d5c6a566cdc8/out/query_gpu_name.query_gpu_name.3f02d42a87a19961-cgu.0.rcgu.o:(query_gpu_name::main)
[INFO] [stdout]           
[INFO] [stdout]           rust-lld: error: undefined symbol: GetProcessHeap
[INFO] [stdout]           >>> referenced by windows.c89550e26b020adf-cgu.1
[INFO] [stdout]           >>>               windows-cacefc81636b5348.windows.c89550e26b020adf-cgu.1.rcgu.o:(core::ptr::drop_glue::<windows::core::strings::hstring::HSTRING>) in archive /opt/rustwide/target/release/build/windows/cacefc81636b5348/out/libwindows-cacefc81636b5348.rlib
[INFO] [stdout]           >>> referenced by windows.c89550e26b020adf-cgu.3
[INFO] [stdout]           >>>               windows-cacefc81636b5348.windows.c89550e26b020adf-cgu.3.rcgu.o:(windows::imp::heap::heap_alloc) in archive /opt/rustwide/target/release/build/windows/cacefc81636b5348/out/libwindows-cacefc81636b5348.rlib
[INFO] [stdout]           >>> referenced by windows.c89550e26b020adf-cgu.5
[INFO] [stdout]           >>>               windows-cacefc81636b5348.windows.c89550e26b020adf-cgu.5.rcgu.o:(<windows::core::hresult::HRESULT>::message) in archive /opt/rustwide/target/release/build/windows/cacefc81636b5348/out/libwindows-cacefc81636b5348.rlib
[INFO] [stdout]           >>> referenced 5 more times
[INFO] [stdout]           
[INFO] [stdout]           rust-lld: error: undefined symbol: HeapFree
[INFO] [stdout]           >>> referenced by windows.c89550e26b020adf-cgu.1
[INFO] [stdout]           >>>               windows-cacefc81636b5348.windows.c89550e26b020adf-cgu.1.rcgu.o:(core::ptr::drop_glue::<windows::core::strings::hstring::HSTRING>) in archive /opt/rustwide/target/release/build/windows/cacefc81636b5348/out/libwindows-cacefc81636b5348.rlib
[INFO] [stdout]           >>> referenced by windows.c89550e26b020adf-cgu.5
[INFO] [stdout]           >>>               windows-cacefc81636b5348.windows.c89550e26b020adf-cgu.5.rcgu.o:(<windows::core::hresult::HRESULT>::message) in archive /opt/rustwide/target/release/build/windows/cacefc81636b5348/out/libwindows-cacefc81636b5348.rlib
[INFO] [stdout]           >>> referenced by windows.c89550e26b020adf-cgu.5
[INFO] [stdout]           >>>               windows-cacefc81636b5348.windows.c89550e26b020adf-cgu.5.rcgu.o:(<windows::core::hresult::HRESULT>::message) in archive /opt/rustwide/target/release/build/windows/cacefc81636b5348/out/libwindows-cacefc81636b5348.rlib
[INFO] [stdout]           >>> referenced 2 more times
[INFO] [stdout]           
[INFO] [stdout]           rust-lld: error: undefined symbol: HeapAlloc
[INFO] [stdout]           >>> referenced by windows.c89550e26b020adf-cgu.3
[INFO] [stdout]           >>>               windows-cacefc81636b5348.windows.c89550e26b020adf-cgu.3.rcgu.o:(windows::imp::heap::heap_alloc) in archive /opt/rustwide/target/release/build/windows/cacefc81636b5348/out/libwindows-cacefc81636b5348.rlib
[INFO] [stdout]           >>> referenced by windows.c89550e26b020adf-cgu.5
[INFO] [stdout]           >>>               windows-cacefc81636b5348.windows.c89550e26b020adf-cgu.5.rcgu.o:(<windows::core::hresult::HRESULT>::message) in archive /opt/rustwide/target/release/build/windows/cacefc81636b5348/out/libwindows-cacefc81636b5348.rlib
[INFO] [stdout]           >>> referenced by windows.c89550e26b020adf-cgu.1
[INFO] [stdout]           >>>               windows-cacefc81636b5348.windows.c89550e26b020adf-cgu.1.rcgu.o:(<windows::core::error::Error as core::convert::From<windows::core::hresult::HRESULT>>::from) in archive /opt/rustwide/target/release/build/windows/cacefc81636b5348/out/libwindows-cacefc81636b5348.rlib
[INFO] [stdout]           
[INFO] [stdout]           rust-lld: error: undefined symbol: FormatMessageW
[INFO] [stdout]           >>> referenced by windows.c89550e26b020adf-cgu.5
[INFO] [stdout]           >>>               windows-cacefc81636b5348.windows.c89550e26b020adf-cgu.5.rcgu.o:(<windows::core::hresult::HRESULT>::message) in archive /opt/rustwide/target/release/build/windows/cacefc81636b5348/out/libwindows-cacefc81636b5348.rlib
[INFO] [stdout]           
[INFO] [stdout]           rust-lld: error: undefined symbol: RegCloseKey
[INFO] [stdout]           >>> referenced by query_gpu_name.3f02d42a87a19961-cgu.0
[INFO] [stdout]           >>>               /opt/rustwide/target/release/build/query_gpu_name/b554d5c6a566cdc8/out/query_gpu_name.query_gpu_name.3f02d42a87a19961-cgu.0.rcgu.o:(query_gpu_name::main)
[INFO] [stdout]           
[INFO] [stdout]           rust-lld: error: undefined symbol: SHGetFolderPathA
[INFO] [stdout]           >>> referenced by query_gpu_name.3f02d42a87a19961-cgu.0
[INFO] [stdout]           >>>               /opt/rustwide/target/release/build/query_gpu_name/b554d5c6a566cdc8/out/query_gpu_name.query_gpu_name.3f02d42a87a19961-cgu.0.rcgu.o:(query_gpu_name::main)
[INFO] [stdout]           
[INFO] [stdout]           rust-lld: error: undefined symbol: GetLastError
[INFO] [stdout]           >>> referenced by windows.c89550e26b020adf-cgu.1
[INFO] [stdout]           >>>               windows-cacefc81636b5348.windows.c89550e26b020adf-cgu.1.rcgu.o:(<windows::core::error::Error>::from_win32) in archive /opt/rustwide/target/release/build/windows/cacefc81636b5348/out/libwindows-cacefc81636b5348.rlib
[INFO] [stdout]           
[INFO] [stdout]           rust-lld: error: undefined symbol: LoadLibraryA
[INFO] [stdout]           >>> referenced by windows.c89550e26b020adf-cgu.1
[INFO] [stdout]           >>>               windows-cacefc81636b5348.windows.c89550e26b020adf-cgu.1.rcgu.o:(<windows::core::error::Error>::new) in archive /opt/rustwide/target/release/build/windows/cacefc81636b5348/out/libwindows-cacefc81636b5348.rlib
[INFO] [stdout]           
[INFO] [stdout]           rust-lld: error: undefined symbol: GetProcAddress
[INFO] [stdout]           >>> referenced by windows.c89550e26b020adf-cgu.1
[INFO] [stdout]           >>>               windows-cacefc81636b5348.windows.c89550e26b020adf-cgu.1.rcgu.o:(<windows::core::error::Error>::new) in archive /opt/rustwide/target/release/build/windows/cacefc81636b5348/out/libwindows-cacefc81636b5348.rlib
[INFO] [stdout]           
[INFO] [stdout]           rust-lld: error: undefined symbol: FreeLibrary
[INFO] [stdout]           >>> referenced by windows.c89550e26b020adf-cgu.1
[INFO] [stdout]           >>>               windows-cacefc81636b5348.windows.c89550e26b020adf-cgu.1.rcgu.o:(<windows::core::error::Error>::new) in archive /opt/rustwide/target/release/build/windows/cacefc81636b5348/out/libwindows-cacefc81636b5348.rlib
[INFO] [stdout]           
[INFO] [stdout]           rust-lld: error: undefined symbol: GetErrorInfo
[INFO] [stdout]           >>> referenced by windows.c89550e26b020adf-cgu.1
[INFO] [stdout]           >>>               windows-cacefc81636b5348.windows.c89550e26b020adf-cgu.1.rcgu.o:(<windows::core::error::Error>::new) in archive /opt/rustwide/target/release/build/windows/cacefc81636b5348/out/libwindows-cacefc81636b5348.rlib
[INFO] [stdout]           >>> referenced by windows.c89550e26b020adf-cgu.1
[INFO] [stdout]           >>>               windows-cacefc81636b5348.windows.c89550e26b020adf-cgu.1.rcgu.o:(<windows::core::error::Error as core::convert::From<windows::core::hresult::HRESULT>>::from) in archive /opt/rustwide/target/release/build/windows/cacefc81636b5348/out/libwindows-cacefc81636b5348.rlib
[INFO] [stdout]           >>> referenced by windows.c89550e26b020adf-cgu.1
[INFO] [stdout]           >>>               windows-cacefc81636b5348.windows.c89550e26b020adf-cgu.1.rcgu.o:(<windows::core::error::Error as core::convert::From<windows::core::hresult::HRESULT>>::from) in archive /opt/rustwide/target/release/build/windows/cacefc81636b5348/out/libwindows-cacefc81636b5348.rlib
[INFO] [stdout]           
[INFO] [stdout]           rust-lld: error: undefined symbol: SysFreeString
[INFO] [stdout]           >>> referenced by windows.c89550e26b020adf-cgu.1
[INFO] [stdout]           >>>               windows-cacefc81636b5348.windows.c89550e26b020adf-cgu.1.rcgu.o:(<windows::core::error::Error>::message) in archive /opt/rustwide/target/release/build/windows/cacefc81636b5348/out/libwindows-cacefc81636b5348.rlib
[INFO] [stdout]           >>> referenced by windows.c89550e26b020adf-cgu.1
[INFO] [stdout]           >>>               windows-cacefc81636b5348.windows.c89550e26b020adf-cgu.1.rcgu.o:(<windows::core::error::Error>::message) in archive /opt/rustwide/target/release/build/windows/cacefc81636b5348/out/libwindows-cacefc81636b5348.rlib
[INFO] [stdout]           >>> referenced by windows.c89550e26b020adf-cgu.1
[INFO] [stdout]           >>>               windows-cacefc81636b5348.windows.c89550e26b020adf-cgu.1.rcgu.o:(<windows::core::error::Error>::message) in archive /opt/rustwide/target/release/build/windows/cacefc81636b5348/out/libwindows-cacefc81636b5348.rlib
[INFO] [stdout]           >>> referenced 8 more times
[INFO] [stdout]           
[INFO] [stdout]           rust-lld: error: undefined symbol: SysStringLen
[INFO] [stdout]           >>> referenced by windows.c89550e26b020adf-cgu.1
[INFO] [stdout]           >>>               windows-cacefc81636b5348.windows.c89550e26b020adf-cgu.1.rcgu.o:(<windows::core::error::Error>::message) in archive /opt/rustwide/target/release/build/windows/cacefc81636b5348/out/libwindows-cacefc81636b5348.rlib
[INFO] [stdout]           >>> referenced by windows.c89550e26b020adf-cgu.1
[INFO] [stdout]           >>>               windows-cacefc81636b5348.windows.c89550e26b020adf-cgu.1.rcgu.o:(<windows::core::error::Error>::message) in archive /opt/rustwide/target/release/build/windows/cacefc81636b5348/out/libwindows-cacefc81636b5348.rlib
[INFO] [stdout]           >>> referenced by windows.c89550e26b020adf-cgu.1
[INFO] [stdout]           >>>               windows-cacefc81636b5348.windows.c89550e26b020adf-cgu.1.rcgu.o:(<windows::core::error::Error as core::convert::From<windows::core::hresult::HRESULT>>::from) in archive /opt/rustwide/target/release/build/windows/cacefc81636b5348/out/libwindows-cacefc81636b5348.rlib
[INFO] [stdout]           collect2: error: ld returned 1 exit status
[INFO] [stdout]           
[INFO] [stdout] 
[INFO] [stdout] 
[INFO] [stderr] error: could not compile `query_gpu_name` (bin "query_gpu_name") due to 1 previous error; 1 warning emitted
[INFO] running `Command { std: "docker" "inspect" "183dcb4faa14ba9685b1aa227d1693b4a143b8d9ffd316be5272527cfe422ecc", kill_on_drop: false }`
[INFO] running `Command { std: "docker" "rm" "-f" "183dcb4faa14ba9685b1aa227d1693b4a143b8d9ffd316be5272527cfe422ecc", kill_on_drop: false }`
[INFO] [stdout] 183dcb4faa14ba9685b1aa227d1693b4a143b8d9ffd316be5272527cfe422ecc
