[INFO] cloning repository https://github.com/gmbeard/bbc-em
[INFO] running `Command { std: "git" "-c" "credential.helper=" "-c" "credential.helper=/workspace/cargo-home/bin/git-credential-null" "clone" "--bare" "https://github.com/gmbeard/bbc-em" "/workspace/cache/git-repos/https%3A%2F%2Fgithub.com%2Fgmbeard%2Fbbc-em", kill_on_drop: false }`
[INFO] [stderr] Cloning into bare repository '/workspace/cache/git-repos/https%3A%2F%2Fgithub.com%2Fgmbeard%2Fbbc-em'...
[INFO] running `Command { std: "git" "rev-parse" "HEAD", kill_on_drop: false }`
[INFO] [stdout] 1c4dabaa705c8338ef89aeed6de410996b16dc72
[INFO] testing gmbeard/bbc-em against 1.99.0-beta.8+cargoflags=--release for beta-release-1.100-2
[INFO] running `Command { std: "git" "clone" "/workspace/cache/git-repos/https%3A%2F%2Fgithub.com%2Fgmbeard%2Fbbc-em" "/workspace/builds/worker-4-tc1/source", kill_on_drop: false }`
[INFO] [stderr] Cloning into '/workspace/builds/worker-4-tc1/source'...
[INFO] [stderr] done.
[INFO] started tweaking git repo https://github.com/gmbeard/bbc-em
[INFO] finished tweaking git repo https://github.com/gmbeard/bbc-em
[INFO] tweaked toml for git repo https://github.com/gmbeard/bbc-em written to /workspace/builds/worker-4-tc1/source/Cargo.toml
[INFO] validating manifest of git repo https://github.com/gmbeard/bbc-em on toolchain 1.99.0-beta.8
[INFO] running `Command { std: CARGO_HOME="/workspace/cargo-home" RUSTUP_HOME="/workspace/rustup-home" "/workspace/cargo-home/bin/cargo" "+1.99.0-beta.8" "metadata" "--manifest-path" "Cargo.toml" "--no-deps", kill_on_drop: false }`
[INFO] crate git repo https://github.com/gmbeard/bbc-em already has a lockfile, it will not be regenerated
[INFO] running `Command { std: CARGO_HOME="/workspace/cargo-home" RUSTUP_HOME="/workspace/rustup-home" "/workspace/cargo-home/bin/cargo" "+1.99.0-beta.8" "fetch" "--manifest-path" "Cargo.toml", kill_on_drop: false }`
[INFO] [stderr] warning: Cargo.toml: `package.edition` is unspecified, defaulting to `2015` while the latest is `2024`
[INFO] [stderr] warning: `bbc_em` (manifest) generated 1 warning
[INFO] [stderr]     Updating crates.io index
[INFO] [stderr]  Downloading crates ...
[INFO] [stderr]   Downloaded lazy_static v0.2.9
[INFO] [stderr]   Downloaded minifb v0.10.3
[INFO] [stderr]   Downloaded x11-dl v2.14.0
[INFO] [stderr]   Downloaded pkg-config v0.3.9
[INFO] [stderr]   Downloaded utf8-ranges v1.0.0
[INFO] [stderr]   Downloaded redox_syscall v0.1.31
[INFO] [stderr]   Downloaded log v0.3.8
[INFO] [stderr]   Downloaded thread_local v0.3.4
[INFO] [stderr]   Downloaded num-iter v0.1.34
[INFO] [stderr]   Downloaded gdi32-sys v0.1.1
[INFO] [stderr]   Downloaded memchr v1.0.1
[INFO] [stderr]   Downloaded rand v0.3.16
[INFO] [stderr]   Downloaded magenta v0.1.1
[INFO] [stderr]   Downloaded user32-sys v0.1.2
[INFO] [stderr]   Downloaded magenta-sys v0.1.1
[INFO] [stderr]   Downloaded num-integer v0.1.35
[INFO] [stderr]   Downloaded sdl2-sys v0.30.0
[INFO] [stderr]   Downloaded num v0.1.40
[INFO] [stderr]   Downloaded num-traits v0.1.40
[INFO] [stderr]   Downloaded kernel32-sys v0.1.4
[INFO] [stderr]   Downloaded aho-corasick v0.6.3
[INFO] [stderr]   Downloaded time v0.1.38
[INFO] [stderr]   Downloaded gcc v0.3.54
[INFO] [stderr]   Downloaded sdl2 v0.30.0
[INFO] [stderr]   Downloaded regex-syntax v0.4.1
[INFO] [stderr]   Downloaded libc v0.2.31
[INFO] [stderr]   Downloaded regex v0.2.2
[INFO] [stderr]   Downloaded orbclient v0.3.12
[INFO] running `Command { std: "docker" "create" "-v" "/var/lib/crater-agent-workspace/builds/worker-4-tc1/source:/opt/rustwide/workdir:ro,Z" "-v" "/var/lib/crater-agent-workspace/builds/worker-4-tc1/target:/opt/rustwide/target:rw,Z" "-v" "/var/lib/crater-agent-workspace/cargo-home:/opt/rustwide/cargo-home:ro,Z" "-v" "/var/lib/crater-agent-workspace/rustup-home:/opt/rustwide/rustup-home:ro,Z" "-m" "1610612736" "--network" "none" "ghcr.io/rust-lang/crates-build-env/linux@sha256:77db811e55d90add9212f6832c23229e3de5f1c1f9905e8cb07319ea15df73ac" "sleep" "infinity", kill_on_drop: false }`
[INFO] [stdout] 763a3f6f2280a8f854fbedc2fad1e4b9b0ed07d29412310875357ea02a0c3e4e
[INFO] running `Command { std: "docker" "start" "763a3f6f2280a8f854fbedc2fad1e4b9b0ed07d29412310875357ea02a0c3e4e", kill_on_drop: false }`
[INFO] running `Command { std: "docker" "inspect" "763a3f6f2280a8f854fbedc2fad1e4b9b0ed07d29412310875357ea02a0c3e4e", kill_on_drop: false }`
[INFO] running `Command { std: "docker" "exec" "-e" "SOURCE_DIR=/opt/rustwide/workdir" "-e" "CARGO_HOME=/opt/rustwide/cargo-home" "-e" "RUSTUP_HOME=/opt/rustwide/rustup-home" "-e" "CARGO_TARGET_DIR=/opt/rustwide/target" "-w" "/opt/rustwide/workdir" "--user" "0:0" "763a3f6f2280a8f854fbedc2fad1e4b9b0ed07d29412310875357ea02a0c3e4e" "/opt/rustwide/cargo-home/bin/cargo" "+1.99.0-beta.8" "metadata" "--no-deps" "--format-version=1", kill_on_drop: false }`
[INFO] running `Command { std: "docker" "inspect" "763a3f6f2280a8f854fbedc2fad1e4b9b0ed07d29412310875357ea02a0c3e4e", kill_on_drop: false }`
[INFO] running `Command { std: "docker" "exec" "-e" "SOURCE_DIR=/opt/rustwide/workdir" "-e" "CARGO_HOME=/opt/rustwide/cargo-home" "-e" "RUSTUP_HOME=/opt/rustwide/rustup-home" "-e" "CARGO_TARGET_DIR=/opt/rustwide/target" "-e" "CARGO_INCREMENTAL=0" "-e" "RUST_BACKTRACE=full" "-e" "RUSTFLAGS=--cap-lints=warn" "-e" "RUSTDOCFLAGS=--cap-lints=warn" "-w" "/opt/rustwide/workdir" "--user" "0:0" "763a3f6f2280a8f854fbedc2fad1e4b9b0ed07d29412310875357ea02a0c3e4e" "/opt/rustwide/cargo-home/bin/cargo" "+1.99.0-beta.8" "build" "--frozen" "--message-format=json" "--release", kill_on_drop: false }`
[INFO] [stderr] warning: Cargo.toml: `package.edition` is unspecified, defaulting to `2015` while the latest is `2024`
[INFO] [stderr] warning: `bbc_em` (manifest) generated 1 warning
[INFO] [stderr]    Compiling libc v0.2.31
[INFO] [stderr]    Compiling lazy_static v0.2.9
[INFO] [stderr]    Compiling void v1.0.2
[INFO] [stderr]    Compiling pkg-config v0.3.9
[INFO] [stderr]    Compiling winapi-build v0.1.1
[INFO] [stderr]    Compiling gcc v0.3.54
[INFO] [stderr]    Compiling utf8-ranges v1.0.0
[INFO] [stderr]    Compiling regex-syntax v0.4.1
[INFO] [stderr]    Compiling log v0.3.8
[INFO] [stderr]    Compiling winapi v0.2.8
[INFO] [stderr]    Compiling glyphs v0.1.0 (/opt/rustwide/workdir/glyphs)
[INFO] [stderr]    Compiling unreachable v1.0.0
[INFO] [stderr]    Compiling thread_local v0.3.4
[INFO] [stderr]    Compiling kernel32-sys v0.2.2
[INFO] [stderr]    Compiling x11-dl v2.14.0
[INFO] [stderr]    Compiling minifb v0.10.3
[INFO] [stderr]    Compiling memchr v1.0.1
[INFO] [stderr]    Compiling time v0.1.38
[INFO] [stderr]    Compiling aho-corasick v0.6.3
[INFO] [stderr] warning: minifb@0.10.3: src/native/x11/X11MiniFB.c: In function 'setup_display':
[INFO] [stderr] warning: minifb@0.10.3: src/native/x11/X11MiniFB.c:158:22: error: implicit declaration of function 'XkbQueryExtension'; did you mean 'XQueryExtension'? [-Wimplicit-function-declaration]
[INFO] [stderr] warning: minifb@0.10.3:   158 |         s_keyb_ext = XkbQueryExtension(s_display, &majorOpcode, &eventBase, &errorBase, &major, &minor);
[INFO] [stderr] warning: minifb@0.10.3:       |                      ^~~~~~~~~~~~~~~~~
[INFO] [stderr] warning: minifb@0.10.3:       |                      XQueryExtension
[INFO] [stderr] warning: minifb@0.10.3: src/native/x11/X11MiniFB.c: In function 'handle_special_keys':
[INFO] [stderr] warning: minifb@0.10.3: src/native/x11/X11MiniFB.c:299:18: error: implicit declaration of function 'XkbKeycodeToKeysym'; did you mean 'XKeycodeToKeysym'? [-Wimplicit-function-declaration]
[INFO] [stderr] warning: minifb@0.10.3:   299 |         keySym = XkbKeycodeToKeysym(s_display, event->xkey.keycode, 0, 1);
[INFO] [stderr] warning: minifb@0.10.3:       |                  ^~~~~~~~~~~~~~~~~~
[INFO] [stderr] warning: minifb@0.10.3:       |                  XKeycodeToKeysym
[INFO] [stderr] warning: minifb@0.10.3: src/native/x11/X11MiniFB.c: In function 'process_event':
[INFO] [stderr] warning: minifb@0.10.3: src/native/x11/X11MiniFB.c:361:39: warning: comparison of integer expressions of different signedness: 'unsigned int' and 'int' [-Wsign-compare]
[INFO] [stderr] warning: minifb@0.10.3:   361 |                                 if (t != -1)
[INFO] [stderr] warning: minifb@0.10.3:       |                                       ^~
[INFO] [stderr] warning: minifb@0.10.3: src/native/x11/X11MiniFB.c: In function 'process_events':
[INFO] [stderr] warning: minifb@0.10.3: src/native/x11/X11MiniFB.c:453:12: warning: unused variable 'sym' [-Wunused-variable]
[INFO] [stderr] warning: minifb@0.10.3:   453 |     KeySym sym;
[INFO] [stderr] warning: minifb@0.10.3:       |            ^~~
[INFO] [stderr] warning: minifb@0.10.3: src/native/x11/X11MiniFB.c:452:12: warning: unused variable 'event' [-Wunused-variable]
[INFO] [stderr] warning: minifb@0.10.3:   452 |     XEvent event;
[INFO] [stderr] warning: minifb@0.10.3:       |            ^~~~~
[INFO] [stderr] warning: minifb@0.10.3: src/native/x11/X11MiniFB.c: In function 'mfb_update':
[INFO] [stderr] warning: minifb@0.10.3: src/native/x11/X11MiniFB.c:561:42: warning: unused parameter 'buffer' [-Wunused-parameter]
[INFO] [stderr] warning: minifb@0.10.3:   561 | void mfb_update(void* window_info, void* buffer)
[INFO] [stderr] warning: minifb@0.10.3:       |                                    ~~~~~~^~~~~~
[INFO] [stderr] error: failed to run custom build command for `minifb v0.10.3`
[INFO] [stderr] note: To improve backtraces for build dependencies, set the CARGO_PROFILE_RELEASE_BUILD_OVERRIDE_DEBUG=true environment variable to enable debug information generation.
[INFO] [stderr] 
[INFO] [stderr] Caused by:
[INFO] [stderr]   process didn't exit successfully: `/opt/rustwide/target/release/build/minifb-3875d4112b60877b/build-script-build` (exit status: 101)
[INFO] [stderr]   --- stdout
[INFO] [stderr]   TARGET = Some("x86_64-unknown-linux-gnu")
[INFO] [stderr]   OPT_LEVEL = Some("3")
[INFO] [stderr]   TARGET = Some("x86_64-unknown-linux-gnu")
[INFO] [stderr]   HOST = Some("x86_64-unknown-linux-gnu")
[INFO] [stderr]   TARGET = Some("x86_64-unknown-linux-gnu")
[INFO] [stderr]   TARGET = Some("x86_64-unknown-linux-gnu")
[INFO] [stderr]   HOST = Some("x86_64-unknown-linux-gnu")
[INFO] [stderr]   CC_x86_64-unknown-linux-gnu = None
[INFO] [stderr]   CC_x86_64_unknown_linux_gnu = None
[INFO] [stderr]   HOST_CC = None
[INFO] [stderr]   CC = None
[INFO] [stderr]   HOST = Some("x86_64-unknown-linux-gnu")
[INFO] [stderr]   TARGET = Some("x86_64-unknown-linux-gnu")
[INFO] [stderr]   HOST = Some("x86_64-unknown-linux-gnu")
[INFO] [stderr]   CFLAGS_x86_64-unknown-linux-gnu = None
[INFO] [stderr]   CFLAGS_x86_64_unknown_linux_gnu = None
[INFO] [stderr]   HOST_CFLAGS = None
[INFO] [stderr]   CFLAGS = None
[INFO] [stderr]   DEBUG = Some("false")
[INFO] [stderr]   running: "cc" "-O3" "-ffunction-sections" "-fdata-sections" "-fPIC" "-m64" "-Wall" "-Wextra" "-o" "/opt/rustwide/target/release/build/minifb-7398aa9dd179ff2c/out/src/native/x11/X11MiniFB.o" "-c" "src/native/x11/X11MiniFB.c"
[INFO] [stderr]   cargo:warning=src/native/x11/X11MiniFB.c: In function 'setup_display':
[INFO] [stderr]   cargo:warning=src/native/x11/X11MiniFB.c:158:22: error: implicit declaration of function 'XkbQueryExtension'; did you mean 'XQueryExtension'? [-Wimplicit-function-declaration]
[INFO] [stderr]   cargo:warning=  158 |         s_keyb_ext = XkbQueryExtension(s_display, &majorOpcode, &eventBase, &errorBase, &major, &minor);
[INFO] [stderr]   cargo:warning=      |                      ^~~~~~~~~~~~~~~~~
[INFO] [stderr]   cargo:warning=      |                      XQueryExtension
[INFO] [stderr]   cargo:warning=src/native/x11/X11MiniFB.c: In function 'handle_special_keys':
[INFO] [stderr]   cargo:warning=src/native/x11/X11MiniFB.c:299:18: error: implicit declaration of function 'XkbKeycodeToKeysym'; did you mean 'XKeycodeToKeysym'? [-Wimplicit-function-declaration]
[INFO] [stderr]   cargo:warning=  299 |         keySym = XkbKeycodeToKeysym(s_display, event->xkey.keycode, 0, 1);
[INFO] [stderr]   cargo:warning=      |                  ^~~~~~~~~~~~~~~~~~
[INFO] [stderr]   cargo:warning=      |                  XKeycodeToKeysym
[INFO] [stderr]   cargo:warning=src/native/x11/X11MiniFB.c: In function 'process_event':
[INFO] [stderr]   cargo:warning=src/native/x11/X11MiniFB.c:361:39: warning: comparison of integer expressions of different signedness: 'unsigned int' and 'int' [-Wsign-compare]
[INFO] [stderr]   cargo:warning=  361 |                                 if (t != -1)
[INFO] [stderr]   cargo:warning=      |                                       ^~
[INFO] [stderr]   cargo:warning=src/native/x11/X11MiniFB.c: In function 'process_events':
[INFO] [stderr]   cargo:warning=src/native/x11/X11MiniFB.c:453:12: warning: unused variable 'sym' [-Wunused-variable]
[INFO] [stderr]   cargo:warning=  453 |     KeySym sym;
[INFO] [stderr]   cargo:warning=      |            ^~~
[INFO] [stderr]   cargo:warning=src/native/x11/X11MiniFB.c:452:12: warning: unused variable 'event' [-Wunused-variable]
[INFO] [stderr]   cargo:warning=  452 |     XEvent event;
[INFO] [stderr]   cargo:warning=      |            ^~~~~
[INFO] [stderr]   cargo:warning=src/native/x11/X11MiniFB.c: In function 'mfb_update':
[INFO] [stderr]   cargo:warning=src/native/x11/X11MiniFB.c:561:42: warning: unused parameter 'buffer' [-Wunused-parameter]
[INFO] [stderr]   cargo:warning=  561 | void mfb_update(void* window_info, void* buffer)
[INFO] [stderr]   cargo:warning=      |                                    ~~~~~~^~~~~~
[INFO] [stderr]   exit status: 1
[INFO] [stderr] 
[INFO] [stderr]   --- stderr
[INFO] [stderr] 
[INFO] [stderr]   thread 'main' (262) panicked at /opt/rustwide/cargo-home/registry/src/index.crates.io-1949cf8c6b5b557f/gcc-0.3.54/src/lib.rs:1670:5:
[INFO] [stderr] 
[INFO] [stderr] 
[INFO] [stderr]   Internal error occurred: Command "cc" "-O3" "-ffunction-sections" "-fdata-sections" "-fPIC" "-m64" "-Wall" "-Wextra" "-o" "/opt/rustwide/target/release/build/minifb-7398aa9dd179ff2c/out/src/native/x11/X11MiniFB.o" "-c" "src/native/x11/X11MiniFB.c" with args "cc" did not execute successfully (status code exit status: 1).
[INFO] [stderr] 
[INFO] [stderr] 
[INFO] [stderr]   stack backtrace:
[INFO] [stderr]      0:     0x612b42186c71 - <<std[70759c8f55707aa4]::sys::backtrace::BacktraceLock>::print::DisplayBacktrace as core[df12db4294e9bfd3]::fmt::Display>::fmt
[INFO] [stderr]      1:     0x612b4219a55a - core[df12db4294e9bfd3]::fmt::write
[INFO] [stderr]      2:     0x612b4218c76c - <std[70759c8f55707aa4]::sys::stdio::unix::Stderr as core[df12db4294e9bfd3]::io::write::Write>::write_fmt
[INFO] [stderr]      3:     0x612b42165146 - std[70759c8f55707aa4]::panicking::default_hook::{closure#0}
[INFO] [stderr]      4:     0x612b42181471 - std[70759c8f55707aa4]::panicking::default_hook
[INFO] [stderr]      5:     0x612b4218162b - std[70759c8f55707aa4]::panicking::panic_with_hook
[INFO] [stderr]      6:     0x612b421651f2 - std[70759c8f55707aa4]::panicking::panic_handler::{closure#0}
[INFO] [stderr]      7:     0x612b4215df09 - std[70759c8f55707aa4]::sys::backtrace::__rust_end_short_backtrace::<std[70759c8f55707aa4]::panicking::panic_handler::{closure#0}, !>
[INFO] [stderr]      8:     0x612b42165add - __rustc[8fa7c3cbc660c2b3]::rust_begin_unwind
[INFO] [stderr]      9:     0x612b4219accc - core[df12db4294e9bfd3]::panicking::panic_fmt
[INFO] [stderr]     10:     0x612b4212fe17 - gcc[5f1c54f95bd19549]::fail
[INFO] [stderr]     11:     0x612b4213aefd - <gcc[5f1c54f95bd19549]::Build>::compile
[INFO] [stderr]     12:     0x612b4212f473 - gcc[5f1c54f95bd19549]::compile_library
[INFO] [stderr]     13:     0x612b4212db23 - build_script_build[dc570e2d85ee606b]::main
[INFO] [stderr]     14:     0x612b4212dc13 - <fn() as core[df12db4294e9bfd3]::ops::function::FnOnce<()>>::call_once
[INFO] [stderr]     15:     0x612b4212d91e - std[70759c8f55707aa4]::sys::backtrace::__rust_begin_short_backtrace::<fn(), ()>
[INFO] [stderr]     16:     0x612b4212d929 - std[70759c8f55707aa4]::rt::lang_start::<()>::{closure#0}
[INFO] [stderr]     17:     0x612b421808a9 - std[70759c8f55707aa4]::rt::lang_start_internal
[INFO] [stderr]     18:     0x612b4212d911 - std[70759c8f55707aa4]::rt::lang_start::<()>
[INFO] [stderr]     19:     0x612b4212dc55 - main
[INFO] [stderr]     20:     0x70f21f968601 - <unknown>
[INFO] [stderr]     21:     0x70f21f968718 - __libc_start_main
[INFO] [stderr]     22:     0x612b4212d825 - _start
[INFO] [stderr]     23:                0x0 - <unknown>
[INFO] [stderr] warning: build failed, waiting for other jobs to finish...
[INFO] running `Command { std: "docker" "inspect" "763a3f6f2280a8f854fbedc2fad1e4b9b0ed07d29412310875357ea02a0c3e4e", kill_on_drop: false }`
[INFO] running `Command { std: "docker" "rm" "-f" "763a3f6f2280a8f854fbedc2fad1e4b9b0ed07d29412310875357ea02a0c3e4e", kill_on_drop: false }`
[INFO] [stdout] 763a3f6f2280a8f854fbedc2fad1e4b9b0ed07d29412310875357ea02a0c3e4e
