[INFO] cloning repository https://github.com/gmartin82/cyclonedds-helloworld-rust
[INFO] running `Command { std: "git" "-c" "credential.helper=" "-c" "credential.helper=/workspace/cargo-home/bin/git-credential-null" "clone" "--bare" "https://github.com/gmartin82/cyclonedds-helloworld-rust" "/workspace/cache/git-repos/https%3A%2F%2Fgithub.com%2Fgmartin82%2Fcyclonedds-helloworld-rust", kill_on_drop: false }`
[INFO] [stderr] Cloning into bare repository '/workspace/cache/git-repos/https%3A%2F%2Fgithub.com%2Fgmartin82%2Fcyclonedds-helloworld-rust'...
[INFO] running `Command { std: "git" "rev-parse" "HEAD", kill_on_drop: false }`
[INFO] [stdout] 784f56f705a613aa0d7bfcc56f2023c6916acdc7
[INFO] testing gmartin82/cyclonedds-helloworld-rust against 1.99.0-beta.8+cargoflags=--release for beta-release-1.100-2
[INFO] running `Command { std: "git" "clone" "/workspace/cache/git-repos/https%3A%2F%2Fgithub.com%2Fgmartin82%2Fcyclonedds-helloworld-rust" "/workspace/builds/worker-1-tc1/source", kill_on_drop: false }`
[INFO] [stderr] Cloning into '/workspace/builds/worker-1-tc1/source'...
[INFO] [stderr] done.
[INFO] started tweaking git repo https://github.com/gmartin82/cyclonedds-helloworld-rust
[INFO] finished tweaking git repo https://github.com/gmartin82/cyclonedds-helloworld-rust
[INFO] tweaked toml for git repo https://github.com/gmartin82/cyclonedds-helloworld-rust written to /workspace/builds/worker-1-tc1/source/Cargo.toml
[INFO] validating manifest of git repo https://github.com/gmartin82/cyclonedds-helloworld-rust on toolchain 1.99.0-beta.8
[INFO] running `Command { std: CARGO_HOME="/workspace/cargo-home" RUSTUP_HOME="/workspace/rustup-home" "/workspace/cargo-home/bin/cargo" "+1.99.0-beta.8" "metadata" "--manifest-path" "Cargo.toml" "--no-deps", kill_on_drop: false }`
[INFO] crate git repo https://github.com/gmartin82/cyclonedds-helloworld-rust already has a lockfile, it will not be regenerated
[INFO] running `Command { std: CARGO_HOME="/workspace/cargo-home" RUSTUP_HOME="/workspace/rustup-home" "/workspace/cargo-home/bin/cargo" "+1.99.0-beta.8" "fetch" "--manifest-path" "Cargo.toml", kill_on_drop: false }`
[INFO] [stderr]     Blocking waiting for file lock on package cache
[INFO] [stderr]     Updating git repository `https://github.com/gmartin82/cyclors`
[INFO] [stderr]     Updating git submodule `https://github.com/eclipse-cyclonedds/cyclonedds.git`
[INFO] [stderr]     Updating git submodule `https://github.com/eclipse-iceoryx/iceoryx.git`
[INFO] [stderr]  Downloading crates ...
[INFO] [stderr]   Downloaded serde_derive v1.0.189
[INFO] [stderr]   Downloaded proc-macro2 v1.0.69
[INFO] [stderr]   Downloaded quote v1.0.33
[INFO] [stderr]   Downloaded serde v1.0.189
[INFO] [stderr]   Downloaded shlex v1.2.0
[INFO] [stderr]   Downloaded errno v0.3.5
[INFO] [stderr]   Downloaded cmake v0.1.50
[INFO] [stderr]   Downloaded prettyplease v0.2.15
[INFO] [stderr]   Downloaded bitflags v2.4.1
[INFO] [stderr]   Downloaded clang-sys v1.6.1
[INFO] [stderr]   Downloaded cc v1.0.83
[INFO] [stderr]   Downloaded memchr v2.6.4
[INFO] [stderr]   Downloaded aho-corasick v1.1.2
[INFO] [stderr]   Downloaded regex v1.10.1
[INFO] [stderr]   Downloaded syn v2.0.38
[INFO] [stderr]   Downloaded bindgen v0.68.1
[INFO] [stderr]   Downloaded rustix v0.38.19
[INFO] [stderr]   Downloaded regex-syntax v0.8.2
[INFO] [stderr]   Downloaded regex-automata v0.4.2
[INFO] [stderr]   Downloaded libc v0.2.149
[INFO] [stderr]   Downloaded linux-raw-sys v0.4.10
[INFO] running `Command { std: "docker" "create" "-v" "/var/lib/crater-agent-workspace/builds/worker-1-tc1/source:/opt/rustwide/workdir:ro,Z" "-v" "/var/lib/crater-agent-workspace/builds/worker-1-tc1/target:/opt/rustwide/target:rw,Z" "-v" "/var/lib/crater-agent-workspace/cargo-home:/opt/rustwide/cargo-home:ro,Z" "-v" "/var/lib/crater-agent-workspace/rustup-home:/opt/rustwide/rustup-home:ro,Z" "-m" "1610612736" "--network" "none" "ghcr.io/rust-lang/crates-build-env/linux@sha256:77db811e55d90add9212f6832c23229e3de5f1c1f9905e8cb07319ea15df73ac" "sleep" "infinity", kill_on_drop: false }`
[INFO] [stdout] 341caab9e6d6d300fc81b1445ccdd820fcf5e8cd804d6a8ed7fb77d8ee8b5172
[INFO] running `Command { std: "docker" "start" "341caab9e6d6d300fc81b1445ccdd820fcf5e8cd804d6a8ed7fb77d8ee8b5172", kill_on_drop: false }`
[INFO] running `Command { std: "docker" "inspect" "341caab9e6d6d300fc81b1445ccdd820fcf5e8cd804d6a8ed7fb77d8ee8b5172", kill_on_drop: false }`
[INFO] running `Command { std: "docker" "exec" "-e" "SOURCE_DIR=/opt/rustwide/workdir" "-e" "CARGO_HOME=/opt/rustwide/cargo-home" "-e" "RUSTUP_HOME=/opt/rustwide/rustup-home" "-e" "CARGO_TARGET_DIR=/opt/rustwide/target" "-w" "/opt/rustwide/workdir" "--user" "0:0" "341caab9e6d6d300fc81b1445ccdd820fcf5e8cd804d6a8ed7fb77d8ee8b5172" "/opt/rustwide/cargo-home/bin/cargo" "+1.99.0-beta.8" "metadata" "--no-deps" "--format-version=1", kill_on_drop: false }`
[INFO] running `Command { std: "docker" "inspect" "341caab9e6d6d300fc81b1445ccdd820fcf5e8cd804d6a8ed7fb77d8ee8b5172", kill_on_drop: false }`
[INFO] running `Command { std: "docker" "exec" "-e" "SOURCE_DIR=/opt/rustwide/workdir" "-e" "CARGO_HOME=/opt/rustwide/cargo-home" "-e" "RUSTUP_HOME=/opt/rustwide/rustup-home" "-e" "CARGO_TARGET_DIR=/opt/rustwide/target" "-e" "CARGO_INCREMENTAL=0" "-e" "RUST_BACKTRACE=full" "-e" "RUSTFLAGS=--cap-lints=warn" "-e" "RUSTDOCFLAGS=--cap-lints=warn" "-w" "/opt/rustwide/workdir" "--user" "0:0" "341caab9e6d6d300fc81b1445ccdd820fcf5e8cd804d6a8ed7fb77d8ee8b5172" "/opt/rustwide/cargo-home/bin/cargo" "+1.99.0-beta.8" "build" "--frozen" "--message-format=json" "--release", kill_on_drop: false }`
[INFO] [stderr]    Compiling proc-macro2 v1.0.69
[INFO] [stderr]    Compiling unicode-ident v1.0.12
[INFO] [stderr]    Compiling libc v0.2.149
[INFO] [stderr]    Compiling glob v0.3.1
[INFO] [stderr]    Compiling rustix v0.38.19
[INFO] [stderr]    Compiling prettyplease v0.2.15
[INFO] [stderr]    Compiling minimal-lexical v0.2.1
[INFO] [stderr]    Compiling memchr v2.6.4
[INFO] [stderr]    Compiling linux-raw-sys v0.4.10
[INFO] [stderr]    Compiling regex-syntax v0.8.2
[INFO] [stderr]    Compiling bitflags v2.4.1
[INFO] [stderr]    Compiling cfg-if v1.0.0
[INFO] [stderr]    Compiling home v0.5.5
[INFO] [stderr]    Compiling either v1.9.0
[INFO] [stderr]    Compiling bindgen v0.68.1
[INFO] [stderr]    Compiling serde v1.0.189
[INFO] [stderr]    Compiling libloading v0.7.4
[INFO] [stderr]    Compiling peeking_take_while v0.1.2
[INFO] [stderr]    Compiling log v0.4.20
[INFO] [stderr]    Compiling lazycell v1.3.0
[INFO] [stderr]    Compiling shlex v1.2.0
[INFO] [stderr]    Compiling syn v1.0.109
[INFO] [stderr]    Compiling lazy_static v1.4.0
[INFO] [stderr]    Compiling rustc-hash v1.1.0
[INFO] [stderr]    Compiling serde_json v1.0.107
[INFO] [stderr]    Compiling itoa v1.0.9
[INFO] [stderr]    Compiling ryu v1.0.15
[INFO] [stderr]    Compiling clang-sys v1.6.1
[INFO] [stderr]    Compiling nom v7.1.3
[INFO] [stderr]    Compiling cc v1.0.83
[INFO] [stderr]    Compiling quote v1.0.33
[INFO] [stderr]    Compiling syn v2.0.38
[INFO] [stderr]    Compiling cmake v0.1.50
[INFO] [stderr]    Compiling cexpr v0.6.0
[INFO] [stderr]    Compiling regex-automata v0.4.2
[INFO] [stderr]    Compiling which v4.4.2
[INFO] [stderr]    Compiling derivative v2.2.0
[INFO] [stderr]    Compiling regex v1.10.1
[INFO] [stderr]    Compiling serde_derive v1.0.189
[INFO] [stderr]    Compiling cyclors v0.2.0 (https://github.com/gmartin82/cyclors?branch=cyclonedds-psmx#ada1c5ed)
[INFO] [stderr]    Compiling bincode v1.3.3
[INFO] [stderr] error: failed to run custom build command for `cyclors v0.2.0 (https://github.com/gmartin82/cyclors?branch=cyclonedds-psmx#ada1c5ed)`
[INFO] [stderr] note: To improve backtraces for build dependencies, set the CARGO_PROFILE_RELEASE_BUILD_OVERRIDE_DEBUG=true environment variable to enable debug information generation.
[INFO] [stderr] 
[INFO] [stderr] Caused by:
[INFO] [stderr]   process didn't exit successfully: `/opt/rustwide/target/release/build/cyclors-a40d39826c4ca67a/build-script-build` (exit status: 101)
[INFO] [stderr]   --- stdout
[INFO] [stderr]   CMAKE_TOOLCHAIN_FILE_x86_64-unknown-linux-gnu = None
[INFO] [stderr]   CMAKE_TOOLCHAIN_FILE_x86_64_unknown_linux_gnu = None
[INFO] [stderr]   HOST_CMAKE_TOOLCHAIN_FILE = None
[INFO] [stderr]   CMAKE_TOOLCHAIN_FILE = None
[INFO] [stderr]   CMAKE_GENERATOR_x86_64-unknown-linux-gnu = None
[INFO] [stderr]   CMAKE_GENERATOR_x86_64_unknown_linux_gnu = None
[INFO] [stderr]   HOST_CMAKE_GENERATOR = None
[INFO] [stderr]   CMAKE_GENERATOR = None
[INFO] [stderr]   CMAKE_PREFIX_PATH_x86_64-unknown-linux-gnu = None
[INFO] [stderr]   CMAKE_PREFIX_PATH_x86_64_unknown_linux_gnu = None
[INFO] [stderr]   HOST_CMAKE_PREFIX_PATH = None
[INFO] [stderr]   CMAKE_PREFIX_PATH = None
[INFO] [stderr]   CMAKE_x86_64-unknown-linux-gnu = None
[INFO] [stderr]   CMAKE_x86_64_unknown_linux_gnu = None
[INFO] [stderr]   HOST_CMAKE = None
[INFO] [stderr]   CMAKE = None
[INFO] [stderr]   running: cd "/opt/rustwide/target/release/build/cyclors-1c5c6c1c937d990a/out/iceoryx-build/build" && CMAKE_PREFIX_PATH="" "cmake" "/opt/rustwide/cargo-home/git/checkouts/cyclors-fce12de246d3a970/ada1c5e/iceoryx/iceoryx_meta" "-DBUILD_SHARED_LIBS=OFF" "-DCMAKE_INSTALL_PREFIX=/opt/rustwide/target/release/build/cyclors-1c5c6c1c937d990a/out/iceoryx-build" "-DCMAKE_C_FLAGS= -ffunction-sections -fdata-sections -fPIC -m64" "-DCMAKE_C_COMPILER=/usr/bin/cc" "-DCMAKE_CXX_FLAGS= -ffunction-sections -fdata-sections -fPIC -m64" "-DCMAKE_CXX_COMPILER=/usr/bin/c++" "-DCMAKE_ASM_FLAGS= -ffunction-sections -fdata-sections -fPIC -m64" "-DCMAKE_ASM_COMPILER=/usr/bin/cc" "-DCMAKE_BUILD_TYPE=Release"
[INFO] [stderr]   -- The C compiler identification is GNU 15.2.0
[INFO] [stderr]   -- The CXX compiler identification is GNU 15.2.0
[INFO] [stderr]   -- Detecting C compiler ABI info
[INFO] [stderr]   -- Detecting C compiler ABI info - done
[INFO] [stderr]   -- Check for working C compiler: /usr/bin/cc - skipped
[INFO] [stderr]   -- Detecting C compile features
[INFO] [stderr]   -- Detecting C compile features - done
[INFO] [stderr]   -- Detecting CXX compiler ABI info
[INFO] [stderr]   -- Detecting CXX compiler ABI info - done
[INFO] [stderr]   -- Check for working CXX compiler: /usr/bin/c++ - skipped
[INFO] [stderr]   -- Detecting CXX compile features
[INFO] [stderr]   -- Detecting CXX compile features - done
[INFO] [stderr]   -- Performing Test CMAKE_HAVE_LIBC_PTHREAD
[INFO] [stderr]   -- Performing Test CMAKE_HAVE_LIBC_PTHREAD - Success
[INFO] [stderr]   -- Found Threads: TRUE
[INFO] [stderr]   -- The package 'iceoryx_hoofs' is used in source code version.
[INFO] [stderr]   -- Configuring done (0.1s)
[INFO] [stderr]   -- Generating done (0.0s)
[INFO] [stderr]   -- Build files have been written to: /opt/rustwide/target/release/build/cyclors-1c5c6c1c937d990a/out/iceoryx-build/build/dependencies/cpptoml/download
[INFO] [stderr]   [ 11%] Creating directories for 'ext_cpptoml'
[INFO] [stderr]   [ 22%] Performing download step (git clone) for 'ext_cpptoml'
[INFO] [stderr]   -- Configuring incomplete, errors occurred!
[INFO] [stderr] 
[INFO] [stderr]   --- stderr
[INFO] [stderr]   Cloning into 'src'...
[INFO] [stderr]   fatal: unable to access 'https://github.com/skystrife/cpptoml.git/': Could not resolve host: github.com
[INFO] [stderr]   Cloning into 'src'...
[INFO] [stderr]   fatal: unable to access 'https://github.com/skystrife/cpptoml.git/': Could not resolve host: github.com
[INFO] [stderr]   Cloning into 'src'...
[INFO] [stderr]   fatal: unable to access 'https://github.com/skystrife/cpptoml.git/': Could not resolve host: github.com
[INFO] [stderr]   Had to git clone more than once: 3 times.
[INFO] [stderr]   CMake Error at download/ext_cpptoml-prefix/tmp/ext_cpptoml-gitclone.cmake:50 (message):
[INFO] [stderr]     Failed to clone repository: 'https://github.com/skystrife/cpptoml.git'
[INFO] [stderr] 
[INFO] [stderr] 
[INFO] [stderr]   gmake[2]: *** [CMakeFiles/ext_cpptoml.dir/build.make:99: ext_cpptoml-prefix/src/ext_cpptoml-stamp/ext_cpptoml-download] Error 1
[INFO] [stderr]   gmake[1]: *** [CMakeFiles/Makefile2:87: CMakeFiles/ext_cpptoml.dir/all] Error 2
[INFO] [stderr]   gmake: *** [Makefile:91: all] Error 2
[INFO] [stderr]   CMake Error at /opt/rustwide/cargo-home/git/checkouts/cyclors-fce12de246d3a970/ada1c5e/iceoryx/iceoryx_posh/cmake/cpptoml/CMakeLists.txt:55 (message):
[INFO] [stderr]     Build step [download] for cpptoml failed: 2
[INFO] [stderr] 
[INFO] [stderr] 
[INFO] [stderr] 
[INFO] [stderr]   thread 'main' (857) panicked at /opt/rustwide/cargo-home/registry/src/index.crates.io-1949cf8c6b5b557f/cmake-0.1.50/src/lib.rs:1098:5:
[INFO] [stderr] 
[INFO] [stderr]   command did not execute successfully, got: exit status: 1
[INFO] [stderr] 
[INFO] [stderr]   build script failed, must exit now
[INFO] [stderr]   stack backtrace:
[INFO] [stderr]      0:     0x64e6a4acf711 - <<std[70759c8f55707aa4]::sys::backtrace::BacktraceLock>::print::DisplayBacktrace as core[df12db4294e9bfd3]::fmt::Display>::fmt
[INFO] [stderr]      1:     0x64e6a4ae755a - core[df12db4294e9bfd3]::fmt::write
[INFO] [stderr]      2:     0x64e6a4ad5c1c - <std[70759c8f55707aa4]::sys::stdio::unix::Stderr as core[df12db4294e9bfd3]::io::write::Write>::write_fmt
[INFO] [stderr]      3:     0x64e6a4aace26 - std[70759c8f55707aa4]::panicking::default_hook::{closure#0}
[INFO] [stderr]      4:     0x64e6a4ac9751 - std[70759c8f55707aa4]::panicking::default_hook
[INFO] [stderr]      5:     0x64e6a4ac9a7b - std[70759c8f55707aa4]::panicking::panic_with_hook
[INFO] [stderr]      6:     0x64e6a4aaced2 - std[70759c8f55707aa4]::panicking::panic_handler::{closure#0}
[INFO] [stderr]      7:     0x64e6a4aa5a69 - std[70759c8f55707aa4]::sys::backtrace::__rust_end_short_backtrace::<std[70759c8f55707aa4]::panicking::panic_handler::{closure#0}, !>
[INFO] [stderr]      8:     0x64e6a4aad6ed - __rustc[8fa7c3cbc660c2b3]::rust_begin_unwind
[INFO] [stderr]      9:     0x64e6a4ae7d7c - core[df12db4294e9bfd3]::panicking::panic_fmt
[INFO] [stderr]     10:     0x64e6a45b4ad7 - cmake[c2cb51dee31cde1]::fail
[INFO] [stderr]     11:     0x64e6a45b4791 - cmake[c2cb51dee31cde1]::run
[INFO] [stderr]     12:     0x64e6a45b9cb4 - <cmake[c2cb51dee31cde1]::Config>::build
[INFO] [stderr]     13:     0x64e6a45a3bb6 - build_script_build[ea19089e09b2735f]::main
[INFO] [stderr]     14:     0x64e6a45a6583 - <fn() as core[df12db4294e9bfd3]::ops::function::FnOnce<()>>::call_once
[INFO] [stderr]     15:     0x64e6a45a350e - std[70759c8f55707aa4]::sys::backtrace::__rust_begin_short_backtrace::<fn(), ()>
[INFO] [stderr]     16:     0x64e6a45a3519 - std[70759c8f55707aa4]::rt::lang_start::<()>::{closure#0}
[INFO] [stderr]     17:     0x64e6a4ac87d9 - std[70759c8f55707aa4]::rt::lang_start_internal
[INFO] [stderr]     18:     0x64e6a45a2f01 - std[70759c8f55707aa4]::rt::lang_start::<()>
[INFO] [stderr]     19:     0x64e6a45a6715 - main
[INFO] [stderr]     20:     0x7906cc840601 - <unknown>
[INFO] [stderr]     21:     0x7906cc840718 - __libc_start_main
[INFO] [stderr]     22:     0x64e6a45a1575 - _start
[INFO] [stderr]     23:                0x0 - <unknown>
[INFO] [stderr] warning: build failed, waiting for other jobs to finish...
[INFO] running `Command { std: "docker" "inspect" "341caab9e6d6d300fc81b1445ccdd820fcf5e8cd804d6a8ed7fb77d8ee8b5172", kill_on_drop: false }`
[INFO] running `Command { std: "docker" "rm" "-f" "341caab9e6d6d300fc81b1445ccdd820fcf5e8cd804d6a8ed7fb77d8ee8b5172", kill_on_drop: false }`
[INFO] [stdout] 341caab9e6d6d300fc81b1445ccdd820fcf5e8cd804d6a8ed7fb77d8ee8b5172
