[INFO] cloning repository https://github.com/gmaijoe/grin_miner
[INFO] running `Command { std: "git" "-c" "credential.helper=" "-c" "credential.helper=/workspace/cargo-home/bin/git-credential-null" "clone" "--bare" "https://github.com/gmaijoe/grin_miner" "/workspace/cache/git-repos/https%3A%2F%2Fgithub.com%2Fgmaijoe%2Fgrin_miner", kill_on_drop: false }`
[INFO] [stderr] Cloning into bare repository '/workspace/cache/git-repos/https%3A%2F%2Fgithub.com%2Fgmaijoe%2Fgrin_miner'...
[INFO] running `Command { std: "git" "rev-parse" "HEAD", kill_on_drop: false }`
[INFO] [stdout] e2e3deaff644206a2af7c0cedecf85c816423dbb
[INFO] testing gmaijoe/grin_miner against 1.99.0-beta.8+cargoflags=--release for beta-release-1.100-2
[INFO] running `Command { std: "git" "clone" "/workspace/cache/git-repos/https%3A%2F%2Fgithub.com%2Fgmaijoe%2Fgrin_miner" "/workspace/builds/worker-4-tc1/source", kill_on_drop: false }`
[INFO] [stderr] Cloning into '/workspace/builds/worker-4-tc1/source'...
[INFO] [stderr] done.
[INFO] started tweaking git repo https://github.com/gmaijoe/grin_miner
[INFO] finished tweaking git repo https://github.com/gmaijoe/grin_miner
[INFO] tweaked toml for git repo https://github.com/gmaijoe/grin_miner written to /workspace/builds/worker-4-tc1/source/Cargo.toml
[INFO] validating manifest of git repo https://github.com/gmaijoe/grin_miner on toolchain 1.99.0-beta.8
[INFO] running `Command { std: CARGO_HOME="/workspace/cargo-home" RUSTUP_HOME="/workspace/rustup-home" "/workspace/cargo-home/bin/cargo" "+1.99.0-beta.8" "metadata" "--manifest-path" "Cargo.toml" "--no-deps", kill_on_drop: false }`
[INFO] crate git repo https://github.com/gmaijoe/grin_miner already has a lockfile, it will not be regenerated
[INFO] running `Command { std: CARGO_HOME="/workspace/cargo-home" RUSTUP_HOME="/workspace/rustup-home" "/workspace/cargo-home/bin/cargo" "+1.99.0-beta.8" "fetch" "--manifest-path" "Cargo.toml", kill_on_drop: false }`
[INFO] [stderr] warning: cuckoo-miner/Cargo.toml: `package.edition` is unspecified, defaulting to `2015` while the latest is `2024`
[INFO] [stderr] warning: `cuckoo_miner` (manifest) generated 1 warning
[INFO] [stderr] warning: config/Cargo.toml: `package.edition` is unspecified, defaulting to `2015` while the latest is `2024`
[INFO] [stderr] warning: `grin_miner_config` (manifest) generated 1 warning
[INFO] [stderr] warning: plugin/Cargo.toml: `package.edition` is unspecified, defaulting to `2015` while the latest is `2024`
[INFO] [stderr] warning: `grin_miner_plugin` (manifest) generated 1 warning
[INFO] [stderr] warning: util/Cargo.toml: `package.edition` is unspecified, defaulting to `2015` while the latest is `2024`
[INFO] [stderr] warning: `grin_miner_util` (manifest) generated 1 warning
[INFO] [stderr] warning: Cargo.toml: `package.edition` is unspecified, defaulting to `2015` while the latest is `2024`
[INFO] [stderr] warning: `grin-miner` (manifest) generated 1 warning
[INFO] [stderr]     Updating crates.io index
[INFO] [stderr]     Blocking waiting for file lock on package cache
[INFO] [stderr]  Downloading crates ...
[INFO] [stderr]   Downloaded redox_syscall v0.1.40
[INFO] [stderr]   Downloaded rand_xorshift v0.1.0
[INFO] [stderr]   Downloaded cfg-if v0.1.5
[INFO] [stderr]   Downloaded rand_core v0.2.2
[INFO] [stderr]   Downloaded rand_isaac v0.1.1
[INFO] [stderr]   Downloaded remove_dir_all v0.5.1
[INFO] [stderr]   Downloaded bitflags v1.0.4
[INFO] [stderr]   Downloaded num v0.2.0
[INFO] [stderr]   Downloaded scopeguard v0.3.3
[INFO] [stderr]   Downloaded built v0.2.3
[INFO] [stderr]   Downloaded time v0.1.40
[INFO] [stderr]   Downloaded rand_chacha v0.1.0
[INFO] [stderr]   Downloaded lazy_static v1.1.0
[INFO] [stderr]   Downloaded pkg-config v0.3.14
[INFO] [stderr]   Downloaded const-cstr v0.2.1
[INFO] [stderr]   Downloaded reexport-proc-macro v1.0.5
[INFO] [stderr]   Downloaded array-macro v1.0.2
[INFO] [stderr]   Downloaded smallvec v0.6.5
[INFO] [stderr]   Downloaded parking_lot v0.6.4
[INFO] [stderr]   Downloaded parking_lot_core v0.3.1
[INFO] [stderr]   Downloaded owning_ref v0.3.3
[INFO] [stderr]   Downloaded crossbeam-utils v0.5.0
[INFO] [stderr]   Downloaded unicode-bidi v0.3.4
[INFO] [stderr]   Downloaded bitflags v0.9.1
[INFO] [stderr]   Downloaded bufstream v0.1.3
[INFO] [stderr]   Downloaded itoa v0.4.3
[INFO] [stderr]   Downloaded proc-macro2 v0.4.19
[INFO] [stderr]   Downloaded rand_core v0.3.0
[INFO] [stderr]   Downloaded rand_pcg v0.1.1
[INFO] [stderr]   Downloaded rand_hc v0.1.0
[INFO] [stderr]   Downloaded security-framework-sys v0.2.1
[INFO] [stderr]   Downloaded core-foundation-sys v0.5.1
[INFO] [stderr]   Downloaded byteorder v0.5.3
[INFO] [stderr]   Downloaded enum-map-derive v0.4.0
[INFO] [stderr]   Downloaded memoffset v0.2.1
[INFO] [stderr]   Downloaded isatty v0.1.9
[INFO] [stderr]   Downloaded unicode-width v0.1.5
[INFO] [stderr]   Downloaded lock_api v0.1.4
[INFO] [stderr]   Downloaded crossbeam-epoch v0.6.0
[INFO] [stderr]   Downloaded openssl-probe v0.1.2
[INFO] [stderr]   Downloaded take_mut v0.2.2
[INFO] [stderr]   Downloaded rustc-demangle v0.1.9
[INFO] [stderr]   Downloaded constant_time_eq v0.1.3
[INFO] [stderr]   Downloaded dirs v1.0.3
[INFO] [stderr]   Downloaded utf8-ranges v1.0.1
[INFO] [stderr]   Downloaded owning_ref v0.4.0
[INFO] [stderr]   Downloaded stable_deref_trait v1.1.1
[INFO] [stderr]   Downloaded num-iter v0.1.37
[INFO] [stderr]   Downloaded maplit v1.0.1
[INFO] [stderr]   Downloaded blake2-rfc v0.2.18
[INFO] [stderr]   Downloaded memchr v2.0.2
[INFO] [stderr]   Downloaded cmake v0.1.34
[INFO] [stderr]   Downloaded slog-async v2.3.0
[INFO] [stderr]   Downloaded rand v0.3.22
[INFO] [stderr]   Downloaded backtrace v0.3.9
[INFO] [stderr]   Downloaded nodrop v0.1.12
[INFO] [stderr]   Downloaded num-complex v0.2.1
[INFO] [stderr]   Downloaded enum-map v0.4.1
[INFO] [stderr]   Downloaded native-tls v0.2.2
[INFO] [stderr]   Downloaded aho-corasick v0.6.8
[INFO] [stderr]   Downloaded rand v0.5.5
[INFO] [stderr]   Downloaded url v1.7.1
[INFO] [stderr]   Downloaded unicode-xid v0.1.0
[INFO] [stderr]   Downloaded quote v0.6.8
[INFO] [stderr]   Downloaded tempfile v3.0.5
[INFO] [stderr]   Downloaded cloudabi v0.0.3
[INFO] [stderr]   Downloaded vcpkg v0.2.6
[INFO] [stderr]   Downloaded log v0.4.5
[INFO] [stderr]   Downloaded byteorder v1.2.6
[INFO] [stderr]   Downloaded num-integer v0.1.39
[INFO] [stderr]   Downloaded lazy_static v0.2.11
[INFO] [stderr]   Downloaded arrayvec v0.4.7
[INFO] [stderr]   Downloaded rustc-serialize v0.3.24
[INFO] [stderr]   Downloaded ucd-util v0.1.1
[INFO] [stderr]   Downloaded log v0.3.9
[INFO] [stderr]   Downloaded libloading v0.4.3
[INFO] [stderr]   Downloaded glob v0.2.11
[INFO] [stderr]   Downloaded fs_extra v1.1.0
[INFO] [stderr]   Downloaded libc v0.1.12
[INFO] [stderr]   Downloaded xi-unicode v0.1.0
[INFO] [stderr]   Downloaded term_size v0.3.1
[INFO] [stderr]   Downloaded signal-hook v0.1.5
[INFO] [stderr]   Downloaded num-rational v0.2.1
[INFO] [stderr]   Downloaded ncurses v5.94.0
[INFO] [stderr]   Downloaded enumset v0.3.10
[INFO] [stderr]   Downloaded term v0.4.6
[INFO] [stderr]   Downloaded slog v2.1.1
[INFO] [stderr]   Downloaded ryu v0.2.6
[INFO] [stderr]   Downloaded security-framework v0.2.1
[INFO] [stderr]   Downloaded core-foundation v0.5.1
[INFO] [stderr]   Downloaded schannel v0.1.14
[INFO] [stderr]   Downloaded version_check v0.1.4
[INFO] [stderr]   Downloaded cc v1.0.25
[INFO] [stderr]   Downloaded slog-term v2.4.0
[INFO] [stderr]   Downloaded term v0.5.1
[INFO] [stderr]   Downloaded num-traits v0.2.6
[INFO] [stderr]   Downloaded toml v0.4.6
[INFO] [stderr]   Downloaded gcc v0.3.54
[INFO] [stderr]   Downloaded arc-swap v0.3.4
[INFO] [stderr]   Downloaded git2 v0.6.11
[INFO] [stderr]   Downloaded serde_derive v1.0.78
[INFO] [stderr]   Downloaded openssl-sys v0.9.39
[INFO] [stderr]   Downloaded unicode-segmentation v1.2.1
[INFO] [stderr]   Downloaded serde v1.0.78
[INFO] [stderr]   Downloaded rand v0.4.3
[INFO] [stderr]   Downloaded crossbeam-channel v0.2.6
[INFO] [stderr]   Downloaded serde_json v1.0.27
[INFO] [stderr]   Downloaded syn v0.15.4
[INFO] [stderr]   Downloaded chrono v0.4.6
[INFO] [stderr]   Downloaded unicode-normalization v0.1.7
[INFO] [stderr]   Downloaded cursive v0.9.2
[INFO] [stderr]   Downloaded syn v0.14.9
[INFO] [stderr]   Downloaded rand v0.6.1
[INFO] [stderr]   Downloaded openssl v0.10.15
[INFO] [stderr]   Downloaded libc v0.2.43
[INFO] [stderr]   Downloaded libz-sys v1.0.22
[INFO] [stderr]   Downloaded backtrace-sys v0.1.24
[INFO] [stderr]   Downloaded rust-crypto v0.2.36
[INFO] [stderr]   Downloaded winapi v0.3.5
[INFO] [stderr]   Downloaded libgit2-sys v0.6.19
[INFO] running `Command { std: "docker" "create" "-v" "/var/lib/crater-agent-workspace/builds/worker-4-tc1/source:/opt/rustwide/workdir:ro,Z" "-v" "/var/lib/crater-agent-workspace/builds/worker-4-tc1/target:/opt/rustwide/target:rw,Z" "-v" "/var/lib/crater-agent-workspace/cargo-home:/opt/rustwide/cargo-home:ro,Z" "-v" "/var/lib/crater-agent-workspace/rustup-home:/opt/rustwide/rustup-home:ro,Z" "-m" "1610612736" "--network" "none" "ghcr.io/rust-lang/crates-build-env/linux@sha256:77db811e55d90add9212f6832c23229e3de5f1c1f9905e8cb07319ea15df73ac" "sleep" "infinity", kill_on_drop: false }`
[INFO] [stdout] a997da557715a60b0abc3ec03e3e9cfbb2bb1b559814a146c5f98f63bb11b5c2
[INFO] running `Command { std: "docker" "start" "a997da557715a60b0abc3ec03e3e9cfbb2bb1b559814a146c5f98f63bb11b5c2", kill_on_drop: false }`
[INFO] running `Command { std: "docker" "inspect" "a997da557715a60b0abc3ec03e3e9cfbb2bb1b559814a146c5f98f63bb11b5c2", kill_on_drop: false }`
[INFO] running `Command { std: "docker" "exec" "-e" "SOURCE_DIR=/opt/rustwide/workdir" "-e" "CARGO_HOME=/opt/rustwide/cargo-home" "-e" "RUSTUP_HOME=/opt/rustwide/rustup-home" "-e" "CARGO_TARGET_DIR=/opt/rustwide/target" "-w" "/opt/rustwide/workdir" "--user" "0:0" "a997da557715a60b0abc3ec03e3e9cfbb2bb1b559814a146c5f98f63bb11b5c2" "/opt/rustwide/cargo-home/bin/cargo" "+1.99.0-beta.8" "metadata" "--no-deps" "--format-version=1", kill_on_drop: false }`
[INFO] running `Command { std: "docker" "inspect" "a997da557715a60b0abc3ec03e3e9cfbb2bb1b559814a146c5f98f63bb11b5c2", kill_on_drop: false }`
[INFO] running `Command { std: "docker" "exec" "-e" "SOURCE_DIR=/opt/rustwide/workdir" "-e" "CARGO_HOME=/opt/rustwide/cargo-home" "-e" "RUSTUP_HOME=/opt/rustwide/rustup-home" "-e" "CARGO_TARGET_DIR=/opt/rustwide/target" "-e" "CARGO_INCREMENTAL=0" "-e" "RUST_BACKTRACE=full" "-e" "RUSTFLAGS=--cap-lints=warn" "-e" "RUSTDOCFLAGS=--cap-lints=warn" "-w" "/opt/rustwide/workdir" "--user" "0:0" "a997da557715a60b0abc3ec03e3e9cfbb2bb1b559814a146c5f98f63bb11b5c2" "/opt/rustwide/cargo-home/bin/cargo" "+1.99.0-beta.8" "build" "--frozen" "--message-format=json" "--release", kill_on_drop: false }`
[INFO] [stderr] warning: config/Cargo.toml: `package.edition` is unspecified, defaulting to `2015` while the latest is `2024`
[INFO] [stderr] warning: `grin_miner_config` (manifest) generated 1 warning
[INFO] [stderr] warning: plugin/Cargo.toml: `package.edition` is unspecified, defaulting to `2015` while the latest is `2024`
[INFO] [stderr] warning: `grin_miner_plugin` (manifest) generated 1 warning
[INFO] [stderr] warning: util/Cargo.toml: `package.edition` is unspecified, defaulting to `2015` while the latest is `2024`
[INFO] [stderr] warning: `grin_miner_util` (manifest) generated 1 warning
[INFO] [stderr] warning: Cargo.toml: `package.edition` is unspecified, defaulting to `2015` while the latest is `2024`
[INFO] [stderr] warning: `grin-miner` (manifest) generated 1 warning
[INFO] [stderr] warning: cuckoo-miner/Cargo.toml: `package.edition` is unspecified, defaulting to `2015` while the latest is `2024`
[INFO] [stderr] warning: `cuckoo_miner` (manifest) generated 1 warning
[INFO] [stderr]    Compiling cc v1.0.25
[INFO] [stderr]    Compiling libc v0.2.43
[INFO] [stderr]    Compiling pkg-config v0.3.14
[INFO] [stderr]    Compiling version_check v0.1.4
[INFO] [stderr]    Compiling serde v1.0.78
[INFO] [stderr]    Compiling cfg-if v0.1.5
[INFO] [stderr]    Compiling num-traits v0.2.6
[INFO] [stderr]    Compiling proc-macro2 v0.4.19
[INFO] [stderr]    Compiling unicode-xid v0.1.0
[INFO] [stderr]    Compiling semver-parser v0.7.0
[INFO] [stderr]    Compiling num-integer v0.1.39
[INFO] [stderr]    Compiling nodrop v0.1.12
[INFO] [stderr]    Compiling matches v0.1.8
[INFO] [stderr]    Compiling void v1.0.2
[INFO] [stderr]    Compiling rand_core v0.3.0
[INFO] [stderr]    Compiling unicode-bidi v0.3.4
[INFO] [stderr]    Compiling arrayvec v0.4.7
[INFO] [stderr]    Compiling unicode-normalization v0.1.7
[INFO] [stderr]    Compiling stable_deref_trait v1.1.1
[INFO] [stderr]    Compiling ryu v0.2.6
[INFO] [stderr]    Compiling semver v0.9.0
[INFO] [stderr]    Compiling rand_core v0.2.2
[INFO] [stderr]    Compiling unreachable v1.0.0
[INFO] [stderr]    Compiling lazy_static v1.1.0
[INFO] [stderr]    Compiling rustc_version v0.2.3
[INFO] [stderr]    Compiling scopeguard v0.3.3
[INFO] [stderr]    Compiling percent-encoding v1.0.1
[INFO] [stderr]    Compiling slog v2.1.1
[INFO] [stderr]    Compiling byteorder v1.2.6
[INFO] [stderr]    Compiling gcc v0.3.54
[INFO] [stderr]    Compiling smallvec v0.6.5
[INFO] [stderr]    Compiling time v0.1.40
[INFO] [stderr]    Compiling rand v0.4.3
[INFO] [stderr]    Compiling parking_lot_core v0.3.1
[INFO] [stderr]    Compiling rand v0.5.5
[INFO] [stderr]    Compiling term v0.5.1
[INFO] [stderr]    Compiling memchr v2.0.2
[INFO] [stderr]    Compiling thread_local v0.3.6
[INFO] [stderr]    Compiling isatty v0.1.9
[INFO] [stderr]    Compiling cmake v0.1.34
[INFO] [stderr]    Compiling owning_ref v0.3.3
[INFO] [stderr]    Compiling log v0.4.5
[INFO] [stderr]    Compiling ucd-util v0.1.1
[INFO] [stderr]    Compiling num-rational v0.2.1
[INFO] [stderr]    Compiling num-iter v0.1.37
[INFO] [stderr]    Compiling quote v0.6.8
[INFO] [stderr]    Compiling num-complex v0.2.1
[INFO] [stderr]    Compiling syn v0.15.4
[INFO] [stderr]    Compiling bitflags v0.9.1
[INFO] [stderr]    Compiling libz-sys v1.0.22
[INFO] [stderr]    Compiling backtrace-sys v0.1.24
[INFO] [stderr]    Compiling openssl-sys v0.9.39
[INFO] [stderr]    Compiling libgit2-sys v0.6.19
[INFO] [stderr]    Compiling rand v0.3.22
[INFO] [stderr]    Compiling itoa v0.4.3
[INFO] [stderr]    Compiling take_mut v0.2.2
[INFO] [stderr]    Compiling rust-crypto v0.2.36
[INFO] [stderr]    Compiling regex v0.2.11
[INFO] [stderr]    Compiling rustc-demangle v0.1.9
[INFO] [stderr]    Compiling fs_extra v1.1.0
[INFO] [stderr]    Compiling libloading v0.4.3
[INFO] [stderr]    Compiling constant_time_eq v0.1.3
[INFO] [stderr]    Compiling blake2-rfc v0.2.18
[INFO] [stderr] warning: openssl-sys@0.9.39: /opt/rustwide/target/release/build/openssl-sys-15fa56382f65452b/out/expando.c:4:24: error: pasting "RUST_VERSION_OPENSSL_" and "(" does not give a valid preprocessing token
[INFO] [stderr] warning: openssl-sys@0.9.39:     4 | #define VERSION2(n, v) RUST_VERSION_ ## n ## _ ## v
[INFO] [stderr] warning: openssl-sys@0.9.39:       |                        ^~~~~~~~~~~~~
[INFO] [stderr] warning: openssl-sys@0.9.39: /opt/rustwide/target/release/build/openssl-sys-15fa56382f65452b/out/expando.c:5:23: note: in expansion of macro 'VERSION2'
[INFO] [stderr] warning: openssl-sys@0.9.39:     5 | #define VERSION(n, v) VERSION2(n, v)
[INFO] [stderr] warning: openssl-sys@0.9.39:       |                       ^~~~~~~~
[INFO] [stderr] warning: openssl-sys@0.9.39: /opt/rustwide/target/release/build/openssl-sys-15fa56382f65452b/out/expando.c:7:1: note: in expansion of macro 'VERSION'
[INFO] [stderr] warning: openssl-sys@0.9.39:     7 | VERSION(OPENSSL, OPENSSL_VERSION_NUMBER)
[INFO] [stderr] warning: openssl-sys@0.9.39:       | ^~~~~~~
[INFO] [stderr] error: failed to run custom build command for `openssl-sys v0.9.39`
[INFO] [stderr] note: To improve backtraces for build dependencies, set the CARGO_PROFILE_RELEASE_BUILD_OVERRIDE_DEBUG=true environment variable to enable debug information generation.
[INFO] [stderr] 
[INFO] [stderr] Caused by:
[INFO] [stderr]   process didn't exit successfully: `/opt/rustwide/target/release/build/openssl-sys-8e9f9c0202696f86/build-script-main` (exit status: 101)
[INFO] [stderr]   --- stdout
[INFO] [stderr]   cargo:rerun-if-env-changed=X86_64_UNKNOWN_LINUX_GNU_OPENSSL_LIB_DIR
[INFO] [stderr]   cargo:rerun-if-env-changed=OPENSSL_LIB_DIR
[INFO] [stderr]   cargo:rerun-if-env-changed=X86_64_UNKNOWN_LINUX_GNU_OPENSSL_INCLUDE_DIR
[INFO] [stderr]   cargo:rerun-if-env-changed=OPENSSL_INCLUDE_DIR
[INFO] [stderr]   cargo:rerun-if-env-changed=X86_64_UNKNOWN_LINUX_GNU_OPENSSL_DIR
[INFO] [stderr]   cargo:rerun-if-env-changed=OPENSSL_DIR
[INFO] [stderr]   cargo:rustc-link-lib=ssl
[INFO] [stderr]   cargo:rustc-link-lib=crypto
[INFO] [stderr]   OPT_LEVEL = Some("3")
[INFO] [stderr]   TARGET = Some("x86_64-unknown-linux-gnu")
[INFO] [stderr]   HOST = Some("x86_64-unknown-linux-gnu")
[INFO] [stderr]   CC_x86_64-unknown-linux-gnu = None
[INFO] [stderr]   CC_x86_64_unknown_linux_gnu = None
[INFO] [stderr]   HOST_CC = None
[INFO] [stderr]   CC = None
[INFO] [stderr]   CFLAGS_x86_64-unknown-linux-gnu = None
[INFO] [stderr]   CFLAGS_x86_64_unknown_linux_gnu = None
[INFO] [stderr]   HOST_CFLAGS = None
[INFO] [stderr]   CFLAGS = None
[INFO] [stderr]   DEBUG = Some("false")
[INFO] [stderr]   running: "cc" "-O3" "-ffunction-sections" "-fdata-sections" "-fPIC" "-m64" "-Wall" "-Wextra" "-E" "/opt/rustwide/target/release/build/openssl-sys-15fa56382f65452b/out/expando.c"
[INFO] [stderr]   cargo:warning=/opt/rustwide/target/release/build/openssl-sys-15fa56382f65452b/out/expando.c:4:24: error: pasting "RUST_VERSION_OPENSSL_" and "(" does not give a valid preprocessing token
[INFO] [stderr]   cargo:warning=    4 | #define VERSION2(n, v) RUST_VERSION_ ## n ## _ ## v
[INFO] [stderr]   cargo:warning=      |                        ^~~~~~~~~~~~~
[INFO] [stderr]   cargo:warning=/opt/rustwide/target/release/build/openssl-sys-15fa56382f65452b/out/expando.c:5:23: note: in expansion of macro 'VERSION2'
[INFO] [stderr]   cargo:warning=    5 | #define VERSION(n, v) VERSION2(n, v)
[INFO] [stderr]   cargo:warning=      |                       ^~~~~~~~
[INFO] [stderr]   cargo:warning=/opt/rustwide/target/release/build/openssl-sys-15fa56382f65452b/out/expando.c:7:1: note: in expansion of macro 'VERSION'
[INFO] [stderr]   cargo:warning=    7 | VERSION(OPENSSL, OPENSSL_VERSION_NUMBER)
[INFO] [stderr]   cargo:warning=      | ^~~~~~~
[INFO] [stderr]   exit status: 1
[INFO] [stderr] 
[INFO] [stderr]   --- stderr
[INFO] [stderr] 
[INFO] [stderr]   thread 'main' (1016) panicked at /opt/rustwide/cargo-home/registry/src/index.crates.io-1949cf8c6b5b557f/openssl-sys-0.9.39/build/main.rs:432:13:
[INFO] [stderr] 
[INFO] [stderr]   Header expansion error:
[INFO] [stderr]   Error { kind: ToolExecError, message: "Command \"cc\" \"-O3\" \"-ffunction-sections\" \"-fdata-sections\" \"-fPIC\" \"-m64\" \"-Wall\" \"-Wextra\" \"-E\" \"/opt/rustwide/target/release/build/openssl-sys-15fa56382f65452b/out/expando.c\" with args \"cc\" did not execute successfully (status code exit status: 1)." }
[INFO] [stderr] 
[INFO] [stderr]   Failed to find OpenSSL development headers.
[INFO] [stderr] 
[INFO] [stderr]   You can try fixing this setting the `OPENSSL_DIR` environment variable
[INFO] [stderr]   pointing to your OpenSSL installation or installing OpenSSL headers package
[INFO] [stderr]   specific to your distribution:
[INFO] [stderr] 
[INFO] [stderr]       # On Ubuntu
[INFO] [stderr]       sudo apt-get install libssl-dev
[INFO] [stderr]       # On Arch Linux
[INFO] [stderr]       sudo pacman -S openssl
[INFO] [stderr]       # On Fedora
[INFO] [stderr]       sudo dnf install openssl-devel
[INFO] [stderr] 
[INFO] [stderr]   See rust-openssl README for more information:
[INFO] [stderr] 
[INFO] [stderr]       https://github.com/sfackler/rust-openssl#linux
[INFO] [stderr] 
[INFO] [stderr]   stack backtrace:
[INFO] [stderr]      0:     0x630a78087211 - <<std[70759c8f55707aa4]::sys::backtrace::BacktraceLock>::print::DisplayBacktrace as core[df12db4294e9bfd3]::fmt::Display>::fmt
[INFO] [stderr]      1:     0x630a7809b8aa - core[df12db4294e9bfd3]::fmt::write
[INFO] [stderr]      2:     0x630a7808d09c - <std[70759c8f55707aa4]::sys::stdio::unix::Stderr as core[df12db4294e9bfd3]::io::write::Write>::write_fmt
[INFO] [stderr]      3:     0x630a78066896 - std[70759c8f55707aa4]::panicking::default_hook::{closure#0}
[INFO] [stderr]      4:     0x630a78081f21 - std[70759c8f55707aa4]::panicking::default_hook
[INFO] [stderr]      5:     0x630a780820db - std[70759c8f55707aa4]::panicking::panic_with_hook
[INFO] [stderr]      6:     0x630a78066942 - std[70759c8f55707aa4]::panicking::panic_handler::{closure#0}
[INFO] [stderr]      7:     0x630a7805f3b9 - std[70759c8f55707aa4]::sys::backtrace::__rust_end_short_backtrace::<std[70759c8f55707aa4]::panicking::panic_handler::{closure#0}, !>
[INFO] [stderr]      8:     0x630a780671fd - __rustc[8fa7c3cbc660c2b3]::rust_begin_unwind
[INFO] [stderr]      9:     0x630a7809c01c - core[df12db4294e9bfd3]::panicking::panic_fmt
[INFO] [stderr]     10:     0x630a78009356 - build_script_main[b5cabe3395fc89ca]::validate_headers
[INFO] [stderr]     11:     0x630a7800ca93 - build_script_main[b5cabe3395fc89ca]::imp::try_pkg_config
[INFO] [stderr]     12:     0x630a7800ce58 - build_script_main[b5cabe3395fc89ca]::imp::find_openssl_dir
[INFO] [stderr]     13:     0x630a780074a7 - build_script_main[b5cabe3395fc89ca]::imp::get_openssl::{closure#0}
[INFO] [stderr]     14:     0x630a780057f0 - <core[df12db4294e9bfd3]::option::Option<std[70759c8f55707aa4]::ffi::os_str::OsString>>::unwrap_or_else::<build_script_main[b5cabe3395fc89ca]::imp::get_openssl::{closure#0}>
[INFO] [stderr]     15:     0x630a7800c38f - build_script_main[b5cabe3395fc89ca]::imp::get_openssl
[INFO] [stderr]     16:     0x630a78009af4 - build_script_main[b5cabe3395fc89ca]::main
[INFO] [stderr]     17:     0x630a7800f703 - <fn() as core[df12db4294e9bfd3]::ops::function::FnOnce<()>>::call_once
[INFO] [stderr]     18:     0x630a78011b5e - std[70759c8f55707aa4]::sys::backtrace::__rust_begin_short_backtrace::<fn(), ()>
[INFO] [stderr]     19:     0x630a78011cd9 - std[70759c8f55707aa4]::rt::lang_start::<()>::{closure#0}
[INFO] [stderr]     20:     0x630a780812e9 - std[70759c8f55707aa4]::rt::lang_start_internal
[INFO] [stderr]     21:     0x630a78011b21 - std[70759c8f55707aa4]::rt::lang_start::<()>
[INFO] [stderr]     22:     0x630a7800f995 - main
[INFO] [stderr]     23:     0x7eae37175601 - <unknown>
[INFO] [stderr]     24:     0x7eae37175718 - __libc_start_main
[INFO] [stderr]     25:     0x630a78005555 - _start
[INFO] [stderr]     26:                0x0 - <unknown>
[INFO] [stderr] warning: build failed, waiting for other jobs to finish...
[INFO] [stderr] error: failed to run custom build command for `libgit2-sys v0.6.19`
[INFO] [stderr] note: To improve backtraces for build dependencies, set the CARGO_PROFILE_RELEASE_BUILD_OVERRIDE_DEBUG=true environment variable to enable debug information generation.
[INFO] [stderr] 
[INFO] [stderr] Caused by:
[INFO] [stderr]   process didn't exit successfully: `/opt/rustwide/target/release/build/libgit2-sys-3f2cda3fda1875ce/build-script-build` (exit status: 101)
[INFO] [stderr]   --- stdout
[INFO] [stderr]   running: cd "/opt/rustwide/target/release/build/libgit2-sys-a20c6f043da965ee/out/build" && CMAKE_PREFIX_PATH="" "cmake" "/opt/rustwide/cargo-home/registry/src/index.crates.io-1949cf8c6b5b557f/libgit2-sys-0.6.19/libgit2" "-DUSE_SSH=OFF" "-DUSE_OPENSSL=OFF" "-DCURL=OFF" "-DBUILD_SHARED_LIBS=OFF" "-DBUILD_CLAR=OFF" "-DCMAKE_INSTALL_PREFIX=/opt/rustwide/target/release/build/libgit2-sys-a20c6f043da965ee/out" "-DCMAKE_C_FLAGS= -ffunction-sections -fdata-sections -fPIC -m64" "-DCMAKE_C_COMPILER=/usr/bin/cc" "-DCMAKE_CXX_FLAGS= -ffunction-sections -fdata-sections -fPIC -m64" "-DCMAKE_CXX_COMPILER=/usr/bin/c++" "-DCMAKE_BUILD_TYPE=Debug"
[INFO] [stderr]   -- The C compiler identification is GNU 15.2.0
[INFO] [stderr]   -- Detecting C compiler ABI info
[INFO] [stderr]   -- Detecting C compiler ABI info - done
[INFO] [stderr]   -- Check for working C compiler: /usr/bin/cc - skipped
[INFO] [stderr]   -- Detecting C compile features
[INFO] [stderr]   -- Detecting C compile features - done
[INFO] [stderr]   -- Configuring incomplete, errors occurred!
[INFO] [stderr] 
[INFO] [stderr]   --- stderr
[INFO] [stderr]   fatal: not a git repository (or any parent up to mount point /opt/rustwide)
[INFO] [stderr]   Stopping at filesystem boundary (GIT_DISCOVERY_ACROSS_FILESYSTEM not set).
[INFO] [stderr]   CMake Warning (dev) at CMakeLists.txt:14 (PROJECT):
[INFO] [stderr]     cmake_minimum_required() should be called prior to this top-level project()
[INFO] [stderr]     call.  Please see the cmake-commands(7) manual for usage documentation of
[INFO] [stderr]     both commands.
[INFO] [stderr]   This warning is for project developers.  Use -Wno-dev to suppress it.
[INFO] [stderr] 
[INFO] [stderr]   CMake Error at CMakeLists.txt:15 (CMAKE_MINIMUM_REQUIRED):
[INFO] [stderr]     Compatibility with CMake < 3.5 has been removed from CMake.
[INFO] [stderr] 
[INFO] [stderr]     Update the VERSION argument <min> value.  Or, use the <min>...<max> syntax
[INFO] [stderr]     to tell CMake that the project requires at least <min> but has been updated
[INFO] [stderr]     to work with policies introduced by <max> or earlier.
[INFO] [stderr] 
[INFO] [stderr]     Or, add -DCMAKE_POLICY_VERSION_MINIMUM=3.5 to try configuring anyway.
[INFO] [stderr] 
[INFO] [stderr] 
[INFO] [stderr] 
[INFO] [stderr]   thread 'main' (861) panicked at /opt/rustwide/cargo-home/registry/src/index.crates.io-1949cf8c6b5b557f/cmake-0.1.34/src/lib.rs:776:5:
[INFO] [stderr] 
[INFO] [stderr]   command did not execute successfully, got: exit status: 1
[INFO] [stderr] 
[INFO] [stderr]   build script failed, must exit now
[INFO] [stderr]   stack backtrace:
[INFO] [stderr]      0:     0x566a8cfd0781 - <<std[70759c8f55707aa4]::sys::backtrace::BacktraceLock>::print::DisplayBacktrace as core[df12db4294e9bfd3]::fmt::Display>::fmt
[INFO] [stderr]      1:     0x566a8cfe48ba - core[df12db4294e9bfd3]::fmt::write
[INFO] [stderr]      2:     0x566a8cfd62ac - <std[70759c8f55707aa4]::sys::stdio::unix::Stderr as core[df12db4294e9bfd3]::io::write::Write>::write_fmt
[INFO] [stderr]      3:     0x566a8cfaffb6 - std[70759c8f55707aa4]::panicking::default_hook::{closure#0}
[INFO] [stderr]      4:     0x566a8cfcb571 - std[70759c8f55707aa4]::panicking::default_hook
[INFO] [stderr]      5:     0x566a8cfcb72b - std[70759c8f55707aa4]::panicking::panic_with_hook
[INFO] [stderr]      6:     0x566a8cfb0062 - std[70759c8f55707aa4]::panicking::panic_handler::{closure#0}
[INFO] [stderr]      7:     0x566a8cfa8b69 - std[70759c8f55707aa4]::sys::backtrace::__rust_end_short_backtrace::<std[70759c8f55707aa4]::panicking::panic_handler::{closure#0}, !>
[INFO] [stderr]      8:     0x566a8cfb0a9d - __rustc[8fa7c3cbc660c2b3]::rust_begin_unwind
[INFO] [stderr]      9:     0x566a8cfe4fec - core[df12db4294e9bfd3]::panicking::panic_fmt
[INFO] [stderr]     10:     0x566a8cf705a7 - cmake[b1579124181dd5b7]::fail
[INFO] [stderr]     11:     0x566a8cf70261 - cmake[b1579124181dd5b7]::run
[INFO] [stderr]     12:     0x566a8cf736c4 - <cmake[b1579124181dd5b7]::Config>::build
[INFO] [stderr]     13:     0x566a8cf54c66 - build_script_build[4b7b6615caf00a36]::main
[INFO] [stderr]     14:     0x566a8cf568f3 - <fn() as core[df12db4294e9bfd3]::ops::function::FnOnce<()>>::call_once
[INFO] [stderr]     15:     0x566a8cf5248e - std[70759c8f55707aa4]::sys::backtrace::__rust_begin_short_backtrace::<fn(), ()>
[INFO] [stderr]     16:     0x566a8cf52a39 - std[70759c8f55707aa4]::rt::lang_start::<()>::{closure#0}
[INFO] [stderr]     17:     0x566a8cfca9a9 - std[70759c8f55707aa4]::rt::lang_start_internal
[INFO] [stderr]     18:     0x566a8cf51e61 - std[70759c8f55707aa4]::rt::lang_start::<()>
[INFO] [stderr]     19:     0x566a8cf56965 - main
[INFO] [stderr]     20:     0x77da9e18a601 - <unknown>
[INFO] [stderr]     21:     0x77da9e18a718 - __libc_start_main
[INFO] [stderr]     22:     0x566a8cf50f35 - _start
[INFO] [stderr]     23:                0x0 - <unknown>
[INFO] running `Command { std: "docker" "inspect" "a997da557715a60b0abc3ec03e3e9cfbb2bb1b559814a146c5f98f63bb11b5c2", kill_on_drop: false }`
[INFO] running `Command { std: "docker" "rm" "-f" "a997da557715a60b0abc3ec03e3e9cfbb2bb1b559814a146c5f98f63bb11b5c2", kill_on_drop: false }`
[INFO] [stdout] a997da557715a60b0abc3ec03e3e9cfbb2bb1b559814a146c5f98f63bb11b5c2
