[INFO] cloning repository https://github.com/glm9637/fractal-arch-demo
[INFO] running `Command { std: "git" "-c" "credential.helper=" "-c" "credential.helper=/workspace/cargo-home/bin/git-credential-null" "clone" "--bare" "https://github.com/glm9637/fractal-arch-demo" "/workspace/cache/git-repos/https%3A%2F%2Fgithub.com%2Fglm9637%2Ffractal-arch-demo", kill_on_drop: false }`
[INFO] [stderr] Cloning into bare repository '/workspace/cache/git-repos/https%3A%2F%2Fgithub.com%2Fglm9637%2Ffractal-arch-demo'...
[INFO] running `Command { std: "git" "rev-parse" "HEAD", kill_on_drop: false }`
[INFO] [stdout] 0b1cb4916e726b0bfbf860b61709b429241f32af
[INFO] testing glm9637/fractal-arch-demo against 1.100.0-beta.1+cargoflags=--release for beta-release-1.100-2
[INFO] running `Command { std: "git" "clone" "/workspace/cache/git-repos/https%3A%2F%2Fgithub.com%2Fglm9637%2Ffractal-arch-demo" "/workspace/builds/worker-6-tc2/source", kill_on_drop: false }`
[INFO] [stderr] Cloning into '/workspace/builds/worker-6-tc2/source'...
[INFO] [stderr] done.
[INFO] started tweaking git repo https://github.com/glm9637/fractal-arch-demo
[INFO] finished tweaking git repo https://github.com/glm9637/fractal-arch-demo
[INFO] tweaked toml for git repo https://github.com/glm9637/fractal-arch-demo written to /workspace/builds/worker-6-tc2/source/Cargo.toml
[INFO] validating manifest of git repo https://github.com/glm9637/fractal-arch-demo on toolchain 1.100.0-beta.1
[INFO] running `Command { std: CARGO_HOME="/workspace/cargo-home" RUSTUP_HOME="/workspace/rustup-home" "/workspace/cargo-home/bin/cargo" "+1.100.0-beta.1" "metadata" "--manifest-path" "Cargo.toml" "--no-deps", kill_on_drop: false }`
[INFO] crate git repo https://github.com/glm9637/fractal-arch-demo already has a lockfile, it will not be regenerated
[INFO] running `Command { std: CARGO_HOME="/workspace/cargo-home" RUSTUP_HOME="/workspace/rustup-home" "/workspace/cargo-home/bin/cargo" "+1.100.0-beta.1" "fetch" "--manifest-path" "Cargo.toml", kill_on_drop: false }`
[INFO] [stderr] warning: unused workspace dependency `console_error_panic_hook`
[INFO] [stderr]  --> Cargo.toml:9:1
[INFO] [stderr]   |
[INFO] [stderr] 9 | console_error_panic_hook = "0.1.7"
[INFO] [stderr]   | ^^^^^^^^^^^^^^^^^^^^^^^^
[INFO] [stderr]   |
[INFO] [stderr]   = note: `cargo::unused_workspace_dependencies` is set to `warn` by default
[INFO] [stderr] help: consider removing the workspace dependency `console_error_panic_hook`
[INFO] [stderr] warning: unused workspace dependency `env_logger`
[INFO] [stderr]   --> Cargo.toml:10:1
[INFO] [stderr]    |
[INFO] [stderr] 10 | env_logger = "0.11"
[INFO] [stderr]    | ^^^^^^^^^^
[INFO] [stderr]    |
[INFO] [stderr] help: consider removing the workspace dependency `env_logger`
[INFO] [stderr] warning: unused workspace dependency `once_cell`
[INFO] [stderr]   --> Cargo.toml:13:1
[INFO] [stderr]    |
[INFO] [stderr] 13 | once_cell = "1.19"
[INFO] [stderr]    | ^^^^^^^^^
[INFO] [stderr]    |
[INFO] [stderr] help: consider removing the workspace dependency `once_cell`
[INFO] [stderr] warning: unused workspace dependency `quote`
[INFO] [stderr]   --> Cargo.toml:15:1
[INFO] [stderr]    |
[INFO] [stderr] 15 | quote = "1.0"
[INFO] [stderr]    | ^^^^^
[INFO] [stderr]    |
[INFO] [stderr] help: consider removing the workspace dependency `quote`
[INFO] [stderr] warning: unused workspace dependency `serde_repr`
[INFO] [stderr]   --> Cargo.toml:19:1
[INFO] [stderr]    |
[INFO] [stderr] 19 | serde_repr = "^0.1"
[INFO] [stderr]    | ^^^^^^^^^^
[INFO] [stderr]    |
[INFO] [stderr] help: consider removing the workspace dependency `serde_repr`
[INFO] [stderr] warning: unused workspace dependency `syn`
[INFO] [stderr]   --> Cargo.toml:85:25
[INFO] [stderr]    |
[INFO] [stderr] 85 | [workspace.dependencies.syn]
[INFO] [stderr]    |                         ^^^
[INFO] [stderr]    |
[INFO] [stderr] help: consider removing the workspace dependency `syn`
[INFO] [stderr] warning: unused workspace dependency `thiserror`
[INFO] [stderr]   --> Cargo.toml:20:1
[INFO] [stderr]    |
[INFO] [stderr] 20 | thiserror = "2.0"
[INFO] [stderr]    | ^^^^^^^^^
[INFO] [stderr]    |
[INFO] [stderr] help: consider removing the workspace dependency `thiserror`
[INFO] [stderr] warning: unused workspace dependency `tracing-wasm`
[INFO] [stderr]   --> Cargo.toml:23:1
[INFO] [stderr]    |
[INFO] [stderr] 23 | tracing-wasm = "0.2.1"
[INFO] [stderr]    | ^^^^^^^^^^^^
[INFO] [stderr]    |
[INFO] [stderr] help: consider removing the workspace dependency `tracing-wasm`
[INFO] [stderr] warning: workspace (manifest) generated 8 warnings
[INFO] [stderr] warning: missing `[lints]` to inherit `[workspace.lints]`
[INFO] [stderr]   --> domain/group/api/generated/server/Cargo.toml
[INFO] [stderr]    = note: `cargo::missing_lints_inheritance` is set to `warn` by default
[INFO] [stderr] help: to inherit `workspace.lints, add:
[INFO] [stderr]    |
[INFO] [stderr] 13 ~ client = ["connectrpc/client"]
[INFO] [stderr] 14 + [lints]
[INFO] [stderr] 15 + workspace = true
[INFO] [stderr]    |
[INFO] [stderr] help: to clarify your intent to not inherit, add:
[INFO] [stderr]    |
[INFO] [stderr] 13 ~ client = ["connectrpc/client"]
[INFO] [stderr] 14 + [lints]
[INFO] [stderr]    |
[INFO] [stderr] warning: `group_api_server` (manifest) generated 1 warning
[INFO] [stderr] warning: missing `[lints]` to inherit `[workspace.lints]`
[INFO] [stderr]   --> test/rust/Cargo.toml
[INFO] [stderr]    = note: `cargo::missing_lints_inheritance` is set to `warn` by default
[INFO] [stderr] help: to inherit `workspace.lints, add:
[INFO] [stderr]    |
[INFO] [stderr]  9 ~ regex = { workspace = true }
[INFO] [stderr] 10 + [lints]
[INFO] [stderr] 11 + workspace = true
[INFO] [stderr]    |
[INFO] [stderr] help: to clarify your intent to not inherit, add:
[INFO] [stderr]    |
[INFO] [stderr]  9 ~ regex = { workspace = true }
[INFO] [stderr] 10 + [lints]
[INFO] [stderr]    |
[INFO] [stderr] warning: `workspace_tests` (manifest) generated 1 warning
[INFO] [stderr] warning: missing `[lints]` to inherit `[workspace.lints]`
[INFO] [stderr]   --> domain/shared/api/generated/models/Cargo.toml
[INFO] [stderr]    = note: `cargo::missing_lints_inheritance` is set to `warn` by default
[INFO] [stderr] help: to inherit `workspace.lints, add:
[INFO] [stderr]    |
[INFO] [stderr]  8 ~ serde = { workspace = true }
[INFO] [stderr]  9 + [lints]
[INFO] [stderr] 10 + workspace = true
[INFO] [stderr]    |
[INFO] [stderr] help: to clarify your intent to not inherit, add:
[INFO] [stderr]    |
[INFO] [stderr]  8 ~ serde = { workspace = true }
[INFO] [stderr]  9 + [lints]
[INFO] [stderr]    |
[INFO] [stderr] warning: `shared_models` (manifest) generated 1 warning
[INFO] running `Command { std: "docker" "create" "-v" "/var/lib/crater-agent-workspace/builds/worker-6-tc2/source:/opt/rustwide/workdir:ro,Z" "-v" "/var/lib/crater-agent-workspace/builds/worker-6-tc2/target:/opt/rustwide/target:rw,Z" "-v" "/var/lib/crater-agent-workspace/cargo-home:/opt/rustwide/cargo-home:ro,Z" "-v" "/var/lib/crater-agent-workspace/rustup-home:/opt/rustwide/rustup-home:ro,Z" "-m" "1610612736" "--network" "none" "ghcr.io/rust-lang/crates-build-env/linux@sha256:77db811e55d90add9212f6832c23229e3de5f1c1f9905e8cb07319ea15df73ac" "sleep" "infinity", kill_on_drop: false }`
[INFO] [stdout] 0a7415aea94e84ef06ba3926838b20ee8aa9ab87196e9b2e24921c9f66ae95b2
[INFO] running `Command { std: "docker" "start" "0a7415aea94e84ef06ba3926838b20ee8aa9ab87196e9b2e24921c9f66ae95b2", kill_on_drop: false }`
[INFO] running `Command { std: "docker" "inspect" "0a7415aea94e84ef06ba3926838b20ee8aa9ab87196e9b2e24921c9f66ae95b2", kill_on_drop: false }`
[INFO] running `Command { std: "docker" "exec" "-e" "SOURCE_DIR=/opt/rustwide/workdir" "-e" "CARGO_HOME=/opt/rustwide/cargo-home" "-e" "RUSTUP_HOME=/opt/rustwide/rustup-home" "-e" "CARGO_TARGET_DIR=/opt/rustwide/target" "-w" "/opt/rustwide/workdir" "--user" "0:0" "0a7415aea94e84ef06ba3926838b20ee8aa9ab87196e9b2e24921c9f66ae95b2" "/opt/rustwide/cargo-home/bin/cargo" "+1.100.0-beta.1" "metadata" "--no-deps" "--format-version=1", kill_on_drop: false }`
[INFO] running `Command { std: "docker" "inspect" "0a7415aea94e84ef06ba3926838b20ee8aa9ab87196e9b2e24921c9f66ae95b2", kill_on_drop: false }`
[INFO] running `Command { std: "docker" "exec" "-e" "SOURCE_DIR=/opt/rustwide/workdir" "-e" "CARGO_HOME=/opt/rustwide/cargo-home" "-e" "RUSTUP_HOME=/opt/rustwide/rustup-home" "-e" "CARGO_TARGET_DIR=/opt/rustwide/target" "-e" "CARGO_INCREMENTAL=0" "-e" "RUST_BACKTRACE=full" "-e" "RUSTFLAGS=--cap-lints=warn" "-e" "RUSTDOCFLAGS=--cap-lints=warn" "-w" "/opt/rustwide/workdir" "--user" "0:0" "0a7415aea94e84ef06ba3926838b20ee8aa9ab87196e9b2e24921c9f66ae95b2" "/opt/rustwide/cargo-home/bin/cargo" "+1.100.0-beta.1" "build" "--frozen" "--message-format=json" "--release", kill_on_drop: false }`
[INFO] [stderr] warning: unused workspace dependency `console_error_panic_hook`
[INFO] [stderr]  --> Cargo.toml:9:1
[INFO] [stderr]   |
[INFO] [stderr] 9 | console_error_panic_hook = "0.1.7"
[INFO] [stderr]   | ^^^^^^^^^^^^^^^^^^^^^^^^
[INFO] [stderr]   |
[INFO] [stderr]   = note: `cargo::unused_workspace_dependencies` is set to `warn` by default
[INFO] [stderr] help: consider removing the workspace dependency `console_error_panic_hook`
[INFO] [stderr] warning: unused workspace dependency `env_logger`
[INFO] [stderr]   --> Cargo.toml:10:1
[INFO] [stderr]    |
[INFO] [stderr] 10 | env_logger = "0.11"
[INFO] [stderr]    | ^^^^^^^^^^
[INFO] [stderr]    |
[INFO] [stderr] help: consider removing the workspace dependency `env_logger`
[INFO] [stderr] warning: unused workspace dependency `once_cell`
[INFO] [stderr]   --> Cargo.toml:13:1
[INFO] [stderr]    |
[INFO] [stderr] 13 | once_cell = "1.19"
[INFO] [stderr]    | ^^^^^^^^^
[INFO] [stderr]    |
[INFO] [stderr] help: consider removing the workspace dependency `once_cell`
[INFO] [stderr] warning: unused workspace dependency `quote`
[INFO] [stderr]   --> Cargo.toml:15:1
[INFO] [stderr]    |
[INFO] [stderr] 15 | quote = "1.0"
[INFO] [stderr]    | ^^^^^
[INFO] [stderr]    |
[INFO] [stderr] help: consider removing the workspace dependency `quote`
[INFO] [stderr] warning: unused workspace dependency `serde_repr`
[INFO] [stderr]   --> Cargo.toml:19:1
[INFO] [stderr]    |
[INFO] [stderr] 19 | serde_repr = "^0.1"
[INFO] [stderr]    | ^^^^^^^^^^
[INFO] [stderr]    |
[INFO] [stderr] help: consider removing the workspace dependency `serde_repr`
[INFO] [stderr] warning: unused workspace dependency `syn`
[INFO] [stderr]   --> Cargo.toml:85:25
[INFO] [stderr]    |
[INFO] [stderr] 85 | [workspace.dependencies.syn]
[INFO] [stderr]    |                         ^^^
[INFO] [stderr]    |
[INFO] [stderr] help: consider removing the workspace dependency `syn`
[INFO] [stderr] warning: unused workspace dependency `thiserror`
[INFO] [stderr]   --> Cargo.toml:20:1
[INFO] [stderr]    |
[INFO] [stderr] 20 | thiserror = "2.0"
[INFO] [stderr]    | ^^^^^^^^^
[INFO] [stderr]    |
[INFO] [stderr] help: consider removing the workspace dependency `thiserror`
[INFO] [stderr] warning: unused workspace dependency `tracing-wasm`
[INFO] [stderr]   --> Cargo.toml:23:1
[INFO] [stderr]    |
[INFO] [stderr] 23 | tracing-wasm = "0.2.1"
[INFO] [stderr]    | ^^^^^^^^^^^^
[INFO] [stderr]    |
[INFO] [stderr] help: consider removing the workspace dependency `tracing-wasm`
[INFO] [stderr] warning: workspace (manifest) generated 8 warnings
[INFO] [stderr] warning: missing `[lints]` to inherit `[workspace.lints]`
[INFO] [stderr]   --> test/rust/Cargo.toml
[INFO] [stderr]    = note: `cargo::missing_lints_inheritance` is set to `warn` by default
[INFO] [stderr] help: to inherit `workspace.lints, add:
[INFO] [stderr]    |
[INFO] [stderr]  9 ~ regex = { workspace = true }
[INFO] [stderr] 10 + [lints]
[INFO] [stderr] 11 + workspace = true
[INFO] [stderr]    |
[INFO] [stderr] help: to clarify your intent to not inherit, add:
[INFO] [stderr]    |
[INFO] [stderr]  9 ~ regex = { workspace = true }
[INFO] [stderr] 10 + [lints]
[INFO] [stderr]    |
[INFO] [stderr] warning: `workspace_tests` (manifest) generated 1 warning
[INFO] [stderr] warning: missing `[lints]` to inherit `[workspace.lints]`
[INFO] [stderr]   --> domain/shared/api/generated/models/Cargo.toml
[INFO] [stderr]    = note: `cargo::missing_lints_inheritance` is set to `warn` by default
[INFO] [stderr] help: to inherit `workspace.lints, add:
[INFO] [stderr]    |
[INFO] [stderr]  8 ~ serde = { workspace = true }
[INFO] [stderr]  9 + [lints]
[INFO] [stderr] 10 + workspace = true
[INFO] [stderr]    |
[INFO] [stderr] help: to clarify your intent to not inherit, add:
[INFO] [stderr]    |
[INFO] [stderr]  8 ~ serde = { workspace = true }
[INFO] [stderr]  9 + [lints]
[INFO] [stderr]    |
[INFO] [stderr] warning: `shared_models` (manifest) generated 1 warning
[INFO] [stderr] warning: missing `[lints]` to inherit `[workspace.lints]`
[INFO] [stderr]   --> domain/group/api/generated/server/Cargo.toml
[INFO] [stderr]    = note: `cargo::missing_lints_inheritance` is set to `warn` by default
[INFO] [stderr] help: to inherit `workspace.lints, add:
[INFO] [stderr]    |
[INFO] [stderr] 13 ~ client = ["connectrpc/client"]
[INFO] [stderr] 14 + [lints]
[INFO] [stderr] 15 + workspace = true
[INFO] [stderr]    |
[INFO] [stderr] help: to clarify your intent to not inherit, add:
[INFO] [stderr]    |
[INFO] [stderr] 13 ~ client = ["connectrpc/client"]
[INFO] [stderr] 14 + [lints]
[INFO] [stderr]    |
[INFO] [stderr] warning: `group_api_server` (manifest) generated 1 warning
[INFO] [stderr]    Compiling subtle v2.6.1
[INFO] [stderr]    Compiling generic-array v0.14.9
[INFO] [stderr]    Compiling futures-sink v0.3.32
[INFO] [stderr]    Compiling quote v1.0.46
[INFO] [stderr]    Compiling serde_core v1.0.228
[INFO] [stderr]    Compiling const-oid v0.9.6
[INFO] [stderr]    Compiling serde v1.0.228
[INFO] [stderr]    Compiling stable_deref_trait v1.2.1
[INFO] [stderr]    Compiling serde_json v1.0.150
[INFO] [stderr]    Compiling num-traits v0.2.19
[INFO] [stderr]    Compiling getrandom v0.2.17
[INFO] [stderr]    Compiling aws-lc-sys v0.42.0
[INFO] [stderr]    Compiling hybrid-array v0.4.13
[INFO] [stderr]    Compiling sync_wrapper v1.0.2
[INFO] [stderr]    Compiling zerocopy v0.8.54
[INFO] [stderr]    Compiling cmov v0.5.4
[INFO] [stderr]    Compiling futures-channel v0.3.32
[INFO] [stderr]    Compiling base64ct v1.8.3
[INFO] [stderr]    Compiling pin-project-lite v0.2.17
[INFO] [stderr]    Compiling rand_core v0.6.4
[INFO] [stderr]    Compiling zstd-sys v2.0.16+zstd.1.5.7
[INFO] [stderr]    Compiling crossbeam-utils v0.8.22
[INFO] [stderr]    Compiling futures-core v0.3.32
[INFO] [stderr]    Compiling aws-lc-rs v1.17.1
[INFO] [stderr]    Compiling syn v2.0.119
[INFO] [stderr]    Compiling ipnet v2.12.0
[INFO] [stderr]    Compiling ctutils v0.4.2
[INFO] [stderr]    Compiling mio v1.2.2
[INFO] [stderr]    Compiling pem-rfc7468 v0.7.0
[INFO] [stderr]    Compiling socket2 v0.6.5
[INFO] [stderr]    Compiling block-buffer v0.12.1
[INFO] [stderr]    Compiling crypto-common v0.2.2
[INFO] [stderr]    Compiling crypto-common v0.1.6
[INFO] [stderr]    Compiling block-buffer v0.10.4
[INFO] [stderr]    Compiling rand_core v0.10.1
[INFO] [stderr]    Compiling foldhash v0.2.0
[INFO] [stderr]    Compiling cpufeatures v0.3.0
[INFO] [stderr]    Compiling zstd-safe v7.2.4
[INFO] [stderr]    Compiling thiserror v2.0.18
[INFO] [stderr]    Compiling tracing-core v0.1.36
[INFO] [stderr]    Compiling hashbrown v0.16.1
[INFO] [stderr]    Compiling tokio v1.52.3
[INFO] [stderr]    Compiling digest v0.10.7
[INFO] [stderr]    Compiling tinyvec v1.12.0
[INFO] [stderr]    Compiling digest v0.11.3
[INFO] [stderr]    Compiling concurrent-queue v2.5.0
[INFO] [stderr]    Compiling getrandom v0.4.3
[INFO] [stderr]    Compiling futures-task v0.3.32
[INFO] [stderr]    Compiling futures-io v0.3.32
[INFO] [stderr]    Compiling slab v0.4.12
[INFO] [stderr]    Compiling iana-time-zone v0.1.65
[INFO] [stderr]    Compiling crc-catalog v2.5.0
[INFO] [stderr]    Compiling simd-adler32 v0.3.10
[INFO] [stderr]    Compiling rustversion v1.0.23
[INFO] [stderr]    Compiling rustls v0.23.42
[INFO] [stderr]    Compiling event-listener v5.4.1
[INFO] [stderr]    Compiling chrono v0.4.45
[INFO] [stderr]    Compiling miniz_oxide v0.8.9
[INFO] [stderr]    Compiling hashlink v0.11.1
[INFO] [stderr]    Compiling unicode-normalization v0.1.25
[INFO] [stderr]    Compiling futures-util v0.3.32
[INFO] [stderr]    Compiling crc v3.4.0
[INFO] [stderr]    Compiling sha2 v0.10.9
[INFO] [stderr]    Compiling hmac v0.13.0
[INFO] [stderr]    Compiling chacha20 v0.10.1
[INFO] [stderr]    Compiling crossbeam-queue v0.3.13
[INFO] [stderr]    Compiling base64 v0.22.1
[INFO] [stderr]    Compiling unicode-properties v0.1.4
[INFO] [stderr]    Compiling simdutf8 v0.1.5
[INFO] [stderr]    Compiling uuid v1.24.0
[INFO] [stderr]    Compiling zlib-rs v0.6.6
[INFO] [stderr]    Compiling foldhash v0.1.5
[INFO] [stderr]    Compiling stringprep v0.1.5
[INFO] [stderr]    Compiling smoothutf8 v0.1.1
[INFO] [stderr]    Compiling rand v0.10.2
[INFO] [stderr]    Compiling hkdf v0.13.0
[INFO] [stderr]    Compiling sha2 v0.11.0
[INFO] [stderr]    Compiling md-5 v0.11.0
[INFO] [stderr]    Compiling atoi v2.0.0
[INFO] [stderr]    Compiling serde_path_to_error v0.1.20
[INFO] [stderr]    Compiling bitflags v2.13.1
[INFO] [stderr]    Compiling whoami v2.1.2
[INFO] [stderr]    Compiling spin v0.9.9
[INFO] [stderr]    Compiling compression-core v0.4.32
[INFO] [stderr]    Compiling lazy_static v1.5.0
[INFO] [stderr]    Compiling ff v0.13.1
[INFO] [stderr]    Compiling base16ct v0.2.0
[INFO] [stderr]    Compiling group v0.13.0
[INFO] [stderr]    Compiling rand_core v0.9.5
[INFO] [stderr]    Compiling num-integer v0.1.46
[INFO] [stderr]    Compiling semver v1.0.28
[INFO] [stderr]    Compiling regex-automata v0.4.16
[INFO] [stderr]    Compiling num-bigint-dig v0.8.6
[INFO] [stderr]    Compiling sharded-slab v0.1.7
[INFO] [stderr]    Compiling rustc_version v0.4.1
[INFO] [stderr]    Compiling tracing-log v0.2.0
[INFO] [stderr]    Compiling uncased v0.9.10
[INFO] [stderr]    Compiling num-iter v0.1.46
[INFO] [stderr]    Compiling curve25519-dalek v4.1.3
[INFO] [stderr]    Compiling winnow v0.7.15
[INFO] [stderr]    Compiling toml_write v0.1.2
[INFO] [stderr]    Compiling time v0.3.53
[INFO] [stderr]    Compiling num-bigint v0.4.8
[INFO] [stderr]    Compiling figment v0.10.19
[INFO] [stderr]    Compiling yansi v1.0.1
[INFO] [stderr]    Compiling inlinable_string v0.1.15
[INFO] [stderr]    Compiling pem v3.0.6
[INFO] [stderr]    Compiling synstructure v0.13.2
[INFO] [stderr]    Compiling flate2 v1.1.9
[INFO] [stderr]    Compiling proc-macro2-diagnostics v0.10.1
[INFO] [stderr]    Compiling ppv-lite86 v0.2.21
[INFO] [stderr]    Compiling tokio-stream v0.1.18
[INFO] [stderr]    Compiling serde_derive v1.0.228
[INFO] [stderr]    Compiling zeroize_derive v1.5.0
[INFO] [stderr]    Compiling zerofrom-derive v0.1.7
[INFO] [stderr]    Compiling yoke-derive v0.8.2
[INFO] [stderr]    Compiling zerovec-derive v0.11.3
[INFO] [stderr]    Compiling displaydoc v0.2.6
[INFO] [stderr]    Compiling tracing-attributes v0.1.31
[INFO] [stderr]    Compiling tokio-macros v2.7.0
[INFO] [stderr]    Compiling zeroize v1.9.0
[INFO] [stderr]    Compiling thiserror-impl v2.0.18
[INFO] [stderr]    Compiling futures-macro v0.3.32
[INFO] [stderr]    Compiling der v0.7.10
[INFO] [stderr]    Compiling rustls-pki-types v1.15.0
[INFO] [stderr]    Compiling async-trait v0.1.89
[INFO] [stderr]    Compiling pin-project-internal v1.1.13
[INFO] [stderr]    Compiling tracing v0.1.44
[INFO] [stderr]    Compiling zerofrom v0.1.8
[INFO] [stderr]    Compiling yoke v0.8.3
[INFO] [stderr]    Compiling zerovec v0.11.6
[INFO] [stderr]    Compiling zerotrie v0.2.4
[INFO] [stderr]    Compiling spki v0.7.3
[INFO] [stderr]    Compiling hmac v0.12.1
[INFO] [stderr]    Compiling signature v2.2.0
[INFO] [stderr]    Compiling rustls-native-certs v0.8.4
[INFO] [stderr]    Compiling pkcs8 v0.10.2
[INFO] [stderr]    Compiling hkdf v0.12.4
[INFO] [stderr]    Compiling opentelemetry v0.32.0
[INFO] [stderr]    Compiling tinystr v0.8.3
[INFO] [stderr]    Compiling potential_utf v0.1.5
[INFO] [stderr]    Compiling crypto-bigint v0.5.5
[INFO] [stderr]    Compiling icu_collections v2.2.0
[INFO] [stderr]    Compiling icu_locale_core v2.2.0
[INFO] [stderr]    Compiling pin-project v1.1.13
[INFO] [stderr]    Compiling sec1 v0.7.3
[INFO] [stderr]    Compiling rand_chacha v0.9.0
[INFO] [stderr]    Compiling rfc6979 v0.4.0
[INFO] [stderr]    Compiling rand_chacha v0.3.1
[INFO] [stderr]    Compiling matchers v0.2.0
[INFO] [stderr]    Compiling rand v0.9.5
[INFO] [stderr]    Compiling rand v0.8.7
[INFO] [stderr]    Compiling icu_provider v2.2.0
[INFO] [stderr]    Compiling elliptic-curve v0.13.8
[INFO] [stderr]    Compiling curve25519-dalek-derive v0.1.1
[INFO] [stderr]    Compiling ed25519 v2.2.3
[INFO] [stderr]    Compiling pkcs1 v0.7.5
[INFO] [stderr]    Compiling pear_codegen v0.2.9
[INFO] [stderr]    Compiling simple_asn1 v0.6.4
[INFO] [stderr]    Compiling icu_properties v2.2.0
[INFO] [stderr]    Compiling primeorder v0.13.6
[INFO] [stderr]    Compiling ecdsa v0.16.9
[INFO] [stderr]    Compiling pear v0.2.9
[INFO] [stderr]    Compiling bytes v1.12.1
[INFO] [stderr]    Compiling smallvec v1.15.2
[INFO] [stderr]    Compiling either v1.16.0
[INFO] [stderr]    Compiling icu_normalizer v2.2.0
[INFO] [stderr]    Compiling parking_lot_core v0.9.12
[INFO] [stderr]    Compiling serde_urlencoded v0.7.1
[INFO] [stderr]    Compiling parking_lot v0.12.5
[INFO] [stderr]    Compiling hashbrown v0.15.5
[INFO] [stderr]    Compiling idna_adapter v1.2.2
[INFO] [stderr]    Compiling futures-executor v0.3.32
[INFO] [stderr]    Compiling idna v1.1.0
[INFO] [stderr]    Compiling futures-intrusive v0.5.0
[INFO] [stderr]    Compiling http v1.4.2
[INFO] [stderr]    Compiling url v2.5.8
[INFO] [stderr]    Compiling futures v0.3.32
[INFO] [stderr]    Compiling itertools v0.14.0
[INFO] [stderr]    Compiling serde_spanned v0.6.9
[INFO] [stderr]    Compiling http-body v1.1.0
[INFO] [stderr]    Compiling buffa v0.8.1
[INFO] [stderr]    Compiling http-body-util v0.1.4
[INFO] [stderr]    Compiling toml_datetime v0.6.11
[INFO] [stderr]    Compiling sqlx-core v0.9.0
[INFO] [stderr]    Compiling axum-core v0.5.6
[INFO] [stderr]    Compiling tracing-subscriber v0.3.23
[INFO] [stderr]    Compiling toml_edit v0.22.27
[INFO] [stderr]    Compiling ed25519-dalek v2.2.0
[INFO] [stderr]    Compiling shared_models v0.1.0 (/opt/rustwide/workdir/domain/shared/api/generated/models)
[INFO] [stderr]    Compiling rsa v0.9.10
[INFO] [stderr]    Compiling tracing-opentelemetry v0.33.0
[INFO] [stderr]    Compiling p384 v0.13.1
[INFO] [stderr]    Compiling prost-derive v0.14.4
[INFO] [stderr]    Compiling p256 v0.13.2
[INFO] [stderr]    Compiling jsonwebtoken v10.4.0
[INFO] [stderr]    Compiling toml v0.8.23
[INFO] [stderr]    Compiling sqlx-postgres v0.9.0
[INFO] [stderr]    Compiling prost v0.14.4
[INFO] [stderr]    Compiling tokio-util v0.7.18
[INFO] [stderr]    Compiling h2 v0.4.15
[INFO] [stderr]    Compiling tower v0.5.3
[INFO] [stderr]    Compiling opentelemetry_sdk v0.32.1
[INFO] [stderr]    Compiling tower-http v0.6.11
[INFO] [stderr]    Compiling sqlx-macros-core v0.9.0
[INFO] [stderr]    Compiling sqlx-macros v0.9.0
[INFO] [stderr]    Compiling opentelemetry-proto v0.32.0
[INFO] [stderr]    Compiling hyper v1.10.1
[INFO] [stderr]    Compiling hyper-util v0.1.20
[INFO] [stderr]    Compiling zstd v0.13.3
[INFO] [stderr]    Compiling sqlx v0.9.0
[INFO] [stderr]    Compiling compression-codecs v0.4.38
[INFO] [stderr]    Compiling async-compression v0.4.42
[INFO] [stderr]    Compiling axum v0.8.9
[INFO] [stderr]    Compiling connectrpc v0.8.1
[INFO] [stderr]    Compiling rust_utils v0.1.0 (/opt/rustwide/workdir/domain/shared/rust_utils)
[INFO] [stderr]    Compiling group_api_server v0.1.0 (/opt/rustwide/workdir/domain/group/api/generated/server)
[INFO] [stderr]    Compiling auth_integration v0.1.0 (/opt/rustwide/workdir/domain/auth/backend/integration)
[INFO] [stderr]    Compiling group_integration v0.1.0 (/opt/rustwide/workdir/domain/group/backend/integration)
[INFO] [stderr]    Compiling rustls-webpki v0.103.13
[INFO] [stderr]    Compiling tokio-rustls v0.26.4
[INFO] [stderr]    Compiling rustls-platform-verifier v0.7.0
[INFO] [stderr]    Compiling hyper-rustls v0.27.9
[INFO] [stderr]    Compiling reqwest v0.13.4
[INFO] [stderr]    Compiling opentelemetry-http v0.32.0
[INFO] [stderr]    Compiling group_backend v0.1.0 (/opt/rustwide/workdir/domain/group/backend/internal)
[INFO] [stderr]    Compiling auth_backend v0.1.0 (/opt/rustwide/workdir/domain/auth/backend/internal)
[INFO] [stdout] error: error communicating with database: Connection refused (os error 111)
[INFO] [stdout]   --> domain/group/backend/internal/src/integration/shared/capabilities.rs:14:20
[INFO] [stdout]    |
[INFO] [stdout] 14 |           let subs = sqlx::query_scalar!(
[INFO] [stdout]    |  ____________________^
[INFO] [stdout] 15 | |             r#"
[INFO] [stdout] 16 | |         SELECT user_sub AS "user_sub!"
[INFO] [stdout] 17 | |             FROM group_member
[INFO] [stdout] ...  |
[INFO] [stdout] 20 | |             group_id,
[INFO] [stdout] 21 | |         )
[INFO] [stdout]    | |_________^
[INFO] [stdout]    |
[INFO] [stdout]    = note: this error originates in the macro `$crate::sqlx_macros::expand_query` which comes from the expansion of the macro `sqlx::query_scalar` (in Nightly builds, run with -Z macro-backtrace for more info)
[INFO] [stdout] 
[INFO] [stdout] 
[INFO] [stdout] error: error communicating with database: Connection refused (os error 111)
[INFO] [stdout]  --> domain/group/backend/internal/src/service/middleware/endpoints/resolve_active_group/query.rs:4:20
[INFO] [stdout]   |
[INFO] [stdout] 4 |       let group_id = sqlx::query_scalar!(
[INFO] [stdout]   |  ____________________^
[INFO] [stdout] 5 | |         "SELECT group_id FROM group_member
[INFO] [stdout] 6 | |             WHERE user_sub = $1 AND left_at IS NULL
[INFO] [stdout] 7 | |             ORDER BY created_at ASC LIMIT 1",
[INFO] [stdout] 8 | |         user_sub
[INFO] [stdout] 9 | |     )
[INFO] [stdout]   | |_____^
[INFO] [stdout]   |
[INFO] [stdout]   = note: this error originates in the macro `$crate::sqlx_macros::expand_query` which comes from the expansion of the macro `sqlx::query_scalar` (in Nightly builds, run with -Z macro-backtrace for more info)
[INFO] [stdout] 
[INFO] [stdout] 
[INFO] [stdout] error: error communicating with database: Connection refused (os error 111)
[INFO] [stdout]   --> domain/group/backend/internal/src/service/middleware/endpoints/resolve_active_group/query.rs:17:21
[INFO] [stdout]    |
[INFO] [stdout] 17 |       let is_member = sqlx::query_scalar!(
[INFO] [stdout]    |  _____________________^
[INFO] [stdout] 18 | |         r#"SELECT EXISTS(
[INFO] [stdout] 19 | |             SELECT 1 FROM group_member
[INFO] [stdout] 20 | |                 WHERE group_id = $1 AND user_sub = $2 AND left_at IS NULL
[INFO] [stdout] ...  |
[INFO] [stdout] 23 | |         user_sub
[INFO] [stdout] 24 | |     )
[INFO] [stdout]    | |_____^
[INFO] [stdout]    |
[INFO] [stdout]    = note: this error originates in the macro `$crate::sqlx_macros::expand_query` which comes from the expansion of the macro `sqlx::query_scalar` (in Nightly builds, run with -Z macro-backtrace for more info)
[INFO] [stdout] 
[INFO] [stdout] 
[INFO] [stdout] error: error communicating with database: Connection refused (os error 111)
[INFO] [stdout]   --> domain/group/backend/internal/src/service/expense/endpoints/create_expense/query.rs:11:16
[INFO] [stdout]    |
[INFO] [stdout] 11 |       let rows = sqlx::query_scalar!(
[INFO] [stdout]    |  ________________^
[INFO] [stdout] 12 | |         r#"SELECT user_sub AS "user_sub!"
[INFO] [stdout] 13 | |             FROM group_member
[INFO] [stdout] 14 | |             WHERE group_id = $1 AND left_at IS NULL AND user_sub = ANY($2)"#,
[INFO] [stdout] 15 | |         group_id,
[INFO] [stdout] 16 | |         subs,
[INFO] [stdout] 17 | |     )
[INFO] [stdout]    | |_____^
[INFO] [stdout]    |
[INFO] [stdout]    = note: this error originates in the macro `$crate::sqlx_macros::expand_query` which comes from the expansion of the macro `sqlx::query_scalar` (in Nightly builds, run with -Z macro-backtrace for more info)
[INFO] [stdout] 
[INFO] [stdout] 
[INFO] [stdout] error: error communicating with database: Connection refused (os error 111)
[INFO] [stdout]   --> domain/group/backend/internal/src/service/expense/endpoints/create_expense/query.rs:25:20
[INFO] [stdout]    |
[INFO] [stdout] 25 |     let currency = sqlx::query_scalar!(r#"SELECT currency_code FROM groups WHERE id = $1"#, group_id)
[INFO] [stdout]    |                    ^^^^^^^^^^^^^^^^^^^^^^^^^^^^^^^^^^^^^^^^^^^^^^^^^^^^^^^^^^^^^^^^^^^^^^^^^^^^^^^^^^
[INFO] [stdout]    |
[INFO] [stdout]    = note: this error originates in the macro `$crate::sqlx_macros::expand_query` which comes from the expansion of the macro `sqlx::query_scalar` (in Nightly builds, run with -Z macro-backtrace for more info)
[INFO] [stdout] 
[INFO] [stdout] 
[INFO] [stdout] error: error communicating with database: Connection refused (os error 111)
[INFO] [stdout]  --> domain/group/backend/internal/src/service/expense/endpoints/delete_expense/query.rs:5:17
[INFO] [stdout]   |
[INFO] [stdout] 5 |     let payer = sqlx::query_scalar!(r#"SELECT paid_by FROM expense WHERE id = $1"#, expense_id)
[INFO] [stdout]   |                 ^^^^^^^^^^^^^^^^^^^^^^^^^^^^^^^^^^^^^^^^^^^^^^^^^^^^^^^^^^^^^^^^^^^^^^^^^^^^^^^
[INFO] [stdout]   |
[INFO] [stdout]   = note: this error originates in the macro `$crate::sqlx_macros::expand_query` which comes from the expansion of the macro `sqlx::query_scalar` (in Nightly builds, run with -Z macro-backtrace for more info)
[INFO] [stdout] 
[INFO] [stdout] 
[INFO] [stdout] error: error communicating with database: Connection refused (os error 111)
[INFO] [stdout]   --> domain/group/backend/internal/src/service/expense/endpoints/delete_expense/query.rs:13:16
[INFO] [stdout]    |
[INFO] [stdout] 13 |       let rows = sqlx::query!(
[INFO] [stdout]    |  ________________^
[INFO] [stdout] 14 | |         r#"SELECT user_sub, amount_cents FROM expense_split WHERE expense_id = $1"#,
[INFO] [stdout] 15 | |         expense_id,
[INFO] [stdout] 16 | |     )
[INFO] [stdout]    | |_____^
[INFO] [stdout]    |
[INFO] [stdout]    = note: this error originates in the macro `$crate::sqlx_macros::expand_query` which comes from the expansion of the macro `sqlx::query` (in Nightly builds, run with -Z macro-backtrace for more info)
[INFO] [stdout] 
[INFO] [stdout] 
[INFO] [stdout] error: error communicating with database: Connection refused (os error 111)
[INFO] [stdout]   --> domain/group/backend/internal/src/service/expense/endpoints/delete_expense/query.rs:28:18
[INFO] [stdout]    |
[INFO] [stdout] 28 |     let result = sqlx::query!(r#"DELETE FROM expense WHERE id = $1"#, expense_id)
[INFO] [stdout]    |                  ^^^^^^^^^^^^^^^^^^^^^^^^^^^^^^^^^^^^^^^^^^^^^^^^^^^^^^^^^^^^^^^^
[INFO] [stdout]    |
[INFO] [stdout]    = note: this error originates in the macro `$crate::sqlx_macros::expand_query` which comes from the expansion of the macro `sqlx::query` (in Nightly builds, run with -Z macro-backtrace for more info)
[INFO] [stdout] 
[INFO] [stdout] 
[INFO] [stdout] error: error communicating with database: Connection refused (os error 111)
[INFO] [stdout]   --> domain/group/backend/internal/src/service/expense/endpoints/get_exchange_rate/query.rs:10:20
[INFO] [stdout]    |
[INFO] [stdout] 10 |     let currency = sqlx::query_scalar!(r#"SELECT currency_code FROM groups WHERE id = $1"#, group_id)
[INFO] [stdout]    |                    ^^^^^^^^^^^^^^^^^^^^^^^^^^^^^^^^^^^^^^^^^^^^^^^^^^^^^^^^^^^^^^^^^^^^^^^^^^^^^^^^^^
[INFO] [stdout]    |
[INFO] [stdout]    = note: this error originates in the macro `$crate::sqlx_macros::expand_query` which comes from the expansion of the macro `sqlx::query_scalar` (in Nightly builds, run with -Z macro-backtrace for more info)
[INFO] [stdout] 
[INFO] [stdout] 
[INFO] [stdout] error: error communicating with database: Connection refused (os error 111)
[INFO] [stdout]   --> domain/group/backend/internal/src/service/expense/endpoints/get_exchange_rate/query.rs:22:15
[INFO] [stdout]    |
[INFO] [stdout] 22 |       let row = sqlx::query!(
[INFO] [stdout]    |  _______________^
[INFO] [stdout] 23 | |         r#"SELECT (rate * 100000000)::bigint AS "rate_scaled!", fetched_at
[INFO] [stdout] 24 | |             FROM fx_rate WHERE base_currency = $1 AND quote_currency = $2"#,
[INFO] [stdout] 25 | |         base,
[INFO] [stdout] 26 | |         quote,
[INFO] [stdout] 27 | |     )
[INFO] [stdout]    | |_____^
[INFO] [stdout]    |
[INFO] [stdout]    = note: this error originates in the macro `$crate::sqlx_macros::expand_query` which comes from the expansion of the macro `sqlx::query` (in Nightly builds, run with -Z macro-backtrace for more info)
[INFO] [stdout] 
[INFO] [stdout] 
[INFO] [stdout] error: error communicating with database: Connection refused (os error 111)
[INFO] [stdout]   --> domain/group/backend/internal/src/service/expense/endpoints/get_expense/query.rs:6:15
[INFO] [stdout]    |
[INFO] [stdout]  6 |       let row = sqlx::query!(
[INFO] [stdout]    |  _______________^
[INFO] [stdout]  7 | |         r#"SELECT description, amount_cents, entered_amount_cents, entered_currency,
[INFO] [stdout]  8 | |                   (fx_rate * 100000000)::bigint AS "fx_rate_scaled!", paid_by,
[INFO] [stdout]  9 | |                   occurred_on, split_mode::text AS "split_mode_name!"
[INFO] [stdout] 10 | |             FROM expense WHERE id = $1"#,
[INFO] [stdout] 11 | |         expense_id,
[INFO] [stdout] 12 | |     )
[INFO] [stdout]    | |_____^
[INFO] [stdout]    |
[INFO] [stdout]    = note: this error originates in the macro `$crate::sqlx_macros::expand_query` which comes from the expansion of the macro `sqlx::query` (in Nightly builds, run with -Z macro-backtrace for more info)
[INFO] [stdout] 
[INFO] [stdout] 
[INFO] [stdout] error: error communicating with database: Connection refused (os error 111)
[INFO] [stdout]   --> domain/group/backend/internal/src/service/expense/endpoints/get_expense/query.rs:31:16
[INFO] [stdout]    |
[INFO] [stdout] 31 |       let rows = sqlx::query!(
[INFO] [stdout]    |  ________________^
[INFO] [stdout] 32 | |         r#"SELECT user_sub, amount_cents, weight::bigint AS "weight!" FROM expense_split WHERE expense_id = $1"#,
[INFO] [stdout] 33 | |         expense_id,
[INFO] [stdout] 34 | |     )
[INFO] [stdout]    | |_____^
[INFO] [stdout]    |
[INFO] [stdout]    = note: this error originates in the macro `$crate::sqlx_macros::expand_query` which comes from the expansion of the macro `sqlx::query` (in Nightly builds, run with -Z macro-backtrace for more info)
[INFO] [stdout] 
[INFO] [stdout] 
[INFO] [stdout] error: error communicating with database: Connection refused (os error 111)
[INFO] [stdout]  --> domain/group/backend/internal/src/service/expense/endpoints/list_active_members/query.rs:4:16
[INFO] [stdout]   |
[INFO] [stdout] 4 |       let subs = sqlx::query_scalar!(
[INFO] [stdout]   |  ________________^
[INFO] [stdout] 5 | |         r#"SELECT user_sub FROM group_member
[INFO] [stdout] 6 | |             WHERE group_id = $1 AND left_at IS NULL
[INFO] [stdout] 7 | |             ORDER BY created_at ASC"#,
[INFO] [stdout] 8 | |         group_id,
[INFO] [stdout] 9 | |     )
[INFO] [stdout]   | |_____^
[INFO] [stdout]   |
[INFO] [stdout]   = note: this error originates in the macro `$crate::sqlx_macros::expand_query` which comes from the expansion of the macro `sqlx::query_scalar` (in Nightly builds, run with -Z macro-backtrace for more info)
[INFO] [stdout] 
[INFO] [stdout] 
[INFO] [stdout] error: error communicating with database: Connection refused (os error 111)
[INFO] [stdout]   --> domain/group/backend/internal/src/service/expense/endpoints/list_activity/query.rs:12:16
[INFO] [stdout]    |
[INFO] [stdout] 12 |       let rows = sqlx::query_as!(
[INFO] [stdout]    |  ________________^
[INFO] [stdout] 13 | |         ActivityRow,
[INFO] [stdout] 14 | |         r#"
[INFO] [stdout] 15 | |     SELECT kind AS "kind!", id AS "id!", description AS "description!",
[INFO] [stdout] ...  |
[INFO] [stdout] 68 | |         offset,
[INFO] [stdout] 69 | |     )
[INFO] [stdout]    | |_____^
[INFO] [stdout]    |
[INFO] [stdout]    = note: this error originates in the macro `$crate::sqlx_macros::expand_query` which comes from the expansion of the macro `sqlx::query_as` (in Nightly builds, run with -Z macro-backtrace for more info)
[INFO] [stdout] 
[INFO] [stdout] 
[INFO] [stdout] error: error communicating with database: Connection refused (os error 111)
[INFO] [stdout]   --> domain/group/backend/internal/src/service/expense/endpoints/update_expense/query.rs:11:16
[INFO] [stdout]    |
[INFO] [stdout] 11 |       let rows = sqlx::query_scalar!(
[INFO] [stdout]    |  ________________^
[INFO] [stdout] 12 | |         r#"SELECT user_sub AS "user_sub!"
[INFO] [stdout] 13 | |             FROM group_member
[INFO] [stdout] 14 | |             WHERE group_id = $1 AND left_at IS NULL AND user_sub = ANY($2)"#,
[INFO] [stdout] 15 | |         group_id,
[INFO] [stdout] 16 | |         subs,
[INFO] [stdout] 17 | |     )
[INFO] [stdout]    | |_____^
[INFO] [stdout]    |
[INFO] [stdout]    = note: this error originates in the macro `$crate::sqlx_macros::expand_query` which comes from the expansion of the macro `sqlx::query_scalar` (in Nightly builds, run with -Z macro-backtrace for more info)
[INFO] [stdout] 
[INFO] [stdout] 
[INFO] [stdout] error: error communicating with database: Connection refused (os error 111)
[INFO] [stdout]   --> domain/group/backend/internal/src/service/expense/endpoints/update_expense/query.rs:25:20
[INFO] [stdout]    |
[INFO] [stdout] 25 |     let currency = sqlx::query_scalar!(r#"SELECT currency_code FROM groups WHERE id = $1"#, group_id)
[INFO] [stdout]    |                    ^^^^^^^^^^^^^^^^^^^^^^^^^^^^^^^^^^^^^^^^^^^^^^^^^^^^^^^^^^^^^^^^^^^^^^^^^^^^^^^^^^
[INFO] [stdout]    |
[INFO] [stdout]    = note: this error originates in the macro `$crate::sqlx_macros::expand_query` which comes from the expansion of the macro `sqlx::query_scalar` (in Nightly builds, run with -Z macro-backtrace for more info)
[INFO] [stdout] 
[INFO] [stdout] 
[INFO] [stdout] error: error communicating with database: Connection refused (os error 111)
[INFO] [stdout]   --> domain/group/backend/internal/src/service/expense/endpoints/update_expense/query.rs:36:15
[INFO] [stdout]    |
[INFO] [stdout] 36 |     let row = sqlx::query!(r#"SELECT paid_by, amount_cents FROM expense WHERE id = $1"#, expense_id)
[INFO] [stdout]    |               ^^^^^^^^^^^^^^^^^^^^^^^^^^^^^^^^^^^^^^^^^^^^^^^^^^^^^^^^^^^^^^^^^^^^^^^^^^^^^^^^^^^^^^
[INFO] [stdout]    |
[INFO] [stdout]    = note: this error originates in the macro `$crate::sqlx_macros::expand_query` which comes from the expansion of the macro `sqlx::query` (in Nightly builds, run with -Z macro-backtrace for more info)
[INFO] [stdout] 
[INFO] [stdout] 
[INFO] [stdout] error: error communicating with database: Connection refused (os error 111)
[INFO] [stdout]   --> domain/group/backend/internal/src/service/expense/endpoints/update_expense/query.rs:44:16
[INFO] [stdout]    |
[INFO] [stdout] 44 |       let rows = sqlx::query!(
[INFO] [stdout]    |  ________________^
[INFO] [stdout] 45 | |         r#"SELECT user_sub, amount_cents FROM expense_split WHERE expense_id = $1"#,
[INFO] [stdout] 46 | |         expense_id,
[INFO] [stdout] 47 | |     )
[INFO] [stdout]    | |_____^
[INFO] [stdout]    |
[INFO] [stdout]    = note: this error originates in the macro `$crate::sqlx_macros::expand_query` which comes from the expansion of the macro `sqlx::query` (in Nightly builds, run with -Z macro-backtrace for more info)
[INFO] [stdout] 
[INFO] [stdout] 
[INFO] [stdout] error: error communicating with database: Connection refused (os error 111)
[INFO] [stdout]  --> domain/group/backend/internal/src/service/group/endpoints/join_group/query.rs:6:20
[INFO] [stdout]   |
[INFO] [stdout] 6 |     let group_id = sqlx::query_scalar!("SELECT group_id FROM group_invite WHERE token = $1", invite_token)
[INFO] [stdout]   |                    ^^^^^^^^^^^^^^^^^^^^^^^^^^^^^^^^^^^^^^^^^^^^^^^^^^^^^^^^^^^^^^^^^^^^^^^^^^^^^^^^^^^^^^^
[INFO] [stdout]   |
[INFO] [stdout]   = note: this error originates in the macro `$crate::sqlx_macros::expand_query` which comes from the expansion of the macro `sqlx::query_scalar` (in Nightly builds, run with -Z macro-backtrace for more info)
[INFO] [stdout] 
[INFO] [stdout] 
[INFO] [stdout] error: error communicating with database: Connection refused (os error 111)
[INFO] [stdout]   --> domain/group/backend/internal/src/service/group/endpoints/join_group/query.rs:14:5
[INFO] [stdout]    |
[INFO] [stdout] 14 | /     sqlx::query!(
[INFO] [stdout] 15 | |         r#"
[INFO] [stdout] 16 | |         INSERT INTO group_member (group_id, user_sub, role)
[INFO] [stdout] 17 | |         VALUES ($1, $2, 'member')
[INFO] [stdout] ...  |
[INFO] [stdout] 22 | |         user_sub,
[INFO] [stdout] 23 | |     )
[INFO] [stdout]    | |_____^
[INFO] [stdout]    |
[INFO] [stdout]    = note: this error originates in the macro `$crate::sqlx_macros::expand_query` which comes from the expansion of the macro `sqlx::query` (in Nightly builds, run with -Z macro-backtrace for more info)
[INFO] [stdout] 
[INFO] [stdout] 
[INFO] [stdout] error: error communicating with database: Connection refused (os error 111)
[INFO] [stdout]   --> domain/group/backend/internal/src/service/group/endpoints/join_group/query.rs:31:18
[INFO] [stdout]    |
[INFO] [stdout] 31 |       let record = sqlx::query_as!(
[INFO] [stdout]    |  __________________^
[INFO] [stdout] 32 | |         JoinedGroupRecord,
[INFO] [stdout] 33 | |         r#"SELECT id, name, description, currency_code, slug, simplify_debts FROM groups WHERE id = $1"#,
[INFO] [stdout] 34 | |         group_id,
[INFO] [stdout] 35 | |     )
[INFO] [stdout]    | |_____^
[INFO] [stdout]    |
[INFO] [stdout]    = note: this error originates in the macro `$crate::sqlx_macros::expand_query` which comes from the expansion of the macro `sqlx::query_as` (in Nightly builds, run with -Z macro-backtrace for more info)
[INFO] [stdout] 
[INFO] [stdout] 
[INFO] [stdout] error: error communicating with database: Connection refused (os error 111)
[INFO] [stdout]   --> domain/group/backend/internal/src/service/group/endpoints/list_my_groups/query.rs:5:16
[INFO] [stdout]    |
[INFO] [stdout]  5 |       let rows = sqlx::query_as!(
[INFO] [stdout]    |  ________________^
[INFO] [stdout]  6 | |         MyGroupRecord,
[INFO] [stdout]  7 | |         r#"
[INFO] [stdout]  8 | |     SELECT groups.id, groups.name, groups.description, groups.currency_code, groups.slug,
[INFO] [stdout] ...  |
[INFO] [stdout] 25 | |         user_sub,
[INFO] [stdout] 26 | |     )
[INFO] [stdout]    | |_____^
[INFO] [stdout]    |
[INFO] [stdout]    = note: this error originates in the macro `$crate::sqlx_macros::expand_query` which comes from the expansion of the macro `sqlx::query_as` (in Nightly builds, run with -Z macro-backtrace for more info)
[INFO] [stdout] 
[INFO] [stdout] 
[INFO] [stdout] error: error communicating with database: Connection refused (os error 111)
[INFO] [stdout]   --> domain/group/backend/internal/src/service/group_management/endpoints/delete_group/query.rs:9:16
[INFO] [stdout]    |
[INFO] [stdout]  9 |       let role = sqlx::query_scalar!(
[INFO] [stdout]    |  ________________^
[INFO] [stdout] 10 | |         r#"SELECT role AS "role: GroupRole" FROM group_member WHERE group_id = $1 AND user_sub = $2"#,
[INFO] [stdout] 11 | |         group_id,
[INFO] [stdout] 12 | |         user_sub,
[INFO] [stdout] 13 | |     )
[INFO] [stdout]    | |_____^
[INFO] [stdout]    |
[INFO] [stdout]    = note: this error originates in the macro `$crate::sqlx_macros::expand_query` which comes from the expansion of the macro `sqlx::query_scalar` (in Nightly builds, run with -Z macro-backtrace for more info)
[INFO] [stdout] 
[INFO] [stdout] 
[INFO] [stdout] error: error communicating with database: Connection refused (os error 111)
[INFO] [stdout]   --> domain/group/backend/internal/src/service/group_management/endpoints/delete_group/query.rs:21:18
[INFO] [stdout]    |
[INFO] [stdout] 21 |     let result = sqlx::query!(r#"DELETE FROM groups WHERE id = $1"#, group_id).execute(tx).await?;
[INFO] [stdout]    |                  ^^^^^^^^^^^^^^^^^^^^^^^^^^^^^^^^^^^^^^^^^^^^^^^^^^^^^^^^^^^^^
[INFO] [stdout]    |
[INFO] [stdout]    = note: this error originates in the macro `$crate::sqlx_macros::expand_query` which comes from the expansion of the macro `sqlx::query` (in Nightly builds, run with -Z macro-backtrace for more info)
[INFO] [stdout] 
[INFO] [stdout] 
[INFO] [stdout] error: error communicating with database: Connection refused (os error 111)
[INFO] [stdout]   --> domain/group/backend/internal/src/service/group_management/endpoints/get_active_group/query.rs:11:18
[INFO] [stdout]    |
[INFO] [stdout] 11 |       let record = sqlx::query_as!(
[INFO] [stdout]    |  __________________^
[INFO] [stdout] 12 | |         ActiveGroupRecord,
[INFO] [stdout] 13 | |         r#"
[INFO] [stdout] 14 | |     SELECT groups.id, groups.name, groups.description, groups.currency_code, groups.slug,
[INFO] [stdout] ...  |
[INFO] [stdout] 24 | |         user_sub,
[INFO] [stdout] 25 | |     )
[INFO] [stdout]    | |_____^
[INFO] [stdout]    |
[INFO] [stdout]    = note: this error originates in the macro `$crate::sqlx_macros::expand_query` which comes from the expansion of the macro `sqlx::query_as` (in Nightly builds, run with -Z macro-backtrace for more info)
[INFO] [stdout] 
[INFO] [stdout] 
[INFO] [stdout] error: error communicating with database: Connection refused (os error 111)
[INFO] [stdout]   --> domain/group/backend/internal/src/service/group_management/endpoints/get_group_members/query.rs:10:16
[INFO] [stdout]    |
[INFO] [stdout] 10 |       let rows = sqlx::query_as!(
[INFO] [stdout]    |  ________________^
[INFO] [stdout] 11 | |         GroupMemberRecord,
[INFO] [stdout] 12 | |         r#"
[INFO] [stdout] 13 | |     SELECT user_sub, role AS "role: GroupRole"
[INFO] [stdout] ...  |
[INFO] [stdout] 18 | |         group_id,
[INFO] [stdout] 19 | |     )
[INFO] [stdout]    | |_____^
[INFO] [stdout]    |
[INFO] [stdout]    = note: this error originates in the macro `$crate::sqlx_macros::expand_query` which comes from the expansion of the macro `sqlx::query_as` (in Nightly builds, run with -Z macro-backtrace for more info)
[INFO] [stdout] 
[INFO] [stdout] 
[INFO] [stdout] error: error communicating with database: Connection refused (os error 111)
[INFO] [stdout]   --> domain/group/backend/internal/src/service/group_management/endpoints/get_invite_link/query.rs:4:17
[INFO] [stdout]    |
[INFO] [stdout]  4 |       let token = sqlx::query_scalar!(
[INFO] [stdout]    |  _________________^
[INFO] [stdout]  5 | |         r#"
[INFO] [stdout]  6 | |         SELECT token FROM group_invite
[INFO] [stdout]  7 | |         WHERE group_id = $1 AND revoked_at IS NULL AND (expires_at IS NULL OR expires_at > now())
[INFO] [stdout] ...  |
[INFO] [stdout] 11 | |         group_id,
[INFO] [stdout] 12 | |     )
[INFO] [stdout]    | |_____^
[INFO] [stdout]    |
[INFO] [stdout]    = note: this error originates in the macro `$crate::sqlx_macros::expand_query` which comes from the expansion of the macro `sqlx::query_scalar` (in Nightly builds, run with -Z macro-backtrace for more info)
[INFO] [stdout] 
[INFO] [stdout] 
[INFO] [stdout] error: error communicating with database: Connection refused (os error 111)
[INFO] [stdout]   --> domain/group/backend/internal/src/service/group_management/endpoints/get_invite_link/query.rs:25:5
[INFO] [stdout]    |
[INFO] [stdout] 25 | /     sqlx::query!(
[INFO] [stdout] 26 | |         "INSERT INTO group_invite (group_id, token, created_by) VALUES ($1, $2, $3)",
[INFO] [stdout] 27 | |         group_id,
[INFO] [stdout] 28 | |         token,
[INFO] [stdout] 29 | |         created_by,
[INFO] [stdout] 30 | |     )
[INFO] [stdout]    | |_____^
[INFO] [stdout]    |
[INFO] [stdout]    = note: this error originates in the macro `$crate::sqlx_macros::expand_query` which comes from the expansion of the macro `sqlx::query` (in Nightly builds, run with -Z macro-backtrace for more info)
[INFO] [stdout] 
[INFO] [stdout] 
[INFO] [stdout] error: error communicating with database: Connection refused (os error 111)
[INFO] [stdout]   --> domain/group/backend/internal/src/service/group_management/endpoints/regenerate_invite_link/query.rs:9:16
[INFO] [stdout]    |
[INFO] [stdout]  9 |       let role = sqlx::query_scalar!(
[INFO] [stdout]    |  ________________^
[INFO] [stdout] 10 | |         r#"SELECT role AS "role: GroupRole" FROM group_member WHERE group_id = $1 AND user_sub = $2"#,
[INFO] [stdout] 11 | |         group_id,
[INFO] [stdout] 12 | |         user_sub,
[INFO] [stdout] 13 | |     )
[INFO] [stdout]    | |_____^
[INFO] [stdout]    |
[INFO] [stdout]    = note: this error originates in the macro `$crate::sqlx_macros::expand_query` which comes from the expansion of the macro `sqlx::query_scalar` (in Nightly builds, run with -Z macro-backtrace for more info)
[INFO] [stdout] 
[INFO] [stdout] 
[INFO] [stdout] error: error communicating with database: Connection refused (os error 111)
[INFO] [stdout]   --> domain/group/backend/internal/src/service/group_management/endpoints/regenerate_invite_link/query.rs:21:5
[INFO] [stdout]    |
[INFO] [stdout] 21 | /     sqlx::query!(
[INFO] [stdout] 22 | |         "UPDATE group_invite SET revoked_at = now() WHERE group_id = $1 AND revoked_at IS NULL",
[INFO] [stdout] 23 | |         group_id,
[INFO] [stdout] 24 | |     )
[INFO] [stdout]    | |_____^
[INFO] [stdout]    |
[INFO] [stdout]    = note: this error originates in the macro `$crate::sqlx_macros::expand_query` which comes from the expansion of the macro `sqlx::query` (in Nightly builds, run with -Z macro-backtrace for more info)
[INFO] [stdout] 
[INFO] [stdout] 
[INFO] [stdout] error: error communicating with database: Connection refused (os error 111)
[INFO] [stdout]   --> domain/group/backend/internal/src/service/group_management/endpoints/regenerate_invite_link/query.rs:37:5
[INFO] [stdout]    |
[INFO] [stdout] 37 | /     sqlx::query!(
[INFO] [stdout] 38 | |         "INSERT INTO group_invite (group_id, token, created_by) VALUES ($1, $2, $3)",
[INFO] [stdout] 39 | |         group_id,
[INFO] [stdout] 40 | |         token,
[INFO] [stdout] 41 | |         created_by,
[INFO] [stdout] 42 | |     )
[INFO] [stdout]    | |_____^
[INFO] [stdout]    |
[INFO] [stdout]    = note: this error originates in the macro `$crate::sqlx_macros::expand_query` which comes from the expansion of the macro `sqlx::query` (in Nightly builds, run with -Z macro-backtrace for more info)
[INFO] [stdout] 
[INFO] [stdout] 
[INFO] [stdout] error: error communicating with database: Connection refused (os error 111)
[INFO] [stdout]   --> domain/group/backend/internal/src/service/group_management/endpoints/remove_member/query.rs:9:16
[INFO] [stdout]    |
[INFO] [stdout]  9 |       let role = sqlx::query_scalar!(
[INFO] [stdout]    |  ________________^
[INFO] [stdout] 10 | |         r#"SELECT role AS "role: GroupRole" FROM group_member WHERE group_id = $1 AND user_sub = $2"#,
[INFO] [stdout] 11 | |         group_id,
[INFO] [stdout] 12 | |         user_sub,
[INFO] [stdout] 13 | |     )
[INFO] [stdout]    | |_____^
[INFO] [stdout]    |
[INFO] [stdout]    = note: this error originates in the macro `$crate::sqlx_macros::expand_query` which comes from the expansion of the macro `sqlx::query_scalar` (in Nightly builds, run with -Z macro-backtrace for more info)
[INFO] [stdout] 
[INFO] [stdout] 
[INFO] [stdout] error: error communicating with database: Connection refused (os error 111)
[INFO] [stdout]   --> domain/group/backend/internal/src/service/group_management/endpoints/remove_member/query.rs:25:18
[INFO] [stdout]    |
[INFO] [stdout] 25 |       let result = sqlx::query!(
[INFO] [stdout]    |  __________________^
[INFO] [stdout] 26 | |         r#"DELETE FROM group_member WHERE group_id = $1 AND user_sub = $2"#,
[INFO] [stdout] 27 | |         group_id,
[INFO] [stdout] 28 | |         user_sub,
[INFO] [stdout] 29 | |     )
[INFO] [stdout]    | |_____^
[INFO] [stdout]    |
[INFO] [stdout]    = note: this error originates in the macro `$crate::sqlx_macros::expand_query` which comes from the expansion of the macro `sqlx::query` (in Nightly builds, run with -Z macro-backtrace for more info)
[INFO] [stdout] 
[INFO] [stdout] 
[INFO] [stdout] error: error communicating with database: Connection refused (os error 111)
[INFO] [stdout]   --> domain/group/backend/internal/src/service/group_management/endpoints/switch_active_group/query.rs:8:5
[INFO] [stdout]    |
[INFO] [stdout]  8 | /     sqlx::query!(
[INFO] [stdout]  9 | |         r#"SELECT 1 AS "exists!" FROM group_member WHERE group_id = $1 AND user_sub = $2"#,
[INFO] [stdout] 10 | |         group_id,
[INFO] [stdout] 11 | |         user_sub,
[INFO] [stdout] 12 | |     )
[INFO] [stdout]    | |_____^
[INFO] [stdout]    |
[INFO] [stdout]    = note: this error originates in the macro `$crate::sqlx_macros::expand_query` which comes from the expansion of the macro `sqlx::query` (in Nightly builds, run with -Z macro-backtrace for more info)
[INFO] [stdout] 
[INFO] [stdout] 
[INFO] [stdout] error: error communicating with database: Connection refused (os error 111)
[INFO] [stdout]   --> domain/group/backend/internal/src/service/group_management/endpoints/update_group_settings/query.rs:11:16
[INFO] [stdout]    |
[INFO] [stdout] 11 |       let role = sqlx::query_scalar!(
[INFO] [stdout]    |  ________________^
[INFO] [stdout] 12 | |         r#"SELECT role AS "role: GroupRole" FROM group_member WHERE group_id = $1 AND user_sub = $2"#,
[INFO] [stdout] 13 | |         group_id,
[INFO] [stdout] 14 | |         user_sub,
[INFO] [stdout] 15 | |     )
[INFO] [stdout]    | |_____^
[INFO] [stdout]    |
[INFO] [stdout]    = note: this error originates in the macro `$crate::sqlx_macros::expand_query` which comes from the expansion of the macro `sqlx::query_scalar` (in Nightly builds, run with -Z macro-backtrace for more info)
[INFO] [stdout] 
[INFO] [stdout] 
[INFO] [stdout] error: error communicating with database: Connection refused (os error 111)
[INFO] [stdout]   --> domain/group/backend/internal/src/service/group_management/endpoints/update_group_settings/query.rs:28:18
[INFO] [stdout]    |
[INFO] [stdout] 28 |       let record = sqlx::query_as!(
[INFO] [stdout]    |  __________________^
[INFO] [stdout] 29 | |         UpdatedGroupRecord,
[INFO] [stdout] 30 | |         r#"UPDATE groups SET name = $2, simplify_debts = $3 WHERE id = $1
[INFO] [stdout] 31 | |            RETURNING id, name, description, currency_code, slug, simplify_debts"#,
[INFO] [stdout] ...  |
[INFO] [stdout] 34 | |         simplify_debts,
[INFO] [stdout] 35 | |     )
[INFO] [stdout]    | |_____^
[INFO] [stdout]    |
[INFO] [stdout]    = note: this error originates in the macro `$crate::sqlx_macros::expand_query` which comes from the expansion of the macro `sqlx::query_as` (in Nightly builds, run with -Z macro-backtrace for more info)
[INFO] [stdout] 
[INFO] [stdout] 
[INFO] [stdout] error: error communicating with database: Connection refused (os error 111)
[INFO] [stdout]   --> domain/group/backend/internal/src/service/jobs/endpoints/process_recurring_expenses/query.rs:24:15
[INFO] [stdout]    |
[INFO] [stdout] 24 |       let ids = sqlx::query_scalar!(
[INFO] [stdout]    |  _______________^
[INFO] [stdout] 25 | |         r#"SELECT id FROM recurring_expense WHERE active AND next_occurrence <= $1 ORDER BY next_occurrence ASC"#,
[INFO] [stdout] 26 | |         today,
[INFO] [stdout] 27 | |     )
[INFO] [stdout]    | |_____^
[INFO] [stdout]    |
[INFO] [stdout]    = note: this error originates in the macro `$crate::sqlx_macros::expand_query` which comes from the expansion of the macro `sqlx::query_scalar` (in Nightly builds, run with -Z macro-backtrace for more info)
[INFO] [stdout] 
[INFO] [stdout] 
[INFO] [stdout] error: error communicating with database: Connection refused (os error 111)
[INFO] [stdout]   --> domain/group/backend/internal/src/service/jobs/endpoints/process_recurring_expenses/query.rs:39:15
[INFO] [stdout]    |
[INFO] [stdout] 39 |       let row = sqlx::query_as!(
[INFO] [stdout]    |  _______________^
[INFO] [stdout] 40 | |         DueRuleRow,
[INFO] [stdout] 41 | |         r#"SELECT id, group_id, description, amount_cents, paid_by,
[INFO] [stdout] 42 | |                   split_mode::text AS "split_mode!", interval::text AS "interval!",
[INFO] [stdout] ...  |
[INFO] [stdout] 48 | |         today,
[INFO] [stdout] 49 | |     )
[INFO] [stdout]    | |_____^
[INFO] [stdout]    |
[INFO] [stdout]    = note: this error originates in the macro `$crate::sqlx_macros::expand_query` which comes from the expansion of the macro `sqlx::query_as` (in Nightly builds, run with -Z macro-backtrace for more info)
[INFO] [stdout] 
[INFO] [stdout] 
[INFO] [stdout] error: error communicating with database: Connection refused (os error 111)
[INFO] [stdout]   --> domain/group/backend/internal/src/service/jobs/endpoints/process_recurring_expenses/query.rs:57:28
[INFO] [stdout]    |
[INFO] [stdout] 57 |       let participant_rows = sqlx::query_as!(
[INFO] [stdout]    |  ____________________________^
[INFO] [stdout] 58 | |         ParticipantRow,
[INFO] [stdout] 59 | |         r#"SELECT user_sub, weight::bigint AS "weight!" FROM recurring_expense_split WHERE recurring_expense_id = $1"#,
[INFO] [stdout] 60 | |         row.id,
[INFO] [stdout] 61 | |     )
[INFO] [stdout]    | |_____^
[INFO] [stdout]    |
[INFO] [stdout]    = note: this error originates in the macro `$crate::sqlx_macros::expand_query` which comes from the expansion of the macro `sqlx::query_as` (in Nightly builds, run with -Z macro-backtrace for more info)
[INFO] [stdout] 
[INFO] [stdout] 
[INFO] [stdout] error: error communicating with database: Connection refused (os error 111)
[INFO] [stdout]   --> domain/group/backend/internal/src/service/jobs/endpoints/process_recurring_expenses/query.rs:85:16
[INFO] [stdout]    |
[INFO] [stdout] 85 |       let rows = sqlx::query_scalar!(
[INFO] [stdout]    |  ________________^
[INFO] [stdout] 86 | |         r#"SELECT user_sub AS "user_sub!"
[INFO] [stdout] 87 | |             FROM group_member
[INFO] [stdout] 88 | |             WHERE group_id = $1 AND left_at IS NULL AND user_sub = ANY($2)"#,
[INFO] [stdout] 89 | |         group_id,
[INFO] [stdout] 90 | |         subs,
[INFO] [stdout] 91 | |     )
[INFO] [stdout]    | |_____^
[INFO] [stdout]    |
[INFO] [stdout]    = note: this error originates in the macro `$crate::sqlx_macros::expand_query` which comes from the expansion of the macro `sqlx::query_scalar` (in Nightly builds, run with -Z macro-backtrace for more info)
[INFO] [stdout] 
[INFO] [stdout] 
[INFO] [stdout] error: error communicating with database: Connection refused (os error 111)
[INFO] [stdout]   --> domain/group/backend/internal/src/service/jobs/endpoints/process_recurring_expenses/query.rs:99:20
[INFO] [stdout]    |
[INFO] [stdout] 99 |     let currency = sqlx::query_scalar!(r#"SELECT currency_code FROM groups WHERE id = $1"#, group_id)
[INFO] [stdout]    |                    ^^^^^^^^^^^^^^^^^^^^^^^^^^^^^^^^^^^^^^^^^^^^^^^^^^^^^^^^^^^^^^^^^^^^^^^^^^^^^^^^^^
[INFO] [stdout]    |
[INFO] [stdout]    = note: this error originates in the macro `$crate::sqlx_macros::expand_query` which comes from the expansion of the macro `sqlx::query_scalar` (in Nightly builds, run with -Z macro-backtrace for more info)
[INFO] [stdout] 
[INFO] [stdout] 
[INFO] [stdout] error: error communicating with database: Connection refused (os error 111)
[INFO] [stdout]   --> domain/group/backend/internal/src/service/profile/endpoints/get_my_profile/query.rs:8:15
[INFO] [stdout]    |
[INFO] [stdout]  8 |       let row = sqlx::query_as!(
[INFO] [stdout]    |  _______________^
[INFO] [stdout]  9 | |         ProfileRow,
[INFO] [stdout] 10 | |         r#"SELECT paypal_me_handle, iban, iban_account_holder FROM user_profile WHERE user_sub = $1"#,
[INFO] [stdout] 11 | |         user_sub,
[INFO] [stdout] 12 | |     )
[INFO] [stdout]    | |_____^
[INFO] [stdout]    |
[INFO] [stdout]    = note: this error originates in the macro `$crate::sqlx_macros::expand_query` which comes from the expansion of the macro `sqlx::query_as` (in Nightly builds, run with -Z macro-backtrace for more info)
[INFO] [stdout] 
[INFO] [stdout] 
[INFO] [stdout] error: error communicating with database: Connection refused (os error 111)
[INFO] [stdout]   --> domain/group/backend/internal/src/service/profile/endpoints/update_my_profile/query.rs:8:5
[INFO] [stdout]    |
[INFO] [stdout]  8 | /     sqlx::query!(
[INFO] [stdout]  9 | |         r#"INSERT INTO user_profile (user_sub, paypal_me_handle, iban, iban_account_holder)
[INFO] [stdout] 10 | |            VALUES ($1, $2, $3, $4)
[INFO] [stdout] 11 | |            ON CONFLICT (user_sub) DO UPDATE SET
[INFO] [stdout] ...  |
[INFO] [stdout] 16 | |         iban_account_holder,
[INFO] [stdout] 17 | |     )
[INFO] [stdout]    | |_____^
[INFO] [stdout]    |
[INFO] [stdout]    = note: this error originates in the macro `$crate::sqlx_macros::expand_query` which comes from the expansion of the macro `sqlx::query` (in Nightly builds, run with -Z macro-backtrace for more info)
[INFO] [stdout] 
[INFO] [stdout] 
[INFO] [stdout] error: error communicating with database: Connection refused (os error 111)
[INFO] [stdout]   --> domain/group/backend/internal/src/service/recurring_expense/endpoints/create_recurring_expense/query.rs:11:16
[INFO] [stdout]    |
[INFO] [stdout] 11 |       let rows = sqlx::query_scalar!(
[INFO] [stdout]    |  ________________^
[INFO] [stdout] 12 | |         r#"SELECT user_sub AS "user_sub!"
[INFO] [stdout] 13 | |             FROM group_member
[INFO] [stdout] 14 | |             WHERE group_id = $1 AND left_at IS NULL AND user_sub = ANY($2)"#,
[INFO] [stdout] 15 | |         group_id,
[INFO] [stdout] 16 | |         subs,
[INFO] [stdout] 17 | |     )
[INFO] [stdout]    | |_____^
[INFO] [stdout]    |
[INFO] [stdout]    = note: this error originates in the macro `$crate::sqlx_macros::expand_query` which comes from the expansion of the macro `sqlx::query_scalar` (in Nightly builds, run with -Z macro-backtrace for more info)
[INFO] [stdout] 
[INFO] [stdout] 
[INFO] [stdout] error: error communicating with database: Connection refused (os error 111)
[INFO] [stdout]   --> domain/group/backend/internal/src/service/recurring_expense/endpoints/create_recurring_expense/query.rs:25:20
[INFO] [stdout]    |
[INFO] [stdout] 25 |     let currency = sqlx::query_scalar!(r#"SELECT currency_code FROM groups WHERE id = $1"#, group_id)
[INFO] [stdout]    |                    ^^^^^^^^^^^^^^^^^^^^^^^^^^^^^^^^^^^^^^^^^^^^^^^^^^^^^^^^^^^^^^^^^^^^^^^^^^^^^^^^^^
[INFO] [stdout]    |
[INFO] [stdout]    = note: this error originates in the macro `$crate::sqlx_macros::expand_query` which comes from the expansion of the macro `sqlx::query_scalar` (in Nightly builds, run with -Z macro-backtrace for more info)
[INFO] [stdout] 
[INFO] [stdout] 
[INFO] [stdout] error: error communicating with database: Connection refused (os error 111)
[INFO] [stdout]  --> domain/group/backend/internal/src/service/recurring_expense/endpoints/delete_recurring_expense/query.rs:8:18
[INFO] [stdout]   |
[INFO] [stdout] 8 |     let result = sqlx::query!("DELETE FROM recurring_expense WHERE id = $2 AND group_id = $1", group_id, id)
[INFO] [stdout]   |                  ^^^^^^^^^^^^^^^^^^^^^^^^^^^^^^^^^^^^^^^^^^^^^^^^^^^^^^^^^^^^^^^^^^^^^^^^^^^^^^^^^^^^^^^^^^^
[INFO] [stdout]   |
[INFO] [stdout]   = note: this error originates in the macro `$crate::sqlx_macros::expand_query` which comes from the expansion of the macro `sqlx::query` (in Nightly builds, run with -Z macro-backtrace for more info)
[INFO] [stdout] 
[INFO] [stdout] 
[INFO] [stdout] error: error communicating with database: Connection refused (os error 111)
[INFO] [stdout]   --> domain/group/backend/internal/src/service/recurring_expense/endpoints/list_recurring_expenses/query.rs:22:16
[INFO] [stdout]    |
[INFO] [stdout] 22 |       let rows = sqlx::query_as!(
[INFO] [stdout]    |  ________________^
[INFO] [stdout] 23 | |         RecurringExpenseRow,
[INFO] [stdout] 24 | |         r#"SELECT id, description, amount_cents, paid_by,
[INFO] [stdout] 25 | |                   split_mode::text AS "split_mode!", interval::text AS "interval!",
[INFO] [stdout] ...  |
[INFO] [stdout] 30 | |         group_id,
[INFO] [stdout] 31 | |     )
[INFO] [stdout]    | |_____^
[INFO] [stdout]    |
[INFO] [stdout]    = note: this error originates in the macro `$crate::sqlx_macros::expand_query` which comes from the expansion of the macro `sqlx::query_as` (in Nightly builds, run with -Z macro-backtrace for more info)
[INFO] [stdout] 
[INFO] [stdout] 
[INFO] [stdout] error: error communicating with database: Connection refused (os error 111)
[INFO] [stdout]   --> domain/group/backend/internal/src/service/recurring_expense/endpoints/list_recurring_expenses/query.rs:39:16
[INFO] [stdout]    |
[INFO] [stdout] 39 |       let rows = sqlx::query_as!(
[INFO] [stdout]    |  ________________^
[INFO] [stdout] 40 | |         SplitRow,
[INFO] [stdout] 41 | |         r#"SELECT recurring_expense_id, user_sub, weight::bigint AS "weight!"
[INFO] [stdout] 42 | |              FROM recurring_expense_split
[INFO] [stdout] 43 | |              WHERE recurring_expense_id = ANY($1)"#,
[INFO] [stdout] 44 | |         rule_ids,
[INFO] [stdout] 45 | |     )
[INFO] [stdout]    | |_____^
[INFO] [stdout]    |
[INFO] [stdout]    = note: this error originates in the macro `$crate::sqlx_macros::expand_query` which comes from the expansion of the macro `sqlx::query_as` (in Nightly builds, run with -Z macro-backtrace for more info)
[INFO] [stdout] 
[INFO] [stdout] 
[INFO] [stdout] error: error communicating with database: Connection refused (os error 111)
[INFO] [stdout]   --> domain/group/backend/internal/src/service/recurring_expense/endpoints/set_recurring_expense_active/query.rs:26:15
[INFO] [stdout]    |
[INFO] [stdout] 26 |       let row = sqlx::query_as!(
[INFO] [stdout]    |  _______________^
[INFO] [stdout] 27 | |         RecurringExpenseRow,
[INFO] [stdout] 28 | |         r#"UPDATE recurring_expense SET active = $3, updated_at = now()
[INFO] [stdout] 29 | |              WHERE id = $2 AND group_id = $1
[INFO] [stdout] ...  |
[INFO] [stdout] 35 | |         active,
[INFO] [stdout] 36 | |     )
[INFO] [stdout]    | |_____^
[INFO] [stdout]    |
[INFO] [stdout]    = note: this error originates in the macro `$crate::sqlx_macros::expand_query` which comes from the expansion of the macro `sqlx::query_as` (in Nightly builds, run with -Z macro-backtrace for more info)
[INFO] [stdout] 
[INFO] [stdout] 
[INFO] [stdout] error: error communicating with database: Connection refused (os error 111)
[INFO] [stdout]   --> domain/group/backend/internal/src/service/recurring_expense/endpoints/set_recurring_expense_active/query.rs:44:16
[INFO] [stdout]    |
[INFO] [stdout] 44 |       let rows = sqlx::query_as!(
[INFO] [stdout]    |  ________________^
[INFO] [stdout] 45 | |         SplitRow,
[INFO] [stdout] 46 | |         r#"SELECT user_sub, weight::bigint AS "weight!"
[INFO] [stdout] 47 | |              FROM recurring_expense_split
[INFO] [stdout] 48 | |              WHERE recurring_expense_id = $1"#,
[INFO] [stdout] 49 | |         id,
[INFO] [stdout] 50 | |     )
[INFO] [stdout]    | |_____^
[INFO] [stdout]    |
[INFO] [stdout]    = note: this error originates in the macro `$crate::sqlx_macros::expand_query` which comes from the expansion of the macro `sqlx::query_as` (in Nightly builds, run with -Z macro-backtrace for more info)
[INFO] [stdout] 
[INFO] [stdout] 
[INFO] [stdout] error: error communicating with database: Connection refused (os error 111)
[INFO] [stdout]  --> domain/group/backend/internal/src/service/settlement/endpoints/get_balances/query.rs:5:16
[INFO] [stdout]   |
[INFO] [stdout] 5 |       let rows = sqlx::query!(
[INFO] [stdout]   |  ________________^
[INFO] [stdout] 6 | |         r#"SELECT user_low, user_high, net_cents FROM pair_balance WHERE group_id = $1"#,
[INFO] [stdout] 7 | |         group_id,
[INFO] [stdout] 8 | |     )
[INFO] [stdout]   | |_____^
[INFO] [stdout]   |
[INFO] [stdout]   = note: this error originates in the macro `$crate::sqlx_macros::expand_query` which comes from the expansion of the macro `sqlx::query` (in Nightly builds, run with -Z macro-backtrace for more info)
[INFO] [stdout] 
[INFO] [stdout] 
[INFO] [stdout] error: error communicating with database: Connection refused (os error 111)
[INFO] [stdout]   --> domain/group/backend/internal/src/service/settlement/endpoints/get_balances/query.rs:22:17
[INFO] [stdout]    |
[INFO] [stdout] 22 |     let total = sqlx::query_scalar!(r#"SELECT total_spent_cents FROM groups WHERE id = $1"#, group_id)
[INFO] [stdout]    |                 ^^^^^^^^^^^^^^^^^^^^^^^^^^^^^^^^^^^^^^^^^^^^^^^^^^^^^^^^^^^^^^^^^^^^^^^^^^^^^^^^^^^^^^
[INFO] [stdout]    |
[INFO] [stdout]    = note: this error originates in the macro `$crate::sqlx_macros::expand_query` which comes from the expansion of the macro `sqlx::query_scalar` (in Nightly builds, run with -Z macro-backtrace for more info)
[INFO] [stdout] 
[INFO] [stdout] 
[INFO] [stdout] error: error communicating with database: Connection refused (os error 111)
[INFO] [stdout]   --> domain/group/backend/internal/src/service/settlement/endpoints/get_balances/query.rs:30:17
[INFO] [stdout]    |
[INFO] [stdout] 30 |       let share = sqlx::query_scalar!(
[INFO] [stdout]    |  _________________^
[INFO] [stdout] 31 | |         r#"SELECT share_cents FROM member_spend WHERE group_id = $1 AND user_sub = $2"#,
[INFO] [stdout] 32 | |         group_id,
[INFO] [stdout] 33 | |         user_sub,
[INFO] [stdout] 34 | |     )
[INFO] [stdout]    | |_____^
[INFO] [stdout]    |
[INFO] [stdout]    = note: this error originates in the macro `$crate::sqlx_macros::expand_query` which comes from the expansion of the macro `sqlx::query_scalar` (in Nightly builds, run with -Z macro-backtrace for more info)
[INFO] [stdout] 
[INFO] [stdout] 
[INFO] [stdout] error: error communicating with database: Connection refused (os error 111)
[INFO] [stdout]  --> domain/group/backend/internal/src/service/settlement/endpoints/get_my_net_balance/query.rs:5:16
[INFO] [stdout]   |
[INFO] [stdout] 5 |       let rows = sqlx::query!(
[INFO] [stdout]   |  ________________^
[INFO] [stdout] 6 | |         r#"SELECT user_low, user_high, net_cents FROM pair_balance WHERE group_id = $1"#,
[INFO] [stdout] 7 | |         group_id,
[INFO] [stdout] 8 | |     )
[INFO] [stdout]   | |_____^
[INFO] [stdout]   |
[INFO] [stdout]   = note: this error originates in the macro `$crate::sqlx_macros::expand_query` which comes from the expansion of the macro `sqlx::query` (in Nightly builds, run with -Z macro-backtrace for more info)
[INFO] [stdout] 
[INFO] [stdout] 
[INFO] [stdout] error: error communicating with database: Connection refused (os error 111)
[INFO] [stdout]  --> domain/group/backend/internal/src/service/settlement/endpoints/get_settlement/query.rs:5:16
[INFO] [stdout]   |
[INFO] [stdout] 5 |       let rows = sqlx::query!(
[INFO] [stdout]   |  ________________^
[INFO] [stdout] 6 | |         r#"SELECT user_low, user_high, net_cents FROM pair_balance WHERE group_id = $1"#,
[INFO] [stdout] 7 | |         group_id,
[INFO] [stdout] 8 | |     )
[INFO] [stdout]   | |_____^
[INFO] [stdout]   |
[INFO] [stdout]   = note: this error originates in the macro `$crate::sqlx_macros::expand_query` which comes from the expansion of the macro `sqlx::query` (in Nightly builds, run with -Z macro-backtrace for more info)
[INFO] [stdout] 
[INFO] [stdout] 
[INFO] [stdout] error: error communicating with database: Connection refused (os error 111)
[INFO] [stdout]   --> domain/group/backend/internal/src/service/settlement/endpoints/get_settlement/query.rs:22:20
[INFO] [stdout]    |
[INFO] [stdout] 22 |     let simplify = sqlx::query_scalar!(r#"SELECT simplify_debts FROM groups WHERE id = $1"#, group_id)
[INFO] [stdout]    |                    ^^^^^^^^^^^^^^^^^^^^^^^^^^^^^^^^^^^^^^^^^^^^^^^^^^^^^^^^^^^^^^^^^^^^^^^^^^^^^^^^^^^
[INFO] [stdout]    |
[INFO] [stdout]    = note: this error originates in the macro `$crate::sqlx_macros::expand_query` which comes from the expansion of the macro `sqlx::query_scalar` (in Nightly builds, run with -Z macro-backtrace for more info)
[INFO] [stdout] 
[INFO] [stdout] 
[INFO] [stdout] error: error communicating with database: Connection refused (os error 111)
[INFO] [stdout]   --> domain/group/backend/internal/src/service/settlement/endpoints/get_settlement/query.rs:37:16
[INFO] [stdout]    |
[INFO] [stdout] 37 |       let rows = sqlx::query_as!(
[INFO] [stdout]    |  ________________^
[INFO] [stdout] 38 | |         PayoutInfo,
[INFO] [stdout] 39 | |         r#"SELECT user_sub, paypal_me_handle, iban, iban_account_holder FROM user_profile
[INFO] [stdout] 40 | |            WHERE user_sub = ANY($1)
[INFO] [stdout] ...  |
[INFO] [stdout] 43 | |         user_subs,
[INFO] [stdout] 44 | |     )
[INFO] [stdout]    | |_____^
[INFO] [stdout]    |
[INFO] [stdout]    = note: this error originates in the macro `$crate::sqlx_macros::expand_query` which comes from the expansion of the macro `sqlx::query_as` (in Nightly builds, run with -Z macro-backtrace for more info)
[INFO] [stdout] 
[INFO] [stdout] 
[INFO] [stdout] warning: unused import: `crate::core::group_role::GroupRole`
[INFO] [stdout]  --> domain/group/backend/internal/src/service/group/endpoints/list_my_groups/query.rs:1:5
[INFO] [stdout]   |
[INFO] [stdout] 1 | use crate::core::group_role::GroupRole;
[INFO] [stdout]   |     ^^^^^^^^^^^^^^^^^^^^^^^^^^^^^^^^^^
[INFO] [stdout]   |
[INFO] [stdout]   = note: `#[warn(unused_imports)]` (part of `#[warn(unused)]`) on by default
[INFO] [stdout] 
[INFO] [stdout] 
[INFO] [stdout] warning: unused import: `crate::core::group_role::GroupRole`
[INFO] [stdout]  --> domain/group/backend/internal/src/service/group_management/endpoints/get_active_group/query.rs:1:5
[INFO] [stdout]   |
[INFO] [stdout] 1 | use crate::core::group_role::GroupRole;
[INFO] [stdout]   |     ^^^^^^^^^^^^^^^^^^^^^^^^^^^^^^^^^^
[INFO] [stdout] 
[INFO] [stdout] 
[INFO] [stdout] warning: unused import: `crate::core::group_role::GroupRole`
[INFO] [stdout]  --> domain/group/backend/internal/src/service/group_management/endpoints/get_group_members/query.rs:1:5
[INFO] [stdout]   |
[INFO] [stdout] 1 | use crate::core::group_role::GroupRole;
[INFO] [stdout]   |     ^^^^^^^^^^^^^^^^^^^^^^^^^^^^^^^^^^
[INFO] [stdout] 
[INFO] [stdout] 
[INFO] [stderr]    Compiling opentelemetry-otlp v0.32.0
[INFO] [stdout] warning: method call on a diverging inference variable
[INFO] [stdout]   --> domain/group/backend/internal/src/service/expense/endpoints/delete_expense/query.rs:21:10
[INFO] [stdout]    |
[INFO] [stdout] 21 |         .into_iter()
[INFO] [stdout]    |          ^^^^^^^^^
[INFO] [stdout]    |
[INFO] [stdout]    = help: consider providing a type annotation
[INFO] [stdout]    = warning: this was previously accepted by the compiler but is being phased out; it will become a hard error in a future release!
[INFO] [stdout]    = note: for more information, see issue #156047 <https://github.com/rust-lang/rust/issues/156047>
[INFO] [stdout]    = note: `#[warn(method_call_on_diverging_infer_var)]` (part of `#[warn(future_incompatible)]`) on by default
[INFO] [stdout] 
[INFO] [stdout] 
[INFO] [stdout] error[E0599]: `!` is not an iterator
[INFO] [stdout]   --> domain/group/backend/internal/src/service/expense/endpoints/delete_expense/query.rs:21:10
[INFO] [stdout]    |
[INFO] [stdout] 20 |     let allocations = rows
[INFO] [stdout] 21 |         .into_iter()
[INFO] [stdout]    |          ^^^^^^^^^ `!` is not an iterator
[INFO] [stdout]    |
[INFO] [stdout]    = note: the following trait bounds were not satisfied:
[INFO] [stdout]            `!: Iterator`
[INFO] [stdout]            which is required by `!: IntoIterator`
[INFO] [stdout]            `&!: Iterator`
[INFO] [stdout]            which is required by `&!: IntoIterator`
[INFO] [stdout]            `&mut !: Iterator`
[INFO] [stdout]            which is required by `&mut !: IntoIterator`
[INFO] [stdout] 
[INFO] [stdout] 
[INFO] [stdout] warning: method call on a diverging inference variable
[INFO] [stdout]   --> domain/group/backend/internal/src/service/expense/endpoints/delete_expense/query.rs:32:22
[INFO] [stdout]    |
[INFO] [stdout] 32 |     return Ok(result.rows_affected());
[INFO] [stdout]    |                      ^^^^^^^^^^^^^
[INFO] [stdout]    |
[INFO] [stdout]    = help: consider providing a type annotation
[INFO] [stdout]    = warning: this was previously accepted by the compiler but is being phased out; it will become a hard error in a future release!
[INFO] [stdout]    = note: for more information, see issue #156047 <https://github.com/rust-lang/rust/issues/156047>
[INFO] [stdout] 
[INFO] [stdout] 
[INFO] [stdout] error[E0599]: no method named `rows_affected` found for type `!` in the current scope
[INFO] [stdout]   --> domain/group/backend/internal/src/service/expense/endpoints/delete_expense/query.rs:32:22
[INFO] [stdout]    |
[INFO] [stdout] 32 |     return Ok(result.rows_affected());
[INFO] [stdout]    |                      ^^^^^^^^^^^^^ method not found in `!`
[INFO] [stdout] 
[INFO] [stdout] 
[INFO] [stdout] warning: method call on a diverging inference variable
[INFO] [stdout]   --> domain/group/backend/internal/src/service/expense/endpoints/get_exchange_rate/query.rs:31:19
[INFO] [stdout]    |
[INFO] [stdout] 31 |     return Ok(row.map(|row| return CachedRate { rate_scaled: row.rate_scaled, fetched_at: row.fetched_at }));
[INFO] [stdout]    |                   ^^^
[INFO] [stdout]    |
[INFO] [stdout]    = help: consider providing a type annotation
[INFO] [stdout]    = warning: this was previously accepted by the compiler but is being phased out; it will become a hard error in a future release!
[INFO] [stdout]    = note: for more information, see issue #156047 <https://github.com/rust-lang/rust/issues/156047>
[INFO] [stdout] 
[INFO] [stdout] 
[INFO] [stdout] error[E0599]: `!` is not an iterator
[INFO] [stdout]   --> domain/group/backend/internal/src/service/expense/endpoints/get_exchange_rate/query.rs:31:19
[INFO] [stdout]    |
[INFO] [stdout] 31 |     return Ok(row.map(|row| return CachedRate { rate_scaled: row.rate_scaled, fetched_at: row.fetched_at }));
[INFO] [stdout]    |                   ^^^ `!` is not an iterator
[INFO] [stdout]    |
[INFO] [stdout]    = note: the following trait bounds were not satisfied:
[INFO] [stdout]            `!: Iterator`
[INFO] [stdout]            which is required by `&mut !: Iterator`
[INFO] [stdout] 
[INFO] [stdout] 
[INFO] [stdout] warning: method call on a diverging inference variable
[INFO] [stdout]   --> domain/group/backend/internal/src/service/expense/endpoints/get_expense/query.rs:16:19
[INFO] [stdout]    |
[INFO] [stdout] 16 |     return Ok(row.map(|row| {
[INFO] [stdout]    |                   ^^^
[INFO] [stdout]    |
[INFO] [stdout]    = help: consider providing a type annotation
[INFO] [stdout]    = warning: this was previously accepted by the compiler but is being phased out; it will become a hard error in a future release!
[INFO] [stdout]    = note: for more information, see issue #156047 <https://github.com/rust-lang/rust/issues/156047>
[INFO] [stdout] 
[INFO] [stdout] 
[INFO] [stdout] error[E0599]: `!` is not an iterator
[INFO] [stdout]   --> domain/group/backend/internal/src/service/expense/endpoints/get_expense/query.rs:16:19
[INFO] [stdout]    |
[INFO] [stdout] 16 |     return Ok(row.map(|row| {
[INFO] [stdout]    |                   ^^^ `!` is not an iterator
[INFO] [stdout]    |
[INFO] [stdout]    = note: the following trait bounds were not satisfied:
[INFO] [stdout]            `!: Iterator`
[INFO] [stdout]            which is required by `&mut !: Iterator`
[INFO] [stdout] 
[INFO] [stdout] 
[INFO] [stdout] warning: method call on a diverging inference variable
[INFO] [stdout]   --> domain/group/backend/internal/src/service/expense/endpoints/get_expense/query.rs:39:10
[INFO] [stdout]    |
[INFO] [stdout] 39 |         .into_iter()
[INFO] [stdout]    |          ^^^^^^^^^
[INFO] [stdout]    |
[INFO] [stdout]    = help: consider providing a type annotation
[INFO] [stdout]    = warning: this was previously accepted by the compiler but is being phased out; it will become a hard error in a future release!
[INFO] [stdout]    = note: for more information, see issue #156047 <https://github.com/rust-lang/rust/issues/156047>
[INFO] [stdout] 
[INFO] [stdout] 
[INFO] [stdout] error[E0599]: `!` is not an iterator
[INFO] [stdout]   --> domain/group/backend/internal/src/service/expense/endpoints/get_expense/query.rs:39:10
[INFO] [stdout]    |
[INFO] [stdout] 38 |     return Ok(rows
[INFO] [stdout] 39 |         .into_iter()
[INFO] [stdout]    |          ^^^^^^^^^ `!` is not an iterator
[INFO] [stdout]    |
[INFO] [stdout]    = note: the following trait bounds were not satisfied:
[INFO] [stdout]            `!: Iterator`
[INFO] [stdout]            which is required by `!: IntoIterator`
[INFO] [stdout]            `&!: Iterator`
[INFO] [stdout]            which is required by `&!: IntoIterator`
[INFO] [stdout]            `&mut !: Iterator`
[INFO] [stdout]            which is required by `&mut !: IntoIterator`
[INFO] [stdout] 
[INFO] [stdout] 
[INFO] [stdout] warning: method call on a diverging inference variable
[INFO] [stdout]   --> domain/group/backend/internal/src/service/expense/endpoints/update_expense/query.rs:40:19
[INFO] [stdout]    |
[INFO] [stdout] 40 |     return Ok(row.map(|row| return ExistingExpense { paid_by: row.paid_by, amount_cents: row.amount_cents }));
[INFO] [stdout]    |                   ^^^
[INFO] [stdout]    |
[INFO] [stdout]    = help: consider providing a type annotation
[INFO] [stdout]    = warning: this was previously accepted by the compiler but is being phased out; it will become a hard error in a future release!
[INFO] [stdout]    = note: for more information, see issue #156047 <https://github.com/rust-lang/rust/issues/156047>
[INFO] [stdout] 
[INFO] [stdout] 
[INFO] [stdout] error[E0599]: `!` is not an iterator
[INFO] [stdout]   --> domain/group/backend/internal/src/service/expense/endpoints/update_expense/query.rs:40:19
[INFO] [stdout]    |
[INFO] [stdout] 40 |     return Ok(row.map(|row| return ExistingExpense { paid_by: row.paid_by, amount_cents: row.amount_cents }));
[INFO] [stdout]    |                   ^^^ `!` is not an iterator
[INFO] [stdout]    |
[INFO] [stdout]    = note: the following trait bounds were not satisfied:
[INFO] [stdout]            `!: Iterator`
[INFO] [stdout]            which is required by `&mut !: Iterator`
[INFO] [stdout] 
[INFO] [stdout] 
[INFO] [stdout] warning: method call on a diverging inference variable
[INFO] [stdout]   --> domain/group/backend/internal/src/service/expense/endpoints/update_expense/query.rs:52:10
[INFO] [stdout]    |
[INFO] [stdout] 52 |         .into_iter()
[INFO] [stdout]    |          ^^^^^^^^^
[INFO] [stdout]    |
[INFO] [stdout]    = help: consider providing a type annotation
[INFO] [stdout]    = warning: this was previously accepted by the compiler but is being phased out; it will become a hard error in a future release!
[INFO] [stdout]    = note: for more information, see issue #156047 <https://github.com/rust-lang/rust/issues/156047>
[INFO] [stdout] 
[INFO] [stdout] 
[INFO] [stdout] error[E0599]: `!` is not an iterator
[INFO] [stdout]   --> domain/group/backend/internal/src/service/expense/endpoints/update_expense/query.rs:52:10
[INFO] [stdout]    |
[INFO] [stdout] 51 |     return Ok(rows
[INFO] [stdout] 52 |         .into_iter()
[INFO] [stdout]    |          ^^^^^^^^^ `!` is not an iterator
[INFO] [stdout]    |
[INFO] [stdout]    = note: the following trait bounds were not satisfied:
[INFO] [stdout]            `!: Iterator`
[INFO] [stdout]            which is required by `!: IntoIterator`
[INFO] [stdout]            `&!: Iterator`
[INFO] [stdout]            which is required by `&!: IntoIterator`
[INFO] [stdout]            `&mut !: Iterator`
[INFO] [stdout]            which is required by `&mut !: IntoIterator`
[INFO] [stdout] 
[INFO] [stdout] 
[INFO] [stderr]    Compiling tracing_backend v0.1.0 (/opt/rustwide/workdir/domain/tracing/backend/internal)
[INFO] [stdout] warning: method call on a diverging inference variable
[INFO] [stdout]   --> domain/group/backend/internal/src/service/group_management/endpoints/remove_member/query.rs:33:22
[INFO] [stdout]    |
[INFO] [stdout] 33 |     return Ok(result.rows_affected());
[INFO] [stdout]    |                      ^^^^^^^^^^^^^
[INFO] [stdout]    |
[INFO] [stdout]    = help: consider providing a type annotation
[INFO] [stdout]    = warning: this was previously accepted by the compiler but is being phased out; it will become a hard error in a future release!
[INFO] [stdout]    = note: for more information, see issue #156047 <https://github.com/rust-lang/rust/issues/156047>
[INFO] [stdout] 
[INFO] [stdout] 
[INFO] [stdout] error[E0599]: no method named `rows_affected` found for type `!` in the current scope
[INFO] [stdout]   --> domain/group/backend/internal/src/service/group_management/endpoints/remove_member/query.rs:33:22
[INFO] [stdout]    |
[INFO] [stdout] 33 |     return Ok(result.rows_affected());
[INFO] [stdout]    |                      ^^^^^^^^^^^^^ method not found in `!`
[INFO] [stdout] 
[INFO] [stdout] 
[INFO] [stdout] warning: method call on a diverging inference variable
[INFO] [stdout]   --> domain/group/backend/internal/src/service/group_management/endpoints/delete_group/query.rs:23:22
[INFO] [stdout]    |
[INFO] [stdout] 23 |     return Ok(result.rows_affected());
[INFO] [stdout]    |                      ^^^^^^^^^^^^^
[INFO] [stdout]    |
[INFO] [stdout]    = help: consider providing a type annotation
[INFO] [stdout]    = warning: this was previously accepted by the compiler but is being phased out; it will become a hard error in a future release!
[INFO] [stdout]    = note: for more information, see issue #156047 <https://github.com/rust-lang/rust/issues/156047>
[INFO] [stdout] 
[INFO] [stdout] 
[INFO] [stdout] error[E0599]: no method named `rows_affected` found for type `!` in the current scope
[INFO] [stdout]   --> domain/group/backend/internal/src/service/group_management/endpoints/delete_group/query.rs:23:22
[INFO] [stdout]    |
[INFO] [stdout] 23 |     return Ok(result.rows_affected());
[INFO] [stdout]    |                      ^^^^^^^^^^^^^ method not found in `!`
[INFO] [stdout] 
[INFO] [stdout] 
[INFO] [stdout] warning: method call on a diverging inference variable
[INFO] [stdout]   --> domain/group/backend/internal/src/service/recurring_expense/endpoints/delete_recurring_expense/query.rs:12:22
[INFO] [stdout]    |
[INFO] [stdout] 12 |     return Ok(result.rows_affected() > 0);
[INFO] [stdout]    |                      ^^^^^^^^^^^^^
[INFO] [stdout]    |
[INFO] [stdout]    = help: consider providing a type annotation
[INFO] [stdout]    = warning: this was previously accepted by the compiler but is being phased out; it will become a hard error in a future release!
[INFO] [stdout]    = note: for more information, see issue #156047 <https://github.com/rust-lang/rust/issues/156047>
[INFO] [stdout] 
[INFO] [stdout] 
[INFO] [stdout] error[E0599]: no method named `rows_affected` found for type `!` in the current scope
[INFO] [stdout]   --> domain/group/backend/internal/src/service/recurring_expense/endpoints/delete_recurring_expense/query.rs:12:22
[INFO] [stdout]    |
[INFO] [stdout] 12 |     return Ok(result.rows_affected() > 0);
[INFO] [stdout]    |                      ^^^^^^^^^^^^^ method not found in `!`
[INFO] [stdout] 
[INFO] [stdout] 
[INFO] [stdout] warning: method call on a diverging inference variable
[INFO] [stdout]   --> domain/group/backend/internal/src/service/settlement/endpoints/get_balances/query.rs:13:10
[INFO] [stdout]    |
[INFO] [stdout] 13 |         .into_iter()
[INFO] [stdout]    |          ^^^^^^^^^
[INFO] [stdout]    |
[INFO] [stdout]    = help: consider providing a type annotation
[INFO] [stdout]    = warning: this was previously accepted by the compiler but is being phased out; it will become a hard error in a future release!
[INFO] [stdout]    = note: for more information, see issue #156047 <https://github.com/rust-lang/rust/issues/156047>
[INFO] [stdout] 
[INFO] [stdout] 
[INFO] [stdout] error[E0599]: `!` is not an iterator
[INFO] [stdout]   --> domain/group/backend/internal/src/service/settlement/endpoints/get_balances/query.rs:13:10
[INFO] [stdout]    |
[INFO] [stdout] 12 |     let pairs = rows
[INFO] [stdout] 13 |         .into_iter()
[INFO] [stdout]    |          ^^^^^^^^^ `!` is not an iterator
[INFO] [stdout]    |
[INFO] [stdout]    = note: the following trait bounds were not satisfied:
[INFO] [stdout]            `!: Iterator`
[INFO] [stdout]            which is required by `!: IntoIterator`
[INFO] [stdout]            `&!: Iterator`
[INFO] [stdout]            which is required by `&!: IntoIterator`
[INFO] [stdout]            `&mut !: Iterator`
[INFO] [stdout]            which is required by `&mut !: IntoIterator`
[INFO] [stdout] 
[INFO] [stdout] 
[INFO] [stdout] warning: method call on a diverging inference variable
[INFO] [stdout]   --> domain/group/backend/internal/src/service/settlement/endpoints/get_balances/query.rs:38:21
[INFO] [stdout]    |
[INFO] [stdout] 38 |     return Ok(share.unwrap_or(0));
[INFO] [stdout]    |                     ^^^^^^^^^
[INFO] [stdout]    |
[INFO] [stdout]    = help: consider providing a type annotation
[INFO] [stdout]    = warning: this was previously accepted by the compiler but is being phased out; it will become a hard error in a future release!
[INFO] [stdout]    = note: for more information, see issue #156047 <https://github.com/rust-lang/rust/issues/156047>
[INFO] [stdout] 
[INFO] [stdout] 
[INFO] [stdout] error[E0599]: no method named `unwrap_or` found for type `!` in the current scope
[INFO] [stdout]   --> domain/group/backend/internal/src/service/settlement/endpoints/get_balances/query.rs:38:21
[INFO] [stdout]    |
[INFO] [stdout] 38 |     return Ok(share.unwrap_or(0));
[INFO] [stdout]    |                     ^^^^^^^^^ method not found in `!`
[INFO] [stdout] 
[INFO] [stdout] 
[INFO] [stdout] warning: method call on a diverging inference variable
[INFO] [stdout]   --> domain/group/backend/internal/src/service/settlement/endpoints/get_my_net_balance/query.rs:13:10
[INFO] [stdout]    |
[INFO] [stdout] 13 |         .into_iter()
[INFO] [stdout]    |          ^^^^^^^^^
[INFO] [stdout]    |
[INFO] [stdout]    = help: consider providing a type annotation
[INFO] [stdout]    = warning: this was previously accepted by the compiler but is being phased out; it will become a hard error in a future release!
[INFO] [stdout]    = note: for more information, see issue #156047 <https://github.com/rust-lang/rust/issues/156047>
[INFO] [stdout] 
[INFO] [stdout] 
[INFO] [stdout] error[E0599]: `!` is not an iterator
[INFO] [stdout]   --> domain/group/backend/internal/src/service/settlement/endpoints/get_my_net_balance/query.rs:13:10
[INFO] [stdout]    |
[INFO] [stdout] 12 |     let pairs = rows
[INFO] [stdout] 13 |         .into_iter()
[INFO] [stdout]    |          ^^^^^^^^^ `!` is not an iterator
[INFO] [stdout]    |
[INFO] [stdout]    = note: the following trait bounds were not satisfied:
[INFO] [stdout]            `!: Iterator`
[INFO] [stdout]            which is required by `!: IntoIterator`
[INFO] [stdout]            `&!: Iterator`
[INFO] [stdout]            which is required by `&!: IntoIterator`
[INFO] [stdout]            `&mut !: Iterator`
[INFO] [stdout]            which is required by `&mut !: IntoIterator`
[INFO] [stdout] 
[INFO] [stdout] 
[INFO] [stdout] warning: method call on a diverging inference variable
[INFO] [stdout]   --> domain/group/backend/internal/src/service/settlement/endpoints/get_settlement/query.rs:13:10
[INFO] [stdout]    |
[INFO] [stdout] 13 |         .into_iter()
[INFO] [stdout]    |          ^^^^^^^^^
[INFO] [stdout]    |
[INFO] [stdout]    = help: consider providing a type annotation
[INFO] [stdout]    = warning: this was previously accepted by the compiler but is being phased out; it will become a hard error in a future release!
[INFO] [stdout]    = note: for more information, see issue #156047 <https://github.com/rust-lang/rust/issues/156047>
[INFO] [stdout] 
[INFO] [stdout] 
[INFO] [stdout] error[E0599]: `!` is not an iterator
[INFO] [stdout]   --> domain/group/backend/internal/src/service/settlement/endpoints/get_settlement/query.rs:13:10
[INFO] [stdout]    |
[INFO] [stdout] 12 |     let pairs = rows
[INFO] [stdout] 13 |         .into_iter()
[INFO] [stdout]    |          ^^^^^^^^^ `!` is not an iterator
[INFO] [stdout]    |
[INFO] [stdout]    = note: the following trait bounds were not satisfied:
[INFO] [stdout]            `!: Iterator`
[INFO] [stdout]            which is required by `!: IntoIterator`
[INFO] [stdout]            `&!: Iterator`
[INFO] [stdout]            which is required by `&!: IntoIterator`
[INFO] [stdout]            `&mut !: Iterator`
[INFO] [stdout]            which is required by `&mut !: IntoIterator`
[INFO] [stdout] 
[INFO] [stdout] 
[INFO] [stdout] warning: method call on a diverging inference variable
[INFO] [stdout]   --> domain/group/backend/internal/src/service/jobs/endpoints/process_recurring_expenses/query.rs:65:26
[INFO] [stdout]    |
[INFO] [stdout] 65 |         participant_rows.into_iter().map(|p| return Participant { user_sub: p.user_sub, weight: p.weight }).collect();
[INFO] [stdout]    |                          ^^^^^^^^^
[INFO] [stdout]    |
[INFO] [stdout]    = help: consider providing a type annotation
[INFO] [stdout]    = warning: this was previously accepted by the compiler but is being phased out; it will become a hard error in a future release!
[INFO] [stdout]    = note: for more information, see issue #156047 <https://github.com/rust-lang/rust/issues/156047>
[INFO] [stdout] 
[INFO] [stdout] 
[INFO] [stdout] error[E0599]: `!` is not an iterator
[INFO] [stdout]   --> domain/group/backend/internal/src/service/jobs/endpoints/process_recurring_expenses/query.rs:65:26
[INFO] [stdout]    |
[INFO] [stdout] 65 |         participant_rows.into_iter().map(|p| return Participant { user_sub: p.user_sub, weight: p.weight }).collect();
[INFO] [stdout]    |                          ^^^^^^^^^ `!` is not an iterator
[INFO] [stdout]    |
[INFO] [stdout]    = note: the following trait bounds were not satisfied:
[INFO] [stdout]            `!: Iterator`
[INFO] [stdout]            which is required by `!: IntoIterator`
[INFO] [stdout]            `&!: Iterator`
[INFO] [stdout]            which is required by `&!: IntoIterator`
[INFO] [stdout]            `&mut !: Iterator`
[INFO] [stdout]            which is required by `&mut !: IntoIterator`
[INFO] [stdout] 
[INFO] [stdout] 
[INFO] [stdout] For more information about this error, try `rustc --explain E0599`.
[INFO] [stdout] 
[INFO] [stderr] error: could not compile `group_backend` (lib) due to 72 previous errors; 33 warnings emitted
[INFO] [stderr] warning: build failed, waiting for other jobs to finish...
[INFO] [stderr] warning: unused dependency `shared_models`
[INFO] [stderr]   --> domain/shared/rust_utils/Cargo.toml:10:1
[INFO] [stderr]    |
[INFO] [stderr] 10 | shared_models = { workspace = true }
[INFO] [stderr]    | ^^^^^^^^^^^^^^^^^^^^^^^^^^^^^^^^^^^^
[INFO] [stderr]    |
[INFO] [stderr]    = note: `cargo::unused_dependencies` is set to `warn` by default
[INFO] [stderr] help: consider removing the dependency on `shared_models`
[INFO] [stderr] warning: `rust_utils` (manifest) generated 1 warning
[INFO] running `Command { std: "docker" "inspect" "0a7415aea94e84ef06ba3926838b20ee8aa9ab87196e9b2e24921c9f66ae95b2", kill_on_drop: false }`
[INFO] running `Command { std: "docker" "rm" "-f" "0a7415aea94e84ef06ba3926838b20ee8aa9ab87196e9b2e24921c9f66ae95b2", kill_on_drop: false }`
[INFO] [stdout] 0a7415aea94e84ef06ba3926838b20ee8aa9ab87196e9b2e24921c9f66ae95b2
