[INFO] cloning repository https://github.com/glennin-codes/kyc
[INFO] running `Command { std: "git" "-c" "credential.helper=" "-c" "credential.helper=/workspace/cargo-home/bin/git-credential-null" "clone" "--bare" "https://github.com/glennin-codes/kyc" "/workspace/cache/git-repos/https%3A%2F%2Fgithub.com%2Fglennin-codes%2Fkyc", kill_on_drop: false }`
[INFO] [stderr] Cloning into bare repository '/workspace/cache/git-repos/https%3A%2F%2Fgithub.com%2Fglennin-codes%2Fkyc'...
[INFO] running `Command { std: "git" "rev-parse" "HEAD", kill_on_drop: false }`
[INFO] [stdout] 4df4b22892672fe70bce2390aa72c158565aba40
[INFO] testing glennin-codes/kyc against 1.100.0-beta.1+cargoflags=--release for beta-release-1.100-2
[INFO] running `Command { std: "git" "clone" "/workspace/cache/git-repos/https%3A%2F%2Fgithub.com%2Fglennin-codes%2Fkyc" "/workspace/builds/worker-6-tc2/source", kill_on_drop: false }`
[INFO] [stderr] Cloning into '/workspace/builds/worker-6-tc2/source'...
[INFO] [stderr] done.
[INFO] removed /workspace/builds/worker-6-tc2/source/.cargo/config.toml
[INFO] removed /workspace/builds/worker-6-tc2/source/rust-toolchain.toml
[INFO] started tweaking git repo https://github.com/glennin-codes/kyc
[INFO] finished tweaking git repo https://github.com/glennin-codes/kyc
[INFO] tweaked toml for git repo https://github.com/glennin-codes/kyc written to /workspace/builds/worker-6-tc2/source/Cargo.toml
[INFO] validating manifest of git repo https://github.com/glennin-codes/kyc on toolchain 1.100.0-beta.1
[INFO] running `Command { std: CARGO_HOME="/workspace/cargo-home" RUSTUP_HOME="/workspace/rustup-home" "/workspace/cargo-home/bin/cargo" "+1.100.0-beta.1" "metadata" "--manifest-path" "Cargo.toml" "--no-deps", kill_on_drop: false }`
[INFO] crate git repo https://github.com/glennin-codes/kyc already has a lockfile, it will not be regenerated
[INFO] running `Command { std: CARGO_HOME="/workspace/cargo-home" RUSTUP_HOME="/workspace/rustup-home" "/workspace/cargo-home/bin/cargo" "+1.100.0-beta.1" "fetch" "--manifest-path" "Cargo.toml", kill_on_drop: false }`
[INFO] running `Command { std: "docker" "create" "-v" "/var/lib/crater-agent-workspace/builds/worker-6-tc2/source:/opt/rustwide/workdir:ro,Z" "-v" "/var/lib/crater-agent-workspace/builds/worker-6-tc2/target:/opt/rustwide/target:rw,Z" "-v" "/var/lib/crater-agent-workspace/cargo-home:/opt/rustwide/cargo-home:ro,Z" "-v" "/var/lib/crater-agent-workspace/rustup-home:/opt/rustwide/rustup-home:ro,Z" "-m" "1610612736" "--network" "none" "ghcr.io/rust-lang/crates-build-env/linux@sha256:77db811e55d90add9212f6832c23229e3de5f1c1f9905e8cb07319ea15df73ac" "sleep" "infinity", kill_on_drop: false }`
[INFO] [stdout] 29d10c4aebf70142bc82f2620f151d5f7ae4206cd0c839e9cfe415677b93f79b
[INFO] running `Command { std: "docker" "start" "29d10c4aebf70142bc82f2620f151d5f7ae4206cd0c839e9cfe415677b93f79b", kill_on_drop: false }`
[INFO] running `Command { std: "docker" "inspect" "29d10c4aebf70142bc82f2620f151d5f7ae4206cd0c839e9cfe415677b93f79b", kill_on_drop: false }`
[INFO] running `Command { std: "docker" "exec" "-e" "SOURCE_DIR=/opt/rustwide/workdir" "-e" "CARGO_HOME=/opt/rustwide/cargo-home" "-e" "RUSTUP_HOME=/opt/rustwide/rustup-home" "-e" "CARGO_TARGET_DIR=/opt/rustwide/target" "-w" "/opt/rustwide/workdir" "--user" "0:0" "29d10c4aebf70142bc82f2620f151d5f7ae4206cd0c839e9cfe415677b93f79b" "/opt/rustwide/cargo-home/bin/cargo" "+1.100.0-beta.1" "metadata" "--no-deps" "--format-version=1", kill_on_drop: false }`
[INFO] running `Command { std: "docker" "inspect" "29d10c4aebf70142bc82f2620f151d5f7ae4206cd0c839e9cfe415677b93f79b", kill_on_drop: false }`
[INFO] running `Command { std: "docker" "exec" "-e" "SOURCE_DIR=/opt/rustwide/workdir" "-e" "CARGO_HOME=/opt/rustwide/cargo-home" "-e" "RUSTUP_HOME=/opt/rustwide/rustup-home" "-e" "CARGO_TARGET_DIR=/opt/rustwide/target" "-e" "CARGO_INCREMENTAL=0" "-e" "RUST_BACKTRACE=full" "-e" "RUSTFLAGS=--cap-lints=warn" "-e" "RUSTDOCFLAGS=--cap-lints=warn" "-w" "/opt/rustwide/workdir" "--user" "0:0" "29d10c4aebf70142bc82f2620f151d5f7ae4206cd0c839e9cfe415677b93f79b" "/opt/rustwide/cargo-home/bin/cargo" "+1.100.0-beta.1" "build" "--frozen" "--message-format=json" "--release", kill_on_drop: false }`
[INFO] [stderr]    Compiling proc-macro2 v1.0.85
[INFO] [stderr]    Compiling thiserror v1.0.61
[INFO] [stderr]    Compiling either v1.12.0
[INFO] [stderr]    Compiling cc v1.0.99
[INFO] [stderr]    Compiling serde v1.0.203
[INFO] [stderr]    Compiling num-traits v0.2.19
[INFO] [stderr]    Compiling generic-array v0.14.7
[INFO] [stderr]    Compiling libm v0.2.8
[INFO] [stderr]    Compiling typenum v1.17.0
[INFO] [stderr]    Compiling anyhow v1.0.86
[INFO] [stderr]    Compiling memchr v2.7.4
[INFO] [stderr]    Compiling libc v0.2.155
[INFO] [stderr]    Compiling cpufeatures v0.2.12
[INFO] [stderr]    Compiling crc32fast v1.4.2
[INFO] [stderr]    Compiling unicode-width v0.1.13
[INFO] [stderr]    Compiling typed-arena v2.0.2
[INFO] [stderr]    Compiling once_cell v1.19.0
[INFO] [stderr]    Compiling arrayvec v0.5.2
[INFO] [stderr]    Compiling data-encoding v2.6.0
[INFO] [stderr]    Compiling regex-syntax v0.8.4
[INFO] [stderr]    Compiling leb128 v0.2.5
[INFO] [stderr]    Compiling deranged v0.3.11
[INFO] [stderr]    Compiling itoa v1.0.11
[INFO] [stderr]    Compiling pretty v0.12.3
[INFO] [stderr]    Compiling static_assertions v1.1.0
[INFO] [stderr]    Compiling quote v1.0.36
[INFO] [stderr]    Compiling itertools v0.12.1
[INFO] [stderr]    Compiling syn v2.0.66
[INFO] [stderr]    Compiling syn v1.0.109
[INFO] [stderr]    Compiling aho-corasick v1.1.3
[INFO] [stderr]    Compiling bitflags v2.5.0
[INFO] [stderr]    Compiling time v0.3.36
[INFO] [stderr]    Compiling anymap2 v0.13.0
[INFO] [stderr]    Compiling block-buffer v0.10.4
[INFO] [stderr]    Compiling crypto-common v0.1.6
[INFO] [stderr]    Compiling psm v0.1.21
[INFO] [stderr]    Compiling stacker v0.1.15
[INFO] [stderr]    Compiling digest v0.10.7
[INFO] [stderr]    Compiling doc-comment v0.3.3
[INFO] [stderr]    Compiling getrandom v0.2.15
[INFO] [stderr]    Compiling matrixmultiply v0.3.8
[INFO] [stderr]    Compiling num-integer v0.1.46
[INFO] [stderr]    Compiling half v2.4.1
[INFO] [stderr]    Compiling sha2 v0.10.8
[INFO] [stderr]    Compiling unicode-segmentation v1.11.0
[INFO] [stderr]    Compiling zerocopy v0.7.34
[INFO] [stderr]    Compiling rand_core v0.6.4
[INFO] [stderr]    Compiling num-complex v0.4.6
[INFO] [stderr]    Compiling ahash v0.8.11
[INFO] [stderr]    Compiling rawpointer v0.2.1
[INFO] [stderr]    Compiling regex v1.10.5
[INFO] [stderr]    Compiling rand_chacha v0.3.1
[INFO] [stderr]    Compiling unicode-normalization v0.1.23
[INFO] [stderr]    Compiling hashbrown v0.14.5
[INFO] [stderr]    Compiling nom v7.1.3
[INFO] [stderr]    Compiling regex-automata v0.4.7
[INFO] [stderr]    Compiling rand v0.8.5
[INFO] [stderr]    Compiling scan_fmt v0.2.6
[INFO] [stderr]    Compiling rustfft v6.2.0
[INFO] [stderr]    Compiling maplit v1.0.2
[INFO] [stderr]    Compiling dyn-hash v0.2.0
[INFO] [stderr]    Compiling ic0 v0.23.0
[INFO] [stderr]    Compiling strength_reduce v0.2.4
[INFO] [stderr]    Compiling futures-sink v0.3.30
[INFO] [stderr]    Compiling futures-channel v0.3.30
[INFO] [stderr]    Compiling transpose v0.2.3
[INFO] [stderr]    Compiling ciborium-ll v0.2.2
[INFO] [stderr]    Compiling rayon v1.10.0
[INFO] [stderr]    Compiling primal-check v0.3.4
[INFO] [stderr]    Compiling log v0.4.21
[INFO] [stderr]    Compiling dyn-clone v1.0.17
[INFO] [stderr]    Compiling linux-raw-sys v0.4.14
[INFO] [stderr]    Compiling flate2 v1.0.30
[INFO] [stderr]    Compiling function_name-proc-macro v0.3.0
[INFO] [stderr]    Compiling itertools v0.10.5
[INFO] [stderr]    Compiling filetime v0.2.23
[INFO] [stderr]    Compiling function_name v0.3.0
[INFO] [stderr]    Compiling ndarray v0.15.6
[INFO] [stderr]    Compiling rustix v0.38.34
[INFO] [stderr]    Compiling bytes v1.6.0
[INFO] [stderr]    Compiling ic0 v0.21.1
[INFO] [stderr]    Compiling rand_distr v0.4.3
[INFO] [stderr]    Compiling serde_json v1.0.125
[INFO] [stderr]    Compiling png v0.17.13
[INFO] [stderr]    Compiling digest v0.9.0
[INFO] [stderr]    Compiling block-buffer v0.9.0
[INFO] [stderr]    Compiling memmap2 v0.9.4
[INFO] [stderr]    Compiling opaque-debug v0.3.1
[INFO] [stderr]    Compiling bytemuck v1.16.1
[INFO] [stderr]    Compiling sha2 v0.9.9
[INFO] [stderr]    Compiling chrono v0.4.38
[INFO] [stderr]    Compiling image v0.25.1
[INFO] [stderr]    Compiling xattr v1.3.1
[INFO] [stderr]    Compiling tar v0.4.41
[INFO] [stderr]    Compiling binread_derive v2.1.0
[INFO] [stderr]    Compiling derive-new v0.5.9
[INFO] [stderr]    Compiling prost-derive v0.11.9
[INFO] [stderr]    Compiling serde_derive v1.0.203
[INFO] [stderr]    Compiling thiserror-impl v1.0.61
[INFO] [stderr]    Compiling candid_derive v0.6.6
[INFO] [stderr]    Compiling liquid-derive v0.26.5
[INFO] [stderr]    Compiling futures-macro v0.3.30
[INFO] [stderr]    Compiling phf_macros v0.11.2
[INFO] [stderr]    Compiling async-trait v0.1.81
[INFO] [stderr]    Compiling phf v0.11.2
[INFO] [stderr]    Compiling csscolorparser v0.6.2
[INFO] [stderr]    Compiling pest v2.7.10
[INFO] [stderr]    Compiling colorgrad v0.6.2
[INFO] [stderr]    Compiling futures-util v0.3.30
[INFO] [stderr]    Compiling sha256 v1.5.0
[INFO] [stderr]    Compiling prost v0.11.9
[INFO] [stderr]    Compiling binread v2.2.0
[INFO] [stderr]    Compiling prost-types v0.11.9
[INFO] [stderr]    Compiling pest_meta v2.7.10
[INFO] [stderr]    Compiling pest_generator v2.7.10
[INFO] [stderr]    Compiling pest_derive v2.7.10
[INFO] [stderr]    Compiling futures-executor v0.3.30
[INFO] [stderr]    Compiling futures v0.3.30
[INFO] [stderr]    Compiling ic_principal v0.1.1
[INFO] [stderr]    Compiling serde_bytes v0.11.14
[INFO] [stderr]    Compiling num-bigint v0.4.5
[INFO] [stderr]    Compiling string-interner v0.15.0
[INFO] [stderr]    Compiling ciborium v0.2.2
[INFO] [stderr]    Compiling ic-stable-structures v0.6.5
[INFO] [stderr]    Compiling tract-data v0.21.6-pre (https://github.com/sonos/tract?rev=2a2914ac29390cc08963301c9f3d437b52dd321a#2a2914ac)
[INFO] [stderr]    Compiling kstring v2.0.0
[INFO] [stderr]    Compiling serde_tokenstream v0.2.1
[INFO] [stderr]    Compiling serde_tokenstream v0.1.7
[INFO] [stderr]    Compiling liquid-core v0.26.6
[INFO] [stderr]    Compiling candid v0.10.8
[INFO] [stderr]    Compiling liquid-lib v0.26.6
[INFO] [stderr]    Compiling ic-cdk-macros v0.15.0
[INFO] [stderr]    Compiling ic-cdk-macros v0.13.2
[INFO] [stderr]    Compiling ic-cdk-macros v0.14.0
[INFO] [stderr]    Compiling liquid v0.26.6
[INFO] [stderr]    Compiling tract-linalg v0.21.6-pre (https://github.com/sonos/tract?rev=2a2914ac29390cc08963301c9f3d437b52dd321a#2a2914ac)
[INFO] [stderr]    Compiling ic-cdk v0.15.0
[INFO] [stderr]    Compiling ic-cdk v0.13.2
[INFO] [stderr]    Compiling ic-cdk v0.14.0
[INFO] [stderr]    Compiling stable-fs v0.5.1
[INFO] [stderr]    Compiling ic-cdk-timers v0.7.0
[INFO] [stderr]    Compiling tract-core v0.21.6-pre (https://github.com/sonos/tract?rev=2a2914ac29390cc08963301c9f3d437b52dd321a#2a2914ac)
[INFO] [stderr]    Compiling ic-wasi-polyfill v0.5.1 (https://github.com/wasm-forge/ic-wasi-polyfill#0e0858cb)
[INFO] [stderr]    Compiling fs_tests_backend v0.1.0 (https://github.com/wasm-forge/ic-wasi-polyfill#0e0858cb)
[INFO] [stderr]    Compiling benchmark_test_upgraded_backend v0.1.0 (https://github.com/wasm-forge/ic-wasi-polyfill#0e0858cb)
[INFO] [stderr]    Compiling benchmark_test_backend v0.1.0 (https://github.com/wasm-forge/ic-wasi-polyfill#0e0858cb)
[INFO] [stdout] error: linking with `cc` failed: exit status: 1
[INFO] [stdout]   |
[INFO] [stdout]   = note:  "cc" "-Wl,--version-script=/opt/rustwide/target/release/build/benchmark_test_upgraded_backend/df6d85be852482cc/out/rustcRNeIhT/list" "-Wl,--no-undefined-version" "-m64" "/opt/rustwide/target/release/build/benchmark_test_upgraded_backend/df6d85be852482cc/out/rustcRNeIhT/symbols.o" "<2 object files omitted>" "-Wl,--as-needed" "-Wl,-Bstatic" "/opt/rustwide/target/release/build/ic-wasi-polyfill/1d4cae8a6283d257/out/libic_wasi_polyfill-1d4cae8a6283d257.rlib" "/opt/rustwide/target/release/build/stable-fs/cb9930caf9854339/out/libstable_fs-cb9930caf9854339.rlib" "/opt/rustwide/target/release/build/ciborium/f3b8ff88606e9e05/out/libciborium-f3b8ff88606e9e05.rlib" "/opt/rustwide/target/release/build/ciborium-ll/6e5b2f0a98da8f43/out/libciborium_ll-6e5b2f0a98da8f43.rlib" "/opt/rustwide/target/release/build/half/74670547e479cca6/out/libhalf-74670547e479cca6.rlib" "/opt/rustwide/target/release/build/ciborium-io/6da5489c172b0693/out/libciborium_io-6da5489c172b0693.rlib" "/opt/rustwide/target/release/build/bitflags/8654d5dee5eed0e7/out/libbitflags-8654d5dee5eed0e7.rlib" "/opt/rustwide/target/release/build/rand/d319392b96b6efba/out/librand-d319392b96b6efba.rlib" "/opt/rustwide/target/release/build/rand_chacha/f3401a3da4325b97/out/librand_chacha-f3401a3da4325b97.rlib" "/opt/rustwide/target/release/build/ppv-lite86/2034385ac67de13d/out/libppv_lite86-2034385ac67de13d.rlib" "/opt/rustwide/target/release/build/rand_core/bf51d2ad848e46cc/out/librand_core-bf51d2ad848e46cc.rlib" "/opt/rustwide/target/release/build/getrandom/c231db9621b633c1/out/libgetrandom-c231db9621b633c1.rlib" "/opt/rustwide/target/release/build/ic-cdk/8dda4676f91d4bee/out/libic_cdk-8dda4676f91d4bee.rlib" "/opt/rustwide/target/release/build/ic0/b3c074f16e7e990f/out/libic0-b3c074f16e7e990f.rlib" "/opt/rustwide/target/release/build/candid/d26c3d5a6c3d23cb/out/libcandid-d26c3d5a6c3d23cb.rlib" "/opt/rustwide/target/release/build/stacker/4852354ed4a1e151/out/libstacker-4852354ed4a1e151.rlib" "/opt/rustwide/target/release/build/psm/f0de8a8a42b5d08e/out/libpsm-f0de8a8a42b5d08e.rlib" "/opt/rustwide/target/release/build/libc/f215580589237010/out/liblibc-f215580589237010.rlib" "/opt/rustwide/target/release/build/hex/ffa975566df5dac7/out/libhex-ffa975566df5dac7.rlib" "/opt/rustwide/target/release/build/serde_bytes/c330e9f1ee31e981/out/libserde_bytes-c330e9f1ee31e981.rlib" "/opt/rustwide/target/release/build/pretty/3ba17973338fb4e5/out/libpretty-3ba17973338fb4e5.rlib" "/opt/rustwide/target/release/build/unicode-width/eccffb52343792e1/out/libunicode_width-eccffb52343792e1.rlib" "/opt/rustwide/target/release/build/arrayvec/0b015aea6db926ff/out/libarrayvec-0b015aea6db926ff.rlib" "/opt/rustwide/target/release/build/typed-arena/0c4a8e5d08ab2471/out/libtyped_arena-0c4a8e5d08ab2471.rlib" "/opt/rustwide/target/release/build/leb128/12c4a3015a60d889/out/libleb128-12c4a3015a60d889.rlib" "/opt/rustwide/target/release/build/byteorder/612182941aaee0f7/out/libbyteorder-612182941aaee0f7.rlib" "/opt/rustwide/target/release/build/num-bigint/897e10a814234a7d/out/libnum_bigint-897e10a814234a7d.rlib" "/opt/rustwide/target/release/build/num-integer/63f56299101e751e/out/libnum_integer-63f56299101e751e.rlib" "/opt/rustwide/target/release/build/num-traits/dc490a8134161931/out/libnum_traits-dc490a8134161931.rlib" "/opt/rustwide/target/release/build/anyhow/461b3249cf9b063c/out/libanyhow-461b3249cf9b063c.rlib" "/opt/rustwide/target/release/build/binread/14f43e85b2d253a2/out/libbinread-14f43e85b2d253a2.rlib" "/opt/rustwide/target/release/build/lazy_static/480433dca0d17907/out/liblazy_static-480433dca0d17907.rlib" "/opt/rustwide/target/release/build/ic-stable-structures/0e2fa1cdf3fdef45/out/libic_stable_structures-0e2fa1cdf3fdef45.rlib" "/opt/rustwide/target/release/build/ic_principal/28a73af78d9ecc17/out/libic_principal-28a73af78d9ecc17.rlib" "/opt/rustwide/target/release/build/crc32fast/979c7ead980638ed/out/libcrc32fast-979c7ead980638ed.rlib" "/opt/rustwide/target/release/build/data-encoding/b7b37a6cf8010037/out/libdata_encoding-b7b37a6cf8010037.rlib" "/opt/rustwide/target/release/build/thiserror/0ffd064346010c41/out/libthiserror-0ffd064346010c41.rlib" "/opt/rustwide/target/release/build/sha2/d061028c50848ed9/out/libsha2-d061028c50848ed9.rlib" "/opt/rustwide/target/release/build/cpufeatures/abcca4aac42bd1f0/out/libcpufeatures-abcca4aac42bd1f0.rlib" "/opt/rustwide/target/release/build/cfg-if/193575a6b29a3ab9/out/libcfg_if-193575a6b29a3ab9.rlib" "/opt/rustwide/target/release/build/digest/cd32684cca7e54d8/out/libdigest-cd32684cca7e54d8.rlib" "/opt/rustwide/target/release/build/block-buffer/f116244fc2dbf90b/out/libblock_buffer-f116244fc2dbf90b.rlib" "/opt/rustwide/target/release/build/crypto-common/e4a75dcfa14c1f59/out/libcrypto_common-e4a75dcfa14c1f59.rlib" "/opt/rustwide/target/release/build/generic-array/75a69fe8b8181868/out/libgeneric_array-75a69fe8b8181868.rlib" "/opt/rustwide/target/release/build/typenum/d3a9ef6dd6c4e3db/out/libtypenum-d3a9ef6dd6c4e3db.rlib" "/opt/rustwide/target/release/build/serde/5166d97b32dcf816/out/libserde-5166d97b32dcf816.rlib" "<sysroot>/lib/rustlib/x86_64-unknown-linux-gnu/lib/{libstd-*,libpanic_unwind-*,libobject-*,libmemchr-*,libaddr2line-*,libgimli-*,libcfg_if-*,librustc_demangle-*,libstd_detect-*,libhashbrown-*,librustc_std_workspace_alloc-*,libminiz_oxide-*,libadler2-*,libunwind-*,liblibc-*,librustc_std_workspace_core-*,liballoc-*,libcore-*,libcompiler_builtins-*}.rlib" "-Wl,-Bdynamic" "-lgcc_s" "-lutil" "-lrt" "-lpthread" "-lm" "-ldl" "-lc" "-L" "/opt/rustwide/target/release/build/benchmark_test_upgraded_backend/df6d85be852482cc/out/rustcRNeIhT/raw-dylibs" "-B<sysroot>/lib/rustlib/x86_64-unknown-linux-gnu/bin/gcc-ld" "-fuse-ld=lld" "-Wl,--eh-frame-hdr" "-Wl,-z,noexecstack" "-L" "/opt/rustwide/target/release/build/psm/ae64db818ff48d97/out" "-L" "<sysroot>/lib/rustlib/x86_64-unknown-linux-gnu/lib" "-o" "/opt/rustwide/target/release/build/benchmark_test_upgraded_backend/df6d85be852482cc/out/libbenchmark_test_upgraded_backend.so" "-Wl,--gc-sections" "-shared" "-Wl,-z,relro,-z,now" "-Wl,-O1" "-Wl,--strip-debug" "-nodefaultlibs"
[INFO] [stdout]   = note: some arguments are omitted. use `--verbose` to show all linker arguments
[INFO] [stdout]   = note: rust-lld: error: /opt/rustwide/target/release/build/benchmark_test_upgraded_backend/df6d85be852482cc/out/rustcRNeIhT/list:5: ; expected, but got current_dir
[INFO] [stdout]           >>>     canister_query current_dir;
[INFO] [stdout]           >>>                    ^
[INFO] [stdout]           collect2: error: ld returned 1 exit status
[INFO] [stdout]           
[INFO] [stdout] 
[INFO] [stdout] 
[INFO] [stderr] error: could not compile `benchmark_test_upgraded_backend` (lib) due to 1 previous error
[INFO] [stderr] warning: build failed, waiting for other jobs to finish...
[INFO] [stdout] error: linking with `cc` failed: exit status: 1
[INFO] [stdout]   |
[INFO] [stdout]   = note:  "cc" "-Wl,--version-script=/opt/rustwide/target/release/build/fs_tests_backend/ba85d2d92993d58b/out/rustcPKsU9J/list" "-Wl,--no-undefined-version" "-m64" "/opt/rustwide/target/release/build/fs_tests_backend/ba85d2d92993d58b/out/rustcPKsU9J/symbols.o" "<2 object files omitted>" "-Wl,--as-needed" "-Wl,-Bstatic" "/opt/rustwide/target/release/build/ic-wasi-polyfill/1d4cae8a6283d257/out/libic_wasi_polyfill-1d4cae8a6283d257.rlib" "/opt/rustwide/target/release/build/stable-fs/cb9930caf9854339/out/libstable_fs-cb9930caf9854339.rlib" "/opt/rustwide/target/release/build/ciborium/f3b8ff88606e9e05/out/libciborium-f3b8ff88606e9e05.rlib" "/opt/rustwide/target/release/build/ciborium-ll/6e5b2f0a98da8f43/out/libciborium_ll-6e5b2f0a98da8f43.rlib" "/opt/rustwide/target/release/build/half/74670547e479cca6/out/libhalf-74670547e479cca6.rlib" "/opt/rustwide/target/release/build/ciborium-io/6da5489c172b0693/out/libciborium_io-6da5489c172b0693.rlib" "/opt/rustwide/target/release/build/bitflags/8654d5dee5eed0e7/out/libbitflags-8654d5dee5eed0e7.rlib" "/opt/rustwide/target/release/build/rand/d319392b96b6efba/out/librand-d319392b96b6efba.rlib" "/opt/rustwide/target/release/build/rand_chacha/f3401a3da4325b97/out/librand_chacha-f3401a3da4325b97.rlib" "/opt/rustwide/target/release/build/ppv-lite86/2034385ac67de13d/out/libppv_lite86-2034385ac67de13d.rlib" "/opt/rustwide/target/release/build/rand_core/bf51d2ad848e46cc/out/librand_core-bf51d2ad848e46cc.rlib" "/opt/rustwide/target/release/build/getrandom/c231db9621b633c1/out/libgetrandom-c231db9621b633c1.rlib" "/opt/rustwide/target/release/build/ic-cdk/8dda4676f91d4bee/out/libic_cdk-8dda4676f91d4bee.rlib" "/opt/rustwide/target/release/build/ic0/b3c074f16e7e990f/out/libic0-b3c074f16e7e990f.rlib" "/opt/rustwide/target/release/build/candid/d26c3d5a6c3d23cb/out/libcandid-d26c3d5a6c3d23cb.rlib" "/opt/rustwide/target/release/build/stacker/4852354ed4a1e151/out/libstacker-4852354ed4a1e151.rlib" "/opt/rustwide/target/release/build/psm/f0de8a8a42b5d08e/out/libpsm-f0de8a8a42b5d08e.rlib" "/opt/rustwide/target/release/build/libc/f215580589237010/out/liblibc-f215580589237010.rlib" "/opt/rustwide/target/release/build/hex/ffa975566df5dac7/out/libhex-ffa975566df5dac7.rlib" "/opt/rustwide/target/release/build/serde_bytes/c330e9f1ee31e981/out/libserde_bytes-c330e9f1ee31e981.rlib" "/opt/rustwide/target/release/build/pretty/3ba17973338fb4e5/out/libpretty-3ba17973338fb4e5.rlib" "/opt/rustwide/target/release/build/unicode-width/eccffb52343792e1/out/libunicode_width-eccffb52343792e1.rlib" "/opt/rustwide/target/release/build/arrayvec/0b015aea6db926ff/out/libarrayvec-0b015aea6db926ff.rlib" "/opt/rustwide/target/release/build/typed-arena/0c4a8e5d08ab2471/out/libtyped_arena-0c4a8e5d08ab2471.rlib" "/opt/rustwide/target/release/build/leb128/12c4a3015a60d889/out/libleb128-12c4a3015a60d889.rlib" "/opt/rustwide/target/release/build/byteorder/612182941aaee0f7/out/libbyteorder-612182941aaee0f7.rlib" "/opt/rustwide/target/release/build/num-bigint/897e10a814234a7d/out/libnum_bigint-897e10a814234a7d.rlib" "/opt/rustwide/target/release/build/num-integer/63f56299101e751e/out/libnum_integer-63f56299101e751e.rlib" "/opt/rustwide/target/release/build/num-traits/dc490a8134161931/out/libnum_traits-dc490a8134161931.rlib" "/opt/rustwide/target/release/build/anyhow/461b3249cf9b063c/out/libanyhow-461b3249cf9b063c.rlib" "/opt/rustwide/target/release/build/binread/14f43e85b2d253a2/out/libbinread-14f43e85b2d253a2.rlib" "/opt/rustwide/target/release/build/lazy_static/480433dca0d17907/out/liblazy_static-480433dca0d17907.rlib" "/opt/rustwide/target/release/build/ic-stable-structures/0e2fa1cdf3fdef45/out/libic_stable_structures-0e2fa1cdf3fdef45.rlib" "/opt/rustwide/target/release/build/ic_principal/28a73af78d9ecc17/out/libic_principal-28a73af78d9ecc17.rlib" "/opt/rustwide/target/release/build/crc32fast/979c7ead980638ed/out/libcrc32fast-979c7ead980638ed.rlib" "/opt/rustwide/target/release/build/data-encoding/b7b37a6cf8010037/out/libdata_encoding-b7b37a6cf8010037.rlib" "/opt/rustwide/target/release/build/thiserror/0ffd064346010c41/out/libthiserror-0ffd064346010c41.rlib" "/opt/rustwide/target/release/build/sha2/d061028c50848ed9/out/libsha2-d061028c50848ed9.rlib" "/opt/rustwide/target/release/build/cpufeatures/abcca4aac42bd1f0/out/libcpufeatures-abcca4aac42bd1f0.rlib" "/opt/rustwide/target/release/build/cfg-if/193575a6b29a3ab9/out/libcfg_if-193575a6b29a3ab9.rlib" "/opt/rustwide/target/release/build/digest/cd32684cca7e54d8/out/libdigest-cd32684cca7e54d8.rlib" "/opt/rustwide/target/release/build/block-buffer/f116244fc2dbf90b/out/libblock_buffer-f116244fc2dbf90b.rlib" "/opt/rustwide/target/release/build/crypto-common/e4a75dcfa14c1f59/out/libcrypto_common-e4a75dcfa14c1f59.rlib" "/opt/rustwide/target/release/build/generic-array/75a69fe8b8181868/out/libgeneric_array-75a69fe8b8181868.rlib" "/opt/rustwide/target/release/build/typenum/d3a9ef6dd6c4e3db/out/libtypenum-d3a9ef6dd6c4e3db.rlib" "/opt/rustwide/target/release/build/serde/5166d97b32dcf816/out/libserde-5166d97b32dcf816.rlib" "<sysroot>/lib/rustlib/x86_64-unknown-linux-gnu/lib/{libstd-*,libpanic_unwind-*,libobject-*,libmemchr-*,libaddr2line-*,libgimli-*,libcfg_if-*,librustc_demangle-*,libstd_detect-*,libhashbrown-*,librustc_std_workspace_alloc-*,libminiz_oxide-*,libadler2-*,libunwind-*,liblibc-*,librustc_std_workspace_core-*,liballoc-*,libcore-*,libcompiler_builtins-*}.rlib" "-Wl,-Bdynamic" "-lgcc_s" "-lutil" "-lrt" "-lpthread" "-lm" "-ldl" "-lc" "-L" "/opt/rustwide/target/release/build/fs_tests_backend/ba85d2d92993d58b/out/rustcPKsU9J/raw-dylibs" "-B<sysroot>/lib/rustlib/x86_64-unknown-linux-gnu/bin/gcc-ld" "-fuse-ld=lld" "-Wl,--eh-frame-hdr" "-Wl,-z,noexecstack" "-L" "/opt/rustwide/target/release/build/psm/ae64db818ff48d97/out" "-L" "<sysroot>/lib/rustlib/x86_64-unknown-linux-gnu/lib" "-o" "/opt/rustwide/target/release/build/fs_tests_backend/ba85d2d92993d58b/out/libfs_tests_backend.so" "-Wl,--gc-sections" "-shared" "-Wl,-z,relro,-z,now" "-Wl,-O1" "-Wl,--strip-debug" "-nodefaultlibs"
[INFO] [stdout]   = note: some arguments are omitted. use `--verbose` to show all linker arguments
[INFO] [stdout]   = note: rust-lld: error: /opt/rustwide/target/release/build/fs_tests_backend/ba85d2d92993d58b/out/rustcPKsU9J/list:5: ; expected, but got test_create_dir_all
[INFO] [stdout]           >>>     canister_update test_create_dir_all;
[INFO] [stdout]           >>>                     ^
[INFO] [stdout]           collect2: error: ld returned 1 exit status
[INFO] [stdout]           
[INFO] [stdout] 
[INFO] [stdout] 
[INFO] [stderr] error: could not compile `fs_tests_backend` (lib) due to 1 previous error
[INFO] [stdout] error: linking with `cc` failed: exit status: 1
[INFO] [stdout]   |
[INFO] [stdout]   = note:  "cc" "-Wl,--version-script=/opt/rustwide/target/release/build/benchmark_test_backend/5da395ba64989ccc/out/rustcNHeOux/list" "-Wl,--no-undefined-version" "-m64" "/opt/rustwide/target/release/build/benchmark_test_backend/5da395ba64989ccc/out/rustcNHeOux/symbols.o" "<2 object files omitted>" "-Wl,--as-needed" "-Wl,-Bstatic" "/opt/rustwide/target/release/build/ic-wasi-polyfill/1d4cae8a6283d257/out/libic_wasi_polyfill-1d4cae8a6283d257.rlib" "/opt/rustwide/target/release/build/stable-fs/cb9930caf9854339/out/libstable_fs-cb9930caf9854339.rlib" "/opt/rustwide/target/release/build/ciborium/f3b8ff88606e9e05/out/libciborium-f3b8ff88606e9e05.rlib" "/opt/rustwide/target/release/build/ciborium-ll/6e5b2f0a98da8f43/out/libciborium_ll-6e5b2f0a98da8f43.rlib" "/opt/rustwide/target/release/build/half/74670547e479cca6/out/libhalf-74670547e479cca6.rlib" "/opt/rustwide/target/release/build/ciborium-io/6da5489c172b0693/out/libciborium_io-6da5489c172b0693.rlib" "/opt/rustwide/target/release/build/bitflags/8654d5dee5eed0e7/out/libbitflags-8654d5dee5eed0e7.rlib" "/opt/rustwide/target/release/build/rand/d319392b96b6efba/out/librand-d319392b96b6efba.rlib" "/opt/rustwide/target/release/build/rand_chacha/f3401a3da4325b97/out/librand_chacha-f3401a3da4325b97.rlib" "/opt/rustwide/target/release/build/ppv-lite86/2034385ac67de13d/out/libppv_lite86-2034385ac67de13d.rlib" "/opt/rustwide/target/release/build/rand_core/bf51d2ad848e46cc/out/librand_core-bf51d2ad848e46cc.rlib" "/opt/rustwide/target/release/build/getrandom/c231db9621b633c1/out/libgetrandom-c231db9621b633c1.rlib" "/opt/rustwide/target/release/build/ic-cdk/8dda4676f91d4bee/out/libic_cdk-8dda4676f91d4bee.rlib" "/opt/rustwide/target/release/build/ic0/b3c074f16e7e990f/out/libic0-b3c074f16e7e990f.rlib" "/opt/rustwide/target/release/build/candid/d26c3d5a6c3d23cb/out/libcandid-d26c3d5a6c3d23cb.rlib" "/opt/rustwide/target/release/build/stacker/4852354ed4a1e151/out/libstacker-4852354ed4a1e151.rlib" "/opt/rustwide/target/release/build/psm/f0de8a8a42b5d08e/out/libpsm-f0de8a8a42b5d08e.rlib" "/opt/rustwide/target/release/build/libc/f215580589237010/out/liblibc-f215580589237010.rlib" "/opt/rustwide/target/release/build/hex/ffa975566df5dac7/out/libhex-ffa975566df5dac7.rlib" "/opt/rustwide/target/release/build/serde_bytes/c330e9f1ee31e981/out/libserde_bytes-c330e9f1ee31e981.rlib" "/opt/rustwide/target/release/build/pretty/3ba17973338fb4e5/out/libpretty-3ba17973338fb4e5.rlib" "/opt/rustwide/target/release/build/unicode-width/eccffb52343792e1/out/libunicode_width-eccffb52343792e1.rlib" "/opt/rustwide/target/release/build/arrayvec/0b015aea6db926ff/out/libarrayvec-0b015aea6db926ff.rlib" "/opt/rustwide/target/release/build/typed-arena/0c4a8e5d08ab2471/out/libtyped_arena-0c4a8e5d08ab2471.rlib" "/opt/rustwide/target/release/build/leb128/12c4a3015a60d889/out/libleb128-12c4a3015a60d889.rlib" "/opt/rustwide/target/release/build/byteorder/612182941aaee0f7/out/libbyteorder-612182941aaee0f7.rlib" "/opt/rustwide/target/release/build/num-bigint/897e10a814234a7d/out/libnum_bigint-897e10a814234a7d.rlib" "/opt/rustwide/target/release/build/num-integer/63f56299101e751e/out/libnum_integer-63f56299101e751e.rlib" "/opt/rustwide/target/release/build/num-traits/dc490a8134161931/out/libnum_traits-dc490a8134161931.rlib" "/opt/rustwide/target/release/build/anyhow/461b3249cf9b063c/out/libanyhow-461b3249cf9b063c.rlib" "/opt/rustwide/target/release/build/binread/14f43e85b2d253a2/out/libbinread-14f43e85b2d253a2.rlib" "/opt/rustwide/target/release/build/lazy_static/480433dca0d17907/out/liblazy_static-480433dca0d17907.rlib" "/opt/rustwide/target/release/build/ic-stable-structures/0e2fa1cdf3fdef45/out/libic_stable_structures-0e2fa1cdf3fdef45.rlib" "/opt/rustwide/target/release/build/ic_principal/28a73af78d9ecc17/out/libic_principal-28a73af78d9ecc17.rlib" "/opt/rustwide/target/release/build/crc32fast/979c7ead980638ed/out/libcrc32fast-979c7ead980638ed.rlib" "/opt/rustwide/target/release/build/data-encoding/b7b37a6cf8010037/out/libdata_encoding-b7b37a6cf8010037.rlib" "/opt/rustwide/target/release/build/thiserror/0ffd064346010c41/out/libthiserror-0ffd064346010c41.rlib" "/opt/rustwide/target/release/build/sha2/d061028c50848ed9/out/libsha2-d061028c50848ed9.rlib" "/opt/rustwide/target/release/build/cpufeatures/abcca4aac42bd1f0/out/libcpufeatures-abcca4aac42bd1f0.rlib" "/opt/rustwide/target/release/build/cfg-if/193575a6b29a3ab9/out/libcfg_if-193575a6b29a3ab9.rlib" "/opt/rustwide/target/release/build/digest/cd32684cca7e54d8/out/libdigest-cd32684cca7e54d8.rlib" "/opt/rustwide/target/release/build/block-buffer/f116244fc2dbf90b/out/libblock_buffer-f116244fc2dbf90b.rlib" "/opt/rustwide/target/release/build/crypto-common/e4a75dcfa14c1f59/out/libcrypto_common-e4a75dcfa14c1f59.rlib" "/opt/rustwide/target/release/build/generic-array/75a69fe8b8181868/out/libgeneric_array-75a69fe8b8181868.rlib" "/opt/rustwide/target/release/build/typenum/d3a9ef6dd6c4e3db/out/libtypenum-d3a9ef6dd6c4e3db.rlib" "/opt/rustwide/target/release/build/serde/5166d97b32dcf816/out/libserde-5166d97b32dcf816.rlib" "<sysroot>/lib/rustlib/x86_64-unknown-linux-gnu/lib/{libstd-*,libpanic_unwind-*,libobject-*,libmemchr-*,libaddr2line-*,libgimli-*,libcfg_if-*,librustc_demangle-*,libstd_detect-*,libhashbrown-*,librustc_std_workspace_alloc-*,libminiz_oxide-*,libadler2-*,libunwind-*,liblibc-*,librustc_std_workspace_core-*,liballoc-*,libcore-*,libcompiler_builtins-*}.rlib" "-Wl,-Bdynamic" "-lgcc_s" "-lutil" "-lrt" "-lpthread" "-lm" "-ldl" "-lc" "-L" "/opt/rustwide/target/release/build/benchmark_test_backend/5da395ba64989ccc/out/rustcNHeOux/raw-dylibs" "-B<sysroot>/lib/rustlib/x86_64-unknown-linux-gnu/bin/gcc-ld" "-fuse-ld=lld" "-Wl,--eh-frame-hdr" "-Wl,-z,noexecstack" "-L" "/opt/rustwide/target/release/build/psm/ae64db818ff48d97/out" "-L" "<sysroot>/lib/rustlib/x86_64-unknown-linux-gnu/lib" "-o" "/opt/rustwide/target/release/build/benchmark_test_backend/5da395ba64989ccc/out/libbenchmark_test_backend.so" "-Wl,--gc-sections" "-shared" "-Wl,-z,relro,-z,now" "-Wl,-O1" "-Wl,--strip-debug" "-nodefaultlibs"
[INFO] [stdout]   = note: some arguments are omitted. use `--verbose` to show all linker arguments
[INFO] [stdout]   = note: rust-lld: error: /opt/rustwide/target/release/build/benchmark_test_backend/5da395ba64989ccc/out/rustcNHeOux/list:5: ; expected, but got current_dir
[INFO] [stdout]           >>>     canister_query current_dir;
[INFO] [stdout]           >>>                    ^
[INFO] [stdout]           collect2: error: ld returned 1 exit status
[INFO] [stdout]           
[INFO] [stdout] 
[INFO] [stdout] 
[INFO] [stderr] error: could not compile `benchmark_test_backend` (lib) due to 1 previous error
[INFO] running `Command { std: "docker" "inspect" "29d10c4aebf70142bc82f2620f151d5f7ae4206cd0c839e9cfe415677b93f79b", kill_on_drop: false }`
[INFO] running `Command { std: "docker" "rm" "-f" "29d10c4aebf70142bc82f2620f151d5f7ae4206cd0c839e9cfe415677b93f79b", kill_on_drop: false }`
[INFO] [stdout] 29d10c4aebf70142bc82f2620f151d5f7ae4206cd0c839e9cfe415677b93f79b
