[INFO] cloning repository https://github.com/gk7734/rocket-login
[INFO] running `Command { std: "git" "-c" "credential.helper=" "-c" "credential.helper=/workspace/cargo-home/bin/git-credential-null" "clone" "--bare" "https://github.com/gk7734/rocket-login" "/workspace/cache/git-repos/https%3A%2F%2Fgithub.com%2Fgk7734%2Frocket-login", kill_on_drop: false }`
[INFO] [stderr] Cloning into bare repository '/workspace/cache/git-repos/https%3A%2F%2Fgithub.com%2Fgk7734%2Frocket-login'...
[INFO] running `Command { std: "git" "rev-parse" "HEAD", kill_on_drop: false }`
[INFO] [stdout] cb12e0dc4c94e434a5a6a2118c5b38d378869a23
[INFO] testing gk7734/rocket-login against 1.100.0-beta.1+cargoflags=--release for beta-release-1.100-2
[INFO] running `Command { std: "git" "clone" "/workspace/cache/git-repos/https%3A%2F%2Fgithub.com%2Fgk7734%2Frocket-login" "/workspace/builds/worker-0-tc2/source", kill_on_drop: false }`
[INFO] [stderr] Cloning into '/workspace/builds/worker-0-tc2/source'...
[INFO] [stderr] done.
[INFO] started tweaking git repo https://github.com/gk7734/rocket-login
[INFO] finished tweaking git repo https://github.com/gk7734/rocket-login
[INFO] tweaked toml for git repo https://github.com/gk7734/rocket-login written to /workspace/builds/worker-0-tc2/source/Cargo.toml
[INFO] validating manifest of git repo https://github.com/gk7734/rocket-login on toolchain 1.100.0-beta.1
[INFO] running `Command { std: CARGO_HOME="/workspace/cargo-home" RUSTUP_HOME="/workspace/rustup-home" "/workspace/cargo-home/bin/cargo" "+1.100.0-beta.1" "metadata" "--manifest-path" "Cargo.toml" "--no-deps", kill_on_drop: false }`
[INFO] crate git repo https://github.com/gk7734/rocket-login already has a lockfile, it will not be regenerated
[INFO] running `Command { std: CARGO_HOME="/workspace/cargo-home" RUSTUP_HOME="/workspace/rustup-home" "/workspace/cargo-home/bin/cargo" "+1.100.0-beta.1" "fetch" "--manifest-path" "Cargo.toml", kill_on_drop: false }`
[INFO] running `Command { std: "docker" "create" "-v" "/var/lib/crater-agent-workspace/builds/worker-0-tc2/source:/opt/rustwide/workdir:ro,Z" "-v" "/var/lib/crater-agent-workspace/builds/worker-0-tc2/target:/opt/rustwide/target:rw,Z" "-v" "/var/lib/crater-agent-workspace/cargo-home:/opt/rustwide/cargo-home:ro,Z" "-v" "/var/lib/crater-agent-workspace/rustup-home:/opt/rustwide/rustup-home:ro,Z" "-m" "1610612736" "--network" "none" "ghcr.io/rust-lang/crates-build-env/linux@sha256:77db811e55d90add9212f6832c23229e3de5f1c1f9905e8cb07319ea15df73ac" "sleep" "infinity", kill_on_drop: false }`
[INFO] [stdout] fdc4bbc525c938c2f840d9e052d427e5a6e9829e2770810b36ace7719d10f014
[INFO] running `Command { std: "docker" "start" "fdc4bbc525c938c2f840d9e052d427e5a6e9829e2770810b36ace7719d10f014", kill_on_drop: false }`
[INFO] running `Command { std: "docker" "inspect" "fdc4bbc525c938c2f840d9e052d427e5a6e9829e2770810b36ace7719d10f014", kill_on_drop: false }`
[INFO] running `Command { std: "docker" "exec" "-e" "SOURCE_DIR=/opt/rustwide/workdir" "-e" "CARGO_HOME=/opt/rustwide/cargo-home" "-e" "RUSTUP_HOME=/opt/rustwide/rustup-home" "-e" "CARGO_TARGET_DIR=/opt/rustwide/target" "-w" "/opt/rustwide/workdir" "--user" "0:0" "fdc4bbc525c938c2f840d9e052d427e5a6e9829e2770810b36ace7719d10f014" "/opt/rustwide/cargo-home/bin/cargo" "+1.100.0-beta.1" "metadata" "--no-deps" "--format-version=1", kill_on_drop: false }`
[INFO] running `Command { std: "docker" "inspect" "fdc4bbc525c938c2f840d9e052d427e5a6e9829e2770810b36ace7719d10f014", kill_on_drop: false }`
[INFO] running `Command { std: "docker" "exec" "-e" "SOURCE_DIR=/opt/rustwide/workdir" "-e" "CARGO_HOME=/opt/rustwide/cargo-home" "-e" "RUSTUP_HOME=/opt/rustwide/rustup-home" "-e" "CARGO_TARGET_DIR=/opt/rustwide/target" "-e" "CARGO_INCREMENTAL=0" "-e" "RUST_BACKTRACE=full" "-e" "RUSTFLAGS=--cap-lints=warn" "-e" "RUSTDOCFLAGS=--cap-lints=warn" "-w" "/opt/rustwide/workdir" "--user" "0:0" "fdc4bbc525c938c2f840d9e052d427e5a6e9829e2770810b36ace7719d10f014" "/opt/rustwide/cargo-home/bin/cargo" "+1.100.0-beta.1" "build" "--frozen" "--message-format=json" "--release", kill_on_drop: false }`
[INFO] [stderr]    Compiling proc-macro2 v1.0.88
[INFO] [stderr]    Compiling unicode-ident v1.0.13
[INFO] [stderr]    Compiling libc v0.2.161
[INFO] [stderr]    Compiling serde v1.0.210
[INFO] [stderr]    Compiling httparse v1.9.5
[INFO] [stderr]    Compiling time-core v0.1.2
[INFO] [stderr]    Compiling bytes v1.8.0
[INFO] [stderr]    Compiling num-conv v0.1.0
[INFO] [stderr]    Compiling proc-macro2-diagnostics v0.10.1
[INFO] [stderr]    Compiling slab v0.4.9
[INFO] [stderr]    Compiling pin-project-lite v0.2.14
[INFO] [stderr]    Compiling ref-cast v1.0.23
[INFO] [stderr]    Compiling itoa v1.0.11
[INFO] [stderr]    Compiling hashbrown v0.15.0
[INFO] [stderr]    Compiling lock_api v0.4.12
[INFO] [stderr]    Compiling num-traits v0.2.19
[INFO] [stderr]    Compiling typenum v1.17.0
[INFO] [stderr]    Compiling smallvec v1.13.2
[INFO] [stderr]    Compiling time-macros v0.2.18
[INFO] [stderr]    Compiling futures-core v0.3.31
[INFO] [stderr]    Compiling futures-sink v0.3.31
[INFO] [stderr]    Compiling once_cell v1.20.2
[INFO] [stderr]    Compiling either v1.13.0
[INFO] [stderr]    Compiling bitflags v2.6.0
[INFO] [stderr]    Compiling powerfmt v0.2.0
[INFO] [stderr]    Compiling futures-task v0.3.31
[INFO] [stderr]    Compiling tracing-core v0.1.32
[INFO] [stderr]    Compiling futures-util v0.3.31
[INFO] [stderr]    Compiling futures-channel v0.3.31
[INFO] [stderr]    Compiling deranged v0.3.11
[INFO] [stderr]    Compiling uncased v0.9.10
[INFO] [stderr]    Compiling http v0.2.12
[INFO] [stderr]    Compiling quote v1.0.37
[INFO] [stderr]    Compiling syn v2.0.82
[INFO] [stderr]    Compiling try-lock v0.2.5
[INFO] [stderr]    Compiling mio v1.0.2
[INFO] [stderr]    Compiling socket2 v0.5.7
[INFO] [stderr]    Compiling signal-hook-registry v1.4.2
[INFO] [stderr]    Compiling getrandom v0.2.15
[INFO] [stderr]    Compiling parking_lot_core v0.9.10
[INFO] [stderr]    Compiling is-terminal v0.4.13
[INFO] [stderr]    Compiling yansi v1.0.1
[INFO] [stderr]    Compiling generic-array v0.14.7
[INFO] [stderr]    Compiling parking_lot v0.12.3
[INFO] [stderr]    Compiling time v0.3.36
[INFO] [stderr]    Compiling tokio v1.40.0
[INFO] [stderr]    Compiling http-body v0.4.6
[INFO] [stderr]    Compiling want v0.3.1
[INFO] [stderr]    Compiling tracing v0.1.40
[INFO] [stderr]    Compiling cookie v0.18.1
[INFO] [stderr]    Compiling percent-encoding v2.3.1
[INFO] [stderr]    Compiling tower-service v0.3.3
[INFO] [stderr]    Compiling rustix v0.38.37
[INFO] [stderr]    Compiling equivalent v1.0.1
[INFO] [stderr]    Compiling inlinable_string v0.1.15
[INFO] [stderr]    Compiling log v0.4.22
[INFO] [stderr]    Compiling memchr v2.7.4
[INFO] [stderr]    Compiling httpdate v1.0.3
[INFO] [stderr]    Compiling winnow v0.6.20
[INFO] [stderr]    Compiling futures-io v0.3.31
[INFO] [stderr]    Compiling spin v0.9.8
[INFO] [stderr]    Compiling serde_json v1.0.132
[INFO] [stderr]    Compiling cc v1.1.31
[INFO] [stderr]    Compiling rand_core v0.6.4
[INFO] [stderr]    Compiling figment v0.10.19
[INFO] [stderr]    Compiling multer v3.1.0
[INFO] [stderr]    Compiling linux-raw-sys v0.4.14
[INFO] [stderr]    Compiling state v0.6.0
[INFO] [stderr]    Compiling thiserror v1.0.64
[INFO] [stderr]    Compiling stable-pattern v0.1.0
[INFO] [stderr]    Compiling futures v0.3.31
[INFO] [stderr]    Compiling crypto-common v0.1.6
[INFO] [stderr]    Compiling inout v0.1.3
[INFO] [stderr]    Compiling num-integer v0.1.46
[INFO] [stderr]    Compiling scheduled-thread-pool v0.2.7
[INFO] [stderr]    Compiling http v1.1.0
[INFO] [stderr]    Compiling indexmap v2.6.0
[INFO] [stderr]    Compiling rocket v0.5.1
[INFO] [stderr]    Compiling fastrand v2.1.1
[INFO] [stderr]    Compiling pq-sys v0.6.3
[INFO] [stderr]    Compiling glob v0.3.1
[INFO] [stderr]    Compiling num-bigint v0.4.6
[INFO] [stderr]    Compiling r2d2 v0.8.10
[INFO] [stderr]    Compiling cipher v0.4.4
[INFO] [stderr]    Compiling num_cpus v1.16.0
[INFO] [stderr]    Compiling rocket_sync_db_pools v0.1.0
[INFO] [stderr]    Compiling atomic v0.5.3
[INFO] [stderr]    Compiling binascii v0.1.4
[INFO] [stderr]    Compiling ring v0.17.8
[INFO] [stderr]    Compiling iana-time-zone v0.1.61
[INFO] [stderr]    Compiling blowfish v0.9.1
[INFO] [stderr]    Compiling chrono v0.4.38
[INFO] [stderr]    Compiling pem v3.0.4
[INFO] [stderr]    Compiling zeroize v1.8.1
[INFO] [stderr]    Compiling bcrypt v0.15.1
[INFO] [stderr]    Compiling hyper v0.14.31
[INFO] [stderr]    Compiling tempfile v3.13.0
[INFO] [stderr]    Compiling darling_core v0.20.10
[INFO] [stderr]    Compiling diesel_table_macro_syntax v0.2.0
[INFO] [stderr]    Compiling devise_core v0.4.2
[INFO] [stderr]    Compiling serde_derive v1.0.210
[INFO] [stderr]    Compiling tokio-macros v2.4.0
[INFO] [stderr]    Compiling pear_codegen v0.2.9
[INFO] [stderr]    Compiling ref-cast-impl v1.0.23
[INFO] [stderr]    Compiling zerocopy-derive v0.7.35
[INFO] [stderr]    Compiling thiserror-impl v1.0.64
[INFO] [stderr]    Compiling async-stream-impl v0.3.6
[INFO] [stderr]    Compiling async-trait v0.1.83
[INFO] [stderr]    Compiling async-stream v0.3.6
[INFO] [stderr]    Compiling devise_codegen v0.4.2
[INFO] [stderr]    Compiling pear v0.2.9
[INFO] [stderr]    Compiling zerocopy v0.7.35
[INFO] [stderr]    Compiling devise v0.4.2
[INFO] [stderr]    Compiling rocket_sync_db_pools_codegen v0.1.0
[INFO] [stderr]    Compiling simple_asn1 v0.6.2
[INFO] [stderr]    Compiling rocket_http v0.5.1
[INFO] [stderr]    Compiling ppv-lite86 v0.2.20
[INFO] [stderr]    Compiling darling_macro v0.20.10
[INFO] [stderr]    Compiling darling v0.20.10
[INFO] [stderr]    Compiling rand_chacha v0.3.1
[INFO] [stderr]    Compiling dsl_auto_type v0.1.2
[INFO] [stderr]    Compiling rand v0.8.5
[INFO] [stderr]    Compiling diesel_derives v2.2.3
[INFO] [stderr]    Compiling rocket_codegen v0.5.1
[INFO] [stderr]    Compiling toml_datetime v0.6.8
[INFO] [stderr]    Compiling serde_spanned v0.6.8
[INFO] [stderr]    Compiling ubyte v0.10.4
[INFO] [stderr]    Compiling tokio-util v0.7.12
[INFO] [stderr]    Compiling tokio-stream v0.1.16
[INFO] [stderr]    Compiling toml_edit v0.22.22
[INFO] [stderr]    Compiling h2 v0.3.26
[INFO] [stderr]    Compiling diesel v2.2.4
[INFO] [stderr]    Compiling toml v0.8.19
[INFO] [stderr]    Compiling jsonwebtoken v9.3.0
[INFO] [stderr]    Compiling learn-rocket v0.1.0 (/opt/rustwide/workdir)
[INFO] [stderr] warning: #[table_name] attribute form is deprecated
[INFO] [stderr]   = help: use `#[diesel(table_name = users)]` instead
[INFO] [stderr] 
[INFO] [stdout] warning: unused import: `rocket::http::Status`
[INFO] [stdout]  --> src/routes/user.rs:1:5
[INFO] [stdout]   |
[INFO] [stdout] 1 | use rocket::http::Status;
[INFO] [stdout]   |     ^^^^^^^^^^^^^^^^^^^^
[INFO] [stdout]   |
[INFO] [stdout]   = note: `#[warn(unused_imports)]` (part of `#[warn(unused)]`) on by default
[INFO] [stdout] 
[INFO] [stdout] 
[INFO] [stdout] warning: unused import: `rocket::serde::json::Json`
[INFO] [stdout]  --> src/routes/user.rs:2:5
[INFO] [stdout]   |
[INFO] [stdout] 2 | use rocket::serde::json::Json;
[INFO] [stdout]   |     ^^^^^^^^^^^^^^^^^^^^^^^^^
[INFO] [stdout] 
[INFO] [stdout] 
[INFO] [stdout] warning: unused import: `rocket::State`
[INFO] [stdout]  --> src/routes/user.rs:3:5
[INFO] [stdout]   |
[INFO] [stdout] 3 | use rocket::State;
[INFO] [stdout]   |     ^^^^^^^^^^^^^
[INFO] [stdout] 
[INFO] [stdout] 
[INFO] [stdout] warning: unused imports: `EncodingKey`, `Header`, and `encode`
[INFO] [stdout]  --> src/routes/user.rs:5:21
[INFO] [stdout]   |
[INFO] [stdout] 5 | use jsonwebtoken::{ encode, Header, EncodingKey };
[INFO] [stdout]   |                     ^^^^^^  ^^^^^^  ^^^^^^^^^^^
[INFO] [stdout] 
[INFO] [stdout] 
[INFO] [stdout] warning: unused import: `std::sync::Arc`
[INFO] [stdout]  --> src/routes/user.rs:6:5
[INFO] [stdout]   |
[INFO] [stdout] 6 | use std::sync::Arc;
[INFO] [stdout]   |     ^^^^^^^^^^^^^^
[INFO] [stdout] 
[INFO] [stdout] 
[INFO] [stdout] warning: unused import: `crate::db::models::User`
[INFO] [stdout]  --> src/routes/user.rs:7:5
[INFO] [stdout]   |
[INFO] [stdout] 7 | use crate::db::models::User;
[INFO] [stdout]   |     ^^^^^^^^^^^^^^^^^^^^^^^
[INFO] [stdout] 
[INFO] [stdout] 
[INFO] [stdout] warning: unused import: `std::io`
[INFO] [stdout]  --> src/main.rs:9:5
[INFO] [stdout]   |
[INFO] [stdout] 9 | use std::io;
[INFO] [stdout]   |     ^^^^^^^
[INFO] [stdout] 
[INFO] [stdout] 
[INFO] [stdout] error[E0277]: the trait bound `diesel::r2d2::Pool<ConnectionManager<PgConnection>>: Poolable` is not satisfied
[INFO] [stdout]   --> src/db.rs:9:19
[INFO] [stdout]    |
[INFO] [stdout]  9 | pub struct DbConn(r2d2::Pool<ConnectionManager<PgConnection>>);
[INFO] [stdout]    |                   ^^^^ the trait `Poolable` is not implemented for `diesel::r2d2::Pool<ConnectionManager<PgConnection>>`
[INFO] [stdout]    |
[INFO] [stdout] note: required by a bound in `rocket_sync_db_pools::Connection`
[INFO] [stdout]   --> /opt/rustwide/cargo-home/registry/src/index.crates.io-1949cf8c6b5b557f/rocket_sync_db_pools-0.1.0/src/connection.rs:44:29
[INFO] [stdout]    |
[INFO] [stdout] 44 | pub struct Connection<K, C: Poolable> {
[INFO] [stdout]    |                             ^^^^^^^^ required by this bound in `Connection`
[INFO] [stdout] 
[INFO] [stdout] 
[INFO] [stdout] error[E0277]: the trait bound `diesel::r2d2::Pool<ConnectionManager<PgConnection>>: Poolable` is not satisfied
[INFO] [stdout]   --> src/db.rs:9:19
[INFO] [stdout]    |
[INFO] [stdout]  9 | pub struct DbConn(r2d2::Pool<ConnectionManager<PgConnection>>);
[INFO] [stdout]    |                   ^^^^ the trait `Poolable` is not implemented for `diesel::r2d2::Pool<ConnectionManager<PgConnection>>`
[INFO] [stdout]    |
[INFO] [stdout] note: required by a bound in `rocket_sync_db_pools::ConnectionPool`
[INFO] [stdout]   --> /opt/rustwide/cargo-home/registry/src/index.crates.io-1949cf8c6b5b557f/rocket_sync_db_pools-0.1.0/src/connection.rs:20:33
[INFO] [stdout]    |
[INFO] [stdout] 20 | pub struct ConnectionPool<K, C: Poolable> {
[INFO] [stdout]    |                                 ^^^^^^^^ required by this bound in `ConnectionPool`
[INFO] [stdout] 
[INFO] [stdout] 
[INFO] [stdout] error[E0599]: the associated function or constant `fairing` exists for struct `ConnectionPool<DbConn, Pool<ConnectionManager<PgConnection>>>`, but its trait bounds were not satisfied
[INFO] [stdout]    --> src/db.rs:8:1
[INFO] [stdout]     |
[INFO] [stdout]   8 | #[database("diesel_postgres_pool")]
[INFO] [stdout]     | ^^^^^^^^^^^^^^^^^^^^^^^^^^^^^^^^^^^ associated function or constant cannot be called due to unsatisfied trait bounds
[INFO] [stdout]     |
[INFO] [stdout]    ::: /opt/rustwide/cargo-home/registry/src/index.crates.io-1949cf8c6b5b557f/r2d2-0.8.10/src/lib.rs:317:1
[INFO] [stdout]     |
[INFO] [stdout] 317 | pub struct Pool<M>(Arc<SharedPool<M>>)
[INFO] [stdout]     | ------------------ doesn't satisfy `_: Poolable`
[INFO] [stdout]     |
[INFO] [stdout]     = note: the following trait bounds were not satisfied:
[INFO] [stdout]             `diesel::r2d2::Pool<ConnectionManager<PgConnection>>: Poolable`
[INFO] [stdout]     = note: the full name for the type has been written to '/opt/rustwide/target/release/build/learn-rocket/db2d652b8e4ca4de/out/learn_rocket.long-type-7996610683400106035.txt'
[INFO] [stdout]     = note: consider using `--verbose` to print the full type name to the console
[INFO] [stdout]     = note: this error originates in the attribute macro `database` (in Nightly builds, run with -Z macro-backtrace for more info)
[INFO] [stdout] 
[INFO] [stdout] 
[INFO] [stdout] error[E0599]: the method `run` exists for struct `rocket_sync_db_pools::Connection<DbConn, diesel::r2d2::Pool<ConnectionManager<PgConnection>>>`, but its trait bounds were not satisfied
[INFO] [stdout]    --> src/db.rs:8:1
[INFO] [stdout]     |
[INFO] [stdout]   8 | #[database("diesel_postgres_pool")]
[INFO] [stdout]     | ^^^^^^^^^^^^^^^^^^^^^^^^^^^^^^^^^^^ method cannot be called due to unsatisfied trait bounds
[INFO] [stdout]     |
[INFO] [stdout]    ::: /opt/rustwide/cargo-home/registry/src/index.crates.io-1949cf8c6b5b557f/r2d2-0.8.10/src/lib.rs:317:1
[INFO] [stdout]     |
[INFO] [stdout] 317 | pub struct Pool<M>(Arc<SharedPool<M>>)
[INFO] [stdout]     | ------------------ doesn't satisfy `_: Poolable`
[INFO] [stdout]     |
[INFO] [stdout]     = note: the following trait bounds were not satisfied:
[INFO] [stdout]             `diesel::r2d2::Pool<ConnectionManager<PgConnection>>: Poolable`
[INFO] [stdout]     = note: this error originates in the attribute macro `database` (in Nightly builds, run with -Z macro-backtrace for more info)
[INFO] [stdout] 
[INFO] [stdout] 
[INFO] [stdout] error[E0599]: the associated function or constant `get_one` exists for struct `ConnectionPool<DbConn, Pool<ConnectionManager<PgConnection>>>`, but its trait bounds were not satisfied
[INFO] [stdout]    --> src/db.rs:8:1
[INFO] [stdout]     |
[INFO] [stdout]   8 | #[database("diesel_postgres_pool")]
[INFO] [stdout]     | ^^^^^^^^^^^^^^^^^^^^^^^^^^^^^^^^^^^ associated function or constant cannot be called due to unsatisfied trait bounds
[INFO] [stdout]     |
[INFO] [stdout]    ::: /opt/rustwide/cargo-home/registry/src/index.crates.io-1949cf8c6b5b557f/r2d2-0.8.10/src/lib.rs:317:1
[INFO] [stdout]     |
[INFO] [stdout] 317 | pub struct Pool<M>(Arc<SharedPool<M>>)
[INFO] [stdout]     | ------------------ doesn't satisfy `_: Poolable`
[INFO] [stdout]     |
[INFO] [stdout]     = note: the following trait bounds were not satisfied:
[INFO] [stdout]             `diesel::r2d2::Pool<ConnectionManager<PgConnection>>: Poolable`
[INFO] [stdout]     = note: the full name for the type has been written to '/opt/rustwide/target/release/build/learn-rocket/db2d652b8e4ca4de/out/learn_rocket.long-type-7996610683400106035.txt'
[INFO] [stdout]     = note: consider using `--verbose` to print the full type name to the console
[INFO] [stdout]     = note: this error originates in the attribute macro `database` (in Nightly builds, run with -Z macro-backtrace for more info)
[INFO] [stdout] 
[INFO] [stdout] 
[INFO] [stdout] error[E0433]: cannot find module or crate `users` in this scope
[INFO] [stdout]   --> src/db/models.rs:13:16
[INFO] [stdout]    |
[INFO] [stdout] 13 | #[table_name = "users"]
[INFO] [stdout]    |                ^^^^^^^ use of unresolved module or unlinked crate `users`
[INFO] [stdout]    |
[INFO] [stdout]    = help: if you wanted to use a crate named `users`, use `cargo add users` to add it to your `Cargo.toml`
[INFO] [stdout] 
[INFO] [stdout] 
[INFO] [stdout] error[E0599]: the associated function or constant `pool` exists for struct `ConnectionPool<DbConn, Pool<ConnectionManager<PgConnection>>>`, but its trait bounds were not satisfied
[INFO] [stdout]    --> src/db.rs:8:1
[INFO] [stdout]     |
[INFO] [stdout]   8 | #[database("diesel_postgres_pool")]
[INFO] [stdout]     | ^^^^^^^^^^^^^^^^^^^^^^^^^^^^^^^^^^^ associated function or constant cannot be called due to unsatisfied trait bounds
[INFO] [stdout]     |
[INFO] [stdout]    ::: /opt/rustwide/cargo-home/registry/src/index.crates.io-1949cf8c6b5b557f/r2d2-0.8.10/src/lib.rs:317:1
[INFO] [stdout]     |
[INFO] [stdout] 317 | pub struct Pool<M>(Arc<SharedPool<M>>)
[INFO] [stdout]     | ------------------ doesn't satisfy `_: Poolable`
[INFO] [stdout]     |
[INFO] [stdout]     = note: the following trait bounds were not satisfied:
[INFO] [stdout]             `diesel::r2d2::Pool<ConnectionManager<PgConnection>>: Poolable`
[INFO] [stdout]     = note: the full name for the type has been written to '/opt/rustwide/target/release/build/learn-rocket/db2d652b8e4ca4de/out/learn_rocket.long-type-7996610683400106035.txt'
[INFO] [stdout]     = note: consider using `--verbose` to print the full type name to the console
[INFO] [stdout]     = note: this error originates in the attribute macro `database` (in Nightly builds, run with -Z macro-backtrace for more info)
[INFO] [stdout] 
[INFO] [stdout] 
[INFO] [stdout] error[E0599]: the associated function or constant `from_request` exists for struct `rocket_sync_db_pools::Connection<DbConn, diesel::r2d2::Pool<ConnectionManager<PgConnection>>>`, but its trait bounds were not satisfied
[INFO] [stdout]    --> src/db.rs:8:1
[INFO] [stdout]     |
[INFO] [stdout]   8 | #[database("diesel_postgres_pool")]
[INFO] [stdout]     | ^^^^^^^^^^^^^^^^^^^^^^^^^^^^^^^^^^^ associated function or constant cannot be called due to unsatisfied trait bounds
[INFO] [stdout]     |
[INFO] [stdout]    ::: /opt/rustwide/cargo-home/registry/src/index.crates.io-1949cf8c6b5b557f/r2d2-0.8.10/src/lib.rs:317:1
[INFO] [stdout]     |
[INFO] [stdout] 317 | pub struct Pool<M>(Arc<SharedPool<M>>)
[INFO] [stdout]     | ------------------ doesn't satisfy `_: Poolable`
[INFO] [stdout]     |
[INFO] [stdout]    ::: /opt/rustwide/cargo-home/registry/src/index.crates.io-1949cf8c6b5b557f/rocket_sync_db_pools-0.1.0/src/connection.rs:44:1
[INFO] [stdout]     |
[INFO] [stdout]  44 | pub struct Connection<K, C: Poolable> {
[INFO] [stdout]     | ------------------------------------- doesn't satisfy `_: FromRequest<'_>`
[INFO] [stdout]     |
[INFO] [stdout]     = note: the following trait bounds were not satisfied:
[INFO] [stdout]             `diesel::r2d2::Pool<ConnectionManager<PgConnection>>: Poolable`
[INFO] [stdout]             which is required by `rocket_sync_db_pools::Connection<DbConn, diesel::r2d2::Pool<ConnectionManager<PgConnection>>>: FromRequest<'_>`
[INFO] [stdout]     = note: this error originates in the attribute macro `database` (in Nightly builds, run with -Z macro-backtrace for more info)
[INFO] [stdout] 
[INFO] [stdout] 
[INFO] [stdout] error[E0599]: the associated function or constant `abort` exists for struct `rocket_sync_db_pools::Connection<DbConn, diesel::r2d2::Pool<ConnectionManager<PgConnection>>>`, but its trait bounds were not satisfied
[INFO] [stdout]    --> src/db.rs:8:1
[INFO] [stdout]     |
[INFO] [stdout]   8 | #[database("diesel_postgres_pool")]
[INFO] [stdout]     | ^^^^^^^^^^^^^^^^^^^^^^^^^^^^^^^^^^^ associated function or constant cannot be called due to unsatisfied trait bounds
[INFO] [stdout]     |
[INFO] [stdout]    ::: /opt/rustwide/cargo-home/registry/src/index.crates.io-1949cf8c6b5b557f/r2d2-0.8.10/src/lib.rs:317:1
[INFO] [stdout]     |
[INFO] [stdout] 317 | pub struct Pool<M>(Arc<SharedPool<M>>)
[INFO] [stdout]     | ------------------ doesn't satisfy `_: Poolable`
[INFO] [stdout]     |
[INFO] [stdout]    ::: /opt/rustwide/cargo-home/registry/src/index.crates.io-1949cf8c6b5b557f/rocket_sync_db_pools-0.1.0/src/connection.rs:44:1
[INFO] [stdout]     |
[INFO] [stdout]  44 | pub struct Connection<K, C: Poolable> {
[INFO] [stdout]     | ------------------------------------- doesn't satisfy `_: Sentinel`
[INFO] [stdout]     |
[INFO] [stdout]     = note: the following trait bounds were not satisfied:
[INFO] [stdout]             `diesel::r2d2::Pool<ConnectionManager<PgConnection>>: Poolable`
[INFO] [stdout]             which is required by `rocket_sync_db_pools::Connection<DbConn, diesel::r2d2::Pool<ConnectionManager<PgConnection>>>: Sentinel`
[INFO] [stdout]     = help: items from traits can only be used if the trait is in scope
[INFO] [stdout]     = note: this error originates in the attribute macro `database` (in Nightly builds, run with -Z macro-backtrace for more info)
[INFO] [stdout] help: trait `DefaultSentinel` which provides `abort` is implemented but not in scope; perhaps you want to import it
[INFO] [stdout]     |
[INFO] [stdout]   1 + use crate::rocket::sentinel::resolution::DefaultSentinel;
[INFO] [stdout]     |
[INFO] [stdout] 
[INFO] [stdout] 
[INFO] [stdout] Some errors have detailed explanations: E0277, E0433, E0599.
[INFO] [stdout] 
[INFO] [stdout] For more information about an error, try `rustc --explain E0277`.
[INFO] [stdout] 
[INFO] [stderr] error: could not compile `learn-rocket` (bin "learn-rocket") due to 9 previous errors; 7 warnings emitted
[INFO] [stderr] warning: unused dependency `dotenv`
[INFO] [stderr]  --> Cargo.toml:3:1
[INFO] [stderr]   |
[INFO] [stderr] 3 | dotenv = "0.15.0"
[INFO] [stderr]   | ^^^^^^^^^^^^^^^^^
[INFO] [stderr]   |
[INFO] [stderr]   = note: `cargo::unused_dependencies` is set to `warn` by default
[INFO] [stderr] help: consider removing the dependency on `dotenv`
[INFO] [stderr] warning: `learn-rocket` (manifest) generated 1 warning
[INFO] running `Command { std: "docker" "inspect" "fdc4bbc525c938c2f840d9e052d427e5a6e9829e2770810b36ace7719d10f014", kill_on_drop: false }`
[INFO] running `Command { std: "docker" "rm" "-f" "fdc4bbc525c938c2f840d9e052d427e5a6e9829e2770810b36ace7719d10f014", kill_on_drop: false }`
[INFO] [stdout] fdc4bbc525c938c2f840d9e052d427e5a6e9829e2770810b36ace7719d10f014
