[INFO] cloning repository https://github.com/gintarasm/secs
[INFO] running `Command { std: "git" "-c" "credential.helper=" "-c" "credential.helper=/workspace/cargo-home/bin/git-credential-null" "clone" "--bare" "https://github.com/gintarasm/secs" "/workspace/cache/git-repos/https%3A%2F%2Fgithub.com%2Fgintarasm%2Fsecs", kill_on_drop: false }`
[INFO] [stderr] Cloning into bare repository '/workspace/cache/git-repos/https%3A%2F%2Fgithub.com%2Fgintarasm%2Fsecs'...
[INFO] running `Command { std: "git" "rev-parse" "HEAD", kill_on_drop: false }`
[INFO] [stdout] 5c221221a05c999952bda4b65b9131777417390c
[INFO] testing gintarasm/secs against 1.100.0-beta.1+cargoflags=--release for beta-release-1.100-2
[INFO] running `Command { std: "git" "clone" "/workspace/cache/git-repos/https%3A%2F%2Fgithub.com%2Fgintarasm%2Fsecs" "/workspace/builds/worker-4-tc2/source", kill_on_drop: false }`
[INFO] [stderr] Cloning into '/workspace/builds/worker-4-tc2/source'...
[INFO] [stderr] done.
[INFO] started tweaking git repo https://github.com/gintarasm/secs
[INFO] finished tweaking git repo https://github.com/gintarasm/secs
[INFO] tweaked toml for git repo https://github.com/gintarasm/secs written to /workspace/builds/worker-4-tc2/source/Cargo.toml
[INFO] validating manifest of git repo https://github.com/gintarasm/secs on toolchain 1.100.0-beta.1
[INFO] running `Command { std: CARGO_HOME="/workspace/cargo-home" RUSTUP_HOME="/workspace/rustup-home" "/workspace/cargo-home/bin/cargo" "+1.100.0-beta.1" "metadata" "--manifest-path" "Cargo.toml" "--no-deps", kill_on_drop: false }`
[INFO] crate git repo https://github.com/gintarasm/secs already has a lockfile, it will not be regenerated
[INFO] running `Command { std: CARGO_HOME="/workspace/cargo-home" RUSTUP_HOME="/workspace/rustup-home" "/workspace/cargo-home/bin/cargo" "+1.100.0-beta.1" "fetch" "--manifest-path" "Cargo.toml", kill_on_drop: false }`
[INFO] [stderr]     Blocking waiting for file lock on package cache
[INFO] [stderr]     Blocking waiting for file lock on package cache
[INFO] running `Command { std: "docker" "create" "-v" "/var/lib/crater-agent-workspace/builds/worker-4-tc2/source:/opt/rustwide/workdir:ro,Z" "-v" "/var/lib/crater-agent-workspace/builds/worker-4-tc2/target:/opt/rustwide/target:rw,Z" "-v" "/var/lib/crater-agent-workspace/cargo-home:/opt/rustwide/cargo-home:ro,Z" "-v" "/var/lib/crater-agent-workspace/rustup-home:/opt/rustwide/rustup-home:ro,Z" "-m" "1610612736" "--network" "none" "ghcr.io/rust-lang/crates-build-env/linux@sha256:77db811e55d90add9212f6832c23229e3de5f1c1f9905e8cb07319ea15df73ac" "sleep" "infinity", kill_on_drop: false }`
[INFO] [stdout] 2cb4a28c5b79d84236dd3b806ce994f2c80e0b4fe3526f4a57ba7a3bdf824d29
[INFO] running `Command { std: "docker" "start" "2cb4a28c5b79d84236dd3b806ce994f2c80e0b4fe3526f4a57ba7a3bdf824d29", kill_on_drop: false }`
[INFO] running `Command { std: "docker" "inspect" "2cb4a28c5b79d84236dd3b806ce994f2c80e0b4fe3526f4a57ba7a3bdf824d29", kill_on_drop: false }`
[INFO] running `Command { std: "docker" "exec" "-e" "SOURCE_DIR=/opt/rustwide/workdir" "-e" "CARGO_HOME=/opt/rustwide/cargo-home" "-e" "RUSTUP_HOME=/opt/rustwide/rustup-home" "-e" "CARGO_TARGET_DIR=/opt/rustwide/target" "-w" "/opt/rustwide/workdir" "--user" "0:0" "2cb4a28c5b79d84236dd3b806ce994f2c80e0b4fe3526f4a57ba7a3bdf824d29" "/opt/rustwide/cargo-home/bin/cargo" "+1.100.0-beta.1" "metadata" "--no-deps" "--format-version=1", kill_on_drop: false }`
[INFO] running `Command { std: "docker" "inspect" "2cb4a28c5b79d84236dd3b806ce994f2c80e0b4fe3526f4a57ba7a3bdf824d29", kill_on_drop: false }`
[INFO] running `Command { std: "docker" "exec" "-e" "SOURCE_DIR=/opt/rustwide/workdir" "-e" "CARGO_HOME=/opt/rustwide/cargo-home" "-e" "RUSTUP_HOME=/opt/rustwide/rustup-home" "-e" "CARGO_TARGET_DIR=/opt/rustwide/target" "-e" "CARGO_INCREMENTAL=0" "-e" "RUST_BACKTRACE=full" "-e" "RUSTFLAGS=--cap-lints=warn" "-e" "RUSTDOCFLAGS=--cap-lints=warn" "-w" "/opt/rustwide/workdir" "--user" "0:0" "2cb4a28c5b79d84236dd3b806ce994f2c80e0b4fe3526f4a57ba7a3bdf824d29" "/opt/rustwide/cargo-home/bin/cargo" "+1.100.0-beta.1" "build" "--frozen" "--message-format=json" "--release", kill_on_drop: false }`
[INFO] [stderr]    Compiling proc-macro2 v1.0.81
[INFO] [stderr]    Compiling memchr v2.7.2
[INFO] [stderr]    Compiling regex-syntax v0.8.3
[INFO] [stderr]    Compiling utf8parse v0.2.1
[INFO] [stderr]    Compiling anstyle v1.0.6
[INFO] [stderr]    Compiling anstyle-query v1.0.2
[INFO] [stderr]    Compiling colorchoice v1.0.0
[INFO] [stderr]    Compiling log v0.4.21
[INFO] [stderr]    Compiling thiserror v1.0.58
[INFO] [stderr]    Compiling time v0.3.36
[INFO] [stderr]    Compiling anstyle-parse v0.2.3
[INFO] [stderr]    Compiling aho-corasick v1.1.3
[INFO] [stderr]    Compiling anstream v0.6.13
[INFO] [stderr]    Compiling quote v1.0.36
[INFO] [stderr]    Compiling syn v2.0.60
[INFO] [stderr]    Compiling regex-automata v0.4.6
[INFO] [stderr]    Compiling thiserror-impl v1.0.58
[INFO] [stderr]    Compiling ecs_macro v0.1.0 (/opt/rustwide/workdir/ecs_macro)
[INFO] [stderr]    Compiling regex v1.10.4
[INFO] [stderr]    Compiling env_filter v0.1.0
[INFO] [stderr]    Compiling env_logger v0.11.3
[INFO] [stderr]    Compiling secs v0.1.0 (/opt/rustwide/workdir)
[INFO] [stdout] warning: methods `is_empty` and `remove_any` are never used
[INFO] [stdout]   --> src/events/mod.rs:17:8
[INFO] [stdout]    |
[INFO] [stdout] 14 | trait EventHandlerStorage {
[INFO] [stdout]    |       ------------------- methods in this trait
[INFO] [stdout] ...
[INFO] [stdout] 17 |     fn is_empty(&self) -> bool;
[INFO] [stdout]    |        ^^^^^^^^
[INFO] [stdout] 18 |     fn remove_any(&mut self, type_id: &TypeId);
[INFO] [stdout]    |        ^^^^^^^^^^
[INFO] [stdout]    |
[INFO] [stdout]    = note: `#[warn(dead_code)]` (part of `#[warn(unused)]`) on by default
[INFO] [stdout] 
[INFO] [stdout] 
[INFO] [stdout] warning: hiding a lifetime that's elided elsewhere is confusing
[INFO] [stdout]   --> src/query.rs:57:29
[INFO] [stdout]    |
[INFO] [stdout] 57 |     pub fn resource<T: Any>(&self) -> Ref<Resource> {
[INFO] [stdout]    |                             ^^^^^     ^^^^^^^^^^^^^ the same lifetime is hidden here
[INFO] [stdout]    |                             |
[INFO] [stdout]    |                             the lifetime is elided here
[INFO] [stdout]    |
[INFO] [stdout]    = help: the same lifetime is referred to in inconsistent ways, making the signature confusing
[INFO] [stdout]    = note: `#[warn(mismatched_lifetime_syntaxes)]` on by default
[INFO] [stdout] help: use `'_` for type paths
[INFO] [stdout]    |
[INFO] [stdout] 57 |     pub fn resource<T: Any>(&self) -> Ref<'_, Resource> {
[INFO] [stdout]    |                                           +++
[INFO] [stdout] 
[INFO] [stdout] 
[INFO] [stdout] warning: hiding a lifetime that's elided elsewhere is confusing
[INFO] [stdout]   --> src/query.rs:61:33
[INFO] [stdout]    |
[INFO] [stdout] 61 |     pub fn resource_mut<T: Any>(&self) -> RefMut<Resource> {
[INFO] [stdout]    |                                 ^^^^^     ^^^^^^^^^^^^^^^^ the same lifetime is hidden here
[INFO] [stdout]    |                                 |
[INFO] [stdout]    |                                 the lifetime is elided here
[INFO] [stdout]    |
[INFO] [stdout]    = help: the same lifetime is referred to in inconsistent ways, making the signature confusing
[INFO] [stdout] help: use `'_` for type paths
[INFO] [stdout]    |
[INFO] [stdout] 61 |     pub fn resource_mut<T: Any>(&self) -> RefMut<'_, Resource> {
[INFO] [stdout]    |                                                  +++
[INFO] [stdout] 
[INFO] [stdout] 
[INFO] [stdout] warning: hiding a lifetime that's elided elsewhere is confusing
[INFO] [stdout]    --> src/world.rs:247:18
[INFO] [stdout]     |
[INFO] [stdout] 247 |     pub fn query(&self) -> Query {
[INFO] [stdout]     |                  ^^^^^     ^^^^^ the same lifetime is hidden here
[INFO] [stdout]     |                  |
[INFO] [stdout]     |                  the lifetime is elided here
[INFO] [stdout]     |
[INFO] [stdout]     = help: the same lifetime is referred to in inconsistent ways, making the signature confusing
[INFO] [stdout] help: use `'_` for type paths
[INFO] [stdout]     |
[INFO] [stdout] 247 |     pub fn query(&self) -> Query<'_> {
[INFO] [stdout]     |                                 ++++
[INFO] [stdout] 
[INFO] [stdout] 
[INFO] [stderr] warning: unused dependency `time`
[INFO] [stderr]  --> Cargo.toml:5:1
[INFO] [stderr]   |
[INFO] [stderr] 5 | time = "0.3.36"
[INFO] [stderr]   | ^^^^^^^^^^^^^^^
[INFO] [stderr]   |
[INFO] [stderr]   = note: `cargo::unused_dependencies` is set to `warn` by default
[INFO] [stderr] help: consider removing the dependency on `time`
[INFO] [stderr] warning: `secs` (manifest) generated 1 warning
[INFO] [stderr]     Finished `release` profile [optimized] target(s) in 21.56s
[INFO] running `Command { std: "docker" "inspect" "2cb4a28c5b79d84236dd3b806ce994f2c80e0b4fe3526f4a57ba7a3bdf824d29", kill_on_drop: false }`
[INFO] running `Command { std: "docker" "exec" "-e" "SOURCE_DIR=/opt/rustwide/workdir" "-e" "CARGO_HOME=/opt/rustwide/cargo-home" "-e" "RUSTUP_HOME=/opt/rustwide/rustup-home" "-e" "CARGO_TARGET_DIR=/opt/rustwide/target" "-e" "CARGO_INCREMENTAL=0" "-e" "RUST_BACKTRACE=full" "-e" "RUSTFLAGS=--cap-lints=warn" "-e" "RUSTDOCFLAGS=--cap-lints=warn" "-w" "/opt/rustwide/workdir" "--user" "0:0" "2cb4a28c5b79d84236dd3b806ce994f2c80e0b4fe3526f4a57ba7a3bdf824d29" "/opt/rustwide/cargo-home/bin/cargo" "+1.100.0-beta.1" "test" "--frozen" "--no-run" "--message-format=json" "--release", kill_on_drop: false }`
[INFO] [stderr]    Compiling secs v0.1.0 (/opt/rustwide/workdir)
[INFO] [stdout] warning: methods `is_empty` and `remove_any` are never used
[INFO] [stdout]   --> src/events/mod.rs:17:8
[INFO] [stdout]    |
[INFO] [stdout] 14 | trait EventHandlerStorage {
[INFO] [stdout]    |       ------------------- methods in this trait
[INFO] [stdout] ...
[INFO] [stdout] 17 |     fn is_empty(&self) -> bool;
[INFO] [stdout]    |        ^^^^^^^^
[INFO] [stdout] 18 |     fn remove_any(&mut self, type_id: &TypeId);
[INFO] [stdout]    |        ^^^^^^^^^^
[INFO] [stdout]    |
[INFO] [stdout]    = note: `#[warn(dead_code)]` (part of `#[warn(unused)]`) on by default
[INFO] [stdout] 
[INFO] [stdout] 
[INFO] [stdout] warning: hiding a lifetime that's elided elsewhere is confusing
[INFO] [stdout]   --> src/query.rs:57:29
[INFO] [stdout]    |
[INFO] [stdout] 57 |     pub fn resource<T: Any>(&self) -> Ref<Resource> {
[INFO] [stdout]    |                             ^^^^^     ^^^^^^^^^^^^^ the same lifetime is hidden here
[INFO] [stdout]    |                             |
[INFO] [stdout]    |                             the lifetime is elided here
[INFO] [stdout]    |
[INFO] [stdout]    = help: the same lifetime is referred to in inconsistent ways, making the signature confusing
[INFO] [stdout]    = note: `#[warn(mismatched_lifetime_syntaxes)]` on by default
[INFO] [stdout] help: use `'_` for type paths
[INFO] [stdout]    |
[INFO] [stdout] 57 |     pub fn resource<T: Any>(&self) -> Ref<'_, Resource> {
[INFO] [stdout]    |                                           +++
[INFO] [stdout] 
[INFO] [stdout] 
[INFO] [stdout] warning: hiding a lifetime that's elided elsewhere is confusing
[INFO] [stdout]   --> src/query.rs:61:33
[INFO] [stdout]    |
[INFO] [stdout] 61 |     pub fn resource_mut<T: Any>(&self) -> RefMut<Resource> {
[INFO] [stdout]    |                                 ^^^^^     ^^^^^^^^^^^^^^^^ the same lifetime is hidden here
[INFO] [stdout]    |                                 |
[INFO] [stdout]    |                                 the lifetime is elided here
[INFO] [stdout]    |
[INFO] [stdout]    = help: the same lifetime is referred to in inconsistent ways, making the signature confusing
[INFO] [stdout] help: use `'_` for type paths
[INFO] [stdout]    |
[INFO] [stdout] 61 |     pub fn resource_mut<T: Any>(&self) -> RefMut<'_, Resource> {
[INFO] [stdout]    |                                                  +++
[INFO] [stdout] 
[INFO] [stdout] 
[INFO] [stdout] warning: hiding a lifetime that's elided elsewhere is confusing
[INFO] [stdout]    --> src/world.rs:247:18
[INFO] [stdout]     |
[INFO] [stdout] 247 |     pub fn query(&self) -> Query {
[INFO] [stdout]     |                  ^^^^^     ^^^^^ the same lifetime is hidden here
[INFO] [stdout]     |                  |
[INFO] [stdout]     |                  the lifetime is elided here
[INFO] [stdout]     |
[INFO] [stdout]     = help: the same lifetime is referred to in inconsistent ways, making the signature confusing
[INFO] [stdout] help: use `'_` for type paths
[INFO] [stdout]     |
[INFO] [stdout] 247 |     pub fn query(&self) -> Query<'_> {
[INFO] [stdout]     |                                 ++++
[INFO] [stdout] 
[INFO] [stdout] 
[INFO] [stdout] error[E0433]: cannot find module or crate `secs` in this scope
[INFO] [stdout]    --> src/events/mod.rs:121:14
[INFO] [stdout]     |
[INFO] [stdout] 121 |     #[derive(GameEvent)]
[INFO] [stdout]     |              ^^^^^^^^^ use of unresolved module or unlinked crate `secs`
[INFO] [stdout]     |
[INFO] [stdout]     = help: if you wanted to use a crate named `secs`, use `cargo add secs` to add it to your `Cargo.toml`
[INFO] [stdout]     = note: this error originates in the derive macro `GameEvent` (in Nightly builds, run with -Z macro-backtrace for more info)
[INFO] [stdout] help: consider importing this module
[INFO] [stdout]     |
[INFO] [stdout] 116 +     use crate::events;
[INFO] [stdout]     |
[INFO] [stdout] 
[INFO] [stdout] 
[INFO] [stdout] error[E0433]: cannot find module or crate `secs` in this scope
[INFO] [stdout]   --> src/tests/mod.rs:56:14
[INFO] [stdout]    |
[INFO] [stdout] 56 |     #[derive(Component)]
[INFO] [stdout]    |              ^^^^^^^^^ use of unresolved module or unlinked crate `secs`
[INFO] [stdout]    |
[INFO] [stdout]    = help: if you wanted to use a crate named `secs`, use `cargo add secs` to add it to your `Cargo.toml`
[INFO] [stdout]    = note: this error originates in the derive macro `Component` (in Nightly builds, run with -Z macro-backtrace for more info)
[INFO] [stdout] help: consider importing this module
[INFO] [stdout]    |
[INFO] [stdout] 13 +     use crate::components;
[INFO] [stdout]    |
[INFO] [stdout] 
[INFO] [stdout] 
[INFO] [stdout] error[E0433]: cannot find module or crate `secs` in this scope
[INFO] [stdout]   --> src/tests/mod.rs:58:14
[INFO] [stdout]    |
[INFO] [stdout] 58 |     #[derive(Component)]
[INFO] [stdout]    |              ^^^^^^^^^ use of unresolved module or unlinked crate `secs`
[INFO] [stdout]    |
[INFO] [stdout]    = help: if you wanted to use a crate named `secs`, use `cargo add secs` to add it to your `Cargo.toml`
[INFO] [stdout]    = note: this error originates in the derive macro `Component` (in Nightly builds, run with -Z macro-backtrace for more info)
[INFO] [stdout] help: consider importing this module
[INFO] [stdout]    |
[INFO] [stdout] 13 +     use crate::components;
[INFO] [stdout]    |
[INFO] [stdout] 
[INFO] [stdout] 
[INFO] [stdout] warning: unused import: `crate::components`
[INFO] [stdout]   --> src/tests/mod.rs:14:9
[INFO] [stdout]    |
[INFO] [stdout] 14 |     use crate::components;
[INFO] [stdout]    |         ^^^^^^^^^^^^^^^^^
[INFO] [stdout]    |
[INFO] [stdout]    = note: `#[warn(unused_imports)]` (part of `#[warn(unused)]`) on by default
[INFO] [stdout] 
[INFO] [stdout] 
[INFO] [stdout] For more information about this error, try `rustc --explain E0433`.
[INFO] [stdout] 
[INFO] [stderr] error: could not compile `secs` (lib test) due to 3 previous errors; 1 warning emitted
[INFO] [stderr] warning: unused dependency `time`
[INFO] [stderr]  --> Cargo.toml:5:1
[INFO] [stderr]   |
[INFO] [stderr] 5 | time = "0.3.36"
[INFO] [stderr]   | ^^^^^^^^^^^^^^^
[INFO] [stderr]   |
[INFO] [stderr]   = note: `cargo::unused_dependencies` is set to `warn` by default
[INFO] [stderr] help: consider removing the dependency on `time`
[INFO] [stderr] warning: `secs` (manifest) generated 1 warning
[INFO] running `Command { std: "docker" "inspect" "2cb4a28c5b79d84236dd3b806ce994f2c80e0b4fe3526f4a57ba7a3bdf824d29", kill_on_drop: false }`
[INFO] running `Command { std: "docker" "rm" "-f" "2cb4a28c5b79d84236dd3b806ce994f2c80e0b4fe3526f4a57ba7a3bdf824d29", kill_on_drop: false }`
[INFO] [stdout] 2cb4a28c5b79d84236dd3b806ce994f2c80e0b4fe3526f4a57ba7a3bdf824d29
