[INFO] cloning repository https://github.com/gigaverselabs/giga721
[INFO] running `Command { std: "git" "-c" "credential.helper=" "-c" "credential.helper=/workspace/cargo-home/bin/git-credential-null" "clone" "--bare" "https://github.com/gigaverselabs/giga721" "/workspace/cache/git-repos/https%3A%2F%2Fgithub.com%2Fgigaverselabs%2Fgiga721", kill_on_drop: false }`
[INFO] [stderr] Cloning into bare repository '/workspace/cache/git-repos/https%3A%2F%2Fgithub.com%2Fgigaverselabs%2Fgiga721'...
[INFO] running `Command { std: "git" "rev-parse" "HEAD", kill_on_drop: false }`
[INFO] [stdout] 61799bba26ba82e3a6972024325bf46e3d55d825
[INFO] testing gigaverselabs/giga721 against 1.100.0-beta.1+cargoflags=--release for beta-release-1.100-2
[INFO] running `Command { std: "git" "clone" "/workspace/cache/git-repos/https%3A%2F%2Fgithub.com%2Fgigaverselabs%2Fgiga721" "/workspace/builds/worker-0-tc2/source", kill_on_drop: false }`
[INFO] [stderr] Cloning into '/workspace/builds/worker-0-tc2/source'...
[INFO] [stderr] done.
[INFO] started tweaking git repo https://github.com/gigaverselabs/giga721
[INFO] finished tweaking git repo https://github.com/gigaverselabs/giga721
[INFO] tweaked toml for git repo https://github.com/gigaverselabs/giga721 written to /workspace/builds/worker-0-tc2/source/Cargo.toml
[INFO] validating manifest of git repo https://github.com/gigaverselabs/giga721 on toolchain 1.100.0-beta.1
[INFO] running `Command { std: CARGO_HOME="/workspace/cargo-home" RUSTUP_HOME="/workspace/rustup-home" "/workspace/cargo-home/bin/cargo" "+1.100.0-beta.1" "metadata" "--manifest-path" "Cargo.toml" "--no-deps", kill_on_drop: false }`
[INFO] crate git repo https://github.com/gigaverselabs/giga721 already has a lockfile, it will not be regenerated
[INFO] running `Command { std: CARGO_HOME="/workspace/cargo-home" RUSTUP_HOME="/workspace/rustup-home" "/workspace/cargo-home/bin/cargo" "+1.100.0-beta.1" "fetch" "--manifest-path" "Cargo.toml", kill_on_drop: false }`
[INFO] [stderr] warning: profiles for the non root package will be ignored, specify profiles at the workspace root:
[INFO] [stderr] package:   /workspace/builds/worker-0-tc2/source/giga721/Cargo.toml
[INFO] [stderr] workspace: /workspace/builds/worker-0-tc2/source/Cargo.toml
[INFO] [stderr] warning: unused build dependency `sha2`
[INFO] [stderr]   --> giga721/Cargo.toml:27:1
[INFO] [stderr]    |
[INFO] [stderr] 27 | sha2 = "0.9.1"
[INFO] [stderr]    | ^^^^^^^^^^^^^^
[INFO] [stderr]    |
[INFO] [stderr]    = note: `cargo::unused_dependencies` is set to `warn` by default
[INFO] [stderr] help: consider removing the dependency on `sha2`
[INFO] [stderr] warning: `giga721` (manifest) generated 1 warning
[INFO] [stderr]     Blocking waiting for file lock on package cache
[INFO] [stderr]     Blocking waiting for file lock on package cache
[INFO] running `Command { std: "docker" "create" "-v" "/var/lib/crater-agent-workspace/builds/worker-0-tc2/source:/opt/rustwide/workdir:ro,Z" "-v" "/var/lib/crater-agent-workspace/builds/worker-0-tc2/target:/opt/rustwide/target:rw,Z" "-v" "/var/lib/crater-agent-workspace/cargo-home:/opt/rustwide/cargo-home:ro,Z" "-v" "/var/lib/crater-agent-workspace/rustup-home:/opt/rustwide/rustup-home:ro,Z" "-m" "1610612736" "--network" "none" "ghcr.io/rust-lang/crates-build-env/linux@sha256:77db811e55d90add9212f6832c23229e3de5f1c1f9905e8cb07319ea15df73ac" "sleep" "infinity", kill_on_drop: false }`
[INFO] [stdout] a39b11ed440765d47f0a635546afb37699b648e80de735adeb4307ee9e7b6008
[INFO] running `Command { std: "docker" "start" "a39b11ed440765d47f0a635546afb37699b648e80de735adeb4307ee9e7b6008", kill_on_drop: false }`
[INFO] running `Command { std: "docker" "inspect" "a39b11ed440765d47f0a635546afb37699b648e80de735adeb4307ee9e7b6008", kill_on_drop: false }`
[INFO] running `Command { std: "docker" "exec" "-e" "SOURCE_DIR=/opt/rustwide/workdir" "-e" "CARGO_HOME=/opt/rustwide/cargo-home" "-e" "RUSTUP_HOME=/opt/rustwide/rustup-home" "-e" "CARGO_TARGET_DIR=/opt/rustwide/target" "-w" "/opt/rustwide/workdir" "--user" "0:0" "a39b11ed440765d47f0a635546afb37699b648e80de735adeb4307ee9e7b6008" "/opt/rustwide/cargo-home/bin/cargo" "+1.100.0-beta.1" "metadata" "--no-deps" "--format-version=1", kill_on_drop: false }`
[INFO] running `Command { std: "docker" "inspect" "a39b11ed440765d47f0a635546afb37699b648e80de735adeb4307ee9e7b6008", kill_on_drop: false }`
[INFO] running `Command { std: "docker" "exec" "-e" "SOURCE_DIR=/opt/rustwide/workdir" "-e" "CARGO_HOME=/opt/rustwide/cargo-home" "-e" "RUSTUP_HOME=/opt/rustwide/rustup-home" "-e" "CARGO_TARGET_DIR=/opt/rustwide/target" "-e" "CARGO_INCREMENTAL=0" "-e" "RUST_BACKTRACE=full" "-e" "RUSTFLAGS=--cap-lints=warn" "-e" "RUSTDOCFLAGS=--cap-lints=warn" "-w" "/opt/rustwide/workdir" "--user" "0:0" "a39b11ed440765d47f0a635546afb37699b648e80de735adeb4307ee9e7b6008" "/opt/rustwide/cargo-home/bin/cargo" "+1.100.0-beta.1" "build" "--frozen" "--message-format=json" "--release", kill_on_drop: false }`
[INFO] [stderr] warning: profiles for the non root package will be ignored, specify profiles at the workspace root:
[INFO] [stderr] package:   /opt/rustwide/workdir/giga721/Cargo.toml
[INFO] [stderr] workspace: /opt/rustwide/workdir/Cargo.toml
[INFO] [stderr] warning: unused build dependency `sha2`
[INFO] [stderr]   --> giga721/Cargo.toml:27:1
[INFO] [stderr]    |
[INFO] [stderr] 27 | sha2 = "0.9.1"
[INFO] [stderr]    | ^^^^^^^^^^^^^^
[INFO] [stderr]    |
[INFO] [stderr]    = note: `cargo::unused_dependencies` is set to `warn` by default
[INFO] [stderr] help: consider removing the dependency on `sha2`
[INFO] [stderr] warning: `giga721` (manifest) generated 1 warning
[INFO] [stderr]    Compiling unicode-xid v0.2.2
[INFO] [stderr]    Compiling proc-macro2 v1.0.29
[INFO] [stderr]    Compiling syn v1.0.78
[INFO] [stderr]    Compiling autocfg v1.0.1
[INFO] [stderr]    Compiling serde v1.0.130
[INFO] [stderr]    Compiling serde_derive v1.0.130
[INFO] [stderr]    Compiling either v1.6.1
[INFO] [stderr]    Compiling libc v0.2.103
[INFO] [stderr]    Compiling memchr v2.4.1
[INFO] [stderr]    Compiling cfg-if v1.0.0
[INFO] [stderr]    Compiling typenum v1.14.0
[INFO] [stderr]    Compiling version_check v0.9.3
[INFO] [stderr]    Compiling itertools v0.10.1
[INFO] [stderr]    Compiling anyhow v1.0.44
[INFO] [stderr]    Compiling regex-syntax v0.6.25
[INFO] [stderr]    Compiling indexmap v1.7.0
[INFO] [stderr]    Compiling hashbrown v0.11.2
[INFO] [stderr]    Compiling generic-array v0.14.4
[INFO] [stderr]    Compiling lazy_static v1.4.0
[INFO] [stderr]    Compiling log v0.4.14
[INFO] [stderr]    Compiling num-traits v0.2.14
[INFO] [stderr]    Compiling fnv v1.0.7
[INFO] [stderr]    Compiling quote v1.0.10
[INFO] [stderr]    Compiling dirs-sys-next v0.1.2
[INFO] [stderr]    Compiling aho-corasick v0.7.18
[INFO] [stderr]    Compiling crunchy v0.2.2
[INFO] [stderr]    Compiling crc32fast v1.2.1
[INFO] [stderr]    Compiling dirs-next v2.0.0
[INFO] [stderr]    Compiling num-integer v0.1.44
[INFO] [stderr]    Compiling siphasher v0.3.7
[INFO] [stderr]    Compiling tiny-keccak v2.0.2
[INFO] [stderr]    Compiling term v0.7.0
[INFO] [stderr]    Compiling rustversion v1.0.5
[INFO] [stderr]    Compiling phf_shared v0.8.0
[INFO] [stderr]    Compiling precomputed-hash v0.1.1
[INFO] [stderr]    Compiling fixedbitset v0.2.0
[INFO] [stderr]    Compiling new_debug_unreachable v1.0.4
[INFO] [stderr]    Compiling bit-vec v0.6.3
[INFO] [stderr]    Compiling string_cache v0.8.1
[INFO] [stderr]    Compiling bit-set v0.5.2
[INFO] [stderr]    Compiling petgraph v0.5.1
[INFO] [stderr]    Compiling ascii-canvas v3.0.0
[INFO] [stderr]    Compiling ena v0.14.0
[INFO] [stderr]    Compiling atty v0.2.14
[INFO] [stderr]    Compiling num-bigint v0.4.2
[INFO] [stderr]    Compiling diff v0.1.12
[INFO] [stderr]    Compiling pico-args v0.4.2
[INFO] [stderr]    Compiling utf8-ranges v1.0.4
[INFO] [stderr]    Compiling beef v0.5.1
[INFO] [stderr]    Compiling cpufeatures v0.2.1
[INFO] [stderr]    Compiling opaque-debug v0.3.0
[INFO] [stderr]    Compiling paste v1.0.5
[INFO] [stderr]    Compiling regex v1.5.4
[INFO] [stderr]    Compiling strsim v0.10.0
[INFO] [stderr]    Compiling ident_case v1.0.1
[INFO] [stderr]    Compiling block-buffer v0.9.0
[INFO] [stderr]    Compiling digest v0.9.0
[INFO] [stderr]    Compiling sha2 v0.9.8
[INFO] [stderr]    Compiling termcolor v1.1.2
[INFO] [stderr]    Compiling base32 v0.4.0
[INFO] [stderr]    Compiling arrayvec v0.5.2
[INFO] [stderr]    Compiling lalrpop-util v0.19.6
[INFO] [stderr]    Compiling lalrpop v0.19.6
[INFO] [stderr]    Compiling unicode-width v0.1.9
[INFO] [stderr]    Compiling typed-arena v2.0.1
[INFO] [stderr]    Compiling codespan-reporting v0.11.1
[INFO] [stderr]    Compiling pretty v0.10.0
[INFO] [stderr]    Compiling which v4.2.2
[INFO] [stderr]    Compiling bytes v1.1.0
[INFO] [stderr]    Compiling byteorder v1.4.3
[INFO] [stderr]    Compiling leb128 v0.2.5
[INFO] [stderr]    Compiling prost-build v0.9.0
[INFO] [stderr]    Compiling fixedbitset v0.4.1
[INFO] [stderr]    Compiling fastrand v1.6.0
[INFO] [stderr]    Compiling unicode-segmentation v1.8.0
[INFO] [stderr]    Compiling darling_core v0.13.0
[INFO] [stderr]    Compiling remove_dir_all v0.5.3
[INFO] [stderr]    Compiling tempfile v3.3.0
[INFO] [stderr]    Compiling heck v0.3.3
[INFO] [stderr]    Compiling petgraph v0.6.0
[INFO] [stderr]    Compiling multimap v0.8.3
[INFO] [stderr]    Compiling half v1.7.1
[INFO] [stderr]    Compiling pin-project-lite v0.2.8
[INFO] [stderr]    Compiling intmap v0.7.1
[INFO] [stderr]    Compiling thiserror-impl v1.0.29
[INFO] [stderr]    Compiling derivative v2.2.0
[INFO] [stderr]    Compiling logos-derive v0.12.0
[INFO] [stderr]    Compiling binread_derive v2.1.0
[INFO] [stderr]    Compiling prost-derive v0.9.0
[INFO] [stderr]    Compiling thiserror v1.0.29
[INFO] [stderr]    Compiling candid_derive v0.4.5
[INFO] [stderr]    Compiling binread v2.2.0
[INFO] [stderr]    Compiling darling_macro v0.13.0
[INFO] [stderr]    Compiling logos v0.12.0
[INFO] [stderr]    Compiling darling v0.13.0
[INFO] [stderr]    Compiling prost v0.9.0
[INFO] [stderr]    Compiling serde_with_macros v1.5.0
[INFO] [stderr]    Compiling prost-types v0.9.0
[INFO] [stderr]    Compiling tokio-macros v1.7.0
[INFO] [stderr]    Compiling tokio v1.17.0
[INFO] [stderr]    Compiling ledger_proxy v0.1.0 (/opt/rustwide/workdir/ledger_proxy)
[INFO] [stderr]    Compiling candid v0.7.8
[INFO] [stderr]    Compiling toml v0.5.8
[INFO] [stderr]    Compiling serde_bytes v0.11.5
[INFO] [stderr]    Compiling hex v0.4.3
[INFO] [stderr]    Compiling serde_tokenstream v0.1.2
[INFO] [stderr]    Compiling ic-types v0.2.2
[INFO] [stderr]    Compiling serde_with v1.10.0
[INFO] [stderr]    Compiling serde_cbor v0.11.2
[INFO] [stderr]    Compiling proc-macro-crate v1.1.0
[INFO] [stderr]    Compiling num_enum_derive v0.5.4
[INFO] [stderr]    Compiling ic-types v0.1.5
[INFO] [stderr]    Compiling num_enum v0.5.4
[INFO] [stderr]    Compiling ic-cdk v0.3.2
[INFO] [stderr]    Compiling ic-cdk-macros v0.3.2
[INFO] [stderr]    Compiling common v0.1.0 (/opt/rustwide/workdir/common)
[INFO] [stderr]    Compiling giga721 v0.1.0 (/opt/rustwide/workdir/giga721)
[INFO] [stdout] warning: unexpected `cfg` condition value: `test`
[INFO] [stdout]    --> ledger_proxy/src/../gen/ic_ledger.pb.v1.rs:136:81
[INFO] [stdout]     |
[INFO] [stdout] 136 | #[derive(candid::CandidType, candid::Deserialize, serde::Serialize)] #[cfg_attr(feature = "test", derive(comparable::Comparable))]
[INFO] [stdout]     |                                                                                 ^^^^^^^^^^^^^^^^ help: remove the condition
[INFO] [stdout]     |
[INFO] [stdout]     = note: no expected values for `feature`
[INFO] [stdout]     = help: consider adding `test` as a feature in `Cargo.toml`
[INFO] [stdout]     = note: see <https://doc.rust-lang.org/nightly/rustc/check-cfg/cargo-specifics.html> for more information about checking conditional configuration
[INFO] [stdout]     = note: `#[warn(unexpected_cfgs)]` on by default
[INFO] [stdout] 
[INFO] [stdout] 
[INFO] [stdout] warning: unexpected `cfg` condition value: `test`
[INFO] [stdout]    --> ledger_proxy/src/../gen/ic_ledger.pb.v1.rs:159:81
[INFO] [stdout]     |
[INFO] [stdout] 159 | #[derive(candid::CandidType, candid::Deserialize, serde::Serialize)] #[cfg_attr(feature = "test", derive(comparable::Comparable))]
[INFO] [stdout]     |                                                                                 ^^^^^^^^^^^^^^^^ help: remove the condition
[INFO] [stdout]     |
[INFO] [stdout]     = note: no expected values for `feature`
[INFO] [stdout]     = help: consider adding `test` as a feature in `Cargo.toml`
[INFO] [stdout]     = note: see <https://doc.rust-lang.org/nightly/rustc/check-cfg/cargo-specifics.html> for more information about checking conditional configuration
[INFO] [stdout] 
[INFO] [stdout] 
[INFO] [stdout] warning: unexpected `cfg` condition value: `test`
[INFO] [stdout]    --> ledger_proxy/src/../gen/ic_ledger.pb.v1.rs:213:81
[INFO] [stdout]     |
[INFO] [stdout] 213 | #[derive(candid::CandidType, candid::Deserialize, serde::Serialize)] #[cfg_attr(feature = "test", derive(comparable::Comparable))]
[INFO] [stdout]     |                                                                                 ^^^^^^^^^^^^^^^^ help: remove the condition
[INFO] [stdout]     |
[INFO] [stdout]     = note: no expected values for `feature`
[INFO] [stdout]     = help: consider adding `test` as a feature in `Cargo.toml`
[INFO] [stdout]     = note: see <https://doc.rust-lang.org/nightly/rustc/check-cfg/cargo-specifics.html> for more information about checking conditional configuration
[INFO] [stdout] 
[INFO] [stdout] 
[INFO] [stdout] warning: unused import: `ic_cdk::print`
[INFO] [stdout]  --> giga721/src/storage.rs:7:5
[INFO] [stdout]   |
[INFO] [stdout] 7 | use ic_cdk::print;
[INFO] [stdout]   |     ^^^^^^^^^^^^^
[INFO] [stdout]   |
[INFO] [stdout]   = note: `#[warn(unused_imports)]` (part of `#[warn(unused)]`) on by default
[INFO] [stdout] 
[INFO] [stdout] 
[INFO] [stdout] warning: unused import: `ic_cdk::api::trap`
[INFO] [stdout]   --> giga721/src/storage.rs:25:5
[INFO] [stdout]    |
[INFO] [stdout] 25 | use ic_cdk::api::trap;
[INFO] [stdout]    |     ^^^^^^^^^^^^^^^^^
[INFO] [stdout] 
[INFO] [stdout] 
[INFO] [stdout] warning: unused import: `not_paused`
[INFO] [stdout]  --> giga721/src/ledger.rs:6:34
[INFO] [stdout]   |
[INFO] [stdout] 6 | use crate::guards::{owner_guard, not_paused};
[INFO] [stdout]   |                                  ^^^^^^^^^^
[INFO] [stdout] 
[INFO] [stdout] 
[INFO] [stdout] warning: unused imports: `ICPTs` and `SendArgs`
[INFO] [stdout]  --> giga721/src/marketplace.rs:2:15
[INFO] [stdout]   |
[INFO] [stdout] 2 | use common::{ SendArgs, TransactionNotification, ICPTs, TransactionResponse };
[INFO] [stdout]   |               ^^^^^^^^                           ^^^^^
[INFO] [stdout] 
[INFO] [stdout] 
[INFO] [stdout] warning: unused import: `common::call_send_dfx`
[INFO] [stdout]   --> giga721/src/marketplace.rs:14:5
[INFO] [stdout]    |
[INFO] [stdout] 14 | use common::call_send_dfx;
[INFO] [stdout]    |     ^^^^^^^^^^^^^^^^^^^^^
[INFO] [stdout] 
[INFO] [stdout] 
[INFO] [stdout] warning: unused import: `candid::CandidType`
[INFO] [stdout]  --> ledger_proxy/src/int_set.rs:3:5
[INFO] [stdout]   |
[INFO] [stdout] 3 | use candid::CandidType;
[INFO] [stdout]   |     ^^^^^^^^^^^^^^^^^^
[INFO] [stdout]   |
[INFO] [stdout]   = note: `#[warn(unused_imports)]` (part of `#[warn(unused)]`) on by default
[INFO] [stdout] 
[INFO] [stdout] 
[INFO] [stdout] warning: unused import: `candid::types::Type`
[INFO] [stdout]  --> ledger_proxy/src/int_set.rs:7:5
[INFO] [stdout]   |
[INFO] [stdout] 7 | use candid::types::Type;
[INFO] [stdout]   |     ^^^^^^^^^^^^^^^^^^^
[INFO] [stdout] 
[INFO] [stdout] 
[INFO] [stdout] warning: unused import: `ic_cdk::print`
[INFO] [stdout]  --> ledger_proxy/src/storage.rs:7:5
[INFO] [stdout]   |
[INFO] [stdout] 7 | use ic_cdk::print;
[INFO] [stdout]   |     ^^^^^^^^^^^^^
[INFO] [stdout] 
[INFO] [stdout] 
[INFO] [stdout] warning: unused import: `ic_cdk::api::trap`
[INFO] [stdout]   --> ledger_proxy/src/storage.rs:25:5
[INFO] [stdout]    |
[INFO] [stdout] 25 | use ic_cdk::api::trap;
[INFO] [stdout]    |     ^^^^^^^^^^^^^^^^^
[INFO] [stdout] 
[INFO] [stdout] 
[INFO] [stdout] warning: unused import: `ic_cdk::print`
[INFO] [stdout]  --> giga721/src/system.rs:7:5
[INFO] [stdout]   |
[INFO] [stdout] 7 | use ic_cdk::print;
[INFO] [stdout]   |     ^^^^^^^^^^^^^
[INFO] [stdout] 
[INFO] [stdout] 
[INFO] [stdout] warning: unused import: `not_paused`
[INFO] [stdout]   --> giga721/src/api.rs:13:34
[INFO] [stdout]    |
[INFO] [stdout] 13 | use crate::guards::{owner_guard, not_paused};
[INFO] [stdout]    |                                  ^^^^^^^^^^
[INFO] [stdout] 
[INFO] [stdout] 
[INFO] [stdout] warning: unused import: `State`
[INFO] [stdout]   --> ledger_proxy/src/lib.rs:19:13
[INFO] [stdout]    |
[INFO] [stdout] 19 | use state::{State, STATE};
[INFO] [stdout]    |             ^^^^^
[INFO] [stdout] 
[INFO] [stdout] 
[INFO] [stdout] warning: unused import: `TokenOwner`
[INFO] [stdout]  --> giga721/src/mint.rs:1:27
[INFO] [stdout]   |
[INFO] [stdout] 1 | use crate::token::{Token, TokenOwner};
[INFO] [stdout]   |                           ^^^^^^^^^^
[INFO] [stdout] 
[INFO] [stdout] 
[INFO] [stdout] warning: unused import: `crate::storage::STORAGE`
[INFO] [stdout]  --> giga721/src/http.rs:4:5
[INFO] [stdout]   |
[INFO] [stdout] 4 | use crate::storage::STORAGE;
[INFO] [stdout]   |     ^^^^^^^^^^^^^^^^^^^^^^^
[INFO] [stdout] 
[INFO] [stdout] 
[INFO] [stdout] warning: unused import: `candid::types::Compound`
[INFO] [stdout]  --> ledger_proxy/src/int_set.rs:5:5
[INFO] [stdout]   |
[INFO] [stdout] 5 | use candid::types::Compound;
[INFO] [stdout]   |     ^^^^^^^^^^^^^^^^^^^^^^^
[INFO] [stdout] 
[INFO] [stdout] 
[INFO] [stdout] warning: method `get_asset` is never used
[INFO] [stdout]    --> giga721/src/storage.rs:179:12
[INFO] [stdout]     |
[INFO] [stdout]  53 | impl StableStorage {
[INFO] [stdout]     | ------------------ method in this implementation
[INFO] [stdout] ...
[INFO] [stdout] 179 |     pub fn get_asset(&mut self, name: &str) -> Result<(Vec<HeaderField>, RcBytes), String> {
[INFO] [stdout]     |            ^^^^^^^^^
[INFO] [stdout]     |
[INFO] [stdout]     = note: `#[warn(dead_code)]` (part of `#[warn(unused)]`) on by default
[INFO] [stdout] 
[INFO] [stdout] 
[INFO] [stdout] warning: struct `StableReader` is never constructed
[INFO] [stdout]    --> giga721/src/storage.rs:309:12
[INFO] [stdout]     |
[INFO] [stdout] 309 | pub struct StableReader {
[INFO] [stdout]     |            ^^^^^^^^^^^^
[INFO] [stdout] 
[INFO] [stdout] 
[INFO] [stdout] warning: method `read` is never used
[INFO] [stdout]    --> giga721/src/storage.rs:321:12
[INFO] [stdout]     |
[INFO] [stdout] 320 | impl StableReader {
[INFO] [stdout]     | ----------------- method in this implementation
[INFO] [stdout] 321 |     pub fn read(&mut self, buf: &mut [u8]) -> Result<usize, StableMemoryError> {
[INFO] [stdout]     |            ^^^^
[INFO] [stdout] 
[INFO] [stdout] 
[INFO] [stdout] warning: struct `OldState` is never constructed
[INFO] [stdout]   --> giga721/src/token.rs:23:12
[INFO] [stdout]    |
[INFO] [stdout] 23 | pub struct OldState {
[INFO] [stdout]    |            ^^^^^^^^
[INFO] [stdout] 
[INFO] [stdout] 
[INFO] [stdout] warning: struct `TokenDescExt` is never constructed
[INFO] [stdout]   --> giga721/src/token.rs:65:12
[INFO] [stdout]    |
[INFO] [stdout] 65 | pub struct TokenDescExt {
[INFO] [stdout]    |            ^^^^^^^^^^^^
[INFO] [stdout] 
[INFO] [stdout] 
[INFO] [stdout] warning: struct `ArchiveInit` is never constructed
[INFO] [stdout]   --> ledger_proxy/src/../gen/ic_ledger.pb.v1.rs:94:12
[INFO] [stdout]    |
[INFO] [stdout] 94 | pub struct ArchiveInit {
[INFO] [stdout]    |            ^^^^^^^^^^^
[INFO] [stdout]    |
[INFO] [stdout]    = note: `#[warn(dead_code)]` (part of `#[warn(unused)]`) on by default
[INFO] [stdout] 
[INFO] [stdout] 
[INFO] [stdout] warning: struct `ArchiveAddRequest` is never constructed
[INFO] [stdout]    --> ledger_proxy/src/../gen/ic_ledger.pb.v1.rs:102:12
[INFO] [stdout]     |
[INFO] [stdout] 102 | pub struct ArchiveAddRequest {
[INFO] [stdout]     |            ^^^^^^^^^^^^^^^^^
[INFO] [stdout] 
[INFO] [stdout] 
[INFO] [stdout] warning: struct `ArchiveAddResponse` is never constructed
[INFO] [stdout]    --> ledger_proxy/src/../gen/ic_ledger.pb.v1.rs:107:12
[INFO] [stdout]     |
[INFO] [stdout] 107 | pub struct ArchiveAddResponse {
[INFO] [stdout]     |            ^^^^^^^^^^^^^^^^^^
[INFO] [stdout] 
[INFO] [stdout] 
[INFO] [stdout] warning: struct `Payment` is never constructed
[INFO] [stdout]    --> ledger_proxy/src/../gen/ic_ledger.pb.v1.rs:125:12
[INFO] [stdout]     |
[INFO] [stdout] 125 | pub struct Payment {
[INFO] [stdout]     |            ^^^^^^^
[INFO] [stdout] 
[INFO] [stdout] 
[INFO] [stdout] warning: struct `Account` is never constructed
[INFO] [stdout]    --> ledger_proxy/src/../gen/ic_ledger.pb.v1.rs:153:12
[INFO] [stdout]     |
[INFO] [stdout] 153 | pub struct Account {
[INFO] [stdout]     |            ^^^^^^^
[INFO] [stdout] 
[INFO] [stdout] 
[INFO] [stdout] warning: struct `Subaccount` is never constructed
[INFO] [stdout]    --> ledger_proxy/src/../gen/ic_ledger.pb.v1.rs:223:12
[INFO] [stdout]     |
[INFO] [stdout] 223 | pub struct Subaccount {
[INFO] [stdout]     |            ^^^^^^^^^^
[INFO] [stdout] 
[INFO] [stdout] 
[INFO] [stdout] warning: struct `Certification` is never constructed
[INFO] [stdout]    --> ledger_proxy/src/../gen/ic_ledger.pb.v1.rs:240:12
[INFO] [stdout]     |
[INFO] [stdout] 240 | pub struct Certification {
[INFO] [stdout]     |            ^^^^^^^^^^^^^
[INFO] [stdout] 
[INFO] [stdout] 
[INFO] [stdout] warning: struct `Asset` is never constructed
[INFO] [stdout]   --> ledger_proxy/src/storage.rs:28:12
[INFO] [stdout]    |
[INFO] [stdout] 28 | pub struct Asset {
[INFO] [stdout]    |            ^^^^^
[INFO] [stdout] 
[INFO] [stdout] 
[INFO] [stdout] warning: methods `stable_write`, `write_u32`, `write_str`, `write_bytes`, `store_asset`, and `get_asset` are never used
[INFO] [stdout]    --> ledger_proxy/src/storage.rs:82:8
[INFO] [stdout]     |
[INFO] [stdout]  53 | impl StableStorage {
[INFO] [stdout]     | ------------------ methods in this implementation
[INFO] [stdout] ...
[INFO] [stdout]  82 |     fn stable_write(&mut self, offset: u32, buf: &[u8]) -> Result<(), String> {
[INFO] [stdout]     |        ^^^^^^^^^^^^
[INFO] [stdout] ...
[INFO] [stdout] 101 |     fn write_u32(&mut self, offset: u32, data: u32) -> Result<u32, String> {
[INFO] [stdout]     |        ^^^^^^^^^
[INFO] [stdout] ...
[INFO] [stdout] 115 |     fn write_str(&mut self, offset: u32, data: &str) -> Result<u32, String> {
[INFO] [stdout]     |        ^^^^^^^^^
[INFO] [stdout] ...
[INFO] [stdout] 137 |     fn write_bytes(&mut self, offset: u32, data: &[u8]) -> Result<u32, String> {
[INFO] [stdout]     |        ^^^^^^^^^^^
[INFO] [stdout] ...
[INFO] [stdout] 146 |     pub fn store_asset(&mut self, asset: &Asset) -> Result<(), String> {
[INFO] [stdout]     |            ^^^^^^^^^^^
[INFO] [stdout] ...
[INFO] [stdout] 179 |     pub fn get_asset(&mut self, name: &str) -> Result<(Vec<HeaderField>, RcBytes), String> {
[INFO] [stdout]     |            ^^^^^^^^^
[INFO] [stdout] 
[INFO] [stdout] 
[INFO] [stdout] warning: struct `StableReader` is never constructed
[INFO] [stdout]    --> ledger_proxy/src/storage.rs:309:12
[INFO] [stdout]     |
[INFO] [stdout] 309 | pub struct StableReader {
[INFO] [stdout]     |            ^^^^^^^^^^^^
[INFO] [stdout] 
[INFO] [stdout] 
[INFO] [stdout] warning: method `read` is never used
[INFO] [stdout]    --> ledger_proxy/src/storage.rs:321:12
[INFO] [stdout]     |
[INFO] [stdout] 320 | impl StableReader {
[INFO] [stdout]     | ----------------- method in this implementation
[INFO] [stdout] 321 |     pub fn read(&mut self, buf: &mut [u8]) -> Result<usize, StableMemoryError> {
[INFO] [stdout]     |            ^^^^
[INFO] [stdout] 
[INFO] [stdout] 
[INFO] [stdout] warning: hiding a lifetime that's elided elsewhere is confusing
[INFO] [stdout]   --> ledger_proxy/src/int_set.rs:20:17
[INFO] [stdout]    |
[INFO] [stdout] 20 |     pub fn keys(&self) -> Keys<u64, ()> {
[INFO] [stdout]    |                 ^^^^^     ^^^^^^^^^^^^^ the same lifetime is hidden here
[INFO] [stdout]    |                 |
[INFO] [stdout]    |                 the lifetime is elided here
[INFO] [stdout]    |
[INFO] [stdout]    = help: the same lifetime is referred to in inconsistent ways, making the signature confusing
[INFO] [stdout]    = note: `#[warn(mismatched_lifetime_syntaxes)]` on by default
[INFO] [stdout] help: use `'_` for type paths
[INFO] [stdout]    |
[INFO] [stdout] 20 |     pub fn keys(&self) -> Keys<'_, u64, ()> {
[INFO] [stdout]    |                                +++
[INFO] [stdout] 
[INFO] [stdout] 
[INFO] [stdout] error: linking with `cc` failed: exit status: 1
[INFO] [stdout]   |
[INFO] [stdout]   = note:  "cc" "-Wl,--version-script=/opt/rustwide/target/release/build/giga721/abc97aecfa4c068f/out/rustc049c1R/list" "-Wl,--no-undefined-version" "-m64" "<1 object files omitted>" "-Wl,--as-needed" "-Wl,-Bstatic" "<sysroot>/lib/rustlib/x86_64-unknown-linux-gnu/lib/libcompiler_builtins-*.rlib" "-Wl,-Bdynamic" "-lgcc_s" "-lutil" "-lrt" "-lpthread" "-lm" "-ldl" "-lc" "-L" "/opt/rustwide/target/release/build/giga721/abc97aecfa4c068f/out/rustc049c1R/raw-dylibs" "-B<sysroot>/lib/rustlib/x86_64-unknown-linux-gnu/bin/gcc-ld" "-fuse-ld=lld" "-Wl,--eh-frame-hdr" "-Wl,-z,noexecstack" "-L" "<sysroot>/lib/rustlib/x86_64-unknown-linux-gnu/lib" "-o" "/opt/rustwide/target/release/build/giga721/abc97aecfa4c068f/out/libgiga721.so" "-Wl,--gc-sections" "-shared" "-Wl,-z,relro,-z,now" "-Wl,--strip-debug" "-nodefaultlibs"
[INFO] [stdout]   = note: some arguments are omitted. use `--verbose` to show all linker arguments
[INFO] [stdout]   = note: rust-lld: error: /opt/rustwide/target/release/build/giga721/abc97aecfa4c068f/out/rustc049c1R/list:6: ; expected, but got all_history
[INFO] [stdout]           >>>     canister_query all_history;
[INFO] [stdout]           >>>                    ^
[INFO] [stdout]           collect2: error: ld returned 1 exit status
[INFO] [stdout]           
[INFO] [stdout] 
[INFO] [stdout] 
[INFO] [stderr] error: could not compile `giga721` (lib) due to 1 previous error; 14 warnings emitted
[INFO] [stderr] warning: build failed, waiting for other jobs to finish...
[INFO] [stdout] error: linking with `cc` failed: exit status: 1
[INFO] [stdout]   |
[INFO] [stdout]   = note:  "cc" "-Wl,--version-script=/opt/rustwide/target/release/build/ledger_proxy/39c764a4f57ed7f9/out/rustc1fhEXt/list" "-Wl,--no-undefined-version" "-m64" "<1 object files omitted>" "-Wl,--as-needed" "-Wl,-Bstatic" "<sysroot>/lib/rustlib/x86_64-unknown-linux-gnu/lib/libcompiler_builtins-*.rlib" "-Wl,-Bdynamic" "-lgcc_s" "-lutil" "-lrt" "-lpthread" "-lm" "-ldl" "-lc" "-L" "/opt/rustwide/target/release/build/ledger_proxy/39c764a4f57ed7f9/out/rustc1fhEXt/raw-dylibs" "-B<sysroot>/lib/rustlib/x86_64-unknown-linux-gnu/bin/gcc-ld" "-fuse-ld=lld" "-Wl,--eh-frame-hdr" "-Wl,-z,noexecstack" "-L" "<sysroot>/lib/rustlib/x86_64-unknown-linux-gnu/lib" "-o" "/opt/rustwide/target/release/build/ledger_proxy/39c764a4f57ed7f9/out/libledger_proxy.so" "-Wl,--gc-sections" "-shared" "-Wl,-z,relro,-z,now" "-Wl,--strip-debug" "-nodefaultlibs"
[INFO] [stdout]   = note: some arguments are omitted. use `--verbose` to show all linker arguments
[INFO] [stdout]   = note: rust-lld: error: /opt/rustwide/target/release/build/ledger_proxy/39c764a4f57ed7f9/out/rustc1fhEXt/list:6: ; expected, but got count_processed
[INFO] [stdout]           >>>     canister_query count_processed;
[INFO] [stdout]           >>>                    ^
[INFO] [stdout]           collect2: error: ld returned 1 exit status
[INFO] [stdout]           
[INFO] [stdout] 
[INFO] [stdout] 
[INFO] [stderr] error: could not compile `ledger_proxy` (lib) due to 1 previous error; 21 warnings emitted
[INFO] [stderr] warning: unused dependency `ic-cdk-macros`
[INFO] [stderr]  --> common/Cargo.toml:8:1
[INFO] [stderr]   |
[INFO] [stderr] 8 | ic-cdk-macros = "0.3"
[INFO] [stderr]   | ^^^^^^^^^^^^^^^^^^^^^
[INFO] [stderr]   |
[INFO] [stderr]   = note: `cargo::unused_dependencies` is set to `warn` by default
[INFO] [stderr] help: consider removing the dependency on `ic-cdk-macros`
[INFO] [stderr] warning: unused dependency `ic-types`
[INFO] [stderr]  --> common/Cargo.toml:9:1
[INFO] [stderr]   |
[INFO] [stderr] 9 | ic-types = "0.1.1"
[INFO] [stderr]   | ^^^^^^^^^^^^^^^^^^
[INFO] [stderr]   |
[INFO] [stderr] help: consider removing the dependency on `ic-types`
[INFO] [stderr] warning: unused dependency `serde_cbor`
[INFO] [stderr]   --> common/Cargo.toml:12:1
[INFO] [stderr]    |
[INFO] [stderr] 12 | serde_cbor = "0.11"
[INFO] [stderr]    | ^^^^^^^^^^^^^^^^^^^
[INFO] [stderr]    |
[INFO] [stderr] help: consider removing the dependency on `serde_cbor`
[INFO] [stderr] warning: unused dependency `serde_with`
[INFO] [stderr]   --> common/Cargo.toml:13:1
[INFO] [stderr]    |
[INFO] [stderr] 13 | serde_with = "1.6.2"
[INFO] [stderr]    | ^^^^^^^^^^^^^^^^^^^^
[INFO] [stderr]    |
[INFO] [stderr] help: consider removing the dependency on `serde_with`
[INFO] [stderr] warning: `common` (manifest) generated 4 warnings
[INFO] [stderr] warning: unused dependency `tokio`
[INFO] [stderr]   --> giga721/Cargo.toml:24:1
[INFO] [stderr]    |
[INFO] [stderr] 24 | tokio = { version = "1.17.0", features = ["macros", "rt"] }
[INFO] [stderr]    | ^^^^^^^^^^^^^^^^^^^^^^^^^^^^^^^^^^^^^^^^^^^^^^^^^^^^^^^^^^^
[INFO] [stderr]    |
[INFO] [stderr]    = note: `cargo::unused_dependencies` is set to `warn` by default
[INFO] [stderr] help: consider removing the dependency on `tokio`
[INFO] [stderr] warning: `giga721` (manifest) generated 1 warning
[INFO] [stderr] warning: unused dependency `prost-types`
[INFO] [stderr]   --> ledger_proxy/Cargo.toml:25:1
[INFO] [stderr]    |
[INFO] [stderr] 25 | prost-types = "0.9.0"
[INFO] [stderr]    | ^^^^^^^^^^^^^^^^^^^^^
[INFO] [stderr]    |
[INFO] [stderr]    = note: `cargo::unused_dependencies` is set to `warn` by default
[INFO] [stderr] help: consider removing the dependency on `prost-types`
[INFO] [stderr] warning: `ledger_proxy` (manifest) generated 1 warning
[INFO] running `Command { std: "docker" "inspect" "a39b11ed440765d47f0a635546afb37699b648e80de735adeb4307ee9e7b6008", kill_on_drop: false }`
[INFO] running `Command { std: "docker" "rm" "-f" "a39b11ed440765d47f0a635546afb37699b648e80de735adeb4307ee9e7b6008", kill_on_drop: false }`
[INFO] [stdout] a39b11ed440765d47f0a635546afb37699b648e80de735adeb4307ee9e7b6008
