[INFO] cloning repository https://github.com/getgrinta/grinta-rs
[INFO] running `Command { std: "git" "-c" "credential.helper=" "-c" "credential.helper=/workspace/cargo-home/bin/git-credential-null" "clone" "--bare" "https://github.com/getgrinta/grinta-rs" "/workspace/cache/git-repos/https%3A%2F%2Fgithub.com%2Fgetgrinta%2Fgrinta-rs", kill_on_drop: false }`
[INFO] [stderr] Cloning into bare repository '/workspace/cache/git-repos/https%3A%2F%2Fgithub.com%2Fgetgrinta%2Fgrinta-rs'...
[INFO] running `Command { std: "git" "rev-parse" "HEAD", kill_on_drop: false }`
[INFO] [stdout] 20947de4586606845450aeb3377c1216c1a70f06
[INFO] testing getgrinta/grinta-rs against 1.100.0-beta.1+cargoflags=--release for beta-release-1.100-2
[INFO] running `Command { std: "git" "clone" "/workspace/cache/git-repos/https%3A%2F%2Fgithub.com%2Fgetgrinta%2Fgrinta-rs" "/workspace/builds/worker-4-tc2/source", kill_on_drop: false }`
[INFO] [stderr] Cloning into '/workspace/builds/worker-4-tc2/source'...
[INFO] [stderr] done.
[INFO] started tweaking git repo https://github.com/getgrinta/grinta-rs
[INFO] finished tweaking git repo https://github.com/getgrinta/grinta-rs
[INFO] tweaked toml for git repo https://github.com/getgrinta/grinta-rs written to /workspace/builds/worker-4-tc2/source/Cargo.toml
[INFO] validating manifest of git repo https://github.com/getgrinta/grinta-rs on toolchain 1.100.0-beta.1
[INFO] running `Command { std: CARGO_HOME="/workspace/cargo-home" RUSTUP_HOME="/workspace/rustup-home" "/workspace/cargo-home/bin/cargo" "+1.100.0-beta.1" "metadata" "--manifest-path" "Cargo.toml" "--no-deps", kill_on_drop: false }`
[INFO] crate git repo https://github.com/getgrinta/grinta-rs already has a lockfile, it will not be regenerated
[INFO] running `Command { std: CARGO_HOME="/workspace/cargo-home" RUSTUP_HOME="/workspace/rustup-home" "/workspace/cargo-home/bin/cargo" "+1.100.0-beta.1" "fetch" "--manifest-path" "Cargo.toml", kill_on_drop: false }`
[INFO] running `Command { std: "docker" "create" "-v" "/var/lib/crater-agent-workspace/builds/worker-4-tc2/source:/opt/rustwide/workdir:ro,Z" "-v" "/var/lib/crater-agent-workspace/builds/worker-4-tc2/target:/opt/rustwide/target:rw,Z" "-v" "/var/lib/crater-agent-workspace/cargo-home:/opt/rustwide/cargo-home:ro,Z" "-v" "/var/lib/crater-agent-workspace/rustup-home:/opt/rustwide/rustup-home:ro,Z" "-m" "1610612736" "--network" "none" "ghcr.io/rust-lang/crates-build-env/linux@sha256:77db811e55d90add9212f6832c23229e3de5f1c1f9905e8cb07319ea15df73ac" "sleep" "infinity", kill_on_drop: false }`
[INFO] [stdout] b2a8dbd196fdd67cae9e337fd22700430e1d9817d60e7c3d21cb0da61437354f
[INFO] running `Command { std: "docker" "start" "b2a8dbd196fdd67cae9e337fd22700430e1d9817d60e7c3d21cb0da61437354f", kill_on_drop: false }`
[INFO] running `Command { std: "docker" "inspect" "b2a8dbd196fdd67cae9e337fd22700430e1d9817d60e7c3d21cb0da61437354f", kill_on_drop: false }`
[INFO] running `Command { std: "docker" "exec" "-e" "SOURCE_DIR=/opt/rustwide/workdir" "-e" "CARGO_HOME=/opt/rustwide/cargo-home" "-e" "RUSTUP_HOME=/opt/rustwide/rustup-home" "-e" "CARGO_TARGET_DIR=/opt/rustwide/target" "-w" "/opt/rustwide/workdir" "--user" "0:0" "b2a8dbd196fdd67cae9e337fd22700430e1d9817d60e7c3d21cb0da61437354f" "/opt/rustwide/cargo-home/bin/cargo" "+1.100.0-beta.1" "metadata" "--no-deps" "--format-version=1", kill_on_drop: false }`
[INFO] running `Command { std: "docker" "inspect" "b2a8dbd196fdd67cae9e337fd22700430e1d9817d60e7c3d21cb0da61437354f", kill_on_drop: false }`
[INFO] running `Command { std: "docker" "exec" "-e" "SOURCE_DIR=/opt/rustwide/workdir" "-e" "CARGO_HOME=/opt/rustwide/cargo-home" "-e" "RUSTUP_HOME=/opt/rustwide/rustup-home" "-e" "CARGO_TARGET_DIR=/opt/rustwide/target" "-e" "CARGO_INCREMENTAL=0" "-e" "RUST_BACKTRACE=full" "-e" "RUSTFLAGS=--cap-lints=warn" "-e" "RUSTDOCFLAGS=--cap-lints=warn" "-w" "/opt/rustwide/workdir" "--user" "0:0" "b2a8dbd196fdd67cae9e337fd22700430e1d9817d60e7c3d21cb0da61437354f" "/opt/rustwide/cargo-home/bin/cargo" "+1.100.0-beta.1" "build" "--frozen" "--message-format=json" "--release", kill_on_drop: false }`
[INFO] [stderr]    Compiling proc-macro2 v1.0.95
[INFO] [stderr]    Compiling unicode-ident v1.0.18
[INFO] [stderr]    Compiling cfg-if v1.0.1
[INFO] [stderr]    Compiling libc v0.2.172
[INFO] [stderr]    Compiling autocfg v1.4.0
[INFO] [stderr]    Compiling smallvec v1.15.1
[INFO] [stderr]    Compiling log v0.4.27
[INFO] [stderr]    Compiling parking_lot_core v0.9.11
[INFO] [stderr]    Compiling stable_deref_trait v1.2.0
[INFO] [stderr]    Compiling bitflags v2.9.1
[INFO] [stderr]    Compiling cc v1.2.26
[INFO] [stderr]    Compiling vcpkg v0.2.15
[INFO] [stderr]    Compiling hashbrown v0.15.4
[INFO] [stderr]    Compiling simd-adler32 v0.3.7
[INFO] [stderr]    Compiling lock_api v0.4.13
[INFO] [stderr]    Compiling rustversion v1.0.21
[INFO] [stderr]    Compiling bytes v1.10.1
[INFO] [stderr]    Compiling either v1.15.0
[INFO] [stderr]    Compiling quote v1.0.40
[INFO] [stderr]    Compiling syn v2.0.102
[INFO] [stderr]    Compiling writeable v0.6.1
[INFO] [stderr]    Compiling litemap v0.8.0
[INFO] [stderr]    Compiling signal-hook v0.3.18
[INFO] [stderr]    Compiling rayon-core v1.12.1
[INFO] [stderr]    Compiling signal-hook-registry v1.4.5
[INFO] [stderr]    Compiling mio v1.0.4
[INFO] [stderr]    Compiling socket2 v0.5.10
[INFO] [stderr]    Compiling parking_lot v0.12.4
[INFO] [stderr]    Compiling crc32fast v1.4.2
[INFO] [stderr]    Compiling icu_normalizer_data v2.0.0
[INFO] [stderr]    Compiling fnv v1.0.7
[INFO] [stderr]    Compiling icu_properties_data v2.0.1
[INFO] [stderr]    Compiling ident_case v1.0.1
[INFO] [stderr]    Compiling strsim v0.11.1
[INFO] [stderr]    Compiling openssl-sys v0.9.109
[INFO] [stderr]    Compiling miniz_oxide v0.8.9
[INFO] [stderr]    Compiling mio v0.8.11
[INFO] [stderr]    Compiling slab v0.4.9
[INFO] [stderr]    Compiling serde v1.0.219
[INFO] [stderr]    Compiling zerocopy v0.8.25
[INFO] [stderr]    Compiling rustix v0.38.44
[INFO] [stderr]    Compiling openssl v0.10.73
[INFO] [stderr]    Compiling foreign-types-shared v0.1.1
[INFO] [stderr]    Compiling foreign-types v0.3.2
[INFO] [stderr]    Compiling http v0.2.12
[INFO] [stderr]    Compiling signal-hook-mio v0.2.4
[INFO] [stderr]    Compiling num-traits v0.2.19
[INFO] [stderr]    Compiling tracing-core v0.1.34
[INFO] [stderr]    Compiling futures-sink v0.3.31
[INFO] [stderr]    Compiling futures-task v0.3.31
[INFO] [stderr]    Compiling native-tls v0.2.14
[INFO] [stderr]    Compiling paste v1.0.15
[INFO] [stderr]    Compiling linux-raw-sys v0.4.15
[INFO] [stderr]    Compiling tracing v0.1.41
[INFO] [stderr]    Compiling futures-util v0.3.31
[INFO] [stderr]    Compiling rayon v1.10.0
[INFO] [stderr]    Compiling flate2 v1.1.2
[INFO] [stderr]    Compiling castaway v0.2.3
[INFO] [stderr]    Compiling indexmap v2.9.0
[INFO] [stderr]    Compiling getrandom v0.2.16
[INFO] [stderr]    Compiling itertools v0.13.0
[INFO] [stderr]    Compiling try-lock v0.2.5
[INFO] [stderr]    Compiling indoc v2.0.6
[INFO] [stderr]    Compiling static_assertions v1.1.0
[INFO] [stderr]    Compiling percent-encoding v2.3.1
[INFO] [stderr]    Compiling adler32 v1.2.0
[INFO] [stderr]    Compiling synstructure v0.13.2
[INFO] [stderr]    Compiling darling_core v0.20.11
[INFO] [stderr]    Compiling openssl-probe v0.1.6
[INFO] [stderr]    Compiling unicode-width v0.1.14
[INFO] [stderr]    Compiling weezl v0.1.10
[INFO] [stderr]    Compiling unicode-segmentation v1.12.0
[INFO] [stderr]    Compiling form_urlencoded v1.2.1
[INFO] [stderr]    Compiling compact_str v0.8.1
[INFO] [stderr]    Compiling want v0.3.1
[INFO] [stderr]    Compiling ppv-lite86 v0.2.21
[INFO] [stderr]    Compiling rand_core v0.6.4
[INFO] [stderr]    Compiling crossterm v0.28.1
[INFO] [stderr]    Compiling jpeg-decoder v0.3.1
[INFO] [stderr]    Compiling http-body v0.4.6
[INFO] [stderr]    Compiling zerofrom-derive v0.1.6
[INFO] [stderr]    Compiling yoke-derive v0.8.0
[INFO] [stderr]    Compiling zerovec-derive v0.11.1
[INFO] [stderr]    Compiling displaydoc v0.2.5
[INFO] [stderr]    Compiling tokio-macros v2.5.0
[INFO] [stderr]    Compiling openssl-macros v0.1.1
[INFO] [stderr]    Compiling serde_derive v1.0.219
[INFO] [stderr]    Compiling tokio v1.45.1
[INFO] [stderr]    Compiling darling_macro v0.20.11
[INFO] [stderr]    Compiling darling v0.20.11
[INFO] [stderr]    Compiling strum_macros v0.26.4
[INFO] [stderr]    Compiling instability v0.3.7
[INFO] [stderr]    Compiling zerofrom v0.1.6
[INFO] [stderr]    Compiling yoke v0.8.0
[INFO] [stderr]    Compiling zerovec v0.11.2
[INFO] [stderr]    Compiling zerotrie v0.2.2
[INFO] [stderr]    Compiling unicode-truncate v1.1.0
[INFO] [stderr]    Compiling futures-channel v0.3.31
[INFO] [stderr]    Compiling lru v0.12.5
[INFO] [stderr]    Compiling fdeflate v0.3.7
[INFO] [stderr]    Compiling zune-inflate v0.2.54
[INFO] [stderr]    Compiling tinystr v0.8.1
[INFO] [stderr]    Compiling potential_utf v0.1.2
[INFO] [stderr]    Compiling icu_collections v2.0.0
[INFO] [stderr]    Compiling icu_locale_core v2.0.0
[INFO] [stderr]    Compiling strum v0.26.3
[INFO] [stderr]    Compiling half v2.6.0
[INFO] [stderr]    Compiling bytemuck v1.23.1
[INFO] [stderr]    Compiling lebe v0.5.2
[INFO] [stderr]    Compiling bit_field v0.10.2
[INFO] [stderr]    Compiling base64 v0.21.7
[INFO] [stderr]    Compiling unicode-width v0.2.0
[INFO] [stderr]    Compiling is_terminal_polyfill v1.70.1
[INFO] [stderr]    Compiling cassowary v0.3.0
[INFO] [stderr]    Compiling anstyle v1.0.11
[INFO] [stderr]    Compiling icu_provider v2.0.0
[INFO] [stderr]    Compiling anstyle-query v1.1.3
[INFO] [stderr]    Compiling serde_json v1.0.140
[INFO] [stderr]    Compiling anstream v0.6.19
[INFO] [stderr]    Compiling icu_normalizer v2.0.0
[INFO] [stderr]    Compiling icu_properties v2.0.1
[INFO] [stderr]    Compiling ratatui v0.29.0
[INFO] [stderr]    Compiling exr v1.73.0
[INFO] [stderr]    Compiling idna_adapter v1.2.1
[INFO] [stderr]    Compiling idna v1.0.3
[INFO] [stderr]    Compiling qoi v0.4.1
[INFO] [stderr]    Compiling gif v0.13.1
[INFO] [stderr]    Compiling png v0.17.16
[INFO] [stderr]    Compiling tokio-util v0.7.15
[INFO] [stderr]    Compiling tokio-native-tls v0.3.1
[INFO] [stderr]    Compiling tiff v0.9.1
[INFO] [stderr]    Compiling rand_chacha v0.3.1
[INFO] [stderr]    Compiling h2 v0.3.26
[INFO] [stderr]    Compiling miniz_oxide v0.3.7
[INFO] [stderr]    Compiling deflate v0.8.6
[INFO] [stderr]    Compiling is-docker v0.2.0
[INFO] [stderr]    Compiling anyhow v1.0.98
[INFO] [stderr]    Compiling clap_lex v0.7.5
[INFO] [stderr]    Compiling memchr v2.7.5
[INFO] [stderr]    Compiling clap_builder v4.5.40
[INFO] [stderr]    Compiling dirs-sys v0.4.1
[INFO] [stderr]    Compiling png v0.16.8
[INFO] [stderr]    Compiling image v0.24.9
[INFO] [stderr]    Compiling hyper v0.14.32
[INFO] [stderr]    Compiling is-wsl v0.4.0
[INFO] [stderr]    Compiling rand v0.8.5
[INFO] [stderr]    Compiling serde_urlencoded v0.7.1
[INFO] [stderr]    Compiling url v2.5.4
[INFO] [stderr]    Compiling rustls-pemfile v1.0.4
[INFO] [stderr]    Compiling clap_derive v4.5.40
[INFO] [stderr]    Compiling hyper-tls v0.5.0
[INFO] [stderr]    Compiling crossterm v0.27.0
[INFO] [stderr]    Compiling encoding_rs v0.8.35
[INFO] [stderr]    Compiling thread_local v1.1.9
[INFO] [stderr]    Compiling ipnet v2.11.0
[INFO] [stderr]    Compiling dyn-clone v1.0.19
[INFO] [stderr]    Compiling icy_sixel v0.1.3
[INFO] [stderr]    Compiling sync_wrapper v0.1.2
[INFO] [stderr]    Compiling iana-time-zone v0.1.63
[INFO] [stderr]    Compiling pathdiff v0.2.3
[INFO] [stderr]    Compiling open v5.3.2
[INFO] [stderr]    Compiling reqwest v0.11.27
[INFO] [stderr]    Compiling ratatui-image v0.8.1
[INFO] [stderr]    Compiling chrono v0.4.41
[INFO] [stderr]    Compiling tui-textarea v0.4.0
[INFO] [stderr]    Compiling clap v4.5.40
[INFO] [stderr]    Compiling fuzzy-matcher v0.3.7
[INFO] [stderr]    Compiling icns v0.3.1
[INFO] [stderr]    Compiling dirs v5.0.1
[INFO] [stderr]    Compiling urlencoding v2.1.3
[INFO] [stderr]    Compiling grinta v0.1.0 (/opt/rustwide/workdir)
[INFO] [stdout] error[E0425]: cannot find function `open_note` in module `data_sources::notes`
[INFO] [stdout]   --> src/commands.rs:24:34
[INFO] [stdout]    |
[INFO] [stdout] 24 |             data_sources::notes::open_note(&item.value).await?;
[INFO] [stdout]    |                                  ^^^^^^^^^ not found in `data_sources::notes`
[INFO] [stdout]    |
[INFO] [stdout] note: found an item that was configured out
[INFO] [stdout]   --> src/data_sources/notes.rs:67:14
[INFO] [stdout]    |
[INFO] [stdout] 66 | #[cfg(target_os = "macos")]
[INFO] [stdout]    |       ------------------- the item is gated behind the `macos` feature
[INFO] [stdout] 67 | pub async fn open_note(note_id: &str) -> std::io::Result<()> {
[INFO] [stdout]    |              ^^^^^^^^^
[INFO] [stdout] 
[INFO] [stdout] 
[INFO] [stdout] error[E0425]: cannot find function `create_note` in module `data_sources::notes`
[INFO] [stdout]   --> src/input.rs:37:63
[INFO] [stdout]    |
[INFO] [stdout] 37 |                     if let Ok(note_id) = data_sources::notes::create_note(&query, None).await {
[INFO] [stdout]    |                                                               ^^^^^^^^^^^ not found in `data_sources::notes`
[INFO] [stdout]    |
[INFO] [stdout] note: found an item that was configured out
[INFO] [stdout]   --> src/data_sources/notes.rs:86:14
[INFO] [stdout]    |
[INFO] [stdout] 85 | #[cfg(target_os = "macos")]
[INFO] [stdout]    |       ------------------- the item is gated behind the `macos` feature
[INFO] [stdout] 86 | pub async fn create_note(name: &str, body: Option<&str>) -> std::io::Result<String> {
[INFO] [stdout]    |              ^^^^^^^^^^^
[INFO] [stdout] 
[INFO] [stdout] 
[INFO] [stdout] error[E0425]: cannot find function `open_note` in module `data_sources::notes`
[INFO] [stdout]   --> src/input.rs:38:54
[INFO] [stdout]    |
[INFO] [stdout] 38 |                         let _ = data_sources::notes::open_note(&note_id).await;
[INFO] [stdout]    |                                                      ^^^^^^^^^ not found in `data_sources::notes`
[INFO] [stdout]    |
[INFO] [stdout] note: found an item that was configured out
[INFO] [stdout]   --> src/data_sources/notes.rs:67:14
[INFO] [stdout]    |
[INFO] [stdout] 66 | #[cfg(target_os = "macos")]
[INFO] [stdout]    |       ------------------- the item is gated behind the `macos` feature
[INFO] [stdout] 67 | pub async fn open_note(note_id: &str) -> std::io::Result<()> {
[INFO] [stdout]    |              ^^^^^^^^^
[INFO] [stdout] 
[INFO] [stdout] 
[INFO] [stdout] error[E0425]: cannot find function `delete_note` in module `data_sources::notes`
[INFO] [stdout]    --> src/input.rs:55:49
[INFO] [stdout]     |
[INFO] [stdout]  55 |                         if data_sources::notes::delete_note(&note_value).await.is_ok() {
[INFO] [stdout]     |                                                 ^^^^^^^^^^^ not found in `data_sources::notes`
[INFO] [stdout]     |
[INFO] [stdout] note: found an item that was configured out
[INFO] [stdout]    --> src/data_sources/notes.rs:126:14
[INFO] [stdout]     |
[INFO] [stdout] 125 | #[cfg(target_os = "macos")]
[INFO] [stdout]     |       ------------------- the item is gated behind the `macos` feature
[INFO] [stdout] 126 | pub async fn delete_note(note_id: &str) -> std::io::Result<()> {
[INFO] [stdout]     |              ^^^^^^^^^^^
[INFO] [stdout] 
[INFO] [stdout] 
[INFO] [stdout] warning: unused import: `tokio::process::Command`
[INFO] [stdout]  --> src/data_sources/automation.rs:1:5
[INFO] [stdout]   |
[INFO] [stdout] 1 | use tokio::process::Command;
[INFO] [stdout]   |     ^^^^^^^^^^^^^^^^^^^^^^^
[INFO] [stdout]   |
[INFO] [stdout]   = note: `#[warn(unused_imports)]` (part of `#[warn(unused)]`) on by default
[INFO] [stdout] 
[INFO] [stdout] 
[INFO] [stdout] warning: unused imports: `CommandType` and `Handler`
[INFO] [stdout]  --> src/data_sources/automation.rs:3:32
[INFO] [stdout]   |
[INFO] [stdout] 3 | use crate::core::{CommandItem, CommandType, Handler};
[INFO] [stdout]   |                                ^^^^^^^^^^^  ^^^^^^^
[INFO] [stdout] 
[INFO] [stdout] 
[INFO] [stdout] warning: unused import: `tokio::process::Command`
[INFO] [stdout]  --> src/data_sources/notes.rs:2:5
[INFO] [stdout]   |
[INFO] [stdout] 2 | use tokio::process::Command;
[INFO] [stdout]   |     ^^^^^^^^^^^^^^^^^^^^^^^
[INFO] [stdout] 
[INFO] [stdout] 
[INFO] [stdout] warning: unused import: `Handler`
[INFO] [stdout]  --> src/data_sources/notes.rs:4:32
[INFO] [stdout]   |
[INFO] [stdout] 4 | use crate::core::{CommandItem, Handler};
[INFO] [stdout]   |                                ^^^^^^^
[INFO] [stdout] 
[INFO] [stdout] 
[INFO] [stdout] warning: unused import: `Handler`
[INFO] [stdout]  --> src/data_sources.rs:7:32
[INFO] [stdout]   |
[INFO] [stdout] 7 | use crate::core::{CommandItem, Handler};
[INFO] [stdout]   |                                ^^^^^^^
[INFO] [stdout] 
[INFO] [stdout] 
[INFO] [stdout] warning: unused import: `crate::icons`
[INFO] [stdout]  --> src/data_sources.rs:8:5
[INFO] [stdout]   |
[INFO] [stdout] 8 | use crate::icons;
[INFO] [stdout]   |     ^^^^^^^^^^^^
[INFO] [stdout] 
[INFO] [stdout] 
[INFO] [stdout] warning: unused import: `std::process::Command`
[INFO] [stdout]  --> src/commands.rs:4:5
[INFO] [stdout]   |
[INFO] [stdout] 4 | use std::process::Command;
[INFO] [stdout]   |     ^^^^^^^^^^^^^^^^^^^^^
[INFO] [stdout] 
[INFO] [stdout] 
[INFO] [stdout] warning: unused imports: `Engine as _` and `engine::general_purpose`
[INFO] [stdout]  --> src/icons.rs:3:14
[INFO] [stdout]   |
[INFO] [stdout] 3 | use base64::{Engine as _, engine::general_purpose};
[INFO] [stdout]   |              ^^^^^^^^^^^  ^^^^^^^^^^^^^^^^^^^^^^^
[INFO] [stdout] 
[INFO] [stdout] 
[INFO] [stdout] warning: unused import: `tokio::process::Command`
[INFO] [stdout]  --> src/icons.rs:6:5
[INFO] [stdout]   |
[INFO] [stdout] 6 | use tokio::process::Command;
[INFO] [stdout]   |     ^^^^^^^^^^^^^^^^^^^^^^^
[INFO] [stdout] 
[INFO] [stdout] 
[INFO] [stdout] warning: variable does not need to be mutable
[INFO] [stdout]   --> src/data_sources.rs:11:9
[INFO] [stdout]    |
[INFO] [stdout] 11 |     let mut items = Vec::new();
[INFO] [stdout]    |         ----^^^^^
[INFO] [stdout]    |         |
[INFO] [stdout]    |         help: remove this `mut`
[INFO] [stdout]    |
[INFO] [stdout]    = note: `#[warn(unused_mut)]` (part of `#[warn(unused)]`) on by default
[INFO] [stdout] 
[INFO] [stdout] 
[INFO] [stdout] warning: unused variable: `extract_icons`
[INFO] [stdout]   --> src/data_sources.rs:10:28
[INFO] [stdout]    |
[INFO] [stdout] 10 | pub async fn get_all_items(extract_icons: bool) -> Vec<CommandItem> {
[INFO] [stdout]    |                            ^^^^^^^^^^^^^ help: if this is intentional, prefix it with an underscore: `_extract_icons`
[INFO] [stdout]    |
[INFO] [stdout]    = note: `#[warn(unused_variables)]` (part of `#[warn(unused)]`) on by default
[INFO] [stdout] 
[INFO] [stdout] 
[INFO] [stdout] warning: unused variable: `app_path`
[INFO] [stdout]   --> src/icons.rs:12:31
[INFO] [stdout]    |
[INFO] [stdout] 12 | pub async fn extract_app_icon(app_path: &str) -> Option<String> {
[INFO] [stdout]    |                               ^^^^^^^^ help: if this is intentional, prefix it with an underscore: `_app_path`
[INFO] [stdout] 
[INFO] [stdout] 
[INFO] [stdout] warning: unused variable: `tx`
[INFO] [stdout]    --> src/cli.rs:104:17
[INFO] [stdout]     |
[INFO] [stdout] 104 |             let tx = tx.clone();
[INFO] [stdout]     |                 ^^ help: if this is intentional, prefix it with an underscore: `_tx`
[INFO] [stdout] 
[INFO] [stdout] 
[INFO] [stdout] warning: unused variable: `query`
[INFO] [stdout]    --> src/cli.rs:105:17
[INFO] [stdout]     |
[INFO] [stdout] 105 |             let query = lower_query.clone();
[INFO] [stdout]     |                 ^^^^^ help: if this is intentional, prefix it with an underscore: `_query`
[INFO] [stdout] 
[INFO] [stdout] 
[INFO] [stdout] warning: unused variable: `tx`
[INFO] [stdout]    --> src/cli.rs:134:17
[INFO] [stdout]     |
[INFO] [stdout] 134 |             let tx = tx.clone();
[INFO] [stdout]     |                 ^^ help: if this is intentional, prefix it with an underscore: `_tx`
[INFO] [stdout] 
[INFO] [stdout] 
[INFO] [stdout] warning: unused variable: `query`
[INFO] [stdout]    --> src/cli.rs:135:17
[INFO] [stdout]     |
[INFO] [stdout] 135 |             let query = lower_query.clone();
[INFO] [stdout]     |                 ^^^^^ help: if this is intentional, prefix it with an underscore: `_query`
[INFO] [stdout] 
[INFO] [stdout] 
[INFO] [stdout] warning: unused variable: `tx`
[INFO] [stdout]    --> src/cli.rs:169:17
[INFO] [stdout]     |
[INFO] [stdout] 169 |             let tx = tx.clone();
[INFO] [stdout]     |                 ^^ help: if this is intentional, prefix it with an underscore: `_tx`
[INFO] [stdout] 
[INFO] [stdout] 
[INFO] [stdout] warning: unused variable: `query`
[INFO] [stdout]    --> src/cli.rs:170:17
[INFO] [stdout]     |
[INFO] [stdout] 170 |             let query = lower_query.clone();
[INFO] [stdout]     |                 ^^^^^ help: if this is intentional, prefix it with an underscore: `_query`
[INFO] [stdout] 
[INFO] [stdout] 
[INFO] [stdout] For more information about this error, try `rustc --explain E0425`.
[INFO] [stdout] 
[INFO] [stderr] error: could not compile `grinta` (lib) due to 4 previous errors; 18 warnings emitted
[INFO] [stderr] warning: build failed, waiting for other jobs to finish...
[INFO] running `Command { std: "docker" "inspect" "b2a8dbd196fdd67cae9e337fd22700430e1d9817d60e7c3d21cb0da61437354f", kill_on_drop: false }`
[INFO] running `Command { std: "docker" "rm" "-f" "b2a8dbd196fdd67cae9e337fd22700430e1d9817d60e7c3d21cb0da61437354f", kill_on_drop: false }`
[INFO] [stdout] b2a8dbd196fdd67cae9e337fd22700430e1d9817d60e7c3d21cb0da61437354f
