[INFO] cloning repository https://github.com/getcollective-ai/collective
[INFO] running `Command { std: "git" "-c" "credential.helper=" "-c" "credential.helper=/workspace/cargo-home/bin/git-credential-null" "clone" "--bare" "https://github.com/getcollective-ai/collective" "/workspace/cache/git-repos/https%3A%2F%2Fgithub.com%2Fgetcollective-ai%2Fcollective", kill_on_drop: false }`
[INFO] [stderr] Cloning into bare repository '/workspace/cache/git-repos/https%3A%2F%2Fgithub.com%2Fgetcollective-ai%2Fcollective'...
[INFO] running `Command { std: "git" "rev-parse" "HEAD", kill_on_drop: false }`
[INFO] [stdout] 1f3f064232ac74ee243aeb2bc6948788459f445a
[INFO] testing getcollective-ai/collective against 1.100.0-beta.1+cargoflags=--release for beta-release-1.100-2
[INFO] running `Command { std: "git" "clone" "/workspace/cache/git-repos/https%3A%2F%2Fgithub.com%2Fgetcollective-ai%2Fcollective" "/workspace/builds/worker-5-tc2/source", kill_on_drop: false }`
[INFO] [stderr] Cloning into '/workspace/builds/worker-5-tc2/source'...
[INFO] [stderr] done.
[INFO] removed /workspace/builds/worker-5-tc2/source/.cargo/config.toml
[INFO] started tweaking git repo https://github.com/getcollective-ai/collective
[INFO] finished tweaking git repo https://github.com/getcollective-ai/collective
[INFO] tweaked toml for git repo https://github.com/getcollective-ai/collective written to /workspace/builds/worker-5-tc2/source/Cargo.toml
[INFO] validating manifest of git repo https://github.com/getcollective-ai/collective on toolchain 1.100.0-beta.1
[INFO] running `Command { std: CARGO_HOME="/workspace/cargo-home" RUSTUP_HOME="/workspace/rustup-home" "/workspace/cargo-home/bin/cargo" "+1.100.0-beta.1" "metadata" "--manifest-path" "Cargo.toml" "--no-deps", kill_on_drop: false }`
[INFO] crate git repo https://github.com/getcollective-ai/collective already has a lockfile, it will not be regenerated
[INFO] running `Command { std: CARGO_HOME="/workspace/cargo-home" RUSTUP_HOME="/workspace/rustup-home" "/workspace/cargo-home/bin/cargo" "+1.100.0-beta.1" "fetch" "--manifest-path" "Cargo.toml", kill_on_drop: false }`
[INFO] [stderr] warning: virtual workspace defaulting to `resolver = "1"` despite one or more workspace members being on edition 2021 which implies `resolver = "2"`
[INFO] [stderr]   |
[INFO] [stderr]   = note: to keep the current resolver, specify `workspace.resolver = "1"` in the workspace root's manifest
[INFO] [stderr]   = note: to use the edition 2021 resolver, specify `workspace.resolver = "2"` in the workspace root's manifest
[INFO] [stderr]   = note: for more details see https://doc.rust-lang.org/cargo/reference/resolver.html#resolver-versions
[INFO] [stderr] warning: unused workspace dependency `html-to-md`
[INFO] [stderr]  --> Cargo.toml:9:25
[INFO] [stderr]   |
[INFO] [stderr] 9 | [workspace.dependencies.html-to-md]
[INFO] [stderr]   |                         ^^^^^^^^^^
[INFO] [stderr]   |
[INFO] [stderr]   = note: `cargo::unused_workspace_dependencies` is set to `warn` by default
[INFO] [stderr] help: consider removing the workspace dependency `html-to-md`
[INFO] [stderr] warning: unused workspace dependency `launcher`
[INFO] [stderr]   --> Cargo.toml:12:25
[INFO] [stderr]    |
[INFO] [stderr] 12 | [workspace.dependencies.launcher]
[INFO] [stderr]    |                         ^^^^^^^^
[INFO] [stderr]    |
[INFO] [stderr] help: consider removing the workspace dependency `launcher`
[INFO] [stderr] warning: workspace (manifest) generated 2 warnings
[INFO] running `Command { std: "docker" "create" "-v" "/var/lib/crater-agent-workspace/builds/worker-5-tc2/source:/opt/rustwide/workdir:ro,Z" "-v" "/var/lib/crater-agent-workspace/builds/worker-5-tc2/target:/opt/rustwide/target:rw,Z" "-v" "/var/lib/crater-agent-workspace/cargo-home:/opt/rustwide/cargo-home:ro,Z" "-v" "/var/lib/crater-agent-workspace/rustup-home:/opt/rustwide/rustup-home:ro,Z" "-m" "1610612736" "--network" "none" "ghcr.io/rust-lang/crates-build-env/linux@sha256:77db811e55d90add9212f6832c23229e3de5f1c1f9905e8cb07319ea15df73ac" "sleep" "infinity", kill_on_drop: false }`
[INFO] [stdout] 1d800ea2a12a98c06145ff58df5145c095a5be1444d63e5748f82b995f869718
[INFO] running `Command { std: "docker" "start" "1d800ea2a12a98c06145ff58df5145c095a5be1444d63e5748f82b995f869718", kill_on_drop: false }`
[INFO] running `Command { std: "docker" "inspect" "1d800ea2a12a98c06145ff58df5145c095a5be1444d63e5748f82b995f869718", kill_on_drop: false }`
[INFO] running `Command { std: "docker" "exec" "-e" "SOURCE_DIR=/opt/rustwide/workdir" "-e" "CARGO_HOME=/opt/rustwide/cargo-home" "-e" "RUSTUP_HOME=/opt/rustwide/rustup-home" "-e" "CARGO_TARGET_DIR=/opt/rustwide/target" "-w" "/opt/rustwide/workdir" "--user" "0:0" "1d800ea2a12a98c06145ff58df5145c095a5be1444d63e5748f82b995f869718" "/opt/rustwide/cargo-home/bin/cargo" "+1.100.0-beta.1" "metadata" "--no-deps" "--format-version=1", kill_on_drop: false }`
[INFO] running `Command { std: "docker" "inspect" "1d800ea2a12a98c06145ff58df5145c095a5be1444d63e5748f82b995f869718", kill_on_drop: false }`
[INFO] running `Command { std: "docker" "exec" "-e" "SOURCE_DIR=/opt/rustwide/workdir" "-e" "CARGO_HOME=/opt/rustwide/cargo-home" "-e" "RUSTUP_HOME=/opt/rustwide/rustup-home" "-e" "CARGO_TARGET_DIR=/opt/rustwide/target" "-e" "CARGO_INCREMENTAL=0" "-e" "RUST_BACKTRACE=full" "-e" "RUSTFLAGS=--cap-lints=warn" "-e" "RUSTDOCFLAGS=--cap-lints=warn" "-w" "/opt/rustwide/workdir" "--user" "0:0" "1d800ea2a12a98c06145ff58df5145c095a5be1444d63e5748f82b995f869718" "/opt/rustwide/cargo-home/bin/cargo" "+1.100.0-beta.1" "build" "--frozen" "--message-format=json" "--release", kill_on_drop: false }`
[INFO] [stderr] warning: virtual workspace defaulting to `resolver = "1"` despite one or more workspace members being on edition 2021 which implies `resolver = "2"`
[INFO] [stderr]   |
[INFO] [stderr]   = note: to keep the current resolver, specify `workspace.resolver = "1"` in the workspace root's manifest
[INFO] [stderr]   = note: to use the edition 2021 resolver, specify `workspace.resolver = "2"` in the workspace root's manifest
[INFO] [stderr]   = note: for more details see https://doc.rust-lang.org/cargo/reference/resolver.html#resolver-versions
[INFO] [stderr] warning: unused workspace dependency `html-to-md`
[INFO] [stderr]  --> Cargo.toml:9:25
[INFO] [stderr]   |
[INFO] [stderr] 9 | [workspace.dependencies.html-to-md]
[INFO] [stderr]   |                         ^^^^^^^^^^
[INFO] [stderr]   |
[INFO] [stderr]   = note: `cargo::unused_workspace_dependencies` is set to `warn` by default
[INFO] [stderr] help: consider removing the workspace dependency `html-to-md`
[INFO] [stderr] warning: unused workspace dependency `launcher`
[INFO] [stderr]   --> Cargo.toml:12:25
[INFO] [stderr]    |
[INFO] [stderr] 12 | [workspace.dependencies.launcher]
[INFO] [stderr]    |                         ^^^^^^^^
[INFO] [stderr]    |
[INFO] [stderr] help: consider removing the workspace dependency `launcher`
[INFO] [stderr] warning: workspace (manifest) generated 2 warnings
[INFO] [stderr]    Compiling proc-macro2 v1.0.56
[INFO] [stderr]    Compiling libc v0.2.142
[INFO] [stderr]    Compiling log v0.4.17
[INFO] [stderr]    Compiling smallvec v1.10.0
[INFO] [stderr]    Compiling parking_lot_core v0.9.7
[INFO] [stderr]    Compiling futures-task v0.3.28
[INFO] [stderr]    Compiling memchr v2.5.0
[INFO] [stderr]    Compiling lock_api v0.4.9
[INFO] [stderr]    Compiling tokio v1.28.0
[INFO] [stderr]    Compiling futures-channel v0.3.28
[INFO] [stderr]    Compiling futures-util v0.3.28
[INFO] [stderr]    Compiling futures-io v0.3.28
[INFO] [stderr]    Compiling tracing-core v0.1.30
[INFO] [stderr]    Compiling syn v1.0.109
[INFO] [stderr]    Compiling serde_derive v1.0.160
[INFO] [stderr]    Compiling serde v1.0.160
[INFO] [stderr]    Compiling openssl-sys v0.9.87
[INFO] [stderr]    Compiling rustversion v1.0.12
[INFO] [stderr]    Compiling io-lifetimes v1.0.10
[INFO] [stderr]    Compiling rustix v0.37.15
[INFO] [stderr]    Compiling openssl v0.10.52
[INFO] [stderr]    Compiling want v0.3.0
[INFO] [stderr]    Compiling regex-syntax v0.7.1
[INFO] [stderr]    Compiling linux-raw-sys v0.3.4
[INFO] [stderr]    Compiling async-trait v0.1.68
[INFO] [stderr]    Compiling base64 v0.13.1
[INFO] [stderr]    Compiling serde_json v1.0.96
[INFO] [stderr]    Compiling aho-corasick v1.0.1
[INFO] [stderr]    Compiling anyhow v1.0.70
[INFO] [stderr]    Compiling either v1.8.1
[INFO] [stderr]    Compiling itertools v0.10.5
[INFO] [stderr]    Compiling signal-hook v0.3.15
[INFO] [stderr]    Compiling regex-syntax v0.6.29
[INFO] [stderr]    Compiling quote v1.0.26
[INFO] [stderr]    Compiling native-tls v0.2.11
[INFO] [stderr]    Compiling tower-layer v0.3.2
[INFO] [stderr]    Compiling axum-core v0.3.4
[INFO] [stderr]    Compiling axum v0.6.17
[INFO] [stderr]    Compiling crc32fast v1.3.2
[INFO] [stderr]    Compiling syn v2.0.15
[INFO] [stderr]    Compiling crossbeam-utils v0.8.15
[INFO] [stderr]    Compiling thiserror v1.0.40
[INFO] [stderr]    Compiling overload v0.1.1
[INFO] [stderr]    Compiling nu-ansi-term v0.46.0
[INFO] [stderr]    Compiling anstyle-parse v0.2.0
[INFO] [stderr]    Compiling sharded-slab v0.1.4
[INFO] [stderr]    Compiling tracing-log v0.1.3
[INFO] [stderr]    Compiling thread_local v1.1.7
[INFO] [stderr]    Compiling colorchoice v1.0.0
[INFO] [stderr]    Compiling cpufeatures v0.2.7
[INFO] [stderr]    Compiling anstyle v1.0.0
[INFO] [stderr]    Compiling matchit v0.7.0
[INFO] [stderr]    Compiling sync_wrapper v0.1.2
[INFO] [stderr]    Compiling anstyle-query v1.0.0
[INFO] [stderr]    Compiling sha1 v0.10.5
[INFO] [stderr]    Compiling miniz_oxide v0.6.2
[INFO] [stderr]    Compiling humantime v2.1.0
[INFO] [stderr]    Compiling nom v7.1.3
[INFO] [stderr]    Compiling crossbeam-channel v0.5.8
[INFO] [stderr]    Compiling signal-hook-registry v1.4.1
[INFO] [stderr]    Compiling mio v0.8.6
[INFO] [stderr]    Compiling socket2 v0.4.9
[INFO] [stderr]    Compiling num_cpus v1.15.0
[INFO] [stderr]    Compiling getrandom v0.2.9
[INFO] [stderr]    Compiling parking_lot v0.12.1
[INFO] [stderr]    Compiling rand_core v0.6.4
[INFO] [stderr]    Compiling rand_chacha v0.3.1
[INFO] [stderr]    Compiling regex v1.8.1
[INFO] [stderr]    Compiling rand v0.8.5
[INFO] [stderr]    Compiling regex-automata v0.1.10
[INFO] [stderr]    Compiling flate2 v1.0.25
[INFO] [stderr]    Compiling time-core v0.1.0
[INFO] [stderr]    Compiling signal-hook-mio v0.2.3
[INFO] [stderr]    Compiling tl v0.7.7
[INFO] [stdout] error[E0554]: `#![feature]` may not be used on the beta release channel
[INFO] [stdout]  --> /opt/rustwide/cargo-home/registry/src/index.crates.io-1949cf8c6b5b557f/tl-0.7.7/src/lib.rs:1:31
[INFO] [stdout]   |
[INFO] [stdout] 1 | #![cfg_attr(feature = "simd", feature(portable_simd))]
[INFO] [stdout]   |                               ^^^^^^^^^^^^^^^^^^^^^^
[INFO] [stdout] 
[INFO] [stdout] 
[INFO] [stderr] error: could not compile `regex-syntax` (lib)
[INFO] [stderr] 
[INFO] [stderr] Caused by:
[INFO] [stderr]   process didn't exit successfully: `/opt/rustwide/rustup-home/toolchains/1.100.0-beta.1-x86_64-unknown-linux-gnu/bin/rustc --crate-name regex_syntax --edition=2021 /opt/rustwide/cargo-home/registry/src/index.crates.io-1949cf8c6b5b557f/regex-syntax-0.7.1/src/lib.rs --error-format=json --json=diagnostic-rendered-ansi,artifacts,future-incompat,unused-externs-silent --crate-type lib --emit=dep-info,metadata,link -C opt-level=3 -C embed-bitcode=no --cfg 'feature="default"' --cfg 'feature="std"' --cfg 'feature="unicode"' --cfg 'feature="unicode-age"' --cfg 'feature="unicode-bool"' --cfg 'feature="unicode-case"' --cfg 'feature="unicode-gencat"' --cfg 'feature="unicode-perl"' --cfg 'feature="unicode-script"' --cfg 'feature="unicode-segment"' --check-cfg 'cfg(docsrs,test)' --check-cfg 'cfg(feature, values("default", "std", "unicode", "unicode-age", "unicode-bool", "unicode-case", "unicode-gencat", "unicode-perl", "unicode-script", "unicode-segment"))' -C metadata=c488ad447daf68a5 -C extra-filename=-62c5fc1d680a4833 --out-dir /opt/rustwide/target/release/build/regex-syntax/62c5fc1d680a4833/out -C strip=debuginfo --cap-lints allow --cap-lints=warn --force-warn=unused_crate_dependencies` (signal: 9, SIGKILL: kill)
[INFO] [stderr] warning: build failed, waiting for other jobs to finish...
[INFO] [stdout] error[E0599]: no method named `simd_eq` found for struct `std::simd::Simd<T, N>` in the current scope
[INFO] [stdout]   --> /opt/rustwide/cargo-home/registry/src/index.crates.io-1949cf8c6b5b557f/tl-0.7.7/src/simd/nightly.rs:27:24
[INFO] [stdout]    |
[INFO] [stdout] 27 |         let eq = bytes.simd_eq(needle16).to_int();
[INFO] [stdout]    |                        ^^^^^^^
[INFO] [stdout]    |
[INFO] [stdout]   --> /rustc/e3feeb59cd1bdd011a2bfcc0747b55125d9b8527/library/core/src/../../portable-simd/crates/core_simd/src/simd/cmp/eq.rs:13:7
[INFO] [stdout]    |
[INFO] [stdout]    = note: the method is available for `std::simd::Simd<u8, 16>` here
[INFO] [stdout]    |
[INFO] [stdout]    = help: items from traits can only be used if the trait is in scope
[INFO] [stdout] help: trait `SimdPartialEq` which provides `simd_eq` is implemented but not in scope; perhaps you want to import it
[INFO] [stdout]    |
[INFO] [stdout]  1 + use std::simd::prelude::SimdPartialEq;
[INFO] [stdout]    |
[INFO] [stdout] help: there is a method `simd_ge` with a similar name
[INFO] [stdout]    |
[INFO] [stdout] 27 -         let eq = bytes.simd_eq(needle16).to_int();
[INFO] [stdout] 27 +         let eq = bytes.simd_ge(needle16).to_int();
[INFO] [stdout]    |
[INFO] [stdout] 
[INFO] [stdout] 
[INFO] [stderr] error: could not compile `regex-syntax` (lib)
[INFO] [stderr] 
[INFO] [stderr] Caused by:
[INFO] [stderr]   process didn't exit successfully: `/opt/rustwide/rustup-home/toolchains/1.100.0-beta.1-x86_64-unknown-linux-gnu/bin/rustc --crate-name regex_syntax --edition=2018 /opt/rustwide/cargo-home/registry/src/index.crates.io-1949cf8c6b5b557f/regex-syntax-0.6.29/src/lib.rs --error-format=json --json=diagnostic-rendered-ansi,artifacts,future-incompat,unused-externs-silent --crate-type lib --emit=dep-info,metadata,link -C opt-level=3 -C embed-bitcode=no --cfg 'feature="default"' --cfg 'feature="unicode"' --cfg 'feature="unicode-age"' --cfg 'feature="unicode-bool"' --cfg 'feature="unicode-case"' --cfg 'feature="unicode-gencat"' --cfg 'feature="unicode-perl"' --cfg 'feature="unicode-script"' --cfg 'feature="unicode-segment"' --check-cfg 'cfg(docsrs,test)' --check-cfg 'cfg(feature, values("default", "unicode", "unicode-age", "unicode-bool", "unicode-case", "unicode-gencat", "unicode-perl", "unicode-script", "unicode-segment"))' -C metadata=9948200d4e755b9a -C extra-filename=-42aa090914f39f46 --out-dir /opt/rustwide/target/release/build/regex-syntax/42aa090914f39f46/out -C strip=debuginfo --cap-lints allow --cap-lints=warn --force-warn=unused_crate_dependencies` (signal: 9, SIGKILL: kill)
[INFO] [stdout] error[E0599]: no method named `simd_eq` found for struct `std::simd::Simd<T, N>` in the current scope
[INFO] [stdout]   --> /opt/rustwide/cargo-home/registry/src/index.crates.io-1949cf8c6b5b557f/tl-0.7.7/src/simd/nightly.rs:65:25
[INFO] [stdout]    |
[INFO] [stdout] 65 |         let eq1 = bytes.simd_eq(needle16a);
[INFO] [stdout]    |                         ^^^^^^^
[INFO] [stdout]    |
[INFO] [stdout]   --> /rustc/e3feeb59cd1bdd011a2bfcc0747b55125d9b8527/library/core/src/../../portable-simd/crates/core_simd/src/simd/cmp/eq.rs:13:7
[INFO] [stdout]    |
[INFO] [stdout]    = note: the method is available for `std::simd::Simd<u8, 16>` here
[INFO] [stdout]    |
[INFO] [stdout]    = help: items from traits can only be used if the trait is in scope
[INFO] [stdout] help: trait `SimdPartialEq` which provides `simd_eq` is implemented but not in scope; perhaps you want to import it
[INFO] [stdout]    |
[INFO] [stdout]  1 + use std::simd::prelude::SimdPartialEq;
[INFO] [stdout]    |
[INFO] [stdout] help: there is a method `simd_ge` with a similar name
[INFO] [stdout]    |
[INFO] [stdout] 65 -         let eq1 = bytes.simd_eq(needle16a);
[INFO] [stdout] 65 +         let eq1 = bytes.simd_ge(needle16a);
[INFO] [stdout]    |
[INFO] [stdout] 
[INFO] [stdout] 
[INFO] [stdout] error[E0599]: no method named `simd_eq` found for struct `std::simd::Simd<T, N>` in the current scope
[INFO] [stdout]   --> /opt/rustwide/cargo-home/registry/src/index.crates.io-1949cf8c6b5b557f/tl-0.7.7/src/simd/nightly.rs:66:25
[INFO] [stdout]    |
[INFO] [stdout] 66 |         let eq2 = bytes.simd_eq(needle16b);
[INFO] [stdout]    |                         ^^^^^^^
[INFO] [stdout]    |
[INFO] [stdout]   --> /rustc/e3feeb59cd1bdd011a2bfcc0747b55125d9b8527/library/core/src/../../portable-simd/crates/core_simd/src/simd/cmp/eq.rs:13:7
[INFO] [stdout]    |
[INFO] [stdout]    = note: the method is available for `std::simd::Simd<u8, 16>` here
[INFO] [stdout]    |
[INFO] [stdout]    = help: items from traits can only be used if the trait is in scope
[INFO] [stdout] help: trait `SimdPartialEq` which provides `simd_eq` is implemented but not in scope; perhaps you want to import it
[INFO] [stdout]    |
[INFO] [stdout]  1 + use std::simd::prelude::SimdPartialEq;
[INFO] [stdout]    |
[INFO] [stdout] help: there is a method `simd_ge` with a similar name
[INFO] [stdout]    |
[INFO] [stdout] 66 -         let eq2 = bytes.simd_eq(needle16b);
[INFO] [stdout] 66 +         let eq2 = bytes.simd_ge(needle16b);
[INFO] [stdout]    |
[INFO] [stdout] 
[INFO] [stdout] 
[INFO] [stdout] error[E0599]: no method named `simd_eq` found for struct `std::simd::Simd<T, N>` in the current scope
[INFO] [stdout]   --> /opt/rustwide/cargo-home/registry/src/index.crates.io-1949cf8c6b5b557f/tl-0.7.7/src/simd/nightly.rs:67:25
[INFO] [stdout]    |
[INFO] [stdout] 67 |         let eq3 = bytes.simd_eq(needle16c);
[INFO] [stdout]    |                         ^^^^^^^
[INFO] [stdout]    |
[INFO] [stdout]   --> /rustc/e3feeb59cd1bdd011a2bfcc0747b55125d9b8527/library/core/src/../../portable-simd/crates/core_simd/src/simd/cmp/eq.rs:13:7
[INFO] [stdout]    |
[INFO] [stdout]    = note: the method is available for `std::simd::Simd<u8, 16>` here
[INFO] [stdout]    |
[INFO] [stdout]    = help: items from traits can only be used if the trait is in scope
[INFO] [stdout] help: trait `SimdPartialEq` which provides `simd_eq` is implemented but not in scope; perhaps you want to import it
[INFO] [stdout]    |
[INFO] [stdout]  1 + use std::simd::prelude::SimdPartialEq;
[INFO] [stdout]    |
[INFO] [stdout] help: there is a method `simd_ge` with a similar name
[INFO] [stdout]    |
[INFO] [stdout] 67 -         let eq3 = bytes.simd_eq(needle16c);
[INFO] [stdout] 67 +         let eq3 = bytes.simd_ge(needle16c);
[INFO] [stdout]    |
[INFO] [stdout] 
[INFO] [stdout] 
[INFO] [stdout] error[E0599]: no method named `simd_eq` found for struct `std::simd::Simd<T, N>` in the current scope
[INFO] [stdout]   --> /opt/rustwide/cargo-home/registry/src/index.crates.io-1949cf8c6b5b557f/tl-0.7.7/src/simd/nightly.rs:68:25
[INFO] [stdout]    |
[INFO] [stdout] 68 |         let eq4 = bytes.simd_eq(needle16d);
[INFO] [stdout]    |                         ^^^^^^^
[INFO] [stdout]    |
[INFO] [stdout]   --> /rustc/e3feeb59cd1bdd011a2bfcc0747b55125d9b8527/library/core/src/../../portable-simd/crates/core_simd/src/simd/cmp/eq.rs:13:7
[INFO] [stdout]    |
[INFO] [stdout]    = note: the method is available for `std::simd::Simd<u8, 16>` here
[INFO] [stdout]    |
[INFO] [stdout]    = help: items from traits can only be used if the trait is in scope
[INFO] [stdout] help: trait `SimdPartialEq` which provides `simd_eq` is implemented but not in scope; perhaps you want to import it
[INFO] [stdout]    |
[INFO] [stdout]  1 + use std::simd::prelude::SimdPartialEq;
[INFO] [stdout]    |
[INFO] [stdout] help: there is a method `simd_ge` with a similar name
[INFO] [stdout]    |
[INFO] [stdout] 68 -         let eq4 = bytes.simd_eq(needle16d);
[INFO] [stdout] 68 +         let eq4 = bytes.simd_ge(needle16d);
[INFO] [stdout]    |
[INFO] [stdout] 
[INFO] [stdout] 
[INFO] [stdout] error[E0599]: no method named `simd_ge` found for struct `std::simd::Simd<T, N>` in the current scope
[INFO] [stdout]    --> /opt/rustwide/cargo-home/registry/src/index.crates.io-1949cf8c6b5b557f/tl-0.7.7/src/simd/nightly.rs:111:29
[INFO] [stdout]     |
[INFO] [stdout] 111 |         let ge_zero = bytes.simd_ge(needle_zero);
[INFO] [stdout]     |                             ^^^^^^^
[INFO] [stdout]     |
[INFO] [stdout]    --> /rustc/e3feeb59cd1bdd011a2bfcc0747b55125d9b8527/library/core/src/../../portable-simd/crates/core_simd/src/simd/cmp/ord.rs:23:7
[INFO] [stdout]     |
[INFO] [stdout]     = note: the method is available for `std::simd::Simd<u8, 16>` here
[INFO] [stdout]     |
[INFO] [stdout]     = help: items from traits can only be used if the trait is in scope
[INFO] [stdout] help: trait `SimdPartialOrd` which provides `simd_ge` is implemented but not in scope; perhaps you want to import it
[INFO] [stdout]     |
[INFO] [stdout]   1 + use std::simd::prelude::SimdPartialOrd;
[INFO] [stdout]     |
[INFO] [stdout] help: there is a method `simd_gt` with a similar name
[INFO] [stdout]     |
[INFO] [stdout] 111 -         let ge_zero = bytes.simd_ge(needle_zero);
[INFO] [stdout] 111 +         let ge_zero = bytes.simd_gt(needle_zero);
[INFO] [stdout]     |
[INFO] [stdout] 
[INFO] [stdout] 
[INFO] [stdout] error[E0599]: no method named `simd_le` found for struct `std::simd::Simd<T, N>` in the current scope
[INFO] [stdout]    --> /opt/rustwide/cargo-home/registry/src/index.crates.io-1949cf8c6b5b557f/tl-0.7.7/src/simd/nightly.rs:112:29
[INFO] [stdout]     |
[INFO] [stdout] 112 |         let le_nine = bytes.simd_le(needle_nine);
[INFO] [stdout]     |                             ^^^^^^^
[INFO] [stdout]     |
[INFO] [stdout]    --> /rustc/e3feeb59cd1bdd011a2bfcc0747b55125d9b8527/library/core/src/../../portable-simd/crates/core_simd/src/simd/cmp/ord.rs:15:7
[INFO] [stdout]     |
[INFO] [stdout]     = note: the method is available for `std::simd::Simd<u8, 16>` here
[INFO] [stdout]     |
[INFO] [stdout]     = help: items from traits can only be used if the trait is in scope
[INFO] [stdout] help: trait `SimdPartialOrd` which provides `simd_le` is implemented but not in scope; perhaps you want to import it
[INFO] [stdout]     |
[INFO] [stdout]   1 + use std::simd::prelude::SimdPartialOrd;
[INFO] [stdout]     |
[INFO] [stdout] help: there is a method `simd_ge` with a similar name
[INFO] [stdout]     |
[INFO] [stdout] 112 -         let le_nine = bytes.simd_le(needle_nine);
[INFO] [stdout] 112 +         let le_nine = bytes.simd_ge(needle_nine);
[INFO] [stdout]     |
[INFO] [stdout] 
[INFO] [stdout] 
[INFO] [stdout] error[E0599]: no method named `simd_ge` found for struct `std::simd::Simd<T, N>` in the current scope
[INFO] [stdout]    --> /opt/rustwide/cargo-home/registry/src/index.crates.io-1949cf8c6b5b557f/tl-0.7.7/src/simd/nightly.rs:115:29
[INFO] [stdout]     |
[INFO] [stdout] 115 |         let ge_lc_a = bytes.simd_ge(needle_lc_a);
[INFO] [stdout]     |                             ^^^^^^^
[INFO] [stdout]     |
[INFO] [stdout]    --> /rustc/e3feeb59cd1bdd011a2bfcc0747b55125d9b8527/library/core/src/../../portable-simd/crates/core_simd/src/simd/cmp/ord.rs:23:7
[INFO] [stdout]     |
[INFO] [stdout]     = note: the method is available for `std::simd::Simd<u8, 16>` here
[INFO] [stdout]     |
[INFO] [stdout]     = help: items from traits can only be used if the trait is in scope
[INFO] [stdout] help: trait `SimdPartialOrd` which provides `simd_ge` is implemented but not in scope; perhaps you want to import it
[INFO] [stdout]     |
[INFO] [stdout]   1 + use std::simd::prelude::SimdPartialOrd;
[INFO] [stdout]     |
[INFO] [stdout] help: there is a method `simd_gt` with a similar name
[INFO] [stdout]     |
[INFO] [stdout] 115 -         let ge_lc_a = bytes.simd_ge(needle_lc_a);
[INFO] [stdout] 115 +         let ge_lc_a = bytes.simd_gt(needle_lc_a);
[INFO] [stdout]     |
[INFO] [stdout] 
[INFO] [stdout] 
[INFO] [stdout] error[E0599]: no method named `simd_le` found for struct `std::simd::Simd<T, N>` in the current scope
[INFO] [stdout]    --> /opt/rustwide/cargo-home/registry/src/index.crates.io-1949cf8c6b5b557f/tl-0.7.7/src/simd/nightly.rs:116:29
[INFO] [stdout]     |
[INFO] [stdout] 116 |         let le_lc_z = bytes.simd_le(needle_lc_z);
[INFO] [stdout]     |                             ^^^^^^^
[INFO] [stdout]     |
[INFO] [stdout]    --> /rustc/e3feeb59cd1bdd011a2bfcc0747b55125d9b8527/library/core/src/../../portable-simd/crates/core_simd/src/simd/cmp/ord.rs:15:7
[INFO] [stdout]     |
[INFO] [stdout]     = note: the method is available for `std::simd::Simd<u8, 16>` here
[INFO] [stdout]     |
[INFO] [stdout]     = help: items from traits can only be used if the trait is in scope
[INFO] [stdout] help: trait `SimdPartialOrd` which provides `simd_le` is implemented but not in scope; perhaps you want to import it
[INFO] [stdout]     |
[INFO] [stdout]   1 + use std::simd::prelude::SimdPartialOrd;
[INFO] [stdout]     |
[INFO] [stdout] help: there is a method `simd_ge` with a similar name
[INFO] [stdout]     |
[INFO] [stdout] 116 -         let le_lc_z = bytes.simd_le(needle_lc_z);
[INFO] [stdout] 116 +         let le_lc_z = bytes.simd_ge(needle_lc_z);
[INFO] [stdout]     |
[INFO] [stdout] 
[INFO] [stdout] 
[INFO] [stdout] error[E0599]: no method named `simd_ge` found for struct `std::simd::Simd<T, N>` in the current scope
[INFO] [stdout]    --> /opt/rustwide/cargo-home/registry/src/index.crates.io-1949cf8c6b5b557f/tl-0.7.7/src/simd/nightly.rs:119:29
[INFO] [stdout]     |
[INFO] [stdout] 119 |         let ge_uc_a = bytes.simd_ge(needle_uc_a);
[INFO] [stdout]     |                             ^^^^^^^
[INFO] [stdout]     |
[INFO] [stdout]    --> /rustc/e3feeb59cd1bdd011a2bfcc0747b55125d9b8527/library/core/src/../../portable-simd/crates/core_simd/src/simd/cmp/ord.rs:23:7
[INFO] [stdout]     |
[INFO] [stdout]     = note: the method is available for `std::simd::Simd<u8, 16>` here
[INFO] [stdout]     |
[INFO] [stdout]     = help: items from traits can only be used if the trait is in scope
[INFO] [stdout] help: trait `SimdPartialOrd` which provides `simd_ge` is implemented but not in scope; perhaps you want to import it
[INFO] [stdout]     |
[INFO] [stdout]   1 + use std::simd::prelude::SimdPartialOrd;
[INFO] [stdout]     |
[INFO] [stdout] help: there is a method `simd_gt` with a similar name
[INFO] [stdout]     |
[INFO] [stdout] 119 -         let ge_uc_a = bytes.simd_ge(needle_uc_a);
[INFO] [stdout] 119 +         let ge_uc_a = bytes.simd_gt(needle_uc_a);
[INFO] [stdout]     |
[INFO] [stdout] 
[INFO] [stdout] 
[INFO] [stdout] error[E0599]: no method named `simd_le` found for struct `std::simd::Simd<T, N>` in the current scope
[INFO] [stdout]    --> /opt/rustwide/cargo-home/registry/src/index.crates.io-1949cf8c6b5b557f/tl-0.7.7/src/simd/nightly.rs:120:29
[INFO] [stdout]     |
[INFO] [stdout] 120 |         let le_uc_z = bytes.simd_le(needle_uc_z);
[INFO] [stdout]     |                             ^^^^^^^
[INFO] [stdout]     |
[INFO] [stdout]    --> /rustc/e3feeb59cd1bdd011a2bfcc0747b55125d9b8527/library/core/src/../../portable-simd/crates/core_simd/src/simd/cmp/ord.rs:15:7
[INFO] [stdout]     |
[INFO] [stdout]     = note: the method is available for `std::simd::Simd<u8, 16>` here
[INFO] [stdout]     |
[INFO] [stdout]     = help: items from traits can only be used if the trait is in scope
[INFO] [stdout] help: trait `SimdPartialOrd` which provides `simd_le` is implemented but not in scope; perhaps you want to import it
[INFO] [stdout]     |
[INFO] [stdout]   1 + use std::simd::prelude::SimdPartialOrd;
[INFO] [stdout]     |
[INFO] [stdout] help: there is a method `simd_ge` with a similar name
[INFO] [stdout]     |
[INFO] [stdout] 120 -         let le_uc_z = bytes.simd_le(needle_uc_z);
[INFO] [stdout] 120 +         let le_uc_z = bytes.simd_ge(needle_uc_z);
[INFO] [stdout]     |
[INFO] [stdout] 
[INFO] [stdout] 
[INFO] [stdout] error[E0599]: no method named `simd_eq` found for struct `std::simd::Simd<T, N>` in the current scope
[INFO] [stdout]    --> /opt/rustwide/cargo-home/registry/src/index.crates.io-1949cf8c6b5b557f/tl-0.7.7/src/simd/nightly.rs:123:30
[INFO] [stdout]     |
[INFO] [stdout] 123 |         let eq_minus = bytes.simd_eq(needle_minus);
[INFO] [stdout]     |                              ^^^^^^^
[INFO] [stdout]     |
[INFO] [stdout]    --> /rustc/e3feeb59cd1bdd011a2bfcc0747b55125d9b8527/library/core/src/../../portable-simd/crates/core_simd/src/simd/cmp/eq.rs:13:7
[INFO] [stdout]     |
[INFO] [stdout]     = note: the method is available for `std::simd::Simd<u8, 16>` here
[INFO] [stdout]     |
[INFO] [stdout]     = help: items from traits can only be used if the trait is in scope
[INFO] [stdout] help: trait `SimdPartialEq` which provides `simd_eq` is implemented but not in scope; perhaps you want to import it
[INFO] [stdout]     |
[INFO] [stdout]   1 + use std::simd::prelude::SimdPartialEq;
[INFO] [stdout]     |
[INFO] [stdout] help: there is a method `simd_ge` with a similar name
[INFO] [stdout]     |
[INFO] [stdout] 123 -         let eq_minus = bytes.simd_eq(needle_minus);
[INFO] [stdout] 123 +         let eq_minus = bytes.simd_ge(needle_minus);
[INFO] [stdout]     |
[INFO] [stdout] 
[INFO] [stdout] 
[INFO] [stdout] error[E0599]: no method named `simd_eq` found for struct `std::simd::Simd<T, N>` in the current scope
[INFO] [stdout]    --> /opt/rustwide/cargo-home/registry/src/index.crates.io-1949cf8c6b5b557f/tl-0.7.7/src/simd/nightly.rs:124:35
[INFO] [stdout]     |
[INFO] [stdout] 124 |         let eq_underscore = bytes.simd_eq(needle_underscore);
[INFO] [stdout]     |                                   ^^^^^^^
[INFO] [stdout]     |
[INFO] [stdout]    --> /rustc/e3feeb59cd1bdd011a2bfcc0747b55125d9b8527/library/core/src/../../portable-simd/crates/core_simd/src/simd/cmp/eq.rs:13:7
[INFO] [stdout]     |
[INFO] [stdout]     = note: the method is available for `std::simd::Simd<u8, 16>` here
[INFO] [stdout]     |
[INFO] [stdout]     = help: items from traits can only be used if the trait is in scope
[INFO] [stdout] help: trait `SimdPartialEq` which provides `simd_eq` is implemented but not in scope; perhaps you want to import it
[INFO] [stdout]     |
[INFO] [stdout]   1 + use std::simd::prelude::SimdPartialEq;
[INFO] [stdout]     |
[INFO] [stdout] help: there is a method `simd_ge` with a similar name
[INFO] [stdout]     |
[INFO] [stdout] 124 -         let eq_underscore = bytes.simd_eq(needle_underscore);
[INFO] [stdout] 124 +         let eq_underscore = bytes.simd_ge(needle_underscore);
[INFO] [stdout]     |
[INFO] [stdout] 
[INFO] [stdout] 
[INFO] [stdout] Some errors have detailed explanations: E0554, E0599.
[INFO] [stdout] 
[INFO] [stdout] For more information about an error, try `rustc --explain E0554`.
[INFO] [stdout] 
[INFO] [stderr] error: could not compile `tl` (lib) due to 14 previous errors
[INFO] running `Command { std: "docker" "inspect" "1d800ea2a12a98c06145ff58df5145c095a5be1444d63e5748f82b995f869718", kill_on_drop: false }`
[INFO] running `Command { std: "docker" "rm" "-f" "1d800ea2a12a98c06145ff58df5145c095a5be1444d63e5748f82b995f869718", kill_on_drop: false }`
[INFO] [stdout] 1d800ea2a12a98c06145ff58df5145c095a5be1444d63e5748f82b995f869718
