[INFO] cloning repository https://github.com/getaskclaw/amon
[INFO] running `Command { std: "git" "-c" "credential.helper=" "-c" "credential.helper=/workspace/cargo-home/bin/git-credential-null" "clone" "--bare" "https://github.com/getaskclaw/amon" "/workspace/cache/git-repos/https%3A%2F%2Fgithub.com%2Fgetaskclaw%2Famon", kill_on_drop: false }`
[INFO] [stderr] Cloning into bare repository '/workspace/cache/git-repos/https%3A%2F%2Fgithub.com%2Fgetaskclaw%2Famon'...
[INFO] running `Command { std: "git" "rev-parse" "HEAD", kill_on_drop: false }`
[INFO] [stdout] eaa756fd8d68aaf9abac6c6b0f3770e9f3152ea6
[INFO] testing getaskclaw/amon against 1.99.0-beta.8+cargoflags=--release for beta-release-1.100-2
[INFO] running `Command { std: "git" "clone" "/workspace/cache/git-repos/https%3A%2F%2Fgithub.com%2Fgetaskclaw%2Famon" "/workspace/builds/worker-4-tc1/source", kill_on_drop: false }`
[INFO] [stderr] Cloning into '/workspace/builds/worker-4-tc1/source'...
[INFO] [stderr] done.
[INFO] removed /workspace/builds/worker-4-tc1/source/.cargo/config.toml
[INFO] started tweaking git repo https://github.com/getaskclaw/amon
[INFO] finished tweaking git repo https://github.com/getaskclaw/amon
[INFO] tweaked toml for git repo https://github.com/getaskclaw/amon written to /workspace/builds/worker-4-tc1/source/Cargo.toml
[INFO] validating manifest of git repo https://github.com/getaskclaw/amon on toolchain 1.99.0-beta.8
[INFO] running `Command { std: CARGO_HOME="/workspace/cargo-home" RUSTUP_HOME="/workspace/rustup-home" "/workspace/cargo-home/bin/cargo" "+1.99.0-beta.8" "metadata" "--manifest-path" "Cargo.toml" "--no-deps", kill_on_drop: false }`
[INFO] crate git repo https://github.com/getaskclaw/amon already has a lockfile, it will not be regenerated
[INFO] running `Command { std: CARGO_HOME="/workspace/cargo-home" RUSTUP_HOME="/workspace/rustup-home" "/workspace/cargo-home/bin/cargo" "+1.99.0-beta.8" "fetch" "--manifest-path" "Cargo.toml", kill_on_drop: false }`
[INFO] running `Command { std: "docker" "create" "-v" "/var/lib/crater-agent-workspace/builds/worker-4-tc1/source:/opt/rustwide/workdir:ro,Z" "-v" "/var/lib/crater-agent-workspace/builds/worker-4-tc1/target:/opt/rustwide/target:rw,Z" "-v" "/var/lib/crater-agent-workspace/cargo-home:/opt/rustwide/cargo-home:ro,Z" "-v" "/var/lib/crater-agent-workspace/rustup-home:/opt/rustwide/rustup-home:ro,Z" "-m" "1610612736" "--network" "none" "ghcr.io/rust-lang/crates-build-env/linux@sha256:77db811e55d90add9212f6832c23229e3de5f1c1f9905e8cb07319ea15df73ac" "sleep" "infinity", kill_on_drop: false }`
[INFO] [stdout] ea0558b503340fa2db171d49c92db53eb7bab6e2603e349d30439d711df687ad
[INFO] running `Command { std: "docker" "start" "ea0558b503340fa2db171d49c92db53eb7bab6e2603e349d30439d711df687ad", kill_on_drop: false }`
[INFO] running `Command { std: "docker" "inspect" "ea0558b503340fa2db171d49c92db53eb7bab6e2603e349d30439d711df687ad", kill_on_drop: false }`
[INFO] running `Command { std: "docker" "exec" "-e" "SOURCE_DIR=/opt/rustwide/workdir" "-e" "CARGO_HOME=/opt/rustwide/cargo-home" "-e" "RUSTUP_HOME=/opt/rustwide/rustup-home" "-e" "CARGO_TARGET_DIR=/opt/rustwide/target" "-w" "/opt/rustwide/workdir" "--user" "0:0" "ea0558b503340fa2db171d49c92db53eb7bab6e2603e349d30439d711df687ad" "/opt/rustwide/cargo-home/bin/cargo" "+1.99.0-beta.8" "metadata" "--no-deps" "--format-version=1", kill_on_drop: false }`
[INFO] running `Command { std: "docker" "inspect" "ea0558b503340fa2db171d49c92db53eb7bab6e2603e349d30439d711df687ad", kill_on_drop: false }`
[INFO] running `Command { std: "docker" "exec" "-e" "SOURCE_DIR=/opt/rustwide/workdir" "-e" "CARGO_HOME=/opt/rustwide/cargo-home" "-e" "RUSTUP_HOME=/opt/rustwide/rustup-home" "-e" "CARGO_TARGET_DIR=/opt/rustwide/target" "-e" "CARGO_INCREMENTAL=0" "-e" "RUST_BACKTRACE=full" "-e" "RUSTFLAGS=--cap-lints=warn" "-e" "RUSTDOCFLAGS=--cap-lints=warn" "-w" "/opt/rustwide/workdir" "--user" "0:0" "ea0558b503340fa2db171d49c92db53eb7bab6e2603e349d30439d711df687ad" "/opt/rustwide/cargo-home/bin/cargo" "+1.99.0-beta.8" "build" "--frozen" "--message-format=json" "--release", kill_on_drop: false }`
[INFO] [stderr]    Compiling proc-macro2 v1.0.107
[INFO] [stderr]    Compiling unicode-ident v1.0.24
[INFO] [stderr]    Compiling quote v1.0.47
[INFO] [stderr]    Compiling windows_x86_64_gnu v0.52.6
[INFO] [stderr]    Compiling version_check v0.9.5
[INFO] [stderr]    Compiling typenum v1.20.1
[INFO] [stderr]    Compiling autocfg v1.5.1
[INFO] [stderr]    Compiling serde_core v1.0.229
[INFO] [stderr]    Compiling zmij v1.0.23
[INFO] [stderr]    Compiling serde v1.0.229
[INFO] [stderr]    Compiling anyhow v1.0.104
[INFO] [stderr]    Compiling serde_json v1.0.151
[INFO] [stderr]    Compiling iana-time-zone v0.1.65
[INFO] [stderr]    Compiling itoa v1.0.18
[INFO] [stderr]    Compiling cpufeatures v0.2.17
[INFO] [stderr]    Compiling cfg-if v1.0.4
[INFO] [stderr]    Compiling memchr v2.8.3
[INFO] [stderr]    Compiling windows-targets v0.52.6
[INFO] [stderr]    Compiling windows-result v0.2.0
[INFO] [stderr]    Compiling windows-strings v0.1.0
[INFO] [stderr]    Compiling generic-array v0.14.7
[INFO] [stderr]    Compiling num-traits v0.2.19
[INFO] [stderr]    Compiling syn v2.0.119
[INFO] [stderr]    Compiling syn v3.0.5
[INFO] [stderr]    Compiling chrono v0.4.45
[INFO] [stderr]    Compiling block-buffer v0.10.4
[INFO] [stderr]    Compiling crypto-common v0.1.7
[INFO] [stderr]    Compiling digest v0.10.7
[INFO] [stderr]    Compiling sha2 v0.10.9
[INFO] [stderr]    Compiling serde_derive v1.0.229
[INFO] [stderr]    Compiling windows-implement v0.58.0
[INFO] [stderr]    Compiling windows-interface v0.58.0
[INFO] [stderr]    Compiling windows-core v0.58.0
[INFO] [stderr]    Compiling windows v0.58.0
[INFO] [stderr]    Compiling amon v0.1.3 (/opt/rustwide/workdir)
[INFO] [stdout] error[E0433]: cannot find `Win32` in `windows`
[INFO] [stdout]   --> src/wmi.rs:23:14
[INFO] [stdout]    |
[INFO] [stdout] 23 | use windows::Win32::System::Wmi::{IWbemClassObject, IWbemServices};
[INFO] [stdout]    |              ^^^^^ could not find `Win32` in `windows`
[INFO] [stdout] 
[INFO] [stdout] 
[INFO] [stdout] error[E0432]: unresolved import `windows::core`
[INFO] [stdout]   --> src/wmi.rs:22:14
[INFO] [stdout]    |
[INFO] [stdout] 22 | use windows::core::{GUID, HRESULT};
[INFO] [stdout]    |              ^^^^ could not find `core` in `windows`
[INFO] [stdout] 
[INFO] [stdout] 
[INFO] [stdout] error[E0433]: cannot find `Win32` in `windows`
[INFO] [stdout]    --> src/wmi.rs:221:22
[INFO] [stdout]     |
[INFO] [stdout] 221 |         use windows::Win32::System::Com::{
[INFO] [stdout]     |                      ^^^^^ could not find `Win32` in `windows`
[INFO] [stdout] 
[INFO] [stdout] 
[INFO] [stdout] error[E0433]: cannot find `Win32` in `windows`
[INFO] [stdout]    --> src/wmi.rs:226:22
[INFO] [stdout]     |
[INFO] [stdout] 226 |         use windows::Win32::System::Wmi::{IWbemLocator, WbemLocator};
[INFO] [stdout]     |                      ^^^^^ could not find `Win32` in `windows`
[INFO] [stdout] 
[INFO] [stdout] 
[INFO] [stdout] error[E0432]: unresolved import `windows::core`
[INFO] [stdout]    --> src/wmi.rs:220:22
[INFO] [stdout]     |
[INFO] [stdout] 220 |         use windows::core::BSTR;
[INFO] [stdout]     |                      ^^^^ could not find `core` in `windows`
[INFO] [stdout] 
[INFO] [stdout] 
[INFO] [stdout] error[E0433]: cannot find `core` in `windows`
[INFO] [stdout]    --> src/wmi.rs:133:34
[INFO] [stdout]     |
[INFO] [stdout] 133 |         let Some(obj) = windows::core::from_raw_borrowed::<IWbemClassObject>(&raw_ptr) else {
[INFO] [stdout]     |                                  ^^^^ could not find `core` in `windows`
[INFO] [stdout] 
[INFO] [stdout] 
[INFO] [stdout] error[E0433]: cannot find `core` in `windows`
[INFO] [stdout]    --> src/wmi.rs:152:28
[INFO] [stdout]     |
[INFO] [stdout] 152 |     let mut var = windows::core::VARIANT::new();
[INFO] [stdout]     |                            ^^^^ could not find `core` in `windows`
[INFO] [stdout] 
[INFO] [stdout] 
[INFO] [stdout] error[E0433]: cannot find `core` in `windows`
[INFO] [stdout]    --> src/wmi.rs:156:22
[INFO] [stdout]     |
[INFO] [stdout] 156 |             windows::core::PCWSTR(wname.as_ptr()),
[INFO] [stdout]     |                      ^^^^ could not find `core` in `windows`
[INFO] [stdout] 
[INFO] [stdout] 
[INFO] [stdout] error[E0433]: cannot find `core` in `windows`
[INFO] [stdout]    --> src/wmi.rs:175:26
[INFO] [stdout]     |
[INFO] [stdout] 175 |         let s = windows::core::BSTR::from_raw(ptr);
[INFO] [stdout]     |                          ^^^^ could not find `core` in `windows`
[INFO] [stdout] 
[INFO] [stdout] 
[INFO] [stdout] error[E0433]: cannot find `core` in `windows`
[INFO] [stdout]    --> src/wmi.rs:190:28
[INFO] [stdout]     |
[INFO] [stdout] 190 |     let mut var = windows::core::VARIANT::new();
[INFO] [stdout]     |                            ^^^^ could not find `core` in `windows`
[INFO] [stdout] 
[INFO] [stdout] 
[INFO] [stdout] error[E0433]: cannot find `core` in `windows`
[INFO] [stdout]    --> src/wmi.rs:194:22
[INFO] [stdout]     |
[INFO] [stdout] 194 |             windows::core::PCWSTR(wname.as_ptr()),
[INFO] [stdout]     |                      ^^^^ could not find `core` in `windows`
[INFO] [stdout] 
[INFO] [stdout] 
[INFO] [stdout] error[E0433]: cannot find `core` in `windows`
[INFO] [stdout]    --> src/wmi.rs:320:33
[INFO] [stdout]     |
[INFO] [stdout] 320 |             let vtbl = windows::core::Interface::vtable(&services);
[INFO] [stdout]     |                                 ^^^^ could not find `core` in `windows`
[INFO] [stdout] 
[INFO] [stdout] 
[INFO] [stdout] error[E0433]: cannot find `core` in `windows`
[INFO] [stdout]    --> src/wmi.rs:322:26
[INFO] [stdout]     |
[INFO] [stdout] 322 |                 windows::core::Interface::as_raw(&services),
[INFO] [stdout]     |                          ^^^^ could not find `core` in `windows`
[INFO] [stdout] 
[INFO] [stdout] 
[INFO] [stdout] error[E0433]: cannot find `Win32` in `windows`
[INFO] [stdout]    --> src/wmi.rs:325:26
[INFO] [stdout]     |
[INFO] [stdout] 325 |                 windows::Win32::System::Wmi::WBEM_GENERIC_FLAG_TYPE(0), // lFlags
[INFO] [stdout]     |                          ^^^^^ could not find `Win32` in `windows`
[INFO] [stdout] 
[INFO] [stdout] 
[INFO] [stdout] error[E0425]: cannot find function `snapshot_processes` in module `snapshot`
[INFO] [stdout]    --> src/main.rs:483:25
[INFO] [stdout]     |
[INFO] [stdout] 483 |         proc: snapshot::snapshot_processes(),
[INFO] [stdout]     |                         ^^^^^^^^^^^^^^^^^^ not found in `snapshot`
[INFO] [stdout]     |
[INFO] [stdout] note: found an item that was configured out
[INFO] [stdout]    --> src/snapshot.rs:20:8
[INFO] [stdout]     |
[INFO] [stdout]  19 | #[cfg(windows)]
[INFO] [stdout]     |       ------- the item is gated here
[INFO] [stdout]  20 | pub fn snapshot_processes() -> Snap {
[INFO] [stdout]     |        ^^^^^^^^^^^^^^^^^^
[INFO] [stdout] 
[INFO] [stdout] 
[INFO] [stdout] error[E0425]: cannot find function `snapshot_run_keys` in module `snapshot`
[INFO] [stdout]    --> src/main.rs:485:24
[INFO] [stdout]     |
[INFO] [stdout] 485 |         reg: snapshot::snapshot_run_keys(),
[INFO] [stdout]     |                        ^^^^^^^^^^^^^^^^^ not found in `snapshot`
[INFO] [stdout]     |
[INFO] [stdout] note: found an item that was configured out
[INFO] [stdout]    --> src/snapshot.rs:251:8
[INFO] [stdout]     |
[INFO] [stdout] 250 | #[cfg(windows)]
[INFO] [stdout]     |       ------- the item is gated here
[INFO] [stdout] 251 | pub fn snapshot_run_keys() -> Snap {
[INFO] [stdout]     |        ^^^^^^^^^^^^^^^^^
[INFO] [stdout] 
[INFO] [stdout] 
[INFO] [stdout] error[E0425]: cannot find function `snapshot_listeners` in module `snapshot`
[INFO] [stdout]    --> src/main.rs:486:29
[INFO] [stdout]     |
[INFO] [stdout] 486 |         listener: snapshot::snapshot_listeners(),
[INFO] [stdout]     |                             ^^^^^^^^^^^^^^^^^^
[INFO] [stdout]     |
[INFO] [stdout]    ::: src/snapshot.rs:143:1
[INFO] [stdout]     |
[INFO] [stdout] 143 | pub fn snapshot_files(dirs: &[PathBuf]) -> Result<Snap> {
[INFO] [stdout]     | ------------------------------------------------------- similarly named function `snapshot_files` defined here
[INFO] [stdout]     |
[INFO] [stdout] note: found an item that was configured out
[INFO] [stdout]    --> src/snapshot.rs:908:8
[INFO] [stdout]     |
[INFO] [stdout] 907 | #[cfg(windows)]
[INFO] [stdout]     |       ------- the item is gated here
[INFO] [stdout] 908 | pub fn snapshot_listeners() -> Snap {
[INFO] [stdout]     |        ^^^^^^^^^^^^^^^^^^
[INFO] [stdout] help: a function with a similar name exists
[INFO] [stdout]     |
[INFO] [stdout] 486 -         listener: snapshot::snapshot_listeners(),
[INFO] [stdout] 486 +         listener: snapshot::snapshot_files(),
[INFO] [stdout]     |
[INFO] [stdout] 
[INFO] [stdout] 
[INFO] [stdout] error[E0425]: cannot find function `current_user_sid` in module `crate::snapshot`
[INFO] [stdout]    --> src/main.rs:625:32
[INFO] [stdout]     |
[INFO] [stdout] 625 |     let sid = crate::snapshot::current_user_sid();
[INFO] [stdout]     |                                ^^^^^^^^^^^^^^^^ not found in `crate::snapshot`
[INFO] [stdout]     |
[INFO] [stdout] note: found an item that was configured out
[INFO] [stdout]    --> src/snapshot.rs:370:8
[INFO] [stdout]     |
[INFO] [stdout] 369 | #[cfg(windows)]
[INFO] [stdout]     |       ------- the item is gated here
[INFO] [stdout] 370 | pub fn current_user_sid() -> Option<String> {
[INFO] [stdout]     |        ^^^^^^^^^^^^^^^^
[INFO] [stdout] 
[INFO] [stdout] 
[INFO] [stdout] error[E0425]: cannot find function `sid_diagnostics` in module `crate::snapshot`
[INFO] [stdout]    --> src/main.rs:646:41
[INFO] [stdout]     |
[INFO] [stdout] 646 |             "sidDiag": crate::snapshot::sid_diagnostics(),
[INFO] [stdout]     |                                         ^^^^^^^^^^^^^^^ not found in `crate::snapshot`
[INFO] [stdout]     |
[INFO] [stdout] note: found an item that was configured out
[INFO] [stdout]    --> src/snapshot.rs:379:8
[INFO] [stdout]     |
[INFO] [stdout] 378 | #[cfg(windows)]
[INFO] [stdout]     |       ------- the item is gated here
[INFO] [stdout] 379 | pub fn sid_diagnostics() -> Vec<String> {
[INFO] [stdout]     |        ^^^^^^^^^^^^^^^
[INFO] [stdout] 
[INFO] [stdout] 
[INFO] [stdout] error[E0425]: cannot find function `snapshot_run_keys` in module `snapshot`
[INFO] [stdout]    --> src/main.rs:770:41
[INFO] [stdout]     |
[INFO] [stdout] 770 |                     let cur = snapshot::snapshot_run_keys();
[INFO] [stdout]     |                                         ^^^^^^^^^^^^^^^^^ not found in `snapshot`
[INFO] [stdout]     |
[INFO] [stdout] note: found an item that was configured out
[INFO] [stdout]    --> src/snapshot.rs:251:8
[INFO] [stdout]     |
[INFO] [stdout] 250 | #[cfg(windows)]
[INFO] [stdout]     |       ------- the item is gated here
[INFO] [stdout] 251 | pub fn snapshot_run_keys() -> Snap {
[INFO] [stdout]     |        ^^^^^^^^^^^^^^^^^
[INFO] [stdout] 
[INFO] [stdout] 
[INFO] [stdout] error[E0425]: cannot find function `current_user_sid` in module `crate::snapshot`
[INFO] [stdout]    --> src/main.rs:838:45
[INFO] [stdout]     |
[INFO] [stdout] 838 |                     "sid": crate::snapshot::current_user_sid(),
[INFO] [stdout]     |                                             ^^^^^^^^^^^^^^^^ not found in `crate::snapshot`
[INFO] [stdout]     |
[INFO] [stdout] note: found an item that was configured out
[INFO] [stdout]    --> src/snapshot.rs:370:8
[INFO] [stdout]     |
[INFO] [stdout] 369 | #[cfg(windows)]
[INFO] [stdout]     |       ------- the item is gated here
[INFO] [stdout] 370 | pub fn current_user_sid() -> Option<String> {
[INFO] [stdout]     |        ^^^^^^^^^^^^^^^^
[INFO] [stdout] 
[INFO] [stdout] 
[INFO] [stdout] error[E0425]: cannot find function `snapshot_processes` in module `snapshot`
[INFO] [stdout]    --> src/main.rs:873:33
[INFO] [stdout]     |
[INFO] [stdout] 873 |             let cur = snapshot::snapshot_processes();
[INFO] [stdout]     |                                 ^^^^^^^^^^^^^^^^^^ not found in `snapshot`
[INFO] [stdout]     |
[INFO] [stdout] note: found an item that was configured out
[INFO] [stdout]    --> src/snapshot.rs:20:8
[INFO] [stdout]     |
[INFO] [stdout]  19 | #[cfg(windows)]
[INFO] [stdout]     |       ------- the item is gated here
[INFO] [stdout]  20 | pub fn snapshot_processes() -> Snap {
[INFO] [stdout]     |        ^^^^^^^^^^^^^^^^^^
[INFO] [stdout] 
[INFO] [stdout] 
[INFO] [stdout] error[E0425]: cannot find function `snapshot_listeners` in module `snapshot`
[INFO] [stdout]    --> src/main.rs:889:33
[INFO] [stdout]     |
[INFO] [stdout] 889 |             let cur = snapshot::snapshot_listeners();
[INFO] [stdout]     |                                 ^^^^^^^^^^^^^^^^^^
[INFO] [stdout]     |
[INFO] [stdout]    ::: src/snapshot.rs:143:1
[INFO] [stdout]     |
[INFO] [stdout] 143 | pub fn snapshot_files(dirs: &[PathBuf]) -> Result<Snap> {
[INFO] [stdout]     | ------------------------------------------------------- similarly named function `snapshot_files` defined here
[INFO] [stdout]     |
[INFO] [stdout] note: found an item that was configured out
[INFO] [stdout]    --> src/snapshot.rs:908:8
[INFO] [stdout]     |
[INFO] [stdout] 907 | #[cfg(windows)]
[INFO] [stdout]     |       ------- the item is gated here
[INFO] [stdout] 908 | pub fn snapshot_listeners() -> Snap {
[INFO] [stdout]     |        ^^^^^^^^^^^^^^^^^^
[INFO] [stdout] help: a function with a similar name exists
[INFO] [stdout]     |
[INFO] [stdout] 889 -             let cur = snapshot::snapshot_listeners();
[INFO] [stdout] 889 +             let cur = snapshot::snapshot_files();
[INFO] [stdout]     |
[INFO] [stdout] 
[INFO] [stdout] 
[INFO] [stdout] warning: unused import: `Source`
[INFO] [stdout]   --> src/power.rs:20:27
[INFO] [stdout]    |
[INFO] [stdout] 20 | use crate::event::{Event, Source};
[INFO] [stdout]    |                           ^^^^^^
[INFO] [stdout]    |
[INFO] [stdout]    = note: `#[warn(unused_imports)]` (part of `#[warn(unused)]`) on by default
[INFO] [stdout] 
[INFO] [stdout] 
[INFO] [stdout] warning: unused import: `crate::hostname`
[INFO] [stdout]   --> src/power.rs:21:5
[INFO] [stdout]    |
[INFO] [stdout] 21 | use crate::hostname;
[INFO] [stdout]    |     ^^^^^^^^^^^^^^^
[INFO] [stdout] 
[INFO] [stdout] 
[INFO] [stdout] warning: unused import: `std::time::Duration`
[INFO] [stdout]   --> src/watchers.rs:11:5
[INFO] [stdout]    |
[INFO] [stdout] 11 | use std::time::Duration;
[INFO] [stdout]    |     ^^^^^^^^^^^^^^^^^^^
[INFO] [stdout] 
[INFO] [stdout] 
[INFO] [stdout] warning: unused import: `Source`
[INFO] [stdout]   --> src/watchers.rs:13:27
[INFO] [stdout]    |
[INFO] [stdout] 13 | use crate::event::{Event, Source};
[INFO] [stdout]    |                           ^^^^^^
[INFO] [stdout] 
[INFO] [stdout] 
[INFO] [stdout] error[E0425]: cannot find function `process_image_path` in this scope
[INFO] [stdout]    --> src/snapshot.rs:113:29
[INFO] [stdout]     |
[INFO] [stdout] 113 |         if let Some(path) = process_image_path(pid) {
[INFO] [stdout]     |                             ^^^^^^^^^^^^^^^^^^ not found in this scope
[INFO] [stdout] 
[INFO] [stdout] 
[INFO] [stdout] Some errors have detailed explanations: E0425, E0432, E0433.
[INFO] [stdout] 
[INFO] [stdout] For more information about an error, try `rustc --explain E0425`.
[INFO] [stdout] 
[INFO] [stderr] error: could not compile `amon` (bin "amon") due to 24 previous errors; 4 warnings emitted
[INFO] running `Command { std: "docker" "inspect" "ea0558b503340fa2db171d49c92db53eb7bab6e2603e349d30439d711df687ad", kill_on_drop: false }`
[INFO] running `Command { std: "docker" "rm" "-f" "ea0558b503340fa2db171d49c92db53eb7bab6e2603e349d30439d711df687ad", kill_on_drop: false }`
[INFO] [stdout] ea0558b503340fa2db171d49c92db53eb7bab6e2603e349d30439d711df687ad
