[INFO] cloning repository https://github.com/george-cosma/indirection_bench
[INFO] running `Command { std: "git" "-c" "credential.helper=" "-c" "credential.helper=/workspace/cargo-home/bin/git-credential-null" "clone" "--bare" "https://github.com/george-cosma/indirection_bench" "/workspace/cache/git-repos/https%3A%2F%2Fgithub.com%2Fgeorge-cosma%2Findirection_bench", kill_on_drop: false }`
[INFO] [stderr] Cloning into bare repository '/workspace/cache/git-repos/https%3A%2F%2Fgithub.com%2Fgeorge-cosma%2Findirection_bench'...
[INFO] running `Command { std: "git" "rev-parse" "HEAD", kill_on_drop: false }`
[INFO] [stdout] 24ab5912b66af226e798401c190d0d4d41618081
[INFO] testing george-cosma/indirection_bench against 1.99.0-beta.8+cargoflags=--release for beta-release-1.100-2
[INFO] running `Command { std: "git" "clone" "/workspace/cache/git-repos/https%3A%2F%2Fgithub.com%2Fgeorge-cosma%2Findirection_bench" "/workspace/builds/worker-3-tc1/source", kill_on_drop: false }`
[INFO] [stderr] Cloning into '/workspace/builds/worker-3-tc1/source'...
[INFO] [stderr] done.
[INFO] started tweaking git repo https://github.com/george-cosma/indirection_bench
[INFO] finished tweaking git repo https://github.com/george-cosma/indirection_bench
[INFO] tweaked toml for git repo https://github.com/george-cosma/indirection_bench written to /workspace/builds/worker-3-tc1/source/Cargo.toml
[INFO] validating manifest of git repo https://github.com/george-cosma/indirection_bench on toolchain 1.99.0-beta.8
[INFO] running `Command { std: CARGO_HOME="/workspace/cargo-home" RUSTUP_HOME="/workspace/rustup-home" "/workspace/cargo-home/bin/cargo" "+1.99.0-beta.8" "metadata" "--manifest-path" "Cargo.toml" "--no-deps", kill_on_drop: false }`
[INFO] crate git repo https://github.com/george-cosma/indirection_bench already has a lockfile, it will not be regenerated
[INFO] running `Command { std: CARGO_HOME="/workspace/cargo-home" RUSTUP_HOME="/workspace/rustup-home" "/workspace/cargo-home/bin/cargo" "+1.99.0-beta.8" "fetch" "--manifest-path" "Cargo.toml", kill_on_drop: false }`
[INFO] [stderr]     Updating crates.io index
[INFO] [stderr]  Downloading crates ...
[INFO] [stderr]   Downloaded size-of-derive v0.1.2
[INFO] [stderr]   Downloaded is-terminal v0.4.13
[INFO] [stderr]   Downloaded clap_lex v0.7.2
[INFO] [stderr]   Downloaded ciborium-ll v0.2.2
[INFO] [stderr]   Downloaded plotters-backend v0.3.7
[INFO] [stderr]   Downloaded cast v0.3.0
[INFO] [stderr]   Downloaded plotters-svg v0.3.7
[INFO] [stderr]   Downloaded oorandom v11.1.4
[INFO] [stderr]   Downloaded ciborium-io v0.2.2
[INFO] [stderr]   Downloaded tinytemplate v1.2.1
[INFO] [stderr]   Downloaded hermit-abi v0.4.0
[INFO] [stderr]   Downloaded criterion-plot v0.5.0
[INFO] [stderr]   Downloaded anes v0.1.6
[INFO] [stderr]   Downloaded size-of v0.1.5
[INFO] [stderr]   Downloaded ciborium v0.2.2
[INFO] [stderr]   Downloaded clap v4.5.17
[INFO] [stderr]   Downloaded plotters v0.3.7
[INFO] [stderr]   Downloaded clap_builder v4.5.17
[INFO] [stderr]   Downloaded criterion v0.5.1
[INFO] running `Command { std: "docker" "create" "-v" "/var/lib/crater-agent-workspace/builds/worker-3-tc1/source:/opt/rustwide/workdir:ro,Z" "-v" "/var/lib/crater-agent-workspace/builds/worker-3-tc1/target:/opt/rustwide/target:rw,Z" "-v" "/var/lib/crater-agent-workspace/cargo-home:/opt/rustwide/cargo-home:ro,Z" "-v" "/var/lib/crater-agent-workspace/rustup-home:/opt/rustwide/rustup-home:ro,Z" "-m" "1610612736" "--network" "none" "ghcr.io/rust-lang/crates-build-env/linux@sha256:77db811e55d90add9212f6832c23229e3de5f1c1f9905e8cb07319ea15df73ac" "sleep" "infinity", kill_on_drop: false }`
[INFO] [stdout] 468ab7683e6f1f03adec4199aa5566008a1dce11fdaba4152de9068d93b31ae5
[INFO] running `Command { std: "docker" "start" "468ab7683e6f1f03adec4199aa5566008a1dce11fdaba4152de9068d93b31ae5", kill_on_drop: false }`
[INFO] running `Command { std: "docker" "inspect" "468ab7683e6f1f03adec4199aa5566008a1dce11fdaba4152de9068d93b31ae5", kill_on_drop: false }`
[INFO] running `Command { std: "docker" "exec" "-e" "SOURCE_DIR=/opt/rustwide/workdir" "-e" "CARGO_HOME=/opt/rustwide/cargo-home" "-e" "RUSTUP_HOME=/opt/rustwide/rustup-home" "-e" "CARGO_TARGET_DIR=/opt/rustwide/target" "-w" "/opt/rustwide/workdir" "--user" "0:0" "468ab7683e6f1f03adec4199aa5566008a1dce11fdaba4152de9068d93b31ae5" "/opt/rustwide/cargo-home/bin/cargo" "+1.99.0-beta.8" "metadata" "--no-deps" "--format-version=1", kill_on_drop: false }`
[INFO] running `Command { std: "docker" "inspect" "468ab7683e6f1f03adec4199aa5566008a1dce11fdaba4152de9068d93b31ae5", kill_on_drop: false }`
[INFO] running `Command { std: "docker" "exec" "-e" "SOURCE_DIR=/opt/rustwide/workdir" "-e" "CARGO_HOME=/opt/rustwide/cargo-home" "-e" "RUSTUP_HOME=/opt/rustwide/rustup-home" "-e" "CARGO_TARGET_DIR=/opt/rustwide/target" "-e" "CARGO_INCREMENTAL=0" "-e" "RUST_BACKTRACE=full" "-e" "RUSTFLAGS=--cap-lints=warn" "-e" "RUSTDOCFLAGS=--cap-lints=warn" "-w" "/opt/rustwide/workdir" "--user" "0:0" "468ab7683e6f1f03adec4199aa5566008a1dce11fdaba4152de9068d93b31ae5" "/opt/rustwide/cargo-home/bin/cargo" "+1.99.0-beta.8" "build" "--frozen" "--message-format=json" "--release", kill_on_drop: false }`
[INFO] [stderr]    Compiling proc-macro2 v1.0.86
[INFO] [stderr]    Compiling unicode-ident v1.0.13
[INFO] [stderr]    Compiling crossbeam-utils v0.8.20
[INFO] [stderr]    Compiling serde v1.0.210
[INFO] [stderr]    Compiling autocfg v1.3.0
[INFO] [stderr]    Compiling rayon-core v1.12.1
[INFO] [stderr]    Compiling libc v0.2.158
[INFO] [stderr]    Compiling serde_json v1.0.128
[INFO] [stderr]    Compiling syn v1.0.109
[INFO] [stderr]    Compiling either v1.13.0
[INFO] [stderr]    Compiling half v2.4.1
[INFO] [stderr]    Compiling itoa v1.0.11
[INFO] [stderr]    Compiling clap_lex v0.7.2
[INFO] [stderr]    Compiling ryu v1.0.18
[INFO] [stderr]    Compiling anstyle v1.0.8
[INFO] [stderr]    Compiling num-traits v0.2.19
[INFO] [stderr]    Compiling memchr v2.7.4
[INFO] [stderr]    Compiling plotters-backend v0.3.7
[INFO] [stderr]    Compiling regex-syntax v0.8.4
[INFO] [stderr]    Compiling ciborium-io v0.2.2
[INFO] [stderr]    Compiling ciborium-ll v0.2.2
[INFO] [stderr]    Compiling clap_builder v4.5.17
[INFO] [stderr]    Compiling quote v1.0.37
[INFO] [stderr]    Compiling plotters-svg v0.3.7
[INFO] [stderr]    Compiling syn v2.0.77
[INFO] [stderr]    Compiling crossbeam-epoch v0.9.18
[INFO] [stderr]    Compiling crossbeam-deque v0.8.5
[INFO] [stderr]    Compiling itertools v0.10.5
[INFO] [stderr]    Compiling cast v0.3.0
[INFO] [stderr]    Compiling is-terminal v0.4.13
[INFO] [stderr]    Compiling oorandom v11.1.4
[INFO] [stderr]    Compiling rayon v1.10.0
[INFO] [stderr]    Compiling regex-automata v0.4.7
[INFO] [stderr]    Compiling criterion-plot v0.5.0
[INFO] [stderr]    Compiling clap v4.5.17
[INFO] [stderr]    Compiling plotters v0.3.7
[INFO] [stderr]    Compiling serde_derive v1.0.210
[INFO] [stderr]    Compiling size-of-derive v0.1.2
[INFO] [stderr]    Compiling once_cell v1.19.0
[INFO] [stderr]    Compiling anes v0.1.6
[INFO] [stderr]    Compiling size-of v0.1.5
[INFO] [stdout] error[E0570]: "aapcs" is not a supported ABI for the current target
[INFO] [stdout]    --> /opt/rustwide/cargo-home/registry/src/index.crates.io-1949cf8c6b5b557f/size-of-0.1.5/src/macros.rs:66:56
[INFO] [stdout]     |
[INFO] [stdout]  66 |               impl<$($ty,)* U> $crate::SizeOf for extern $cconv fn($($ty),*) -> U {
[INFO] [stdout]     |                                                          ^^^^^^
[INFO] [stdout]     |
[INFO] [stdout]    ::: /opt/rustwide/cargo-home/registry/src/index.crates.io-1949cf8c6b5b557f/size-of-0.1.5/src/core_impls.rs:294:1
[INFO] [stdout]     |
[INFO] [stdout] 294 | / impl_function_ptrs! {
[INFO] [stdout] 295 | |     "C",
[INFO] [stdout] 296 | |     "Rust",
[INFO] [stdout] 297 | |     "aapcs",
[INFO] [stdout] ...   |
[INFO] [stdout] 303 | |     "fastcall",
[INFO] [stdout] 304 | | }
[INFO] [stdout]     | |_- in this macro invocation
[INFO] [stdout]     |
[INFO] [stdout]     = note: this error originates in the macro `impl_function_ptrs` (in Nightly builds, run with -Z macro-backtrace for more info)
[INFO] [stdout] 
[INFO] [stdout] 
[INFO] [stdout] error[E0570]: "stdcall" is not a supported ABI for the current target
[INFO] [stdout]    --> /opt/rustwide/cargo-home/registry/src/index.crates.io-1949cf8c6b5b557f/size-of-0.1.5/src/macros.rs:66:56
[INFO] [stdout]     |
[INFO] [stdout]  66 |               impl<$($ty,)* U> $crate::SizeOf for extern $cconv fn($($ty),*) -> U {
[INFO] [stdout]     |                                                          ^^^^^^
[INFO] [stdout]     |
[INFO] [stdout]    ::: /opt/rustwide/cargo-home/registry/src/index.crates.io-1949cf8c6b5b557f/size-of-0.1.5/src/core_impls.rs:294:1
[INFO] [stdout]     |
[INFO] [stdout] 294 | / impl_function_ptrs! {
[INFO] [stdout] 295 | |     "C",
[INFO] [stdout] 296 | |     "Rust",
[INFO] [stdout] 297 | |     "aapcs",
[INFO] [stdout] ...   |
[INFO] [stdout] 303 | |     "fastcall",
[INFO] [stdout] 304 | | }
[INFO] [stdout]     | |_- in this macro invocation
[INFO] [stdout]     |
[INFO] [stdout]     = help: if you need `extern "stdcall"` on win32 and `extern "C"` everywhere else, use `extern "system"`
[INFO] [stdout]     = note: this error originates in the macro `impl_function_ptrs` (in Nightly builds, run with -Z macro-backtrace for more info)
[INFO] [stdout] 
[INFO] [stdout] 
[INFO] [stdout] error[E0570]: "fastcall" is not a supported ABI for the current target
[INFO] [stdout]    --> /opt/rustwide/cargo-home/registry/src/index.crates.io-1949cf8c6b5b557f/size-of-0.1.5/src/macros.rs:66:56
[INFO] [stdout]     |
[INFO] [stdout]  66 |               impl<$($ty,)* U> $crate::SizeOf for extern $cconv fn($($ty),*) -> U {
[INFO] [stdout]     |                                                          ^^^^^^
[INFO] [stdout]     |
[INFO] [stdout]    ::: /opt/rustwide/cargo-home/registry/src/index.crates.io-1949cf8c6b5b557f/size-of-0.1.5/src/core_impls.rs:294:1
[INFO] [stdout]     |
[INFO] [stdout] 294 | / impl_function_ptrs! {
[INFO] [stdout] 295 | |     "C",
[INFO] [stdout] 296 | |     "Rust",
[INFO] [stdout] 297 | |     "aapcs",
[INFO] [stdout] ...   |
[INFO] [stdout] 303 | |     "fastcall",
[INFO] [stdout] 304 | | }
[INFO] [stdout]     | |_- in this macro invocation
[INFO] [stdout]     |
[INFO] [stdout]     = note: this error originates in the macro `impl_function_ptrs` (in Nightly builds, run with -Z macro-backtrace for more info)
[INFO] [stdout] 
[INFO] [stdout] 
[INFO] [stdout] For more information about this error, try `rustc --explain E0570`.
[INFO] [stdout] 
[INFO] [stderr] error: could not compile `size-of` (lib) due to 3 previous errors
[INFO] [stderr] warning: build failed, waiting for other jobs to finish...
[INFO] running `Command { std: "docker" "inspect" "468ab7683e6f1f03adec4199aa5566008a1dce11fdaba4152de9068d93b31ae5", kill_on_drop: false }`
[INFO] running `Command { std: "docker" "rm" "-f" "468ab7683e6f1f03adec4199aa5566008a1dce11fdaba4152de9068d93b31ae5", kill_on_drop: false }`
[INFO] [stdout] 468ab7683e6f1f03adec4199aa5566008a1dce11fdaba4152de9068d93b31ae5
