[INFO] cloning repository https://github.com/geniousli/bing_saver_rs
[INFO] running `Command { std: "git" "-c" "credential.helper=" "-c" "credential.helper=/workspace/cargo-home/bin/git-credential-null" "clone" "--bare" "https://github.com/geniousli/bing_saver_rs" "/workspace/cache/git-repos/https%3A%2F%2Fgithub.com%2Fgeniousli%2Fbing_saver_rs", kill_on_drop: false }`
[INFO] [stderr] Cloning into bare repository '/workspace/cache/git-repos/https%3A%2F%2Fgithub.com%2Fgeniousli%2Fbing_saver_rs'...
[INFO] running `Command { std: "git" "rev-parse" "HEAD", kill_on_drop: false }`
[INFO] [stdout] 086824dce0b5dee4625ec87a7152a3fb6e2bff31
[INFO] testing geniousli/bing_saver_rs against 1.99.0-beta.8+cargoflags=--release for beta-release-1.100-2
[INFO] running `Command { std: "git" "clone" "/workspace/cache/git-repos/https%3A%2F%2Fgithub.com%2Fgeniousli%2Fbing_saver_rs" "/workspace/builds/worker-2-tc1/source", kill_on_drop: false }`
[INFO] [stderr] Cloning into '/workspace/builds/worker-2-tc1/source'...
[INFO] [stderr] done.
[INFO] started tweaking git repo https://github.com/geniousli/bing_saver_rs
[INFO] finished tweaking git repo https://github.com/geniousli/bing_saver_rs
[INFO] tweaked toml for git repo https://github.com/geniousli/bing_saver_rs written to /workspace/builds/worker-2-tc1/source/Cargo.toml
[INFO] validating manifest of git repo https://github.com/geniousli/bing_saver_rs on toolchain 1.99.0-beta.8
[INFO] running `Command { std: CARGO_HOME="/workspace/cargo-home" RUSTUP_HOME="/workspace/rustup-home" "/workspace/cargo-home/bin/cargo" "+1.99.0-beta.8" "metadata" "--manifest-path" "Cargo.toml" "--no-deps", kill_on_drop: false }`
[INFO] crate git repo https://github.com/geniousli/bing_saver_rs already has a lockfile, it will not be regenerated
[INFO] running `Command { std: CARGO_HOME="/workspace/cargo-home" RUSTUP_HOME="/workspace/rustup-home" "/workspace/cargo-home/bin/cargo" "+1.99.0-beta.8" "fetch" "--manifest-path" "Cargo.toml", kill_on_drop: false }`
[INFO] [stderr] warning: Cargo.toml: `package.edition` is unspecified, defaulting to `2015` while the latest is `2024`
[INFO] [stderr] warning: `bing_saver_rs` (manifest) generated 1 warning
[INFO] [stderr]     Updating crates.io index
[INFO] [stderr]  Downloading crates ...
[INFO] [stderr]   Downloaded victoria-dom v0.1.2
[INFO] [stderr]   Downloaded lazy_static v1.2.0
[INFO] [stderr]   Downloaded memchr v2.1.1
[INFO] [stderr]   Downloaded tokio-executor v0.1.5
[INFO] [stderr]   Downloaded mio-uds v0.6.7
[INFO] [stderr]   Downloaded nodrop v0.1.13
[INFO] [stderr]   Downloaded tokio-tcp v0.1.2
[INFO] [stderr]   Downloaded log v0.4.6
[INFO] [stderr]   Downloaded iovec v0.1.2
[INFO] [stderr]   Downloaded slab v0.4.1
[INFO] [stderr]   Downloaded crossbeam-deque v0.6.2
[INFO] [stderr]   Downloaded lazycell v1.2.0
[INFO] [stderr]   Downloaded crossbeam-utils v0.6.1
[INFO] [stderr]   Downloaded tokio-codec v0.1.1
[INFO] [stderr]   Downloaded tokio-fs v0.1.4
[INFO] [stderr]   Downloaded quote v0.6.10
[INFO] [stderr]   Downloaded security-framework-sys v0.2.3
[INFO] [stderr]   Downloaded want v0.0.6
[INFO] [stderr]   Downloaded httparse v1.3.3
[INFO] [stderr]   Downloaded tokio-uds v0.2.4
[INFO] [stderr]   Downloaded rand_pcg v0.1.1
[INFO] [stderr]   Downloaded serde_json v1.0.33
[INFO] [stderr]   Downloaded redox_syscall v0.1.42
[INFO] [stderr]   Downloaded MacTypes-sys v2.1.0
[INFO] [stderr]   Downloaded pkg-config v0.3.14
[INFO] [stderr]   Downloaded rand_core v0.2.2
[INFO] [stderr]   Downloaded rand_core v0.3.0
[INFO] [stderr]   Downloaded bitflags v1.0.4
[INFO] [stderr]   Downloaded owning_ref v0.4.0
[INFO] [stderr]   Downloaded stable_deref_trait v1.1.1
[INFO] [stderr]   Downloaded tokio-udp v0.1.3
[INFO] [stderr]   Downloaded core-foundation v0.5.1
[INFO] [stderr]   Downloaded maplit v1.0.1
[INFO] [stderr]   Downloaded rand_xorshift v0.1.0
[INFO] [stderr]   Downloaded rand_chacha v0.1.0
[INFO] [stderr]   Downloaded hyper-tls v0.3.1
[INFO] [stderr]   Downloaded native-tls v0.2.2
[INFO] [stderr]   Downloaded schannel v0.1.15
[INFO] [stderr]   Downloaded vcpkg v0.2.6
[INFO] [stderr]   Downloaded string v0.1.2
[INFO] [stderr]   Downloaded tokio v0.1.13
[INFO] [stderr]   Downloaded tokio-io v0.1.10
[INFO] [stderr]   Downloaded tokio-current-thread v0.1.4
[INFO] [stderr]   Downloaded remove_dir_all v0.5.1
[INFO] [stderr]   Downloaded time v0.1.40
[INFO] [stderr]   Downloaded smallvec v0.6.6
[INFO] [stderr]   Downloaded tokio-reactor v0.1.7
[INFO] [stderr]   Downloaded rand_isaac v0.1.0
[INFO] [stderr]   Downloaded arrayvec v0.4.8
[INFO] [stderr]   Downloaded serde v1.0.80
[INFO] [stderr]   Downloaded proc-macro2 v0.4.24
[INFO] [stderr]   Downloaded security-framework v0.2.2
[INFO] [stderr]   Downloaded indexmap v1.0.2
[INFO] [stderr]   Downloaded byteorder v1.2.7
[INFO] [stderr]   Downloaded mio v0.6.16
[INFO] [stderr]   Downloaded tokio-timer v0.2.8
[INFO] [stderr]   Downloaded serde_derive v1.0.80
[INFO] [stderr]   Downloaded tempfile v3.0.7
[INFO] [stderr]   Downloaded openssl-sys v0.9.42
[INFO] [stderr]   Downloaded bytes v0.4.11
[INFO] [stderr]   Downloaded regex v1.0.6
[INFO] [stderr]   Downloaded regex-syntax v0.6.3
[INFO] [stderr]   Downloaded tokio-threadpool v0.1.9
[INFO] [stderr]   Downloaded rand v0.6.1
[INFO] [stderr]   Downloaded cc v1.0.30
[INFO] [stderr]   Downloaded http v0.1.14
[INFO] [stderr]   Downloaded futures v0.1.25
[INFO] [stderr]   Downloaded syn v0.15.22
[INFO] [stderr]   Downloaded hyper v0.12.16
[INFO] [stderr]   Downloaded h2 v0.1.13
[INFO] [stderr]   Downloaded openssl v0.10.19
[INFO] [stderr]   Downloaded rand v0.5.5
[INFO] [stderr]   Downloaded libc v0.2.50
[INFO] [stderr]   Downloaded winapi v0.3.6
[INFO] running `Command { std: "docker" "create" "-v" "/var/lib/crater-agent-workspace/builds/worker-2-tc1/source:/opt/rustwide/workdir:ro,Z" "-v" "/var/lib/crater-agent-workspace/builds/worker-2-tc1/target:/opt/rustwide/target:rw,Z" "-v" "/var/lib/crater-agent-workspace/cargo-home:/opt/rustwide/cargo-home:ro,Z" "-v" "/var/lib/crater-agent-workspace/rustup-home:/opt/rustwide/rustup-home:ro,Z" "-m" "1610612736" "--network" "none" "ghcr.io/rust-lang/crates-build-env/linux@sha256:77db811e55d90add9212f6832c23229e3de5f1c1f9905e8cb07319ea15df73ac" "sleep" "infinity", kill_on_drop: false }`
[INFO] [stdout] a9b780af9b4f235de619a1a51c0cc623f7b44e34df4d1a31ef22b81459fc22dd
[INFO] running `Command { std: "docker" "start" "a9b780af9b4f235de619a1a51c0cc623f7b44e34df4d1a31ef22b81459fc22dd", kill_on_drop: false }`
[INFO] running `Command { std: "docker" "inspect" "a9b780af9b4f235de619a1a51c0cc623f7b44e34df4d1a31ef22b81459fc22dd", kill_on_drop: false }`
[INFO] running `Command { std: "docker" "exec" "-e" "SOURCE_DIR=/opt/rustwide/workdir" "-e" "CARGO_HOME=/opt/rustwide/cargo-home" "-e" "RUSTUP_HOME=/opt/rustwide/rustup-home" "-e" "CARGO_TARGET_DIR=/opt/rustwide/target" "-w" "/opt/rustwide/workdir" "--user" "0:0" "a9b780af9b4f235de619a1a51c0cc623f7b44e34df4d1a31ef22b81459fc22dd" "/opt/rustwide/cargo-home/bin/cargo" "+1.99.0-beta.8" "metadata" "--no-deps" "--format-version=1", kill_on_drop: false }`
[INFO] running `Command { std: "docker" "inspect" "a9b780af9b4f235de619a1a51c0cc623f7b44e34df4d1a31ef22b81459fc22dd", kill_on_drop: false }`
[INFO] running `Command { std: "docker" "exec" "-e" "SOURCE_DIR=/opt/rustwide/workdir" "-e" "CARGO_HOME=/opt/rustwide/cargo-home" "-e" "RUSTUP_HOME=/opt/rustwide/rustup-home" "-e" "CARGO_TARGET_DIR=/opt/rustwide/target" "-e" "CARGO_INCREMENTAL=0" "-e" "RUST_BACKTRACE=full" "-e" "RUSTFLAGS=--cap-lints=warn" "-e" "RUSTDOCFLAGS=--cap-lints=warn" "-w" "/opt/rustwide/workdir" "--user" "0:0" "a9b780af9b4f235de619a1a51c0cc623f7b44e34df4d1a31ef22b81459fc22dd" "/opt/rustwide/cargo-home/bin/cargo" "+1.99.0-beta.8" "build" "--frozen" "--message-format=json" "--release", kill_on_drop: false }`
[INFO] [stderr] warning: Cargo.toml: `package.edition` is unspecified, defaulting to `2015` while the latest is `2024`
[INFO] [stderr] warning: `bing_saver_rs` (manifest) generated 1 warning
[INFO] [stderr]    Compiling libc v0.2.50
[INFO] [stderr]    Compiling semver-parser v0.7.0
[INFO] [stderr]    Compiling cfg-if v0.1.6
[INFO] [stderr]    Compiling rand_core v0.3.0
[INFO] [stderr]    Compiling futures v0.1.25
[INFO] [stderr]    Compiling lazy_static v1.2.0
[INFO] [stderr]    Compiling byteorder v1.2.7
[INFO] [stderr]    Compiling scopeguard v0.3.3
[INFO] [stderr]    Compiling slab v0.4.1
[INFO] [stderr]    Compiling stable_deref_trait v1.1.1
[INFO] [stderr]    Compiling lazycell v1.2.0
[INFO] [stderr]    Compiling nodrop v0.1.13
[INFO] [stderr]    Compiling cc v1.0.30
[INFO] [stderr]    Compiling pkg-config v0.3.14
[INFO] [stderr]    Compiling memoffset v0.2.1
[INFO] [stderr]    Compiling smallvec v0.6.6
[INFO] [stderr]    Compiling log v0.4.6
[INFO] [stderr]    Compiling crossbeam-utils v0.6.1
[INFO] [stderr]    Compiling arrayvec v0.4.8
[INFO] [stderr]    Compiling version_check v0.1.5
[INFO] [stderr]    Compiling owning_ref v0.4.0
[INFO] [stderr]    Compiling proc-macro2 v0.4.24
[INFO] [stderr]    Compiling httparse v1.3.3
[INFO] [stderr]    Compiling openssl v0.10.19
[INFO] [stderr]    Compiling lock_api v0.1.5
[INFO] [stderr]    Compiling semver v0.9.0
[INFO] [stderr]    Compiling rand_core v0.2.2
[INFO] [stderr]    Compiling rand_hc v0.1.0
[INFO] [stderr]    Compiling rand_isaac v0.1.0
[INFO] [stderr]    Compiling rand_xorshift v0.1.0
[INFO] [stderr]    Compiling memchr v2.1.1
[INFO] [stderr]    Compiling fnv v1.0.6
[INFO] [stderr]    Compiling ucd-util v0.1.3
[INFO] [stderr]    Compiling string v0.1.2
[INFO] [stderr]    Compiling serde v1.0.80
[INFO] [stderr]    Compiling regex v1.0.6
[INFO] [stderr]    Compiling try-lock v0.2.2
[INFO] [stderr]    Compiling native-tls v0.2.2
[INFO] [stderr]    Compiling rustc_version v0.2.3
[INFO] [stderr]    Compiling iovec v0.1.2
[INFO] [stderr]    Compiling num_cpus v1.8.0
[INFO] [stderr]    Compiling rand v0.5.5
[INFO] [stderr]    Compiling net2 v0.2.33
[INFO] [stderr]    Compiling bitflags v1.0.4
[INFO] [stderr]    Compiling indexmap v1.0.2
[INFO] [stderr]    Compiling bytes v0.4.11
[INFO] [stderr]    Compiling crossbeam-epoch v0.6.1
[INFO] [stderr]    Compiling parking_lot_core v0.3.1
[INFO] [stderr]    Compiling rand_chacha v0.1.0
[INFO] [stderr]    Compiling rand_pcg v0.1.1
[INFO] [stderr]    Compiling rand v0.6.1
[INFO] [stderr]    Compiling time v0.1.40
[INFO] [stderr]    Compiling regex-syntax v0.6.3
[INFO] [stderr]    Compiling openssl-sys v0.9.42
[INFO] [stderr]    Compiling thread_local v0.3.6
[INFO] [stderr]    Compiling openssl-probe v0.1.2
[INFO] [stderr]    Compiling mio v0.6.16
[INFO] [stderr]    Compiling crossbeam-deque v0.6.2
[INFO] [stderr]    Compiling http v0.1.14
[INFO] [stderr]    Compiling aho-corasick v0.6.9
[INFO] [stderr]    Compiling quote v0.6.10
[INFO] [stderr]    Compiling utf8-ranges v1.0.2
[INFO] [stderr]    Compiling maplit v1.0.1
[INFO] [stderr] warning: openssl-sys@0.9.42: build/expando.c:4:24: error: pasting "RUST_VERSION_OPENSSL_" and "(" does not give a valid preprocessing token
[INFO] [stderr] warning: openssl-sys@0.9.42:     4 | #define VERSION2(n, v) RUST_VERSION_##n##_##v
[INFO] [stderr] warning: openssl-sys@0.9.42:       |                        ^~~~~~~~~~~~~
[INFO] [stderr] warning: openssl-sys@0.9.42: build/expando.c:5:23: note: in expansion of macro 'VERSION2'
[INFO] [stderr] warning: openssl-sys@0.9.42:     5 | #define VERSION(n, v) VERSION2(n, v)
[INFO] [stderr] warning: openssl-sys@0.9.42:       |                       ^~~~~~~~
[INFO] [stderr] warning: openssl-sys@0.9.42: build/expando.c:10:1: note: in expansion of macro 'VERSION'
[INFO] [stderr] warning: openssl-sys@0.9.42:    10 | VERSION(OPENSSL, OPENSSL_VERSION_NUMBER)
[INFO] [stderr] warning: openssl-sys@0.9.42:       | ^~~~~~~
[INFO] [stderr] error: failed to run custom build command for `openssl-sys v0.9.42`
[INFO] [stderr] note: To improve backtraces for build dependencies, set the CARGO_PROFILE_RELEASE_BUILD_OVERRIDE_DEBUG=true environment variable to enable debug information generation.
[INFO] [stderr] 
[INFO] [stderr] Caused by:
[INFO] [stderr]   process didn't exit successfully: `/opt/rustwide/target/release/build/openssl-sys-b7fd345da7b5dac5/build-script-main` (exit status: 101)
[INFO] [stderr]   --- stdout
[INFO] [stderr]   cargo:rustc-cfg=const_fn
[INFO] [stderr]   cargo:rerun-if-env-changed=X86_64_UNKNOWN_LINUX_GNU_OPENSSL_LIB_DIR
[INFO] [stderr]   X86_64_UNKNOWN_LINUX_GNU_OPENSSL_LIB_DIR unset
[INFO] [stderr]   cargo:rerun-if-env-changed=OPENSSL_LIB_DIR
[INFO] [stderr]   OPENSSL_LIB_DIR unset
[INFO] [stderr]   cargo:rerun-if-env-changed=X86_64_UNKNOWN_LINUX_GNU_OPENSSL_INCLUDE_DIR
[INFO] [stderr]   X86_64_UNKNOWN_LINUX_GNU_OPENSSL_INCLUDE_DIR unset
[INFO] [stderr]   cargo:rerun-if-env-changed=OPENSSL_INCLUDE_DIR
[INFO] [stderr]   OPENSSL_INCLUDE_DIR unset
[INFO] [stderr]   cargo:rerun-if-env-changed=X86_64_UNKNOWN_LINUX_GNU_OPENSSL_DIR
[INFO] [stderr]   X86_64_UNKNOWN_LINUX_GNU_OPENSSL_DIR unset
[INFO] [stderr]   cargo:rerun-if-env-changed=OPENSSL_DIR
[INFO] [stderr]   OPENSSL_DIR unset
[INFO] [stderr]   cargo:rustc-link-lib=ssl
[INFO] [stderr]   cargo:rustc-link-lib=crypto
[INFO] [stderr]   OPT_LEVEL = Some("3")
[INFO] [stderr]   TARGET = Some("x86_64-unknown-linux-gnu")
[INFO] [stderr]   HOST = Some("x86_64-unknown-linux-gnu")
[INFO] [stderr]   CC_x86_64-unknown-linux-gnu = None
[INFO] [stderr]   CC_x86_64_unknown_linux_gnu = None
[INFO] [stderr]   HOST_CC = None
[INFO] [stderr]   CC = None
[INFO] [stderr]   CFLAGS_x86_64-unknown-linux-gnu = None
[INFO] [stderr]   CFLAGS_x86_64_unknown_linux_gnu = None
[INFO] [stderr]   HOST_CFLAGS = None
[INFO] [stderr]   CFLAGS = None
[INFO] [stderr]   CRATE_CC_NO_DEFAULTS = None
[INFO] [stderr]   DEBUG = Some("false")
[INFO] [stderr]   running: "cc" "-O3" "-ffunction-sections" "-fdata-sections" "-fPIC" "-m64" "-Wall" "-Wextra" "-E" "build/expando.c"
[INFO] [stderr]   cargo:warning=build/expando.c:4:24: error: pasting "RUST_VERSION_OPENSSL_" and "(" does not give a valid preprocessing token
[INFO] [stderr]   cargo:warning=    4 | #define VERSION2(n, v) RUST_VERSION_##n##_##v
[INFO] [stderr]   cargo:warning=      |                        ^~~~~~~~~~~~~
[INFO] [stderr]   cargo:warning=build/expando.c:5:23: note: in expansion of macro 'VERSION2'
[INFO] [stderr]   cargo:warning=    5 | #define VERSION(n, v) VERSION2(n, v)
[INFO] [stderr]   cargo:warning=      |                       ^~~~~~~~
[INFO] [stderr]   cargo:warning=build/expando.c:10:1: note: in expansion of macro 'VERSION'
[INFO] [stderr]   cargo:warning=   10 | VERSION(OPENSSL, OPENSSL_VERSION_NUMBER)
[INFO] [stderr]   cargo:warning=      | ^~~~~~~
[INFO] [stderr]   exit status: 1
[INFO] [stderr] 
[INFO] [stderr]   --- stderr
[INFO] [stderr] 
[INFO] [stderr]   thread 'main' (903) panicked at /opt/rustwide/cargo-home/registry/src/index.crates.io-1949cf8c6b5b557f/openssl-sys-0.9.42/build/main.rs:126:13:
[INFO] [stderr] 
[INFO] [stderr]   Header expansion error:
[INFO] [stderr]   Error { kind: ToolExecError, message: "Command \"cc\" \"-O3\" \"-ffunction-sections\" \"-fdata-sections\" \"-fPIC\" \"-m64\" \"-Wall\" \"-Wextra\" \"-E\" \"build/expando.c\" with args \"cc\" did not execute successfully (status code exit status: 1)." }
[INFO] [stderr] 
[INFO] [stderr]   Failed to find OpenSSL development headers.
[INFO] [stderr] 
[INFO] [stderr]   You can try fixing this setting the `OPENSSL_DIR` environment variable
[INFO] [stderr]   pointing to your OpenSSL installation or installing OpenSSL headers package
[INFO] [stderr]   specific to your distribution:
[INFO] [stderr] 
[INFO] [stderr]       # On Ubuntu
[INFO] [stderr]       sudo apt-get install libssl-dev
[INFO] [stderr]       # On Arch Linux
[INFO] [stderr]       sudo pacman -S openssl
[INFO] [stderr]       # On Fedora
[INFO] [stderr]       sudo dnf install openssl-devel
[INFO] [stderr] 
[INFO] [stderr]   See rust-openssl README for more information:
[INFO] [stderr] 
[INFO] [stderr]       https://github.com/sfackler/rust-openssl#linux
[INFO] [stderr] 
[INFO] [stderr]   stack backtrace:
[INFO] [stderr]      0:     0x60ba974efa91 - <<std[70759c8f55707aa4]::sys::backtrace::BacktraceLock>::print::DisplayBacktrace as core[df12db4294e9bfd3]::fmt::Display>::fmt
[INFO] [stderr]      1:     0x60ba9750423a - core[df12db4294e9bfd3]::fmt::write
[INFO] [stderr]      2:     0x60ba974f591c - <std[70759c8f55707aa4]::sys::stdio::unix::Stderr as core[df12db4294e9bfd3]::io::write::Write>::write_fmt
[INFO] [stderr]      3:     0x60ba974cf206 - std[70759c8f55707aa4]::panicking::default_hook::{closure#0}
[INFO] [stderr]      4:     0x60ba974ea7a1 - std[70759c8f55707aa4]::panicking::default_hook
[INFO] [stderr]      5:     0x60ba974ea95b - std[70759c8f55707aa4]::panicking::panic_with_hook
[INFO] [stderr]      6:     0x60ba974cf2b2 - std[70759c8f55707aa4]::panicking::panic_handler::{closure#0}
[INFO] [stderr]      7:     0x60ba974c7d29 - std[70759c8f55707aa4]::sys::backtrace::__rust_end_short_backtrace::<std[70759c8f55707aa4]::panicking::panic_handler::{closure#0}, !>
[INFO] [stderr]      8:     0x60ba974cfb6d - __rustc[8fa7c3cbc660c2b3]::rust_begin_unwind
[INFO] [stderr]      9:     0x60ba975049ac - core[df12db4294e9bfd3]::panicking::panic_fmt
[INFO] [stderr]     10:     0x60ba97464d10 - build_script_main[d96255e7e28339ea]::validate_headers
[INFO] [stderr]     11:     0x60ba974682a3 - build_script_main[d96255e7e28339ea]::find::try_pkg_config
[INFO] [stderr]     12:     0x60ba97468668 - build_script_main[d96255e7e28339ea]::find::find_openssl_dir
[INFO] [stderr]     13:     0x60ba974633e7 - build_script_main[d96255e7e28339ea]::find::get_openssl::{closure#0}
[INFO] [stderr]     14:     0x60ba97461ac0 - <core[df12db4294e9bfd3]::option::Option<std[70759c8f55707aa4]::ffi::os_str::OsString>>::unwrap_or_else::<build_script_main[d96255e7e28339ea]::find::get_openssl::{closure#0}>
[INFO] [stderr]     15:     0x60ba97467b9f - build_script_main[d96255e7e28339ea]::find::get_openssl
[INFO] [stderr]     16:     0x60ba97465469 - build_script_main[d96255e7e28339ea]::main
[INFO] [stderr]     17:     0x60ba9746e7f3 - <fn() as core[df12db4294e9bfd3]::ops::function::FnOnce<()>>::call_once
[INFO] [stderr]     18:     0x60ba9746215e - std[70759c8f55707aa4]::sys::backtrace::__rust_begin_short_backtrace::<fn(), ()>
[INFO] [stderr]     19:     0x60ba97462859 - std[70759c8f55707aa4]::rt::lang_start::<()>::{closure#0}
[INFO] [stderr]     20:     0x60ba974e9b69 - std[70759c8f55707aa4]::rt::lang_start_internal
[INFO] [stderr]     21:     0x60ba97462061 - std[70759c8f55707aa4]::rt::lang_start::<()>
[INFO] [stderr]     22:     0x60ba9746aae5 - main
[INFO] [stderr]     23:     0x73ddae5d7601 - <unknown>
[INFO] [stderr]     24:     0x73ddae5d7718 - __libc_start_main
[INFO] [stderr]     25:     0x60ba97461825 - _start
[INFO] [stderr]     26:                0x0 - <unknown>
[INFO] [stderr] warning: build failed, waiting for other jobs to finish...
[INFO] running `Command { std: "docker" "inspect" "a9b780af9b4f235de619a1a51c0cc623f7b44e34df4d1a31ef22b81459fc22dd", kill_on_drop: false }`
[INFO] running `Command { std: "docker" "rm" "-f" "a9b780af9b4f235de619a1a51c0cc623f7b44e34df4d1a31ef22b81459fc22dd", kill_on_drop: false }`
[INFO] [stdout] a9b780af9b4f235de619a1a51c0cc623f7b44e34df4d1a31ef22b81459fc22dd
