[INFO] cloning repository https://github.com/garrettudstrand/rust-web-app
[INFO] running `Command { std: "git" "-c" "credential.helper=" "-c" "credential.helper=/workspace/cargo-home/bin/git-credential-null" "clone" "--bare" "https://github.com/garrettudstrand/rust-web-app" "/workspace/cache/git-repos/https%3A%2F%2Fgithub.com%2Fgarrettudstrand%2Frust-web-app", kill_on_drop: false }`
[INFO] [stderr] Cloning into bare repository '/workspace/cache/git-repos/https%3A%2F%2Fgithub.com%2Fgarrettudstrand%2Frust-web-app'...
[INFO] running `Command { std: "git" "rev-parse" "HEAD", kill_on_drop: false }`
[INFO] [stdout] ce99c6f433d9e36b5afc7c545455ce1107da3c7d
[INFO] testing garrettudstrand/rust-web-app against 1.100.0-beta.1+cargoflags=--release for beta-release-1.100-2
[INFO] running `Command { std: "git" "clone" "/workspace/cache/git-repos/https%3A%2F%2Fgithub.com%2Fgarrettudstrand%2Frust-web-app" "/workspace/builds/worker-2-tc2/source", kill_on_drop: false }`
[INFO] [stderr] Cloning into '/workspace/builds/worker-2-tc2/source'...
[INFO] [stderr] done.
[INFO] started tweaking git repo https://github.com/garrettudstrand/rust-web-app
[INFO] finished tweaking git repo https://github.com/garrettudstrand/rust-web-app
[INFO] tweaked toml for git repo https://github.com/garrettudstrand/rust-web-app written to /workspace/builds/worker-2-tc2/source/Cargo.toml
[INFO] validating manifest of git repo https://github.com/garrettudstrand/rust-web-app on toolchain 1.100.0-beta.1
[INFO] running `Command { std: CARGO_HOME="/workspace/cargo-home" RUSTUP_HOME="/workspace/rustup-home" "/workspace/cargo-home/bin/cargo" "+1.100.0-beta.1" "metadata" "--manifest-path" "Cargo.toml" "--no-deps", kill_on_drop: false }`
[INFO] crate git repo https://github.com/garrettudstrand/rust-web-app already has a lockfile, it will not be regenerated
[INFO] running `Command { std: CARGO_HOME="/workspace/cargo-home" RUSTUP_HOME="/workspace/rustup-home" "/workspace/cargo-home/bin/cargo" "+1.100.0-beta.1" "fetch" "--manifest-path" "Cargo.toml", kill_on_drop: false }`
[INFO] running `Command { std: "docker" "create" "-v" "/var/lib/crater-agent-workspace/builds/worker-2-tc2/source:/opt/rustwide/workdir:ro,Z" "-v" "/var/lib/crater-agent-workspace/builds/worker-2-tc2/target:/opt/rustwide/target:rw,Z" "-v" "/var/lib/crater-agent-workspace/cargo-home:/opt/rustwide/cargo-home:ro,Z" "-v" "/var/lib/crater-agent-workspace/rustup-home:/opt/rustwide/rustup-home:ro,Z" "-m" "1610612736" "--network" "none" "ghcr.io/rust-lang/crates-build-env/linux@sha256:77db811e55d90add9212f6832c23229e3de5f1c1f9905e8cb07319ea15df73ac" "sleep" "infinity", kill_on_drop: false }`
[INFO] [stdout] 7e8fe059d1f473803a01c2f37d9cde611a690b51495c633b2fc10e0185df5ee6
[INFO] running `Command { std: "docker" "start" "7e8fe059d1f473803a01c2f37d9cde611a690b51495c633b2fc10e0185df5ee6", kill_on_drop: false }`
[INFO] running `Command { std: "docker" "inspect" "7e8fe059d1f473803a01c2f37d9cde611a690b51495c633b2fc10e0185df5ee6", kill_on_drop: false }`
[INFO] running `Command { std: "docker" "exec" "-e" "SOURCE_DIR=/opt/rustwide/workdir" "-e" "CARGO_HOME=/opt/rustwide/cargo-home" "-e" "RUSTUP_HOME=/opt/rustwide/rustup-home" "-e" "CARGO_TARGET_DIR=/opt/rustwide/target" "-w" "/opt/rustwide/workdir" "--user" "0:0" "7e8fe059d1f473803a01c2f37d9cde611a690b51495c633b2fc10e0185df5ee6" "/opt/rustwide/cargo-home/bin/cargo" "+1.100.0-beta.1" "metadata" "--no-deps" "--format-version=1", kill_on_drop: false }`
[INFO] running `Command { std: "docker" "inspect" "7e8fe059d1f473803a01c2f37d9cde611a690b51495c633b2fc10e0185df5ee6", kill_on_drop: false }`
[INFO] running `Command { std: "docker" "exec" "-e" "SOURCE_DIR=/opt/rustwide/workdir" "-e" "CARGO_HOME=/opt/rustwide/cargo-home" "-e" "RUSTUP_HOME=/opt/rustwide/rustup-home" "-e" "CARGO_TARGET_DIR=/opt/rustwide/target" "-e" "CARGO_INCREMENTAL=0" "-e" "RUST_BACKTRACE=full" "-e" "RUSTFLAGS=--cap-lints=warn" "-e" "RUSTDOCFLAGS=--cap-lints=warn" "-w" "/opt/rustwide/workdir" "--user" "0:0" "7e8fe059d1f473803a01c2f37d9cde611a690b51495c633b2fc10e0185df5ee6" "/opt/rustwide/cargo-home/bin/cargo" "+1.100.0-beta.1" "build" "--frozen" "--message-format=json" "--release", kill_on_drop: false }`
[INFO] [stderr]    Compiling version_check v0.9.4
[INFO] [stderr]    Compiling proc-macro2 v1.0.40
[INFO] [stderr]    Compiling unicode-ident v1.0.1
[INFO] [stderr]    Compiling quote v1.0.20
[INFO] [stderr]    Compiling syn v1.0.98
[INFO] [stderr]    Compiling libc v0.2.126
[INFO] [stderr]    Compiling autocfg v1.1.0
[INFO] [stderr]    Compiling memchr v2.5.0
[INFO] [stderr]    Compiling typenum v1.15.0
[INFO] [stderr]    Compiling cfg-if v1.0.0
[INFO] [stderr]    Compiling futures-core v0.3.21
[INFO] [stderr]    Compiling once_cell v1.12.0
[INFO] [stderr]    Compiling log v0.4.17
[INFO] [stderr]    Compiling serde_derive v1.0.137
[INFO] [stderr]    Compiling pin-project-lite v0.2.9
[INFO] [stderr]    Compiling serde v1.0.137
[INFO] [stderr]    Compiling futures-channel v0.3.21
[INFO] [stderr]    Compiling pkg-config v0.3.25
[INFO] [stderr]    Compiling slab v0.4.6
[INFO] [stderr]    Compiling cc v1.0.73
[INFO] [stderr]    Compiling bytes v1.1.0
[INFO] [stderr]    Compiling futures-io v0.3.21
[INFO] [stderr]    Compiling subtle v2.4.1
[INFO] [stderr]    Compiling itoa v1.0.2
[INFO] [stderr]    Compiling ppv-lite86 v0.2.16
[INFO] [stderr]    Compiling futures-sink v0.3.21
[INFO] [stderr]    Compiling num-traits v0.2.15
[INFO] [stderr]    Compiling num-integer v0.1.45
[INFO] [stderr]    Compiling lock_api v0.4.7
[INFO] [stderr]    Compiling futures-task v0.3.21
[INFO] [stderr]    Compiling generic-array v0.14.5
[INFO] [stderr]    Compiling value-bag v1.0.0-alpha.9
[INFO] [stderr]    Compiling standback v0.2.17
[INFO] [stderr]    Compiling cpufeatures v0.2.2
[INFO] [stderr]    Compiling serde_json v1.0.81
[INFO] [stderr]    Compiling pin-utils v0.1.0
[INFO] [stderr]    Compiling bitflags v1.3.2
[INFO] [stderr]    Compiling futures-util v0.3.21
[INFO] [stderr]    Compiling socket2 v0.4.4
[INFO] [stderr]    Compiling num_cpus v1.13.1
[INFO] [stderr]    Compiling signal-hook-registry v1.4.0
[INFO] [stderr]    Compiling getrandom v0.2.7
[INFO] [stderr]    Compiling rand_core v0.6.3
[INFO] [stderr]    Compiling proc-macro2-diagnostics v0.9.1
[INFO] [stderr]    Compiling uncased v0.9.7
[INFO] [stderr]    Compiling openssl v0.10.40
[INFO] [stderr]    Compiling proc-macro-hack v0.5.19
[INFO] [stderr]    Compiling rand_chacha v0.3.1
[INFO] [stderr]    Compiling mio v0.8.4
[INFO] [stderr]    Compiling yansi v0.5.1
[INFO] [stderr]    Compiling rand v0.8.5
[INFO] [stderr]    Compiling unicode-segmentation v1.9.0
[INFO] [stderr]    Compiling smallvec v1.8.1
[INFO] [stderr]    Compiling ahash v0.7.6
[INFO] [stderr]    Compiling crossbeam-utils v0.8.10
[INFO] [stderr]    Compiling parking_lot_core v0.8.5
[INFO] [stderr]    Compiling native-tls v0.2.10
[INFO] [stderr]    Compiling openssl-sys v0.9.74
[INFO] [stderr]    Compiling tokio v1.19.2
[INFO] [stderr]    Compiling time v0.2.27
[INFO] [stderr]    Compiling tracing-core v0.1.28
[INFO] [stderr]    Compiling percent-encoding v2.1.0
[INFO] [stderr]    Compiling rust_decimal v1.25.0
[INFO] [stderr]    Compiling const_fn v0.4.9
[INFO] [stderr]    Compiling httparse v1.7.1
[INFO] [stderr]    Compiling fnv v1.0.7
[INFO] [stderr]    Compiling crypto-common v0.1.3
[INFO] [stderr]    Compiling block-buffer v0.10.2
[INFO] [stderr]    Compiling digest v0.10.3
[INFO] [stderr]    Compiling indexmap v1.9.1
[INFO] [stderr]    Compiling fastrand v1.7.0
[INFO] [stderr]    Compiling ryu v1.0.10
[INFO] [stderr]    Compiling either v1.6.1
[INFO] [stderr]    Compiling heck v0.3.3
[INFO] [stderr]    Compiling time v0.1.44
[INFO] [stderr]    Compiling base64 v0.13.0
[INFO] [stderr]    Compiling hashbrown v0.12.1
[INFO] [stderr]    Compiling hmac v0.12.1
[INFO] [stderr]    Compiling cookie v0.16.0
[INFO] [stderr]    Compiling sha2 v0.10.2
[INFO] [stderr]    Compiling num-bigint v0.3.3
[INFO] [stderr]    Compiling time-macros v0.2.4
[INFO] [stderr]    Compiling hkdf v0.12.3
[INFO] [stderr]    Compiling opaque-debug v0.3.0
[INFO] [stderr]    Compiling foreign-types-shared v0.1.1
[INFO] [stderr]    Compiling tinyvec_macros v0.1.0
[INFO] [stderr]    Compiling regex-syntax v0.6.26
[INFO] [stderr]    Compiling arrayvec v0.7.2
[INFO] [stderr]    Compiling crossbeam-queue v0.3.5
[INFO] [stderr]    Compiling event-listener v2.5.2
[INFO] [stderr]    Compiling ref-cast v1.0.7
[INFO] [stderr]    Compiling tinyvec v1.6.0
[INFO] [stderr]    Compiling foreign-types v0.3.2
[INFO] [stderr]    Compiling universal-hash v0.4.1
[INFO] [stderr]    Compiling cipher v0.3.0
[INFO] [stderr]    Compiling proc-macro-error-attr v1.0.4
[INFO] [stderr]    Compiling polyval v0.5.3
[INFO] [stderr]    Compiling http v0.2.8
[INFO] [stderr]    Compiling aho-corasick v0.7.18
[INFO] [stderr]    Compiling proc-macro-error v1.0.4
[INFO] [stderr]    Compiling instant v0.1.12
[INFO] [stderr]    Compiling siphasher v0.3.10
[INFO] [stderr]    Compiling scopeguard v1.1.0
[INFO] [stderr]    Compiling unicode-bidi v0.3.8
[INFO] [stderr]    Compiling openssl-probe v0.1.5
[INFO] [stderr]    Compiling matches v0.1.9
[INFO] [stderr]    Compiling cache-padded v1.2.0
[INFO] [stderr]    Compiling concurrent-queue v1.2.2
[INFO] [stderr]    Compiling phf_shared v0.10.0
[INFO] [stderr]    Compiling unicode-normalization v0.1.20
[INFO] [stderr]    Compiling ghash v0.4.4
[INFO] [stderr]    Compiling ctr v0.8.0
[INFO] [stderr]    Compiling aes v0.7.5
[INFO] [stderr]    Compiling aead v0.4.3
[INFO] [stderr]    Compiling async-trait v0.1.56
[INFO] [stderr]    Compiling num_threads v0.1.6
[INFO] [stderr]    Compiling try-lock v0.2.3
[INFO] [stderr]    Compiling parking v2.0.0
[INFO] [stderr]    Compiling regex v1.5.6
[INFO] [stderr]    Compiling minimal-lexical v0.2.1
[INFO] [stderr]    Compiling waker-fn v1.1.0
[INFO] [stderr]    Compiling want v0.3.0
[INFO] [stderr]    Compiling futures-lite v1.12.0
[INFO] [stderr]    Compiling time v0.3.11
[INFO] [stderr]    Compiling nom v7.1.1
[INFO] [stderr]    Compiling tracing v0.1.35
[INFO] [stderr]    Compiling idna v0.2.3
[INFO] [stderr]    Compiling http-body v0.4.5
[INFO] [stderr]    Compiling aes-gcm v0.9.4
[INFO] [stderr]    Compiling hashbrown v0.11.2
[INFO] [stderr]    Compiling parking_lot v0.11.2
[INFO] [stderr]    Compiling form_urlencoded v1.0.1
[INFO] [stderr]    Compiling itertools v0.10.3
[INFO] [stderr]    Compiling dirs-sys v0.3.7
[INFO] [stderr]    Compiling atty v0.2.14
[INFO] [stderr]    Compiling thread_local v1.1.4
[INFO] [stderr]    Compiling encoding_rs v0.8.31
[INFO] [stderr]    Compiling rustversion v1.0.7
[INFO] [stderr]    Compiling crc-catalog v1.1.1
[INFO] [stderr]    Compiling inlinable_string v0.1.15
[INFO] [stderr]    Compiling unicode_categories v0.1.1
[INFO] [stderr]    Compiling paste v1.0.7
[INFO] [stderr]    Compiling parking_lot_core v0.9.3
[INFO] [stderr]    Compiling httpdate v1.0.2
[INFO] [stderr]    Compiling tower-service v0.3.2
[INFO] [stderr]    Compiling devise_core v0.3.1
[INFO] [stderr]    Compiling hyper v0.14.19
[INFO] [stderr]    Compiling futures v0.3.21
[INFO] [stderr]    Compiling tokio-stream v0.1.9
[INFO] [stderr]    Compiling crc v2.1.0
[INFO] [stderr]    Compiling dirs v4.0.0
[INFO] [stderr]    Compiling hashlink v0.7.0
[INFO] [stderr]    Compiling url v2.2.2
[INFO] [stderr]    Compiling sqlformat v0.1.8
[INFO] [stderr]    Compiling futures-intrusive v0.4.0
[INFO] [stderr]    Compiling stringprep v0.1.2
[INFO] [stderr]    Compiling chrono v0.4.19
[INFO] [stderr]    Compiling phf_generator v0.10.0
[INFO] [stderr]    Compiling atoi v0.4.0
[INFO] [stderr]    Compiling sha-1 v0.10.0
[INFO] [stderr]    Compiling md-5 v0.10.1
[INFO] [stderr]    Compiling stable-pattern v0.1.0
[INFO] [stderr]    Compiling ctor v0.1.22
[INFO] [stderr]    Compiling tokio-macros v1.8.0
[INFO] [stderr]    Compiling futures-macro v0.3.21
[INFO] [stderr]    Compiling openssl-macros v0.1.0
[INFO] [stderr]    Compiling time-macros-impl v0.1.2
[INFO] [stderr]    Compiling tracing-attributes v0.1.21
[INFO] [stderr]    Compiling thiserror-impl v1.0.31
[INFO] [stderr]    Compiling pear_codegen v0.2.3
[INFO] [stderr]    Compiling ref-cast-impl v1.0.7
[INFO] [stderr]    Compiling time-macros v0.1.1
[INFO] [stderr]    Compiling async-stream-impl v0.3.3
[INFO] [stderr]    Compiling devise_codegen v0.3.1
[INFO] [stderr]    Compiling async-stream v0.3.3
[INFO] [stderr]    Compiling thiserror v1.0.31
[INFO] [stderr]    Compiling sea-query-derive v0.2.0
[INFO] [stderr]    Compiling pear v0.2.3
[INFO] [stderr]    Compiling devise v0.3.1
[INFO] [stderr]    Compiling sea-query-driver v0.1.1
[INFO] [stderr]    Compiling multer v2.0.2
[INFO] [stderr]    Compiling figment v0.10.6
[INFO] [stderr]    Compiling atomic v0.5.1
[INFO] [stderr]    Compiling byteorder v1.4.3
[INFO] [stderr]    Compiling whoami v1.2.1
[INFO] [stderr]    Compiling state v0.5.3
[INFO] [stderr]    Compiling uuid v0.8.2
[INFO] [stderr]    Compiling async-task v4.2.0
[INFO] [stderr]    Compiling rocket_http v0.5.0-rc.2
[INFO] [stderr]    Compiling polling v2.2.0
[INFO] [stderr]    Compiling parse-zoneinfo v0.3.0
[INFO] [stderr]    Compiling phf_codegen v0.10.0
[INFO] [stderr]    Compiling tokio-native-tls v0.3.0
[INFO] [stderr]    Compiling sqlx-rt v0.5.13
[INFO] [stderr]    Compiling phf v0.10.1
[INFO] [stderr]    Compiling async-channel v1.6.1
[INFO] [stderr]    Compiling heck v0.4.0
[INFO] [stderr]    Compiling futures-executor v0.3.21
[INFO] [stderr]    Compiling rocket v0.5.0-rc.2
[INFO] [stderr]    Compiling hex v0.4.3
[INFO] [stderr]    Compiling dotenv v0.15.0
[INFO] [stderr]    Compiling ucd-trie v0.1.4
[INFO] [stderr]    Compiling glob v0.3.0
[INFO] [stderr]    Compiling remove_dir_all v0.5.3
[INFO] [stderr]    Compiling spin v0.9.3
[INFO] [stderr]    Compiling atomic-waker v1.0.0
[INFO] [stderr]    Compiling Inflector v0.11.4
[INFO] [stderr]    Compiling mime v0.3.16
[INFO] [stderr]    Compiling unicode-xid v0.2.3
[INFO] [stderr]    Compiling blocking v1.2.0
[INFO] [stderr]    Compiling ouroboros_macro v0.15.0
[INFO] [stderr]    Compiling tempfile v3.3.0
[INFO] [stderr]    Compiling pest v2.1.3
[INFO] [stderr]    Compiling sea-strum_macros v0.23.0
[INFO] [stderr]    Compiling chrono-tz-build v0.0.2
[INFO] [stderr]    Compiling rocket_codegen v0.5.0-rc.2
[INFO] [stderr]    Compiling parking_lot v0.12.1
[INFO] [stderr]    Compiling async-io v1.7.0
[INFO] [stderr]    Compiling async-executor v1.4.1
[INFO] [stderr]    Compiling bae v0.1.7
[INFO] [stderr]    Compiling tokio-util v0.7.3
[INFO] [stderr]    Compiling tokio-util v0.6.10
[INFO] [stderr]    Compiling regex-automata v0.1.10
[INFO] [stderr]    Compiling async-lock v2.5.0
[INFO] [stderr]    Compiling bstr v0.2.17
[INFO] [stderr]    Compiling toml v0.5.9
[INFO] [stderr]    Compiling ubyte v0.10.2
[INFO] [stderr]    Compiling h2 v0.3.13
[INFO] [stderr]    Compiling ansi_term v0.12.1
[INFO] [stderr]    Compiling unicode-width v0.1.9
[INFO] [stderr]    Compiling maplit v1.0.2
[INFO] [stderr]    Compiling aliasable v0.1.3
[INFO] [stderr]    Compiling unic-common v0.9.0
[INFO] [stderr]    Compiling stable_deref_trait v1.2.0
[INFO] [stderr]    Compiling binascii v0.1.4
[INFO] [stderr]    Compiling cfg-if v0.1.10
[INFO] [stderr]    Compiling unic-char-range v0.9.0
[INFO] [stderr]    Compiling net2 v0.2.37
[INFO] [stderr]    Compiling unic-char-property v0.9.0
[INFO] [stderr]    Compiling ouroboros v0.15.0
[INFO] [stderr]    Compiling unic-ucd-version v0.9.0
[INFO] [stderr]    Compiling sea-query v0.24.6
[INFO] [stderr]    Compiling sqlx-core v0.5.13
[INFO] [stderr]    Compiling textwrap v0.11.0
[INFO] [stderr]    Compiling matchers v0.1.0
[INFO] [stderr]    Compiling pest_meta v2.1.3
[INFO] [stderr]    Compiling globset v0.4.9
[INFO] [stderr]    Compiling sea-strum v0.23.0
[INFO] [stderr]    Compiling async-global-executor v2.2.0
[INFO] [stderr]    Compiling sea-orm-macros v0.8.0
[INFO] [stderr]    Compiling chrono-tz v0.6.1
[INFO] [stderr]    Compiling kv-log-macro v1.0.7
[INFO] [stdout] error[E0277]: the trait bound `!: io::decode::Decode<'_>` is not satisfied
[INFO] [stdout]   --> /opt/rustwide/cargo-home/registry/src/index.crates.io-1949cf8c6b5b557f/sqlx-core-0.5.13/src/postgres/connection/executor.rs:67:10
[INFO] [stdout]    |
[INFO] [stdout] 67 |         .recv_expect(MessageFormat::ParseComplete)
[INFO] [stdout]    |          ^^^^^^^^^^^ the trait `io::decode::Decode<'_>` is not implemented for `!`
[INFO] [stdout]    |
[INFO] [stdout]    = help: the following other types implement trait `io::decode::Decode<'de, Context>`:
[INFO] [stdout]              ()
[INFO] [stdout]              Authentication
[INFO] [stdout]              AuthenticationSaslContinue
[INFO] [stdout]              AuthenticationSaslFinal
[INFO] [stdout]              BackendKeyData
[INFO] [stdout]              CommandComplete
[INFO] [stdout]              CopyData<bytes::Bytes>
[INFO] [stdout]              CopyDone
[INFO] [stdout]            and 10 others
[INFO] [stdout]    = note: this error might have been caused by changes to Rust's type-inference algorithm (see issue #148922 <https://github.com/rust-lang/rust/issues/148922> for more information)
[INFO] [stdout]    = help: you might have intended to use the type `()` here instead
[INFO] [stdout] note: required by a bound in `PgStream::recv_expect`
[INFO] [stdout]   --> /opt/rustwide/cargo-home/registry/src/index.crates.io-1949cf8c6b5b557f/sqlx-core-0.5.13/src/postgres/connection/stream.rs:64:45
[INFO] [stdout]    |
[INFO] [stdout] 38 | impl PgStream {
[INFO] [stdout] ...
[INFO] [stdout] 64 |     pub(crate) async fn recv_expect<'de, T: Decode<'de>>(
[INFO] [stdout]    |                                             ^^^^^^^^^^^ required by this bound in `PgStream::recv_expect`
[INFO] [stdout] 
[INFO] [stdout] 
[INFO] [stdout] error[E0277]: the trait bound `!: io::decode::Decode<'_>` is not satisfied
[INFO] [stdout]   --> /opt/rustwide/cargo-home/registry/src/index.crates.io-1949cf8c6b5b557f/sqlx-core-0.5.13/src/postgres/connection/executor.rs:65:13
[INFO] [stdout]    |
[INFO] [stdout] 65 |       let _ = conn
[INFO] [stdout]    |  _____________^
[INFO] [stdout] 66 | |         .stream
[INFO] [stdout] 67 | |         .recv_expect(MessageFormat::ParseComplete)
[INFO] [stdout]    | |__________________________________________________^ the trait `io::decode::Decode<'_>` is not implemented for `!`
[INFO] [stdout]    |
[INFO] [stdout]    = help: the following other types implement trait `io::decode::Decode<'de, Context>`:
[INFO] [stdout]              ()
[INFO] [stdout]              Authentication
[INFO] [stdout]              AuthenticationSaslContinue
[INFO] [stdout]              AuthenticationSaslFinal
[INFO] [stdout]              BackendKeyData
[INFO] [stdout]              CommandComplete
[INFO] [stdout]              CopyData<bytes::Bytes>
[INFO] [stdout]              CopyDone
[INFO] [stdout]            and 10 others
[INFO] [stdout]    = note: this error might have been caused by changes to Rust's type-inference algorithm (see issue #148922 <https://github.com/rust-lang/rust/issues/148922> for more information)
[INFO] [stdout]    = help: you might have intended to use the type `()` here instead
[INFO] [stdout] note: required by a bound in `PgStream::recv_expect`
[INFO] [stdout]   --> /opt/rustwide/cargo-home/registry/src/index.crates.io-1949cf8c6b5b557f/sqlx-core-0.5.13/src/postgres/connection/stream.rs:64:45
[INFO] [stdout]    |
[INFO] [stdout] 38 | impl PgStream {
[INFO] [stdout] ...
[INFO] [stdout] 64 |     pub(crate) async fn recv_expect<'de, T: Decode<'de>>(
[INFO] [stdout]    |                                             ^^^^^^^^^^^ required by this bound in `PgStream::recv_expect`
[INFO] [stdout] 
[INFO] [stdout] 
[INFO] [stdout] error[E0277]: the trait bound `!: io::decode::Decode<'_>` is not satisfied
[INFO] [stdout]   --> /opt/rustwide/cargo-home/registry/src/index.crates.io-1949cf8c6b5b557f/sqlx-core-0.5.13/src/postgres/connection/executor.rs:68:10
[INFO] [stdout]    |
[INFO] [stdout] 68 |         .await?;
[INFO] [stdout]    |          ^^^^^ the trait `io::decode::Decode<'_>` is not implemented for `!`
[INFO] [stdout]    |
[INFO] [stdout]    = help: the following other types implement trait `io::decode::Decode<'de, Context>`:
[INFO] [stdout]              ()
[INFO] [stdout]              Authentication
[INFO] [stdout]              AuthenticationSaslContinue
[INFO] [stdout]              AuthenticationSaslFinal
[INFO] [stdout]              BackendKeyData
[INFO] [stdout]              CommandComplete
[INFO] [stdout]              CopyData<bytes::Bytes>
[INFO] [stdout]              CopyDone
[INFO] [stdout]            and 10 others
[INFO] [stdout]    = note: this error might have been caused by changes to Rust's type-inference algorithm (see issue #148922 <https://github.com/rust-lang/rust/issues/148922> for more information)
[INFO] [stdout]    = help: you might have intended to use the type `()` here instead
[INFO] [stdout] note: required by a bound in `PgStream::recv_expect`
[INFO] [stdout]   --> /opt/rustwide/cargo-home/registry/src/index.crates.io-1949cf8c6b5b557f/sqlx-core-0.5.13/src/postgres/connection/stream.rs:64:45
[INFO] [stdout]    |
[INFO] [stdout] 38 | impl PgStream {
[INFO] [stdout] ...
[INFO] [stdout] 64 |     pub(crate) async fn recv_expect<'de, T: Decode<'de>>(
[INFO] [stdout]    |                                             ^^^^^^^^^^^ required by this bound in `PgStream::recv_expect`
[INFO] [stdout] 
[INFO] [stdout] 
[INFO] [stderr]    Compiling tracing-log v0.1.3
[INFO] [stdout] error[E0277]: the trait bound `!: io::decode::Decode<'_>` is not satisfied
[INFO] [stdout]    --> /opt/rustwide/cargo-home/registry/src/index.crates.io-1949cf8c6b5b557f/sqlx-core-0.5.13/src/postgres/copy.rs:261:30
[INFO] [stdout]     |
[INFO] [stdout] 261 | ...                   .recv_expect(MessageFormat::ReadyForQuery)
[INFO] [stdout]     |                        ^^^^^^^^^^^ the trait `io::decode::Decode<'_>` is not implemented for `!`
[INFO] [stdout]     |
[INFO] [stdout]     = help: the following other types implement trait `io::decode::Decode<'de, Context>`:
[INFO] [stdout]               ()
[INFO] [stdout]               Authentication
[INFO] [stdout]               AuthenticationSaslContinue
[INFO] [stdout]               AuthenticationSaslFinal
[INFO] [stdout]               BackendKeyData
[INFO] [stdout]               CommandComplete
[INFO] [stdout]               CopyData<bytes::Bytes>
[INFO] [stdout]               CopyDone
[INFO] [stdout]             and 10 others
[INFO] [stdout]     = note: this error might have been caused by changes to Rust's type-inference algorithm (see issue #148922 <https://github.com/rust-lang/rust/issues/148922> for more information)
[INFO] [stdout]     = help: you might have intended to use the type `()` here instead
[INFO] [stdout] note: required by a bound in `PgStream::recv_expect`
[INFO] [stdout]    --> /opt/rustwide/cargo-home/registry/src/index.crates.io-1949cf8c6b5b557f/sqlx-core-0.5.13/src/postgres/connection/stream.rs:64:45
[INFO] [stdout]     |
[INFO] [stdout]  38 | impl PgStream {
[INFO] [stdout] ...
[INFO] [stdout]  64 |     pub(crate) async fn recv_expect<'de, T: Decode<'de>>(
[INFO] [stdout]     |                                             ^^^^^^^^^^^ required by this bound in `PgStream::recv_expect`
[INFO] [stdout] 
[INFO] [stdout] 
[INFO] [stdout] error[E0277]: the trait bound `!: io::decode::Decode<'_>` is not satisfied
[INFO] [stdout]    --> /opt/rustwide/cargo-home/registry/src/index.crates.io-1949cf8c6b5b557f/sqlx-core-0.5.13/src/postgres/copy.rs:260:25
[INFO] [stdout]     |
[INFO] [stdout] 260 | /                         conn.stream
[INFO] [stdout] 261 | |                             .recv_expect(MessageFormat::ReadyForQuery)
[INFO] [stdout]     | |______________________________________________________________________^ the trait `io::decode::Decode<'_>` is not implemented for `!`
[INFO] [stdout]     |
[INFO] [stdout]     = help: the following other types implement trait `io::decode::Decode<'de, Context>`:
[INFO] [stdout]               ()
[INFO] [stdout]               Authentication
[INFO] [stdout]               AuthenticationSaslContinue
[INFO] [stdout]               AuthenticationSaslFinal
[INFO] [stdout]               BackendKeyData
[INFO] [stdout]               CommandComplete
[INFO] [stdout]               CopyData<bytes::Bytes>
[INFO] [stdout]               CopyDone
[INFO] [stdout]             and 10 others
[INFO] [stdout]     = note: this error might have been caused by changes to Rust's type-inference algorithm (see issue #148922 <https://github.com/rust-lang/rust/issues/148922> for more information)
[INFO] [stdout]     = help: you might have intended to use the type `()` here instead
[INFO] [stdout] note: required by a bound in `PgStream::recv_expect`
[INFO] [stdout]    --> /opt/rustwide/cargo-home/registry/src/index.crates.io-1949cf8c6b5b557f/sqlx-core-0.5.13/src/postgres/connection/stream.rs:64:45
[INFO] [stdout]     |
[INFO] [stdout]  38 | impl PgStream {
[INFO] [stdout] ...
[INFO] [stdout]  64 |     pub(crate) async fn recv_expect<'de, T: Decode<'de>>(
[INFO] [stdout]     |                                             ^^^^^^^^^^^ required by this bound in `PgStream::recv_expect`
[INFO] [stdout] 
[INFO] [stdout] 
[INFO] [stdout] error[E0277]: the trait bound `!: io::decode::Decode<'_>` is not satisfied
[INFO] [stdout]    --> /opt/rustwide/cargo-home/registry/src/index.crates.io-1949cf8c6b5b557f/sqlx-core-0.5.13/src/postgres/copy.rs:262:30
[INFO] [stdout]     |
[INFO] [stdout] 262 | ...                   .await?;
[INFO] [stdout]     |                        ^^^^^ the trait `io::decode::Decode<'_>` is not implemented for `!`
[INFO] [stdout]     |
[INFO] [stdout]     = help: the following other types implement trait `io::decode::Decode<'de, Context>`:
[INFO] [stdout]               ()
[INFO] [stdout]               Authentication
[INFO] [stdout]               AuthenticationSaslContinue
[INFO] [stdout]               AuthenticationSaslFinal
[INFO] [stdout]               BackendKeyData
[INFO] [stdout]               CommandComplete
[INFO] [stdout]               CopyData<bytes::Bytes>
[INFO] [stdout]               CopyDone
[INFO] [stdout]             and 10 others
[INFO] [stdout]     = note: this error might have been caused by changes to Rust's type-inference algorithm (see issue #148922 <https://github.com/rust-lang/rust/issues/148922> for more information)
[INFO] [stdout]     = help: you might have intended to use the type `()` here instead
[INFO] [stdout] note: required by a bound in `PgStream::recv_expect`
[INFO] [stdout]    --> /opt/rustwide/cargo-home/registry/src/index.crates.io-1949cf8c6b5b557f/sqlx-core-0.5.13/src/postgres/connection/stream.rs:64:45
[INFO] [stdout]     |
[INFO] [stdout]  38 | impl PgStream {
[INFO] [stdout] ...
[INFO] [stdout]  64 |     pub(crate) async fn recv_expect<'de, T: Decode<'de>>(
[INFO] [stdout]     |                                             ^^^^^^^^^^^ required by this bound in `PgStream::recv_expect`
[INFO] [stdout] 
[INFO] [stdout] 
[INFO] [stdout] error[E0277]: the trait bound `!: io::decode::Decode<'_>` is not satisfied
[INFO] [stdout]    --> /opt/rustwide/cargo-home/registry/src/index.crates.io-1949cf8c6b5b557f/sqlx-core-0.5.13/src/postgres/copy.rs:288:14
[INFO] [stdout]     |
[INFO] [stdout] 288 |             .recv_expect(MessageFormat::ReadyForQuery)
[INFO] [stdout]     |              ^^^^^^^^^^^ the trait `io::decode::Decode<'_>` is not implemented for `!`
[INFO] [stdout]     |
[INFO] [stdout]     = help: the following other types implement trait `io::decode::Decode<'de, Context>`:
[INFO] [stdout]               ()
[INFO] [stdout]               Authentication
[INFO] [stdout]               AuthenticationSaslContinue
[INFO] [stdout]               AuthenticationSaslFinal
[INFO] [stdout]               BackendKeyData
[INFO] [stdout]               CommandComplete
[INFO] [stdout]               CopyData<bytes::Bytes>
[INFO] [stdout]               CopyDone
[INFO] [stdout]             and 10 others
[INFO] [stdout]     = note: this error might have been caused by changes to Rust's type-inference algorithm (see issue #148922 <https://github.com/rust-lang/rust/issues/148922> for more information)
[INFO] [stdout]     = help: you might have intended to use the type `()` here instead
[INFO] [stdout] note: required by a bound in `PgStream::recv_expect`
[INFO] [stdout]    --> /opt/rustwide/cargo-home/registry/src/index.crates.io-1949cf8c6b5b557f/sqlx-core-0.5.13/src/postgres/connection/stream.rs:64:45
[INFO] [stdout]     |
[INFO] [stdout]  38 | impl PgStream {
[INFO] [stdout] ...
[INFO] [stdout]  64 |     pub(crate) async fn recv_expect<'de, T: Decode<'de>>(
[INFO] [stdout]     |                                             ^^^^^^^^^^^ required by this bound in `PgStream::recv_expect`
[INFO] [stdout] 
[INFO] [stdout] 
[INFO] [stdout] error[E0277]: the trait bound `!: io::decode::Decode<'_>` is not satisfied
[INFO] [stdout]    --> /opt/rustwide/cargo-home/registry/src/index.crates.io-1949cf8c6b5b557f/sqlx-core-0.5.13/src/postgres/copy.rs:287:9
[INFO] [stdout]     |
[INFO] [stdout] 287 | /         conn.stream
[INFO] [stdout] 288 | |             .recv_expect(MessageFormat::ReadyForQuery)
[INFO] [stdout]     | |______________________________________________________^ the trait `io::decode::Decode<'_>` is not implemented for `!`
[INFO] [stdout]     |
[INFO] [stdout]     = help: the following other types implement trait `io::decode::Decode<'de, Context>`:
[INFO] [stdout]               ()
[INFO] [stdout]               Authentication
[INFO] [stdout]               AuthenticationSaslContinue
[INFO] [stdout]               AuthenticationSaslFinal
[INFO] [stdout]               BackendKeyData
[INFO] [stdout]               CommandComplete
[INFO] [stdout]               CopyData<bytes::Bytes>
[INFO] [stdout]               CopyDone
[INFO] [stdout]             and 10 others
[INFO] [stdout]     = note: this error might have been caused by changes to Rust's type-inference algorithm (see issue #148922 <https://github.com/rust-lang/rust/issues/148922> for more information)
[INFO] [stdout]     = help: you might have intended to use the type `()` here instead
[INFO] [stdout] note: required by a bound in `PgStream::recv_expect`
[INFO] [stdout]    --> /opt/rustwide/cargo-home/registry/src/index.crates.io-1949cf8c6b5b557f/sqlx-core-0.5.13/src/postgres/connection/stream.rs:64:45
[INFO] [stdout]     |
[INFO] [stdout]  38 | impl PgStream {
[INFO] [stdout] ...
[INFO] [stdout]  64 |     pub(crate) async fn recv_expect<'de, T: Decode<'de>>(
[INFO] [stdout]     |                                             ^^^^^^^^^^^ required by this bound in `PgStream::recv_expect`
[INFO] [stdout] 
[INFO] [stdout] 
[INFO] [stdout] error[E0277]: the trait bound `!: io::decode::Decode<'_>` is not satisfied
[INFO] [stdout]    --> /opt/rustwide/cargo-home/registry/src/index.crates.io-1949cf8c6b5b557f/sqlx-core-0.5.13/src/postgres/copy.rs:289:14
[INFO] [stdout]     |
[INFO] [stdout] 289 |             .await?;
[INFO] [stdout]     |              ^^^^^ the trait `io::decode::Decode<'_>` is not implemented for `!`
[INFO] [stdout]     |
[INFO] [stdout]     = help: the following other types implement trait `io::decode::Decode<'de, Context>`:
[INFO] [stdout]               ()
[INFO] [stdout]               Authentication
[INFO] [stdout]               AuthenticationSaslContinue
[INFO] [stdout]               AuthenticationSaslFinal
[INFO] [stdout]               BackendKeyData
[INFO] [stdout]               CommandComplete
[INFO] [stdout]               CopyData<bytes::Bytes>
[INFO] [stdout]               CopyDone
[INFO] [stdout]             and 10 others
[INFO] [stdout]     = note: this error might have been caused by changes to Rust's type-inference algorithm (see issue #148922 <https://github.com/rust-lang/rust/issues/148922> for more information)
[INFO] [stdout]     = help: you might have intended to use the type `()` here instead
[INFO] [stdout] note: required by a bound in `PgStream::recv_expect`
[INFO] [stdout]    --> /opt/rustwide/cargo-home/registry/src/index.crates.io-1949cf8c6b5b557f/sqlx-core-0.5.13/src/postgres/connection/stream.rs:64:45
[INFO] [stdout]     |
[INFO] [stdout]  38 | impl PgStream {
[INFO] [stdout] ...
[INFO] [stdout]  64 |     pub(crate) async fn recv_expect<'de, T: Decode<'de>>(
[INFO] [stdout]     |                                             ^^^^^^^^^^^ required by this bound in `PgStream::recv_expect`
[INFO] [stdout] 
[INFO] [stdout] 
[INFO] [stdout] error[E0277]: the trait bound `!: io::decode::Decode<'_>` is not satisfied
[INFO] [stdout]    --> /opt/rustwide/cargo-home/registry/src/index.crates.io-1949cf8c6b5b557f/sqlx-core-0.5.13/src/postgres/copy.rs:324:33
[INFO] [stdout]     |
[INFO] [stdout] 324 |                     conn.stream.recv_expect(MessageFormat::CommandComplete).await?;
[INFO] [stdout]     |                                 ^^^^^^^^^^^ the trait `io::decode::Decode<'_>` is not implemented for `!`
[INFO] [stdout]     |
[INFO] [stdout]     = help: the following other types implement trait `io::decode::Decode<'de, Context>`:
[INFO] [stdout]               ()
[INFO] [stdout]               Authentication
[INFO] [stdout]               AuthenticationSaslContinue
[INFO] [stdout]               AuthenticationSaslFinal
[INFO] [stdout]               BackendKeyData
[INFO] [stdout]               CommandComplete
[INFO] [stdout]               CopyData<bytes::Bytes>
[INFO] [stdout]               CopyDone
[INFO] [stdout]             and 10 others
[INFO] [stdout]     = note: this error might have been caused by changes to Rust's type-inference algorithm (see issue #148922 <https://github.com/rust-lang/rust/issues/148922> for more information)
[INFO] [stdout]     = help: you might have intended to use the type `()` here instead
[INFO] [stdout] note: required by a bound in `PgStream::recv_expect`
[INFO] [stdout]    --> /opt/rustwide/cargo-home/registry/src/index.crates.io-1949cf8c6b5b557f/sqlx-core-0.5.13/src/postgres/connection/stream.rs:64:45
[INFO] [stdout]     |
[INFO] [stdout]  38 | impl PgStream {
[INFO] [stdout] ...
[INFO] [stdout]  64 |     pub(crate) async fn recv_expect<'de, T: Decode<'de>>(
[INFO] [stdout]     |                                             ^^^^^^^^^^^ required by this bound in `PgStream::recv_expect`
[INFO] [stdout] 
[INFO] [stdout] 
[INFO] [stdout] error[E0277]: the trait bound `!: io::decode::Decode<'_>` is not satisfied
[INFO] [stdout]    --> /opt/rustwide/cargo-home/registry/src/index.crates.io-1949cf8c6b5b557f/sqlx-core-0.5.13/src/postgres/copy.rs:324:21
[INFO] [stdout]     |
[INFO] [stdout] 324 |                     conn.stream.recv_expect(MessageFormat::CommandComplete).await?;
[INFO] [stdout]     |                     ^^^^^^^^^^^^^^^^^^^^^^^^^^^^^^^^^^^^^^^^^^^^^^^^^^^^^^^ the trait `io::decode::Decode<'_>` is not implemented for `!`
[INFO] [stdout]     |
[INFO] [stdout]     = help: the following other types implement trait `io::decode::Decode<'de, Context>`:
[INFO] [stdout]               ()
[INFO] [stdout]               Authentication
[INFO] [stdout]               AuthenticationSaslContinue
[INFO] [stdout]               AuthenticationSaslFinal
[INFO] [stdout]               BackendKeyData
[INFO] [stdout]               CommandComplete
[INFO] [stdout]               CopyData<bytes::Bytes>
[INFO] [stdout]               CopyDone
[INFO] [stdout]             and 10 others
[INFO] [stdout]     = note: this error might have been caused by changes to Rust's type-inference algorithm (see issue #148922 <https://github.com/rust-lang/rust/issues/148922> for more information)
[INFO] [stdout]     = help: you might have intended to use the type `()` here instead
[INFO] [stdout] note: required by a bound in `PgStream::recv_expect`
[INFO] [stdout]    --> /opt/rustwide/cargo-home/registry/src/index.crates.io-1949cf8c6b5b557f/sqlx-core-0.5.13/src/postgres/connection/stream.rs:64:45
[INFO] [stdout]     |
[INFO] [stdout]  38 | impl PgStream {
[INFO] [stdout] ...
[INFO] [stdout]  64 |     pub(crate) async fn recv_expect<'de, T: Decode<'de>>(
[INFO] [stdout]     |                                             ^^^^^^^^^^^ required by this bound in `PgStream::recv_expect`
[INFO] [stdout] 
[INFO] [stdout] 
[INFO] [stdout] error[E0277]: the trait bound `!: io::decode::Decode<'_>` is not satisfied
[INFO] [stdout]    --> /opt/rustwide/cargo-home/registry/src/index.crates.io-1949cf8c6b5b557f/sqlx-core-0.5.13/src/postgres/copy.rs:325:33
[INFO] [stdout]     |
[INFO] [stdout] 325 |                     conn.stream.recv_expect(MessageFormat::ReadyForQuery).await?;
[INFO] [stdout]     |                                 ^^^^^^^^^^^ the trait `io::decode::Decode<'_>` is not implemented for `!`
[INFO] [stdout]     |
[INFO] [stdout]     = help: the following other types implement trait `io::decode::Decode<'de, Context>`:
[INFO] [stdout]               ()
[INFO] [stdout]               Authentication
[INFO] [stdout]               AuthenticationSaslContinue
[INFO] [stdout]               AuthenticationSaslFinal
[INFO] [stdout]               BackendKeyData
[INFO] [stdout]               CommandComplete
[INFO] [stdout]               CopyData<bytes::Bytes>
[INFO] [stdout]               CopyDone
[INFO] [stdout]             and 10 others
[INFO] [stdout]     = note: this error might have been caused by changes to Rust's type-inference algorithm (see issue #148922 <https://github.com/rust-lang/rust/issues/148922> for more information)
[INFO] [stdout]     = help: you might have intended to use the type `()` here instead
[INFO] [stdout] note: required by a bound in `PgStream::recv_expect`
[INFO] [stdout]    --> /opt/rustwide/cargo-home/registry/src/index.crates.io-1949cf8c6b5b557f/sqlx-core-0.5.13/src/postgres/connection/stream.rs:64:45
[INFO] [stdout]     |
[INFO] [stdout]  38 | impl PgStream {
[INFO] [stdout] ...
[INFO] [stdout]  64 |     pub(crate) async fn recv_expect<'de, T: Decode<'de>>(
[INFO] [stdout]     |                                             ^^^^^^^^^^^ required by this bound in `PgStream::recv_expect`
[INFO] [stdout] 
[INFO] [stdout] 
[INFO] [stdout] error[E0277]: the trait bound `!: io::decode::Decode<'_>` is not satisfied
[INFO] [stdout]    --> /opt/rustwide/cargo-home/registry/src/index.crates.io-1949cf8c6b5b557f/sqlx-core-0.5.13/src/postgres/copy.rs:325:21
[INFO] [stdout]     |
[INFO] [stdout] 325 |                     conn.stream.recv_expect(MessageFormat::ReadyForQuery).await?;
[INFO] [stdout]     |                     ^^^^^^^^^^^^^^^^^^^^^^^^^^^^^^^^^^^^^^^^^^^^^^^^^^^^^ the trait `io::decode::Decode<'_>` is not implemented for `!`
[INFO] [stdout]     |
[INFO] [stdout]     = help: the following other types implement trait `io::decode::Decode<'de, Context>`:
[INFO] [stdout]               ()
[INFO] [stdout]               Authentication
[INFO] [stdout]               AuthenticationSaslContinue
[INFO] [stdout]               AuthenticationSaslFinal
[INFO] [stdout]               BackendKeyData
[INFO] [stdout]               CommandComplete
[INFO] [stdout]               CopyData<bytes::Bytes>
[INFO] [stdout]               CopyDone
[INFO] [stdout]             and 10 others
[INFO] [stdout]     = note: this error might have been caused by changes to Rust's type-inference algorithm (see issue #148922 <https://github.com/rust-lang/rust/issues/148922> for more information)
[INFO] [stdout]     = help: you might have intended to use the type `()` here instead
[INFO] [stdout] note: required by a bound in `PgStream::recv_expect`
[INFO] [stdout]    --> /opt/rustwide/cargo-home/registry/src/index.crates.io-1949cf8c6b5b557f/sqlx-core-0.5.13/src/postgres/connection/stream.rs:64:45
[INFO] [stdout]     |
[INFO] [stdout]  38 | impl PgStream {
[INFO] [stdout] ...
[INFO] [stdout]  64 |     pub(crate) async fn recv_expect<'de, T: Decode<'de>>(
[INFO] [stdout]     |                                             ^^^^^^^^^^^ required by this bound in `PgStream::recv_expect`
[INFO] [stdout] 
[INFO] [stdout] 
[INFO] [stdout] error[E0277]: the trait bound `!: io::decode::Decode<'_>` is not satisfied
[INFO] [stdout]    --> /opt/rustwide/cargo-home/registry/src/index.crates.io-1949cf8c6b5b557f/sqlx-core-0.5.13/src/postgres/copy.rs:324:77
[INFO] [stdout]     |
[INFO] [stdout] 324 |                     conn.stream.recv_expect(MessageFormat::CommandComplete).await?;
[INFO] [stdout]     |                                                                             ^^^^^ the trait `io::decode::Decode<'_>` is not implemented for `!`
[INFO] [stdout]     |
[INFO] [stdout]     = help: the following other types implement trait `io::decode::Decode<'de, Context>`:
[INFO] [stdout]               ()
[INFO] [stdout]               Authentication
[INFO] [stdout]               AuthenticationSaslContinue
[INFO] [stdout]               AuthenticationSaslFinal
[INFO] [stdout]               BackendKeyData
[INFO] [stdout]               CommandComplete
[INFO] [stdout]               CopyData<bytes::Bytes>
[INFO] [stdout]               CopyDone
[INFO] [stdout]             and 10 others
[INFO] [stdout]     = note: this error might have been caused by changes to Rust's type-inference algorithm (see issue #148922 <https://github.com/rust-lang/rust/issues/148922> for more information)
[INFO] [stdout]     = help: you might have intended to use the type `()` here instead
[INFO] [stdout] note: required by a bound in `PgStream::recv_expect`
[INFO] [stdout]    --> /opt/rustwide/cargo-home/registry/src/index.crates.io-1949cf8c6b5b557f/sqlx-core-0.5.13/src/postgres/connection/stream.rs:64:45
[INFO] [stdout]     |
[INFO] [stdout]  38 | impl PgStream {
[INFO] [stdout] ...
[INFO] [stdout]  64 |     pub(crate) async fn recv_expect<'de, T: Decode<'de>>(
[INFO] [stdout]     |                                             ^^^^^^^^^^^ required by this bound in `PgStream::recv_expect`
[INFO] [stdout] 
[INFO] [stdout] 
[INFO] [stdout] error[E0277]: the trait bound `!: io::decode::Decode<'_>` is not satisfied
[INFO] [stdout]    --> /opt/rustwide/cargo-home/registry/src/index.crates.io-1949cf8c6b5b557f/sqlx-core-0.5.13/src/postgres/copy.rs:325:75
[INFO] [stdout]     |
[INFO] [stdout] 325 |                     conn.stream.recv_expect(MessageFormat::ReadyForQuery).await?;
[INFO] [stdout]     |                                                                           ^^^^^ the trait `io::decode::Decode<'_>` is not implemented for `!`
[INFO] [stdout]     |
[INFO] [stdout]     = help: the following other types implement trait `io::decode::Decode<'de, Context>`:
[INFO] [stdout]               ()
[INFO] [stdout]               Authentication
[INFO] [stdout]               AuthenticationSaslContinue
[INFO] [stdout]               AuthenticationSaslFinal
[INFO] [stdout]               BackendKeyData
[INFO] [stdout]               CommandComplete
[INFO] [stdout]               CopyData<bytes::Bytes>
[INFO] [stdout]               CopyDone
[INFO] [stdout]             and 10 others
[INFO] [stdout]     = note: this error might have been caused by changes to Rust's type-inference algorithm (see issue #148922 <https://github.com/rust-lang/rust/issues/148922> for more information)
[INFO] [stdout]     = help: you might have intended to use the type `()` here instead
[INFO] [stdout] note: required by a bound in `PgStream::recv_expect`
[INFO] [stdout]    --> /opt/rustwide/cargo-home/registry/src/index.crates.io-1949cf8c6b5b557f/sqlx-core-0.5.13/src/postgres/connection/stream.rs:64:45
[INFO] [stdout]     |
[INFO] [stdout]  38 | impl PgStream {
[INFO] [stdout] ...
[INFO] [stdout]  64 |     pub(crate) async fn recv_expect<'de, T: Decode<'de>>(
[INFO] [stdout]     |                                             ^^^^^^^^^^^ required by this bound in `PgStream::recv_expect`
[INFO] [stdout] 
[INFO] [stdout] 
[INFO] [stderr]    Compiling async-attributes v1.1.2
[INFO] [stderr]    Compiling sea-schema-derive v0.1.0
[INFO] [stderr]    Compiling sharded-slab v0.1.4
[INFO] [stderr]    Compiling iovec v0.1.4
[INFO] [stderr]    Compiling strsim v0.8.0
[INFO] [stderr]    Compiling async-std v1.12.0
[INFO] [stderr]    Compiling mio v0.6.23
[INFO] [stderr]    Compiling clap v2.34.0
[INFO] [stdout] error[E0277]: the trait bound `!: io::decode::Decode<'_>` is not satisfied
[INFO] [stdout]   --> /opt/rustwide/cargo-home/registry/src/index.crates.io-1949cf8c6b5b557f/sqlx-core-0.5.13/src/postgres/connection/executor.rs:67:10
[INFO] [stdout]    |
[INFO] [stdout] 67 |         .recv_expect(MessageFormat::ParseComplete)
[INFO] [stdout]    |          ^^^^^^^^^^^ the trait `io::decode::Decode<'_>` is not implemented for `!`
[INFO] [stdout]    |
[INFO] [stdout]    = help: the following other types implement trait `io::decode::Decode<'de, Context>`:
[INFO] [stdout]              ()
[INFO] [stdout]              Authentication
[INFO] [stdout]              AuthenticationSaslContinue
[INFO] [stdout]              AuthenticationSaslFinal
[INFO] [stdout]              BackendKeyData
[INFO] [stdout]              CommandComplete
[INFO] [stdout]              CopyData<bytes::Bytes>
[INFO] [stdout]              CopyDone
[INFO] [stdout]            and 10 others
[INFO] [stdout]    = note: this error might have been caused by changes to Rust's type-inference algorithm (see issue #148922 <https://github.com/rust-lang/rust/issues/148922> for more information)
[INFO] [stdout]    = help: you might have intended to use the type `()` here instead
[INFO] [stdout] note: required by a bound in `PgStream::recv_expect`
[INFO] [stdout]   --> /opt/rustwide/cargo-home/registry/src/index.crates.io-1949cf8c6b5b557f/sqlx-core-0.5.13/src/postgres/connection/stream.rs:64:45
[INFO] [stdout]    |
[INFO] [stdout] 38 | impl PgStream {
[INFO] [stdout] ...
[INFO] [stdout] 64 |     pub(crate) async fn recv_expect<'de, T: Decode<'de>>(
[INFO] [stdout]    |                                             ^^^^^^^^^^^ required by this bound in `PgStream::recv_expect`
[INFO] [stdout] 
[INFO] [stdout] 
[INFO] [stdout] error[E0277]: the trait bound `!: io::decode::Decode<'_>` is not satisfied
[INFO] [stdout]   --> /opt/rustwide/cargo-home/registry/src/index.crates.io-1949cf8c6b5b557f/sqlx-core-0.5.13/src/postgres/connection/executor.rs:65:13
[INFO] [stdout]    |
[INFO] [stdout] 65 |       let _ = conn
[INFO] [stdout]    |  _____________^
[INFO] [stdout] 66 | |         .stream
[INFO] [stdout] 67 | |         .recv_expect(MessageFormat::ParseComplete)
[INFO] [stdout]    | |__________________________________________________^ the trait `io::decode::Decode<'_>` is not implemented for `!`
[INFO] [stdout]    |
[INFO] [stdout]    = help: the following other types implement trait `io::decode::Decode<'de, Context>`:
[INFO] [stdout]              ()
[INFO] [stdout]              Authentication
[INFO] [stdout]              AuthenticationSaslContinue
[INFO] [stdout]              AuthenticationSaslFinal
[INFO] [stdout]              BackendKeyData
[INFO] [stdout]              CommandComplete
[INFO] [stdout]              CopyData<bytes::Bytes>
[INFO] [stdout]              CopyDone
[INFO] [stdout]            and 10 others
[INFO] [stdout]    = note: this error might have been caused by changes to Rust's type-inference algorithm (see issue #148922 <https://github.com/rust-lang/rust/issues/148922> for more information)
[INFO] [stdout]    = help: you might have intended to use the type `()` here instead
[INFO] [stdout] note: required by a bound in `PgStream::recv_expect`
[INFO] [stdout]   --> /opt/rustwide/cargo-home/registry/src/index.crates.io-1949cf8c6b5b557f/sqlx-core-0.5.13/src/postgres/connection/stream.rs:64:45
[INFO] [stdout]    |
[INFO] [stdout] 38 | impl PgStream {
[INFO] [stdout] ...
[INFO] [stdout] 64 |     pub(crate) async fn recv_expect<'de, T: Decode<'de>>(
[INFO] [stdout]    |                                             ^^^^^^^^^^^ required by this bound in `PgStream::recv_expect`
[INFO] [stdout] 
[INFO] [stdout] 
[INFO] [stdout] error[E0277]: the trait bound `!: io::decode::Decode<'_>` is not satisfied
[INFO] [stdout]   --> /opt/rustwide/cargo-home/registry/src/index.crates.io-1949cf8c6b5b557f/sqlx-core-0.5.13/src/postgres/connection/executor.rs:68:10
[INFO] [stdout]    |
[INFO] [stdout] 68 |         .await?;
[INFO] [stdout]    |          ^^^^^ the trait `io::decode::Decode<'_>` is not implemented for `!`
[INFO] [stdout]    |
[INFO] [stdout]    = help: the following other types implement trait `io::decode::Decode<'de, Context>`:
[INFO] [stdout]              ()
[INFO] [stdout]              Authentication
[INFO] [stdout]              AuthenticationSaslContinue
[INFO] [stdout]              AuthenticationSaslFinal
[INFO] [stdout]              BackendKeyData
[INFO] [stdout]              CommandComplete
[INFO] [stdout]              CopyData<bytes::Bytes>
[INFO] [stdout]              CopyDone
[INFO] [stdout]            and 10 others
[INFO] [stdout]    = note: this error might have been caused by changes to Rust's type-inference algorithm (see issue #148922 <https://github.com/rust-lang/rust/issues/148922> for more information)
[INFO] [stdout]    = help: you might have intended to use the type `()` here instead
[INFO] [stdout] note: required by a bound in `PgStream::recv_expect`
[INFO] [stdout]   --> /opt/rustwide/cargo-home/registry/src/index.crates.io-1949cf8c6b5b557f/sqlx-core-0.5.13/src/postgres/connection/stream.rs:64:45
[INFO] [stdout]    |
[INFO] [stdout] 38 | impl PgStream {
[INFO] [stdout] ...
[INFO] [stdout] 64 |     pub(crate) async fn recv_expect<'de, T: Decode<'de>>(
[INFO] [stdout]    |                                             ^^^^^^^^^^^ required by this bound in `PgStream::recv_expect`
[INFO] [stdout] 
[INFO] [stdout] 
[INFO] [stderr]    Compiling pest_generator v2.1.3
[INFO] [stderr]    Compiling sea-schema v0.8.1
[INFO] [stdout] error[E0277]: the trait bound `!: io::decode::Decode<'_>` is not satisfied
[INFO] [stdout]    --> /opt/rustwide/cargo-home/registry/src/index.crates.io-1949cf8c6b5b557f/sqlx-core-0.5.13/src/postgres/copy.rs:261:30
[INFO] [stdout]     |
[INFO] [stdout] 261 | ...                   .recv_expect(MessageFormat::ReadyForQuery)
[INFO] [stdout]     |                        ^^^^^^^^^^^ the trait `io::decode::Decode<'_>` is not implemented for `!`
[INFO] [stdout]     |
[INFO] [stdout]     = help: the following other types implement trait `io::decode::Decode<'de, Context>`:
[INFO] [stdout]               ()
[INFO] [stdout]               Authentication
[INFO] [stdout]               AuthenticationSaslContinue
[INFO] [stdout]               AuthenticationSaslFinal
[INFO] [stdout]               BackendKeyData
[INFO] [stdout]               CommandComplete
[INFO] [stdout]               CopyData<bytes::Bytes>
[INFO] [stdout]               CopyDone
[INFO] [stdout]             and 10 others
[INFO] [stdout]     = note: this error might have been caused by changes to Rust's type-inference algorithm (see issue #148922 <https://github.com/rust-lang/rust/issues/148922> for more information)
[INFO] [stdout]     = help: you might have intended to use the type `()` here instead
[INFO] [stdout] note: required by a bound in `PgStream::recv_expect`
[INFO] [stdout]    --> /opt/rustwide/cargo-home/registry/src/index.crates.io-1949cf8c6b5b557f/sqlx-core-0.5.13/src/postgres/connection/stream.rs:64:45
[INFO] [stdout]     |
[INFO] [stdout]  38 | impl PgStream {
[INFO] [stdout] ...
[INFO] [stdout]  64 |     pub(crate) async fn recv_expect<'de, T: Decode<'de>>(
[INFO] [stdout]     |                                             ^^^^^^^^^^^ required by this bound in `PgStream::recv_expect`
[INFO] [stdout] 
[INFO] [stdout] 
[INFO] [stdout] error[E0277]: the trait bound `!: io::decode::Decode<'_>` is not satisfied
[INFO] [stdout]    --> /opt/rustwide/cargo-home/registry/src/index.crates.io-1949cf8c6b5b557f/sqlx-core-0.5.13/src/postgres/copy.rs:260:25
[INFO] [stdout]     |
[INFO] [stdout] 260 | /                         conn.stream
[INFO] [stdout] 261 | |                             .recv_expect(MessageFormat::ReadyForQuery)
[INFO] [stdout]     | |______________________________________________________________________^ the trait `io::decode::Decode<'_>` is not implemented for `!`
[INFO] [stdout]     |
[INFO] [stdout]     = help: the following other types implement trait `io::decode::Decode<'de, Context>`:
[INFO] [stdout]               ()
[INFO] [stdout]               Authentication
[INFO] [stdout]               AuthenticationSaslContinue
[INFO] [stdout]               AuthenticationSaslFinal
[INFO] [stdout]               BackendKeyData
[INFO] [stdout]               CommandComplete
[INFO] [stdout]               CopyData<bytes::Bytes>
[INFO] [stdout]               CopyDone
[INFO] [stdout]             and 10 others
[INFO] [stdout]     = note: this error might have been caused by changes to Rust's type-inference algorithm (see issue #148922 <https://github.com/rust-lang/rust/issues/148922> for more information)
[INFO] [stdout]     = help: you might have intended to use the type `()` here instead
[INFO] [stdout] note: required by a bound in `PgStream::recv_expect`
[INFO] [stdout]    --> /opt/rustwide/cargo-home/registry/src/index.crates.io-1949cf8c6b5b557f/sqlx-core-0.5.13/src/postgres/connection/stream.rs:64:45
[INFO] [stdout]     |
[INFO] [stdout]  38 | impl PgStream {
[INFO] [stdout] ...
[INFO] [stdout]  64 |     pub(crate) async fn recv_expect<'de, T: Decode<'de>>(
[INFO] [stdout]     |                                             ^^^^^^^^^^^ required by this bound in `PgStream::recv_expect`
[INFO] [stdout] 
[INFO] [stdout] 
[INFO] [stdout] error[E0277]: the trait bound `!: io::decode::Decode<'_>` is not satisfied
[INFO] [stdout]    --> /opt/rustwide/cargo-home/registry/src/index.crates.io-1949cf8c6b5b557f/sqlx-core-0.5.13/src/postgres/copy.rs:262:30
[INFO] [stdout]     |
[INFO] [stdout] 262 | ...                   .await?;
[INFO] [stdout]     |                        ^^^^^ the trait `io::decode::Decode<'_>` is not implemented for `!`
[INFO] [stdout]     |
[INFO] [stdout]     = help: the following other types implement trait `io::decode::Decode<'de, Context>`:
[INFO] [stdout]               ()
[INFO] [stdout]               Authentication
[INFO] [stdout]               AuthenticationSaslContinue
[INFO] [stdout]               AuthenticationSaslFinal
[INFO] [stdout]               BackendKeyData
[INFO] [stdout]               CommandComplete
[INFO] [stdout]               CopyData<bytes::Bytes>
[INFO] [stdout]               CopyDone
[INFO] [stdout]             and 10 others
[INFO] [stdout]     = note: this error might have been caused by changes to Rust's type-inference algorithm (see issue #148922 <https://github.com/rust-lang/rust/issues/148922> for more information)
[INFO] [stdout]     = help: you might have intended to use the type `()` here instead
[INFO] [stdout] note: required by a bound in `PgStream::recv_expect`
[INFO] [stdout]    --> /opt/rustwide/cargo-home/registry/src/index.crates.io-1949cf8c6b5b557f/sqlx-core-0.5.13/src/postgres/connection/stream.rs:64:45
[INFO] [stdout]     |
[INFO] [stdout]  38 | impl PgStream {
[INFO] [stdout] ...
[INFO] [stdout]  64 |     pub(crate) async fn recv_expect<'de, T: Decode<'de>>(
[INFO] [stdout]     |                                             ^^^^^^^^^^^ required by this bound in `PgStream::recv_expect`
[INFO] [stdout] 
[INFO] [stdout] 
[INFO] [stdout] error[E0277]: the trait bound `!: io::decode::Decode<'_>` is not satisfied
[INFO] [stdout]    --> /opt/rustwide/cargo-home/registry/src/index.crates.io-1949cf8c6b5b557f/sqlx-core-0.5.13/src/postgres/copy.rs:288:14
[INFO] [stdout]     |
[INFO] [stdout] 288 |             .recv_expect(MessageFormat::ReadyForQuery)
[INFO] [stdout]     |              ^^^^^^^^^^^ the trait `io::decode::Decode<'_>` is not implemented for `!`
[INFO] [stdout]     |
[INFO] [stdout]     = help: the following other types implement trait `io::decode::Decode<'de, Context>`:
[INFO] [stdout]               ()
[INFO] [stdout]               Authentication
[INFO] [stdout]               AuthenticationSaslContinue
[INFO] [stdout]               AuthenticationSaslFinal
[INFO] [stdout]               BackendKeyData
[INFO] [stdout]               CommandComplete
[INFO] [stdout]               CopyData<bytes::Bytes>
[INFO] [stdout]               CopyDone
[INFO] [stdout]             and 10 others
[INFO] [stdout]     = note: this error might have been caused by changes to Rust's type-inference algorithm (see issue #148922 <https://github.com/rust-lang/rust/issues/148922> for more information)
[INFO] [stdout]     = help: you might have intended to use the type `()` here instead
[INFO] [stdout] note: required by a bound in `PgStream::recv_expect`
[INFO] [stdout]    --> /opt/rustwide/cargo-home/registry/src/index.crates.io-1949cf8c6b5b557f/sqlx-core-0.5.13/src/postgres/connection/stream.rs:64:45
[INFO] [stdout]     |
[INFO] [stdout]  38 | impl PgStream {
[INFO] [stdout] ...
[INFO] [stdout]  64 |     pub(crate) async fn recv_expect<'de, T: Decode<'de>>(
[INFO] [stdout]     |                                             ^^^^^^^^^^^ required by this bound in `PgStream::recv_expect`
[INFO] [stdout] 
[INFO] [stdout] 
[INFO] [stdout] error[E0277]: the trait bound `!: io::decode::Decode<'_>` is not satisfied
[INFO] [stdout]    --> /opt/rustwide/cargo-home/registry/src/index.crates.io-1949cf8c6b5b557f/sqlx-core-0.5.13/src/postgres/copy.rs:287:9
[INFO] [stdout]     |
[INFO] [stdout] 287 | /         conn.stream
[INFO] [stdout] 288 | |             .recv_expect(MessageFormat::ReadyForQuery)
[INFO] [stdout]     | |______________________________________________________^ the trait `io::decode::Decode<'_>` is not implemented for `!`
[INFO] [stdout]     |
[INFO] [stdout]     = help: the following other types implement trait `io::decode::Decode<'de, Context>`:
[INFO] [stdout]               ()
[INFO] [stdout]               Authentication
[INFO] [stdout]               AuthenticationSaslContinue
[INFO] [stdout]               AuthenticationSaslFinal
[INFO] [stdout]               BackendKeyData
[INFO] [stdout]               CommandComplete
[INFO] [stdout]               CopyData<bytes::Bytes>
[INFO] [stdout]               CopyDone
[INFO] [stdout]             and 10 others
[INFO] [stdout]     = note: this error might have been caused by changes to Rust's type-inference algorithm (see issue #148922 <https://github.com/rust-lang/rust/issues/148922> for more information)
[INFO] [stdout]     = help: you might have intended to use the type `()` here instead
[INFO] [stdout] note: required by a bound in `PgStream::recv_expect`
[INFO] [stdout]    --> /opt/rustwide/cargo-home/registry/src/index.crates.io-1949cf8c6b5b557f/sqlx-core-0.5.13/src/postgres/connection/stream.rs:64:45
[INFO] [stdout]     |
[INFO] [stdout]  38 | impl PgStream {
[INFO] [stdout] ...
[INFO] [stdout]  64 |     pub(crate) async fn recv_expect<'de, T: Decode<'de>>(
[INFO] [stdout]     |                                             ^^^^^^^^^^^ required by this bound in `PgStream::recv_expect`
[INFO] [stdout] 
[INFO] [stdout] 
[INFO] [stdout] error[E0277]: the trait bound `!: io::decode::Decode<'_>` is not satisfied
[INFO] [stdout]    --> /opt/rustwide/cargo-home/registry/src/index.crates.io-1949cf8c6b5b557f/sqlx-core-0.5.13/src/postgres/copy.rs:289:14
[INFO] [stdout]     |
[INFO] [stdout] 289 |             .await?;
[INFO] [stdout]     |              ^^^^^ the trait `io::decode::Decode<'_>` is not implemented for `!`
[INFO] [stdout]     |
[INFO] [stdout]     = help: the following other types implement trait `io::decode::Decode<'de, Context>`:
[INFO] [stdout]               ()
[INFO] [stdout]               Authentication
[INFO] [stdout]               AuthenticationSaslContinue
[INFO] [stdout]               AuthenticationSaslFinal
[INFO] [stdout]               BackendKeyData
[INFO] [stdout]               CommandComplete
[INFO] [stdout]               CopyData<bytes::Bytes>
[INFO] [stdout]               CopyDone
[INFO] [stdout]             and 10 others
[INFO] [stdout]     = note: this error might have been caused by changes to Rust's type-inference algorithm (see issue #148922 <https://github.com/rust-lang/rust/issues/148922> for more information)
[INFO] [stdout]     = help: you might have intended to use the type `()` here instead
[INFO] [stdout] note: required by a bound in `PgStream::recv_expect`
[INFO] [stdout]    --> /opt/rustwide/cargo-home/registry/src/index.crates.io-1949cf8c6b5b557f/sqlx-core-0.5.13/src/postgres/connection/stream.rs:64:45
[INFO] [stdout]     |
[INFO] [stdout]  38 | impl PgStream {
[INFO] [stdout] ...
[INFO] [stdout]  64 |     pub(crate) async fn recv_expect<'de, T: Decode<'de>>(
[INFO] [stdout]     |                                             ^^^^^^^^^^^ required by this bound in `PgStream::recv_expect`
[INFO] [stdout] 
[INFO] [stdout] 
[INFO] [stdout] error[E0277]: the trait bound `!: io::decode::Decode<'_>` is not satisfied
[INFO] [stdout]    --> /opt/rustwide/cargo-home/registry/src/index.crates.io-1949cf8c6b5b557f/sqlx-core-0.5.13/src/postgres/copy.rs:324:33
[INFO] [stdout]     |
[INFO] [stdout] 324 |                     conn.stream.recv_expect(MessageFormat::CommandComplete).await?;
[INFO] [stdout]     |                                 ^^^^^^^^^^^ the trait `io::decode::Decode<'_>` is not implemented for `!`
[INFO] [stdout]     |
[INFO] [stdout]     = help: the following other types implement trait `io::decode::Decode<'de, Context>`:
[INFO] [stdout]               ()
[INFO] [stdout]               Authentication
[INFO] [stdout]               AuthenticationSaslContinue
[INFO] [stdout]               AuthenticationSaslFinal
[INFO] [stdout]               BackendKeyData
[INFO] [stdout]               CommandComplete
[INFO] [stdout]               CopyData<bytes::Bytes>
[INFO] [stdout]               CopyDone
[INFO] [stdout]             and 10 others
[INFO] [stdout]     = note: this error might have been caused by changes to Rust's type-inference algorithm (see issue #148922 <https://github.com/rust-lang/rust/issues/148922> for more information)
[INFO] [stdout]     = help: you might have intended to use the type `()` here instead
[INFO] [stdout] note: required by a bound in `PgStream::recv_expect`
[INFO] [stdout]    --> /opt/rustwide/cargo-home/registry/src/index.crates.io-1949cf8c6b5b557f/sqlx-core-0.5.13/src/postgres/connection/stream.rs:64:45
[INFO] [stdout]     |
[INFO] [stdout]  38 | impl PgStream {
[INFO] [stdout] ...
[INFO] [stdout]  64 |     pub(crate) async fn recv_expect<'de, T: Decode<'de>>(
[INFO] [stdout]     |                                             ^^^^^^^^^^^ required by this bound in `PgStream::recv_expect`
[INFO] [stdout] 
[INFO] [stdout] 
[INFO] [stdout] error[E0277]: the trait bound `!: io::decode::Decode<'_>` is not satisfied
[INFO] [stdout]    --> /opt/rustwide/cargo-home/registry/src/index.crates.io-1949cf8c6b5b557f/sqlx-core-0.5.13/src/postgres/copy.rs:324:21
[INFO] [stdout]     |
[INFO] [stdout] 324 |                     conn.stream.recv_expect(MessageFormat::CommandComplete).await?;
[INFO] [stdout]     |                     ^^^^^^^^^^^^^^^^^^^^^^^^^^^^^^^^^^^^^^^^^^^^^^^^^^^^^^^ the trait `io::decode::Decode<'_>` is not implemented for `!`
[INFO] [stdout]     |
[INFO] [stdout]     = help: the following other types implement trait `io::decode::Decode<'de, Context>`:
[INFO] [stdout]               ()
[INFO] [stdout]               Authentication
[INFO] [stdout]               AuthenticationSaslContinue
[INFO] [stdout]               AuthenticationSaslFinal
[INFO] [stdout]               BackendKeyData
[INFO] [stdout]               CommandComplete
[INFO] [stdout]               CopyData<bytes::Bytes>
[INFO] [stdout]               CopyDone
[INFO] [stdout]             and 10 others
[INFO] [stdout]     = note: this error might have been caused by changes to Rust's type-inference algorithm (see issue #148922 <https://github.com/rust-lang/rust/issues/148922> for more information)
[INFO] [stdout]     = help: you might have intended to use the type `()` here instead
[INFO] [stdout] note: required by a bound in `PgStream::recv_expect`
[INFO] [stdout]    --> /opt/rustwide/cargo-home/registry/src/index.crates.io-1949cf8c6b5b557f/sqlx-core-0.5.13/src/postgres/connection/stream.rs:64:45
[INFO] [stdout]     |
[INFO] [stdout]  38 | impl PgStream {
[INFO] [stdout] ...
[INFO] [stdout]  64 |     pub(crate) async fn recv_expect<'de, T: Decode<'de>>(
[INFO] [stdout]     |                                             ^^^^^^^^^^^ required by this bound in `PgStream::recv_expect`
[INFO] [stdout] 
[INFO] [stdout] 
[INFO] [stdout] error[E0277]: the trait bound `!: io::decode::Decode<'_>` is not satisfied
[INFO] [stdout]    --> /opt/rustwide/cargo-home/registry/src/index.crates.io-1949cf8c6b5b557f/sqlx-core-0.5.13/src/postgres/copy.rs:325:33
[INFO] [stdout]     |
[INFO] [stdout] 325 |                     conn.stream.recv_expect(MessageFormat::ReadyForQuery).await?;
[INFO] [stdout]     |                                 ^^^^^^^^^^^ the trait `io::decode::Decode<'_>` is not implemented for `!`
[INFO] [stdout]     |
[INFO] [stdout]     = help: the following other types implement trait `io::decode::Decode<'de, Context>`:
[INFO] [stdout]               ()
[INFO] [stdout]               Authentication
[INFO] [stdout]               AuthenticationSaslContinue
[INFO] [stdout]               AuthenticationSaslFinal
[INFO] [stdout]               BackendKeyData
[INFO] [stdout]               CommandComplete
[INFO] [stdout]               CopyData<bytes::Bytes>
[INFO] [stdout]               CopyDone
[INFO] [stdout]             and 10 others
[INFO] [stdout]     = note: this error might have been caused by changes to Rust's type-inference algorithm (see issue #148922 <https://github.com/rust-lang/rust/issues/148922> for more information)
[INFO] [stdout]     = help: you might have intended to use the type `()` here instead
[INFO] [stdout] note: required by a bound in `PgStream::recv_expect`
[INFO] [stdout]    --> /opt/rustwide/cargo-home/registry/src/index.crates.io-1949cf8c6b5b557f/sqlx-core-0.5.13/src/postgres/connection/stream.rs:64:45
[INFO] [stdout]     |
[INFO] [stdout]  38 | impl PgStream {
[INFO] [stdout] ...
[INFO] [stdout]  64 |     pub(crate) async fn recv_expect<'de, T: Decode<'de>>(
[INFO] [stdout]     |                                             ^^^^^^^^^^^ required by this bound in `PgStream::recv_expect`
[INFO] [stdout] 
[INFO] [stdout] 
[INFO] [stdout] error[E0277]: the trait bound `!: io::decode::Decode<'_>` is not satisfied
[INFO] [stdout]    --> /opt/rustwide/cargo-home/registry/src/index.crates.io-1949cf8c6b5b557f/sqlx-core-0.5.13/src/postgres/copy.rs:325:21
[INFO] [stdout]     |
[INFO] [stdout] 325 |                     conn.stream.recv_expect(MessageFormat::ReadyForQuery).await?;
[INFO] [stdout]     |                     ^^^^^^^^^^^^^^^^^^^^^^^^^^^^^^^^^^^^^^^^^^^^^^^^^^^^^ the trait `io::decode::Decode<'_>` is not implemented for `!`
[INFO] [stdout]     |
[INFO] [stdout]     = help: the following other types implement trait `io::decode::Decode<'de, Context>`:
[INFO] [stdout]               ()
[INFO] [stdout]               Authentication
[INFO] [stdout]               AuthenticationSaslContinue
[INFO] [stdout]               AuthenticationSaslFinal
[INFO] [stdout]               BackendKeyData
[INFO] [stdout]               CommandComplete
[INFO] [stdout]               CopyData<bytes::Bytes>
[INFO] [stdout]               CopyDone
[INFO] [stdout]             and 10 others
[INFO] [stdout]     = note: this error might have been caused by changes to Rust's type-inference algorithm (see issue #148922 <https://github.com/rust-lang/rust/issues/148922> for more information)
[INFO] [stdout]     = help: you might have intended to use the type `()` here instead
[INFO] [stdout] note: required by a bound in `PgStream::recv_expect`
[INFO] [stdout]    --> /opt/rustwide/cargo-home/registry/src/index.crates.io-1949cf8c6b5b557f/sqlx-core-0.5.13/src/postgres/connection/stream.rs:64:45
[INFO] [stdout]     |
[INFO] [stdout]  38 | impl PgStream {
[INFO] [stdout] ...
[INFO] [stdout]  64 |     pub(crate) async fn recv_expect<'de, T: Decode<'de>>(
[INFO] [stdout]     |                                             ^^^^^^^^^^^ required by this bound in `PgStream::recv_expect`
[INFO] [stdout] 
[INFO] [stdout] 
[INFO] [stdout] error[E0277]: the trait bound `!: io::decode::Decode<'_>` is not satisfied
[INFO] [stdout]    --> /opt/rustwide/cargo-home/registry/src/index.crates.io-1949cf8c6b5b557f/sqlx-core-0.5.13/src/postgres/copy.rs:324:77
[INFO] [stdout]     |
[INFO] [stdout] 324 |                     conn.stream.recv_expect(MessageFormat::CommandComplete).await?;
[INFO] [stdout]     |                                                                             ^^^^^ the trait `io::decode::Decode<'_>` is not implemented for `!`
[INFO] [stdout]     |
[INFO] [stdout]     = help: the following other types implement trait `io::decode::Decode<'de, Context>`:
[INFO] [stdout]               ()
[INFO] [stdout]               Authentication
[INFO] [stdout]               AuthenticationSaslContinue
[INFO] [stdout]               AuthenticationSaslFinal
[INFO] [stdout]               BackendKeyData
[INFO] [stdout]               CommandComplete
[INFO] [stdout]               CopyData<bytes::Bytes>
[INFO] [stdout]               CopyDone
[INFO] [stdout]             and 10 others
[INFO] [stdout]     = note: this error might have been caused by changes to Rust's type-inference algorithm (see issue #148922 <https://github.com/rust-lang/rust/issues/148922> for more information)
[INFO] [stdout]     = help: you might have intended to use the type `()` here instead
[INFO] [stdout] note: required by a bound in `PgStream::recv_expect`
[INFO] [stdout]    --> /opt/rustwide/cargo-home/registry/src/index.crates.io-1949cf8c6b5b557f/sqlx-core-0.5.13/src/postgres/connection/stream.rs:64:45
[INFO] [stdout]     |
[INFO] [stdout]  38 | impl PgStream {
[INFO] [stdout] ...
[INFO] [stdout]  64 |     pub(crate) async fn recv_expect<'de, T: Decode<'de>>(
[INFO] [stdout]     |                                             ^^^^^^^^^^^ required by this bound in `PgStream::recv_expect`
[INFO] [stdout] 
[INFO] [stdout] 
[INFO] [stdout] error[E0277]: the trait bound `!: io::decode::Decode<'_>` is not satisfied
[INFO] [stdout]    --> /opt/rustwide/cargo-home/registry/src/index.crates.io-1949cf8c6b5b557f/sqlx-core-0.5.13/src/postgres/copy.rs:325:75
[INFO] [stdout]     |
[INFO] [stdout] 325 |                     conn.stream.recv_expect(MessageFormat::ReadyForQuery).await?;
[INFO] [stdout]     |                                                                           ^^^^^ the trait `io::decode::Decode<'_>` is not implemented for `!`
[INFO] [stdout]     |
[INFO] [stdout]     = help: the following other types implement trait `io::decode::Decode<'de, Context>`:
[INFO] [stdout]               ()
[INFO] [stdout]               Authentication
[INFO] [stdout]               AuthenticationSaslContinue
[INFO] [stdout]               AuthenticationSaslFinal
[INFO] [stdout]               BackendKeyData
[INFO] [stdout]               CommandComplete
[INFO] [stdout]               CopyData<bytes::Bytes>
[INFO] [stdout]               CopyDone
[INFO] [stdout]             and 10 others
[INFO] [stdout]     = note: this error might have been caused by changes to Rust's type-inference algorithm (see issue #148922 <https://github.com/rust-lang/rust/issues/148922> for more information)
[INFO] [stdout]     = help: you might have intended to use the type `()` here instead
[INFO] [stdout] note: required by a bound in `PgStream::recv_expect`
[INFO] [stdout]    --> /opt/rustwide/cargo-home/registry/src/index.crates.io-1949cf8c6b5b557f/sqlx-core-0.5.13/src/postgres/connection/stream.rs:64:45
[INFO] [stdout]     |
[INFO] [stdout]  38 | impl PgStream {
[INFO] [stdout] ...
[INFO] [stdout]  64 |     pub(crate) async fn recv_expect<'de, T: Decode<'de>>(
[INFO] [stdout]     |                                             ^^^^^^^^^^^ required by this bound in `PgStream::recv_expect`
[INFO] [stdout] 
[INFO] [stdout] 
[INFO] [stderr]    Compiling tracing-subscriber v0.3.11
[INFO] [stderr]    Compiling ignore v0.4.18
[INFO] [stderr]    Compiling unic-ucd-segment v0.9.0
[INFO] [stderr] error: could not compile `h2` (lib)
[INFO] [stderr] 
[INFO] [stderr] Caused by:
[INFO] [stderr]   process didn't exit successfully: `/opt/rustwide/rustup-home/toolchains/1.100.0-beta.1-x86_64-unknown-linux-gnu/bin/rustc --crate-name h2 --edition=2018 /opt/rustwide/cargo-home/registry/src/index.crates.io-1949cf8c6b5b557f/h2-0.3.13/src/lib.rs --error-format=json --json=diagnostic-rendered-ansi,artifacts,future-incompat,unused-externs-silent --crate-type lib --emit=dep-info,metadata,link -C opt-level=3 -C embed-bitcode=no --check-cfg 'cfg(docsrs,test)' --check-cfg 'cfg(feature, values("stream", "unstable"))' -C metadata=d7fda7db44325c44 -C extra-filename=-8975fb77c97ebdb8 --out-dir /opt/rustwide/target/release/build/h2/8975fb77c97ebdb8/out -C strip=debuginfo -L dependency=/opt/rustwide/target/release/build/bytes/b6d154c3fb16e0fb/out -L dependency=/opt/rustwide/target/release/build/cfg-if/193575a6b29a3ab9/out -L dependency=/opt/rustwide/target/release/build/ctor/e3a76bf25666a9ee/out -L dependency=/opt/rustwide/target/release/build/fnv/98df728fc8020158/out -L dependency=/opt/rustwide/target/release/build/futures-channel/83371b79766b5f68/out -L dependency=/opt/rustwide/target/release/build/futures-core/9955b4b881030e66/out -L dependency=/opt/rustwide/target/release/build/futures-io/05319c9f21356491/out -L dependency=/opt/rustwide/target/release/build/futures-macro/493c3079f67b3103/out -L dependency=/opt/rustwide/target/release/build/futures-sink/8c0fc8966064e373/out -L dependency=/opt/rustwide/target/release/build/futures-task/bdadee51ab3cbfa7/out -L dependency=/opt/rustwide/target/release/build/hashbrown/9db1a2a1b6a07cf2/out -L dependency=/opt/rustwide/target/release/build/itoa/332a70cac1aaa36b/out -L dependency=/opt/rustwide/target/release/build/libc/055c1859b0ca7827/out -L dependency=/opt/rustwide/target/release/build/log/f6045ebd3a1b4026/out -L dependency=/opt/rustwide/target/release/build/memchr/4c2333bb57774a0f/out -L dependency=/opt/rustwide/target/release/build/mio/846a611316819cc2/out -L dependency=/opt/rustwide/target/release/build/num_cpus/282f4d3c3c7256b7/out -L dependency=/opt/rustwide/target/release/build/once_cell/04aec6b5adb73aca/out -L dependency=/opt/rustwide/target/release/build/pin-project-lite/5d685072b05426e1/out -L dependency=/opt/rustwide/target/release/build/pin-utils/bd5b26767cd4a338/out -L dependency=/opt/rustwide/target/release/build/serde/0772a22e4bcb3c80/out -L dependency=/opt/rustwide/target/release/build/serde_derive/370d6fe90e517f8b/out -L dependency=/opt/rustwide/target/release/build/signal-hook-registry/7b44b6aaa3a5a050/out -L dependency=/opt/rustwide/target/release/build/slab/b0fd4cb59c61f0be/out -L dependency=/opt/rustwide/target/release/build/socket2/73e1022d0fafa6df/out -L dependency=/opt/rustwide/target/release/build/tokio-macros/a1d62bde53c61a6a/out -L dependency=/opt/rustwide/target/release/build/tokio/7fcb39a39415369e/out -L dependency=/opt/rustwide/target/release/build/tracing-attributes/156ede505f18139c/out -L dependency=/opt/rustwide/target/release/build/tracing-core/b78faae163c43205/out -L dependency=/opt/rustwide/target/release/build/tracing/97ca4b25bb047785/out -L dependency=/opt/rustwide/target/release/build/value-bag/c513af7bf3dd3e9c/out --extern bytes=/opt/rustwide/target/release/build/bytes/b6d154c3fb16e0fb/out/libbytes-b6d154c3fb16e0fb.rmeta --extern fnv=/opt/rustwide/target/release/build/fnv/98df728fc8020158/out/libfnv-98df728fc8020158.rmeta --extern futures_core=/opt/rustwide/target/release/build/futures-core/9955b4b881030e66/out/libfutures_core-9955b4b881030e66.rmeta --extern futures_sink=/opt/rustwide/target/release/build/futures-sink/8c0fc8966064e373/out/libfutures_sink-8c0fc8966064e373.rmeta --extern futures_util=/opt/rustwide/target/release/build/futures-util/a3a65a646d2ef7f6/out/libfutures_util-a3a65a646d2ef7f6.rmeta --extern http=/opt/rustwide/target/release/build/http/18cc96172d9bffd7/out/libhttp-18cc96172d9bffd7.rmeta --extern indexmap=/opt/rustwide/target/release/build/indexmap/bb85147a60778b12/out/libindexmap-bb85147a60778b12.rmeta --extern slab=/opt/rustwide/target/release/build/slab/b0fd4cb59c61f0be/out/libslab-b0fd4cb59c61f0be.rmeta --extern tokio=/opt/rustwide/target/release/build/tokio/7fcb39a39415369e/out/libtokio-7fcb39a39415369e.rmeta --extern tokio_util=/opt/rustwide/target/release/build/tokio-util/039b9ec195be52cb/out/libtokio_util-039b9ec195be52cb.rmeta --extern tracing=/opt/rustwide/target/release/build/tracing/97ca4b25bb047785/out/libtracing-97ca4b25bb047785.rmeta --cap-lints allow --cap-lints=warn --force-warn=unused_crate_dependencies` (signal: 9, SIGKILL: kill)
[INFO] [stderr] warning: build failed, waiting for other jobs to finish...
[INFO] [stderr] error: could not compile `sqlx-core` (lib) due to 15 previous errors
[INFO] [stderr] 
[INFO] [stderr] Caused by:
[INFO] [stderr]   process didn't exit successfully: `/opt/rustwide/rustup-home/toolchains/1.100.0-beta.1-x86_64-unknown-linux-gnu/bin/rustc --crate-name sqlx_core --edition=2018 /opt/rustwide/cargo-home/registry/src/index.crates.io-1949cf8c6b5b557f/sqlx-core-0.5.13/src/lib.rs --error-format=json --json=diagnostic-rendered-ansi,artifacts,future-incompat,unused-externs-silent --crate-type lib --emit=dep-info,metadata,link -C opt-level=3 -C embed-bitcode=no --cfg 'feature="_rt-tokio"' --cfg 'feature="_tls-native-tls"' --cfg 'feature="base64"' --cfg 'feature="chrono"' --cfg 'feature="crc"' --cfg 'feature="decimal"' --cfg 'feature="dirs"' --cfg 'feature="hkdf"' --cfg 'feature="hmac"' --cfg 'feature="json"' --cfg 'feature="md-5"' --cfg 'feature="migrate"' --cfg 'feature="num-bigint"' --cfg 'feature="postgres"' --cfg 'feature="rand"' --cfg 'feature="runtime-tokio-native-tls"' --cfg 'feature="rust_decimal"' --cfg 'feature="serde"' --cfg 'feature="serde_json"' --cfg 'feature="sha-1"' --cfg 'feature="sha2"' --cfg 'feature="time"' --cfg 'feature="tokio-stream"' --cfg 'feature="uuid"' --cfg 'feature="whoami"' --check-cfg 'cfg(docsrs,test)' --check-cfg 'cfg(feature, values("_rt-actix", "_rt-async-std", "_rt-tokio", "_tls-native-tls", "_tls-rustls", "all-databases", "all-types", "any", "base64", "bigdecimal", "bigdecimal_", "bit-vec", "bstr", "chrono", "crc", "decimal", "default", "digest", "dirs", "encoding_rs", "flume", "futures-executor", "generic-array", "git2", "hkdf", "hmac", "ipnetwork", "json", "libsqlite3-sys", "mac_address", "md-5", "migrate", "mssql", "mysql", "num-bigint", "offline", "postgres", "rand", "regex", "rsa", "runtime-actix-native-tls", "runtime-actix-rustls", "runtime-async-std-native-tls", "runtime-async-std-rustls", "runtime-tokio-native-tls", "runtime-tokio-rustls", "rust_decimal", "rustls", "serde", "serde_json", "sha-1", "sha2", "sqlite", "time", "tokio-stream", "uuid", "webpki", "webpki-roots", "whoami"))' -C metadata=0a4a23d6a63b976d -C extra-filename=-3a90bee5b299a91f --out-dir /opt/rustwide/target/release/build/sqlx-core/3a90bee5b299a91f/out -C strip=debuginfo -L dependency=/opt/rustwide/target/release/build/ahash/a12ea6ace86fc6af/out -L dependency=/opt/rustwide/target/release/build/arrayvec/80dabb1189dee06b/out -L dependency=/opt/rustwide/target/release/build/bitflags/68973b8086863992/out -L dependency=/opt/rustwide/target/release/build/block-buffer/06066eeb9de82402/out -L dependency=/opt/rustwide/target/release/build/bytes/b6d154c3fb16e0fb/out -L dependency=/opt/rustwide/target/release/build/cfg-if/193575a6b29a3ab9/out -L dependency=/opt/rustwide/target/release/build/const_fn/2f2245f2557fb28f/out -L dependency=/opt/rustwide/target/release/build/cpufeatures/0a83267d20bd04a9/out -L dependency=/opt/rustwide/target/release/build/crc-catalog/889d17c8d0c370d7/out -L dependency=/opt/rustwide/target/release/build/crossbeam-utils/1ca3c47927854e6a/out -L dependency=/opt/rustwide/target/release/build/crypto-common/addcd714d63668af/out -L dependency=/opt/rustwide/target/release/build/ctor/e3a76bf25666a9ee/out -L dependency=/opt/rustwide/target/release/build/digest/27f51c38c08a3f11/out -L dependency=/opt/rustwide/target/release/build/dirs-sys/1f098e87cb808830/out -L dependency=/opt/rustwide/target/release/build/either/f9fa016b7f109794/out -L dependency=/opt/rustwide/target/release/build/foreign-types-shared/7ae3c6e5bd5a08a6/out -L dependency=/opt/rustwide/target/release/build/foreign-types/261c23f70690c98f/out -L dependency=/opt/rustwide/target/release/build/form_urlencoded/395d7817edfafc64/out -L dependency=/opt/rustwide/target/release/build/futures-channel/83371b79766b5f68/out -L dependency=/opt/rustwide/target/release/build/futures-core/9955b4b881030e66/out -L dependency=/opt/rustwide/target/release/build/futures-io/05319c9f21356491/out -L dependency=/opt/rustwide/target/release/build/futures-macro/493c3079f67b3103/out -L dependency=/opt/rustwide/target/release/build/futures-sink/8c0fc8966064e373/out -L dependency=/opt/rustwide/target/release/build/futures-task/bdadee51ab3cbfa7/out -L dependency=/opt/rustwide/target/release/build/generic-array/56afa7477ab1f07c/out -L dependency=/opt/rustwide/target/release/build/getrandom/38120a1e33e4dede/out -L dependency=/opt/rustwide/target/release/build/hashbrown/8ce3e094fd167474/out -L dependency=/opt/rustwide/target/release/build/hashbrown/9db1a2a1b6a07cf2/out -L dependency=/opt/rustwide/target/release/build/hmac/180bac89f1dea7ad/out -L dependency=/opt/rustwide/target/release/build/idna/b7db72f911e3ddb1/out -L dependency=/opt/rustwide/target/release/build/instant/bb1a82e4bf4218c6/out -L dependency=/opt/rustwide/target/release/build/itertools/94eafa8e8ae508e5/out -L dependency=/opt/rustwide/target/release/build/itoa/332a70cac1aaa36b/out -L dependency=/opt/rustwide/target/release/build/libc/055c1859b0ca7827/out -L dependency=/opt/rustwide/target/release/build/lock_api/f70d8406f046c2aa/out -L dependency=/opt/rustwide/target/release/build/log/f6045ebd3a1b4026/out -L dependency=/opt/rustwide/target/release/build/matches/0d83d21697678bea/out -L dependency=/opt/rustwide/target/release/build/memchr/4c2333bb57774a0f/out -L dependency=/opt/rustwide/target/release/build/minimal-lexical/c3019790908bdb22/out -L dependency=/opt/rustwide/target/release/build/mio/846a611316819cc2/out -L dependency=/opt/rustwide/target/release/build/native-tls/b580bf34eefe5697/out -L dependency=/opt/rustwide/target/release/build/nom/cb26ac4dd79929e2/out -L dependency=/opt/rustwide/target/release/build/num-integer/e4da50ae2402871b/out -L dependency=/opt/rustwide/target/release/build/num-traits/22e33c67082f08e6/out -L dependency=/opt/rustwide/target/release/build/num_cpus/282f4d3c3c7256b7/out -L dependency=/opt/rustwide/target/release/build/once_cell/04aec6b5adb73aca/out -L dependency=/opt/rustwide/target/release/build/openssl-macros/554ec57a80c1731e/out -L dependency=/opt/rustwide/target/release/build/openssl-probe/4b609c94cff24d08/out -L dependency=/opt/rustwide/target/release/build/openssl-sys/4d15fcc230f6316c/out -L dependency=/opt/rustwide/target/release/build/openssl/fdd1c6c26ea3d205/out -L dependency=/opt/rustwide/target/release/build/parking_lot/6571e3081347641f/out -L dependency=/opt/rustwide/target/release/build/parking_lot_core/b781ddbca8bcdf73/out -L dependency=/opt/rustwide/target/release/build/percent-encoding/cbf7f86b9de6ccaf/out -L dependency=/opt/rustwide/target/release/build/pin-project-lite/5d685072b05426e1/out -L dependency=/opt/rustwide/target/release/build/pin-utils/bd5b26767cd4a338/out -L dependency=/opt/rustwide/target/release/build/ppv-lite86/64c908eba0dc0fb7/out -L dependency=/opt/rustwide/target/release/build/proc-macro-hack/ad641a430cf31bb0/out -L dependency=/opt/rustwide/target/release/build/rand_chacha/502ac6a4717b0071/out -L dependency=/opt/rustwide/target/release/build/rand_core/82038e4c101a1d9e/out -L dependency=/opt/rustwide/target/release/build/ryu/9ea2af47a899ba6f/out -L dependency=/opt/rustwide/target/release/build/scopeguard/d6f31e6f1ec771b5/out -L dependency=/opt/rustwide/target/release/build/serde/0772a22e4bcb3c80/out -L dependency=/opt/rustwide/target/release/build/serde_derive/370d6fe90e517f8b/out -L dependency=/opt/rustwide/target/release/build/signal-hook-registry/7b44b6aaa3a5a050/out -L dependency=/opt/rustwide/target/release/build/slab/b0fd4cb59c61f0be/out -L dependency=/opt/rustwide/target/release/build/smallvec/e0f1d62119117448/out -L dependency=/opt/rustwide/target/release/build/socket2/73e1022d0fafa6df/out -L dependency=/opt/rustwide/target/release/build/standback/2d3a7c5988fae387/out -L dependency=/opt/rustwide/target/release/build/subtle/cb0fd7a90ab4c7db/out -L dependency=/opt/rustwide/target/release/build/thiserror-impl/8f78023b4a7e2dc8/out -L dependency=/opt/rustwide/target/release/build/time-macros-impl/3bdf5194e9c166f2/out -L dependency=/opt/rustwide/target/release/build/time-macros/4d517118b072658c/out -L dependency=/opt/rustwide/target/release/build/time/92f601ab359e4b91/out -L dependency=/opt/rustwide/target/release/build/tinyvec/e7562fdb1fe41916/out -L dependency=/opt/rustwide/target/release/build/tinyvec_macros/7154b4289c759582/out -L dependency=/opt/rustwide/target/release/build/tokio-macros/a1d62bde53c61a6a/out -L dependency=/opt/rustwide/target/release/build/tokio-native-tls/c7772b9bb1a4f111/out -L dependency=/opt/rustwide/target/release/build/tokio/7fcb39a39415369e/out -L dependency=/opt/rustwide/target/release/build/typenum/15320cb8a9930e74/out -L dependency=/opt/rustwide/target/release/build/unicode-bidi/7a450eafe825d72d/out -L dependency=/opt/rustwide/target/release/build/unicode-normalization/6f0fd39206c5d30d/out -L dependency=/opt/rustwide/target/release/build/unicode_categories/c203e0ff24b770ff/out -L dependency=/opt/rustwide/target/release/build/value-bag/c513af7bf3dd3e9c/out --extern ahash=/opt/rustwide/target/release/build/ahash/a12ea6ace86fc6af/out/libahash-a12ea6ace86fc6af.rmeta --extern atoi=/opt/rustwide/target/release/build/atoi/415a7fac4e41a199/out/libatoi-415a7fac4e41a199.rmeta --extern base64=/opt/rustwide/target/release/build/base64/41ed288cdd36b78f/out/libbase64-41ed288cdd36b78f.rmeta --extern bitflags=/opt/rustwide/target/release/build/bitflags/68973b8086863992/out/libbitflags-68973b8086863992.rmeta --extern byteorder=/opt/rustwide/target/release/build/byteorder/b2eda8dc1a37e974/out/libbyteorder-b2eda8dc1a37e974.rmeta --extern bytes=/opt/rustwide/target/release/build/bytes/b6d154c3fb16e0fb/out/libbytes-b6d154c3fb16e0fb.rmeta --extern chrono=/opt/rustwide/target/release/build/chrono/e198ab87154da664/out/libchrono-e198ab87154da664.rmeta --extern crc=/opt/rustwide/target/release/build/crc/3bd144361885ba7e/out/libcrc-3bd144361885ba7e.rmeta --extern crossbeam_queue=/opt/rustwide/target/release/build/crossbeam-queue/09c2e680f84699a7/out/libcrossbeam_queue-09c2e680f84699a7.rmeta --extern dirs=/opt/rustwide/target/release/build/dirs/e370e89abd475304/out/libdirs-e370e89abd475304.rmeta --extern either=/opt/rustwide/target/release/build/either/f9fa016b7f109794/out/libeither-f9fa016b7f109794.rmeta --extern event_listener=/opt/rustwide/target/release/build/event-listener/4c9be28813b25c00/out/libevent_listener-4c9be28813b25c00.rmeta --extern futures_channel=/opt/rustwide/target/release/build/futures-channel/83371b79766b5f68/out/libfutures_channel-83371b79766b5f68.rmeta --extern futures_core=/opt/rustwide/target/release/build/futures-core/9955b4b881030e66/out/libfutures_core-9955b4b881030e66.rmeta --extern futures_intrusive=/opt/rustwide/target/release/build/futures-intrusive/04a8fd85a86c708b/out/libfutures_intrusive-04a8fd85a86c708b.rmeta --extern futures_util=/opt/rustwide/target/release/build/futures-util/a3a65a646d2ef7f6/out/libfutures_util-a3a65a646d2ef7f6.rmeta --extern hashlink=/opt/rustwide/target/release/build/hashlink/94848715ecc08183/out/libhashlink-94848715ecc08183.rmeta --extern hex=/opt/rustwide/target/release/build/hex/ffa975566df5dac7/out/libhex-ffa975566df5dac7.rmeta --extern hkdf=/opt/rustwide/target/release/build/hkdf/243a701cf9cbf871/out/libhkdf-243a701cf9cbf871.rmeta --extern hmac=/opt/rustwide/target/release/build/hmac/180bac89f1dea7ad/out/libhmac-180bac89f1dea7ad.rmeta --extern indexmap=/opt/rustwide/target/release/build/indexmap/bb85147a60778b12/out/libindexmap-bb85147a60778b12.rmeta --extern itoa=/opt/rustwide/target/release/build/itoa/332a70cac1aaa36b/out/libitoa-332a70cac1aaa36b.rmeta --extern libc=/opt/rustwide/target/release/build/libc/055c1859b0ca7827/out/liblibc-055c1859b0ca7827.rmeta --extern log=/opt/rustwide/target/release/build/log/f6045ebd3a1b4026/out/liblog-f6045ebd3a1b4026.rmeta --extern md5=/opt/rustwide/target/release/build/md-5/4c13d91b70069d8b/out/libmd5-4c13d91b70069d8b.rmeta --extern memchr=/opt/rustwide/target/release/build/memchr/4c2333bb57774a0f/out/libmemchr-4c2333bb57774a0f.rmeta --extern num_bigint=/opt/rustwide/target/release/build/num-bigint/4c9bd87315ee31a9/out/libnum_bigint-4c9bd87315ee31a9.rmeta --extern once_cell=/opt/rustwide/target/release/build/once_cell/04aec6b5adb73aca/out/libonce_cell-04aec6b5adb73aca.rmeta --extern paste=/opt/rustwide/target/release/build/paste/fd44752c077e4cf6/out/libpaste-fd44752c077e4cf6.so --extern percent_encoding=/opt/rustwide/target/release/build/percent-encoding/cbf7f86b9de6ccaf/out/libpercent_encoding-cbf7f86b9de6ccaf.rmeta --extern rand=/opt/rustwide/target/release/build/rand/264479b00b7c82d3/out/librand-264479b00b7c82d3.rmeta --extern rust_decimal=/opt/rustwide/target/release/build/rust_decimal/a7925a7e8c0038e1/out/librust_decimal-a7925a7e8c0038e1.rmeta --extern serde=/opt/rustwide/target/release/build/serde/0772a22e4bcb3c80/out/libserde-0772a22e4bcb3c80.rmeta --extern serde_json=/opt/rustwide/target/release/build/serde_json/b80863b10b9a626f/out/libserde_json-b80863b10b9a626f.rmeta --extern sha1=/opt/rustwide/target/release/build/sha-1/7f42a6df982954ca/out/libsha1-7f42a6df982954ca.rmeta --extern sha2=/opt/rustwide/target/release/build/sha2/cc96924cc2695b85/out/libsha2-cc96924cc2695b85.rmeta --extern smallvec=/opt/rustwide/target/release/build/smallvec/e0f1d62119117448/out/libsmallvec-e0f1d62119117448.rmeta --extern sqlformat=/opt/rustwide/target/release/build/sqlformat/07b2ede5e2e869d3/out/libsqlformat-07b2ede5e2e869d3.rmeta --extern sqlx_rt=/opt/rustwide/target/release/build/sqlx-rt/4a1a4396adddd315/out/libsqlx_rt-4a1a4396adddd315.rmeta --extern stringprep=/opt/rustwide/target/release/build/stringprep/d1bfa8d1ab476d1f/out/libstringprep-d1bfa8d1ab476d1f.rmeta --extern thiserror=/opt/rustwide/target/release/build/thiserror/ae98ae2c0529f9cf/out/libthiserror-ae98ae2c0529f9cf.rmeta --extern time=/opt/rustwide/target/release/build/time/a02b364d9b12c205/out/libtime-a02b364d9b12c205.rmeta --extern tokio_stream=/opt/rustwide/target/release/build/tokio-stream/ce31c4f445c36fd6/out/libtokio_stream-ce31c4f445c36fd6.rmeta --extern url=/opt/rustwide/target/release/build/url/f1e2c3fbb7db069f/out/liburl-f1e2c3fbb7db069f.rmeta --extern uuid=/opt/rustwide/target/release/build/uuid/51588d10dd663530/out/libuuid-51588d10dd663530.rmeta --extern whoami=/opt/rustwide/target/release/build/whoami/fbcb5af1e3e11883/out/libwhoami-fbcb5af1e3e11883.rmeta --cap-lints allow --cap-lints=warn --force-warn=unused_crate_dependencies` (signal: 9, SIGKILL: kill)
[INFO] [stderr] error: could not compile `tokio` (lib)
[INFO] [stderr] 
[INFO] [stderr] Caused by:
[INFO] [stderr]   process didn't exit successfully: `/opt/rustwide/rustup-home/toolchains/1.100.0-beta.1-x86_64-unknown-linux-gnu/bin/rustc --crate-name tokio --edition=2018 /opt/rustwide/cargo-home/registry/src/index.crates.io-1949cf8c6b5b557f/tokio-1.19.2/src/lib.rs --error-format=json --json=diagnostic-rendered-ansi,artifacts,future-incompat,unused-externs-silent --crate-type lib --emit=dep-info,metadata,link -C opt-level=3 -C embed-bitcode=no --cfg 'feature="bytes"' --cfg 'feature="default"' --cfg 'feature="fs"' --cfg 'feature="io-std"' --cfg 'feature="io-util"' --cfg 'feature="libc"' --cfg 'feature="macros"' --cfg 'feature="memchr"' --cfg 'feature="mio"' --cfg 'feature="net"' --cfg 'feature="num_cpus"' --cfg 'feature="once_cell"' --cfg 'feature="rt"' --cfg 'feature="rt-multi-thread"' --cfg 'feature="signal"' --cfg 'feature="signal-hook-registry"' --cfg 'feature="socket2"' --cfg 'feature="sync"' --cfg 'feature="time"' --cfg 'feature="tokio-macros"' --check-cfg 'cfg(docsrs,test)' --check-cfg 'cfg(feature, values("bytes", "default", "fs", "full", "io-std", "io-util", "libc", "macros", "memchr", "mio", "net", "num_cpus", "once_cell", "parking_lot", "process", "rt", "rt-multi-thread", "signal", "signal-hook-registry", "socket2", "stats", "sync", "test-util", "time", "tokio-macros", "tracing", "winapi"))' -C metadata=aecc0b26de68f836 -C extra-filename=-7fcb39a39415369e --out-dir /opt/rustwide/target/release/build/tokio/7fcb39a39415369e/out -C strip=debuginfo -L dependency=/opt/rustwide/target/release/build/cfg-if/193575a6b29a3ab9/out -L dependency=/opt/rustwide/target/release/build/ctor/e3a76bf25666a9ee/out -L dependency=/opt/rustwide/target/release/build/libc/055c1859b0ca7827/out -L dependency=/opt/rustwide/target/release/build/log/f6045ebd3a1b4026/out -L dependency=/opt/rustwide/target/release/build/value-bag/c513af7bf3dd3e9c/out --extern bytes=/opt/rustwide/target/release/build/bytes/b6d154c3fb16e0fb/out/libbytes-b6d154c3fb16e0fb.rmeta --extern libc=/opt/rustwide/target/release/build/libc/055c1859b0ca7827/out/liblibc-055c1859b0ca7827.rmeta --extern memchr=/opt/rustwide/target/release/build/memchr/4c2333bb57774a0f/out/libmemchr-4c2333bb57774a0f.rmeta --extern mio=/opt/rustwide/target/release/build/mio/846a611316819cc2/out/libmio-846a611316819cc2.rmeta --extern num_cpus=/opt/rustwide/target/release/build/num_cpus/282f4d3c3c7256b7/out/libnum_cpus-282f4d3c3c7256b7.rmeta --extern once_cell=/opt/rustwide/target/release/build/once_cell/04aec6b5adb73aca/out/libonce_cell-04aec6b5adb73aca.rmeta --extern pin_project_lite=/opt/rustwide/target/release/build/pin-project-lite/5d685072b05426e1/out/libpin_project_lite-5d685072b05426e1.rmeta --extern signal_hook_registry=/opt/rustwide/target/release/build/signal-hook-registry/7b44b6aaa3a5a050/out/libsignal_hook_registry-7b44b6aaa3a5a050.rmeta --extern socket2=/opt/rustwide/target/release/build/socket2/73e1022d0fafa6df/out/libsocket2-73e1022d0fafa6df.rmeta --extern tokio_macros=/opt/rustwide/target/release/build/tokio-macros/a1d62bde53c61a6a/out/libtokio_macros-a1d62bde53c61a6a.so --cap-lints allow --cap-lints=warn --force-warn=unused_crate_dependencies` (signal: 9, SIGKILL: kill)
[INFO] [stdout] For more information about this error, try `rustc --explain E0277`.
[INFO] [stdout] 
[INFO] [stderr] error: could not compile `sqlx-core` (lib) due to 15 previous errors
[INFO] running `Command { std: "docker" "inspect" "7e8fe059d1f473803a01c2f37d9cde611a690b51495c633b2fc10e0185df5ee6", kill_on_drop: false }`
[INFO] running `Command { std: "docker" "rm" "-f" "7e8fe059d1f473803a01c2f37d9cde611a690b51495c633b2fc10e0185df5ee6", kill_on_drop: false }`
[INFO] [stdout] 7e8fe059d1f473803a01c2f37d9cde611a690b51495c633b2fc10e0185df5ee6
