[INFO] cloning repository https://github.com/gar-r/aoc2025
[INFO] running `Command { std: "git" "-c" "credential.helper=" "-c" "credential.helper=/workspace/cargo-home/bin/git-credential-null" "clone" "--bare" "https://github.com/gar-r/aoc2025" "/workspace/cache/git-repos/https%3A%2F%2Fgithub.com%2Fgar-r%2Faoc2025", kill_on_drop: false }`
[INFO] [stderr] Cloning into bare repository '/workspace/cache/git-repos/https%3A%2F%2Fgithub.com%2Fgar-r%2Faoc2025'...
[INFO] running `Command { std: "git" "rev-parse" "HEAD", kill_on_drop: false }`
[INFO] [stdout] 84da78850f5f8fa307d5aced4c13194da26311d8
[INFO] testing gar-r/aoc2025 against 1.99.0-beta.8+cargoflags=--release for beta-release-1.100-2
[INFO] running `Command { std: "git" "clone" "/workspace/cache/git-repos/https%3A%2F%2Fgithub.com%2Fgar-r%2Faoc2025" "/workspace/builds/worker-3-tc1/source", kill_on_drop: false }`
[INFO] [stderr] Cloning into '/workspace/builds/worker-3-tc1/source'...
[INFO] [stderr] done.
[INFO] started tweaking git repo https://github.com/gar-r/aoc2025
[INFO] finished tweaking git repo https://github.com/gar-r/aoc2025
[INFO] tweaked toml for git repo https://github.com/gar-r/aoc2025 written to /workspace/builds/worker-3-tc1/source/Cargo.toml
[INFO] validating manifest of git repo https://github.com/gar-r/aoc2025 on toolchain 1.99.0-beta.8
[INFO] running `Command { std: CARGO_HOME="/workspace/cargo-home" RUSTUP_HOME="/workspace/rustup-home" "/workspace/cargo-home/bin/cargo" "+1.99.0-beta.8" "metadata" "--manifest-path" "Cargo.toml" "--no-deps", kill_on_drop: false }`
[INFO] crate git repo https://github.com/gar-r/aoc2025 already has a lockfile, it will not be regenerated
[INFO] running `Command { std: CARGO_HOME="/workspace/cargo-home" RUSTUP_HOME="/workspace/rustup-home" "/workspace/cargo-home/bin/cargo" "+1.99.0-beta.8" "fetch" "--manifest-path" "Cargo.toml", kill_on_drop: false }`
[INFO] [stderr]     Updating crates.io index
[INFO] [stderr]  Downloading crates ...
[INFO] [stderr]   Downloaded memoize v0.5.1
[INFO] [stderr]   Downloaded memoize-inner v0.5.1
[INFO] [stderr]   Downloaded lru v0.7.8
[INFO] [stderr]   Downloaded highs v2.0.0
[INFO] [stderr]   Downloaded good_lp v1.14.2
[INFO] [stderr]   Downloaded highs-sys v1.12.1
[INFO] running `Command { std: "docker" "create" "-v" "/var/lib/crater-agent-workspace/builds/worker-3-tc1/source:/opt/rustwide/workdir:ro,Z" "-v" "/var/lib/crater-agent-workspace/builds/worker-3-tc1/target:/opt/rustwide/target:rw,Z" "-v" "/var/lib/crater-agent-workspace/cargo-home:/opt/rustwide/cargo-home:ro,Z" "-v" "/var/lib/crater-agent-workspace/rustup-home:/opt/rustwide/rustup-home:ro,Z" "-m" "1610612736" "--network" "none" "ghcr.io/rust-lang/crates-build-env/linux@sha256:77db811e55d90add9212f6832c23229e3de5f1c1f9905e8cb07319ea15df73ac" "sleep" "infinity", kill_on_drop: false }`
[INFO] [stdout] 06f3d367dfb36a945e7286783774e2d5eb8f17b3197a8331c4043dadf4e8f89c
[INFO] running `Command { std: "docker" "start" "06f3d367dfb36a945e7286783774e2d5eb8f17b3197a8331c4043dadf4e8f89c", kill_on_drop: false }`
[INFO] running `Command { std: "docker" "inspect" "06f3d367dfb36a945e7286783774e2d5eb8f17b3197a8331c4043dadf4e8f89c", kill_on_drop: false }`
[INFO] running `Command { std: "docker" "exec" "-e" "SOURCE_DIR=/opt/rustwide/workdir" "-e" "CARGO_HOME=/opt/rustwide/cargo-home" "-e" "RUSTUP_HOME=/opt/rustwide/rustup-home" "-e" "CARGO_TARGET_DIR=/opt/rustwide/target" "-w" "/opt/rustwide/workdir" "--user" "0:0" "06f3d367dfb36a945e7286783774e2d5eb8f17b3197a8331c4043dadf4e8f89c" "/opt/rustwide/cargo-home/bin/cargo" "+1.99.0-beta.8" "metadata" "--no-deps" "--format-version=1", kill_on_drop: false }`
[INFO] running `Command { std: "docker" "inspect" "06f3d367dfb36a945e7286783774e2d5eb8f17b3197a8331c4043dadf4e8f89c", kill_on_drop: false }`
[INFO] running `Command { std: "docker" "exec" "-e" "SOURCE_DIR=/opt/rustwide/workdir" "-e" "CARGO_HOME=/opt/rustwide/cargo-home" "-e" "RUSTUP_HOME=/opt/rustwide/rustup-home" "-e" "CARGO_TARGET_DIR=/opt/rustwide/target" "-e" "CARGO_INCREMENTAL=0" "-e" "RUST_BACKTRACE=full" "-e" "RUSTFLAGS=--cap-lints=warn" "-e" "RUSTDOCFLAGS=--cap-lints=warn" "-w" "/opt/rustwide/workdir" "--user" "0:0" "06f3d367dfb36a945e7286783774e2d5eb8f17b3197a8331c4043dadf4e8f89c" "/opt/rustwide/cargo-home/bin/cargo" "+1.99.0-beta.8" "build" "--frozen" "--message-format=json" "--release", kill_on_drop: false }`
[INFO] [stderr]    Compiling libc v0.2.178
[INFO] [stderr]    Compiling proc-macro2 v1.0.103
[INFO] [stderr]    Compiling quote v1.0.42
[INFO] [stderr]    Compiling util v0.1.0 (/opt/rustwide/workdir/util)
[INFO] [stderr]    Compiling glob v0.3.3
[INFO] [stderr]    Compiling prettyplease v0.2.37
[INFO] [stderr]    Compiling regex-syntax v0.8.8
[INFO] [stderr]    Compiling minimal-lexical v0.2.1
[INFO] [stderr]    Compiling memchr v2.7.6
[INFO] [stderr]    Compiling bindgen v0.71.1
[INFO] [stderr]    Compiling either v1.15.0
[INFO] [stderr]    Compiling find-msvc-tools v0.1.5
[INFO] [stderr]    Compiling libloading v0.8.9
[INFO] [stderr]    Compiling ahash v0.7.8
[INFO] [stderr]    Compiling rustc-hash v2.1.1
[INFO] [stderr]    Compiling bitflags v2.10.0
[INFO] [stderr]    Compiling itertools v0.13.0
[INFO] [stderr]    Compiling log v0.4.29
[INFO] [stderr]    Compiling cc v1.2.49
[INFO] [stderr]    Compiling syn v1.0.109
[INFO] [stderr]    Compiling once_cell v1.21.3
[INFO] [stderr]    Compiling lazy_static v1.5.0
[INFO] [stderr]    Compiling day09 v0.1.0 (/opt/rustwide/workdir/day09)
[INFO] [stderr]    Compiling day08 v0.1.0 (/opt/rustwide/workdir/day08)
[INFO] [stderr]    Compiling day02 v0.1.0 (/opt/rustwide/workdir/day02)
[INFO] [stderr]    Compiling day03 v0.1.0 (/opt/rustwide/workdir/day03)
[INFO] [stderr]    Compiling day05 v0.1.0 (/opt/rustwide/workdir/day05)
[INFO] [stderr]    Compiling day04 v0.1.0 (/opt/rustwide/workdir/day04)
[INFO] [stderr]    Compiling clang-sys v1.8.1
[INFO] [stderr]    Compiling day01 v0.1.0 (/opt/rustwide/workdir/day01)
[INFO] [stderr]    Compiling day06 v0.1.0 (/opt/rustwide/workdir/day06)
[INFO] [stderr]    Compiling nom v7.1.3
[INFO] [stderr]    Compiling syn v2.0.111
[INFO] [stderr]    Compiling aho-corasick v1.1.4
[INFO] [stderr]    Compiling cmake v0.1.54
[INFO] [stderr]    Compiling regex-automata v0.4.13
[INFO] [stderr]    Compiling getrandom v0.2.16
[INFO] [stderr]    Compiling hashbrown v0.12.3
[INFO] [stderr]    Compiling lru v0.7.8
[INFO] [stderr]    Compiling regex v1.12.2
[INFO] [stderr]    Compiling cexpr v0.6.0
[INFO] [stderr]    Compiling memoize-inner v0.5.1
[INFO] [stderr]    Compiling memoize v0.5.1
[INFO] [stderr]    Compiling day11 v0.1.0 (/opt/rustwide/workdir/day11)
[INFO] [stderr]    Compiling day07 v0.1.0 (/opt/rustwide/workdir/day07)
[INFO] [stderr]    Compiling day12 v0.1.0 (/opt/rustwide/workdir/day12)
[INFO] [stdout] warning: methods `orientations`, `rotate`, `flip`, `get_bit`, `transform`, and `display` are never used
[INFO] [stdout]   --> day12/src/shape.rs:19:12
[INFO] [stdout]    |
[INFO] [stdout] 13 | impl Shape {
[INFO] [stdout]    | ---------- methods in this implementation
[INFO] [stdout] ...
[INFO] [stdout] 19 |     pub fn orientations(&self) -> impl Iterator<Item = Shape> {
[INFO] [stdout]    |            ^^^^^^^^^^^^
[INFO] [stdout] ...
[INFO] [stdout] 37 |     fn rotate(&self) -> Self {
[INFO] [stdout]    |        ^^^^^^
[INFO] [stdout] ...
[INFO] [stdout] 50 |     fn flip(&self) -> Self {
[INFO] [stdout]    |        ^^^^
[INFO] [stdout] ...
[INFO] [stdout] 57 |     pub fn get_bit(&self, i: usize) -> bool {
[INFO] [stdout]    |            ^^^^^^^
[INFO] [stdout] ...
[INFO] [stdout] 62 |     fn transform(&self, mapping: [usize; 9]) -> u16 {
[INFO] [stdout]    |        ^^^^^^^^^
[INFO] [stdout] ...
[INFO] [stdout] 72 |     pub fn display(&self) -> String {
[INFO] [stdout]    |            ^^^^^^^
[INFO] [stdout]    |
[INFO] [stdout]    = note: `#[warn(dead_code)]` (part of `#[warn(unused)]`) on by default
[INFO] [stdout] 
[INFO] [stdout] 
[INFO] [stderr]    Compiling highs-sys v1.12.1
[INFO] [stderr] error: failed to run custom build command for `highs-sys v1.12.1`
[INFO] [stderr] note: To improve backtraces for build dependencies, set the CARGO_PROFILE_RELEASE_BUILD_OVERRIDE_DEBUG=true environment variable to enable debug information generation.
[INFO] [stderr] 
[INFO] [stderr] Caused by:
[INFO] [stderr]   process didn't exit successfully: `/opt/rustwide/target/release/build/highs-sys-1d81a3fda92d2af6/build-script-build` (exit status: 101)
[INFO] [stderr]   --- stdout
[INFO] [stderr]   CMAKE_TOOLCHAIN_FILE_x86_64-unknown-linux-gnu = None
[INFO] [stderr]   CMAKE_TOOLCHAIN_FILE_x86_64_unknown_linux_gnu = None
[INFO] [stderr]   HOST_CMAKE_TOOLCHAIN_FILE = None
[INFO] [stderr]   CMAKE_TOOLCHAIN_FILE = None
[INFO] [stderr]   CMAKE_GENERATOR_x86_64-unknown-linux-gnu = None
[INFO] [stderr]   CMAKE_GENERATOR_x86_64_unknown_linux_gnu = None
[INFO] [stderr]   HOST_CMAKE_GENERATOR = None
[INFO] [stderr]   CMAKE_GENERATOR = None
[INFO] [stderr]   CMAKE_PREFIX_PATH_x86_64-unknown-linux-gnu = None
[INFO] [stderr]   CMAKE_PREFIX_PATH_x86_64_unknown_linux_gnu = None
[INFO] [stderr]   HOST_CMAKE_PREFIX_PATH = None
[INFO] [stderr]   CMAKE_PREFIX_PATH = None
[INFO] [stderr]   CMAKE_x86_64-unknown-linux-gnu = None
[INFO] [stderr]   CMAKE_x86_64_unknown_linux_gnu = None
[INFO] [stderr]   HOST_CMAKE = None
[INFO] [stderr]   CMAKE = None
[INFO] [stderr]   running: cd "/opt/rustwide/target/release/build/highs-sys-9877b0601639d354/out/build" && CMAKE_PREFIX_PATH="" LC_ALL="C" "cmake" "/opt/rustwide/cargo-home/registry/src/index.crates.io-1949cf8c6b5b557f/highs-sys-1.12.1/HiGHS" "-DFAST_BUILD=ON" "-DBUILD_SHARED_LIBS=OFF" "-DCMAKE_MSVC_RUNTIME_LIBRARY=MultiThreadedDLL" "-DCMAKE_INTERPROCEDURAL_OPTIMIZATION=FALSE" "-DZLIB=OFF" "-DCMAKE_INSTALL_PREFIX=/opt/rustwide/target/release/build/highs-sys-9877b0601639d354/out" "-DCMAKE_C_FLAGS= -ffunction-sections -fdata-sections -fPIC -m64" "-DCMAKE_C_COMPILER=/usr/bin/cc" "-DCMAKE_CXX_FLAGS= -ffunction-sections -fdata-sections -fPIC -m64" "-DCMAKE_CXX_COMPILER=/usr/bin/c++" "-DCMAKE_ASM_FLAGS= -ffunction-sections -fdata-sections -fPIC -m64" "-DCMAKE_ASM_COMPILER=/usr/bin/cc" "-DCMAKE_BUILD_TYPE=Release"
[INFO] [stderr]   -- The CXX compiler identification is GNU 15.2.0
[INFO] [stderr]   -- The C compiler identification is GNU 15.2.0
[INFO] [stderr]   -- Detecting CXX compiler ABI info
[INFO] [stderr]   -- Detecting CXX compiler ABI info - done
[INFO] [stderr]   -- Check for working CXX compiler: /usr/bin/c++ - skipped
[INFO] [stderr]   -- Detecting CXX compile features
[INFO] [stderr]   -- Detecting CXX compile features - done
[INFO] [stderr]   -- Detecting C compiler ABI info
[INFO] [stderr]   -- Detecting C compiler ABI info - done
[INFO] [stderr]   -- Check for working C compiler: /usr/bin/cc - skipped
[INFO] [stderr]   -- Detecting C compile features
[INFO] [stderr]   -- Detecting C compile features - done
[INFO] [stderr]   -- HIGHS version: 1.11.0
[INFO] [stderr]   -- Git hash: n/a
[INFO] [stderr]   -- Build C++ library: ON
[INFO] [stderr]   -- Build C++ library: ON
[INFO] [stderr]   -- Build Fortran: OFF
[INFO] [stderr]   -- Build CSharp: OFF
[INFO] [stderr]   -- Build Python: OFF
[INFO] [stderr]   -- Build all tests: OFF
[INFO] [stderr]   -- ZLIB: OFF
[INFO] [stderr]   -- Build pdlp with GPU: OFF
[INFO] [stderr]   -- Use FindCUDAConf: OFF
[INFO] [stderr]   -- Build type: Release
[INFO] [stderr]   -- Looking for C++ include sys/types.h
[INFO] [stderr]   -- Looking for C++ include sys/types.h - found
[INFO] [stderr]   -- Looking for C++ include stdint.h
[INFO] [stderr]   -- Looking for C++ include stdint.h - found
[INFO] [stderr]   -- Looking for C++ include stddef.h
[INFO] [stderr]   -- Looking for C++ include stddef.h - found
[INFO] [stderr]   -- Check size of long
[INFO] [stderr]   -- Check size of long - done
[INFO] [stderr]   -- Found long size: 8
[INFO] [stderr]   -- Check size of long long
[INFO] [stderr]   -- Check size of long long - done
[INFO] [stderr]   -- Found long long size: 8
[INFO] [stderr]   -- Check size of int64_t
[INFO] [stderr]   -- Check size of int64_t - done
[INFO] [stderr]   -- Found int64_t size: 8
[INFO] [stderr]   -- Check size of unsigned long
[INFO] [stderr]   -- Check size of unsigned long - done
[INFO] [stderr]   -- Found unsigned long size: 8
[INFO] [stderr]   -- Check size of unsigned long long
[INFO] [stderr]   -- Check size of unsigned long long - done
[INFO] [stderr]   -- Found unsigned long long size: 8
[INFO] [stderr]   -- Check size of uint64_t
[INFO] [stderr]   -- Check size of uint64_t - done
[INFO] [stderr]   -- Found uint64_t size: 8
[INFO] [stderr]   -- Check size of int *
[INFO] [stderr]   -- Check size of int * - done
[INFO] [stderr]   -- Found int * size: 8
[INFO] [stderr]   -- IPO / LTO supported by compiler: YES
[INFO] [stderr]   -- IPO / LTO: FALSE as requested by user
[INFO] [stderr]   -- Performing Test HIGHS_HAVE_MM_PAUSE
[INFO] [stderr]   -- Performing Test HIGHS_HAVE_MM_PAUSE - Success
[INFO] [stderr]   -- Performing Test HIGHS_HAVE_BUILTIN_CLZ
[INFO] [stderr]   -- Performing Test HIGHS_HAVE_BUILTIN_CLZ - Success
[INFO] [stderr]   -- Performing Test COMPILER_SUPPORTS_POPCNT
[INFO] [stderr]   -- Performing Test COMPILER_SUPPORTS_POPCNT - Success
[INFO] [stderr]   -- FAST_BUILD set to on.
[INFO] [stderr]   -- Build examples: ON
[INFO] [stderr]   -- Build C++ example: ON
[INFO] [stderr]   -- Build CSharp example: OFF
[INFO] [stderr]   -- Build dotnet package: OFF
[INFO] [stderr]   -- Performing Test COMPILER_SUPPORTS_INVALID_OFFSET
[INFO] [stderr]   -- Performing Test COMPILER_SUPPORTS_INVALID_OFFSET - Success
[INFO] [stderr]   -- No CSharp support
[INFO] [stderr]   -- Performing Test CMAKE_HAVE_LIBC_PTHREAD
[INFO] [stderr]   -- Performing Test CMAKE_HAVE_LIBC_PTHREAD - Success
[INFO] [stderr]   -- Found Threads: TRUE
[INFO] [stderr]   -- Performing Test HAVE_CXX_ATOMICS_WITHOUT_LIB
[INFO] [stderr]   -- Performing Test HAVE_CXX_ATOMICS_WITHOUT_LIB - Success
[INFO] [stderr]   -- Performing Test HAVE_CXX_ATOMICS64_WITHOUT_LIB
[INFO] [stderr]   -- Performing Test HAVE_CXX_ATOMICS64_WITHOUT_LIB - Success
[INFO] [stderr]   -- Performing Test COMPILER_HAS_HIDDEN_VISIBILITY
[INFO] [stderr]   -- Performing Test COMPILER_HAS_HIDDEN_VISIBILITY - Success
[INFO] [stderr]   -- Performing Test COMPILER_HAS_HIDDEN_INLINE_VISIBILITY
[INFO] [stderr]   -- Performing Test COMPILER_HAS_HIDDEN_INLINE_VISIBILITY - Success
[INFO] [stderr]   -- Performing Test COMPILER_HAS_DEPRECATED_ATTR
[INFO] [stderr]   -- Performing Test COMPILER_HAS_DEPRECATED_ATTR - Success
[INFO] [stderr]   -- Configuring test /opt/rustwide/cargo-home/registry/src/index.crates.io-1949cf8c6b5b557f/highs-sys-1.12.1/HiGHS/examples/call_highs_from_cpp.cpp: ...
[INFO] [stderr]   -- Configuring test /opt/rustwide/cargo-home/registry/src/index.crates.io-1949cf8c6b5b557f/highs-sys-1.12.1/HiGHS/examples/call_highs_from_cpp.cpp: ...DONE
[INFO] [stderr]   -- Configuring test /opt/rustwide/cargo-home/registry/src/index.crates.io-1949cf8c6b5b557f/highs-sys-1.12.1/HiGHS/examples/call_highs_from_c_minimal.c: ...
[INFO] [stderr]   -- Configuring test /opt/rustwide/cargo-home/registry/src/index.crates.io-1949cf8c6b5b557f/highs-sys-1.12.1/HiGHS/examples/call_highs_from_c_minimal.c: ...DONE
[INFO] [stderr]   -- .Net: Use .Net Framework 2.1 support: ON
[INFO] [stderr]   -- Configuring done (9.3s)
[INFO] [stderr]   -- Generating done (0.1s)
[INFO] [stderr]   -- Build files have been written to: /opt/rustwide/target/release/build/highs-sys-9877b0601639d354/out/build
[INFO] [stderr]   running: cd "/opt/rustwide/target/release/build/highs-sys-9877b0601639d354/out/build" && LC_ALL="C" MAKEFLAGS="-j --jobserver-fds=4,5 --jobserver-auth=4,5" "cmake" "--build" "/opt/rustwide/target/release/build/highs-sys-9877b0601639d354/out/build" "--target" "install" "--config" "Release"
[INFO] [stderr]   [  0%] Building CXX object highs/CMakeFiles/highs.dir/__/extern/filereaderlp/reader.cpp.o
[INFO] [stderr]   [  1%] Building CXX object highs/CMakeFiles/highs.dir/io/FilereaderEms.cpp.o
[INFO] [stderr]   [  2%] Building CXX object highs/CMakeFiles/highs.dir/io/FilereaderMps.cpp.o
[INFO] [stderr]   [  2%] Building CXX object highs/CMakeFiles/highs.dir/io/HMpsFF.cpp.o
[INFO] [stderr]   [  2%] Building CXX object highs/CMakeFiles/highs.dir/lp_data/Highs.cpp.o
[INFO] [stderr]   [  3%] Building CXX object highs/CMakeFiles/highs.dir/io/HighsIO.cpp.o
[INFO] [stderr]   [  4%] Building CXX object highs/CMakeFiles/highs.dir/io/HMPSIO.cpp.o
[INFO] [stderr]   [  5%] Building CXX object highs/CMakeFiles/highs.dir/interfaces/highs_c_api.cpp.o
[INFO] [stderr]   [  5%] Building CXX object highs/CMakeFiles/highs.dir/io/Filereader.cpp.o
[INFO] [stderr]   [  5%] Building CXX object highs/CMakeFiles/highs.dir/io/FilereaderLp.cpp.o
[INFO] [stderr]   [  6%] Building CXX object highs/CMakeFiles/highs.dir/ipm/IpxWrapper.cpp.o
[INFO] [stderr]   [  6%] Building CXX object highs/CMakeFiles/highs.dir/lp_data/HighsDebug.cpp.o
[INFO] [stderr]   [  6%] Building CXX object highs/CMakeFiles/highs.dir/io/LoadOptions.cpp.o
[INFO] [stderr]   [  6%] Building CXX object highs/CMakeFiles/highs.dir/lp_data/HighsInfo.cpp.o
[INFO] [stderr]   [  7%] Building CXX object highs/CMakeFiles/highs.dir/lp_data/HighsCallback.cpp.o
[INFO] [stderr]   [  8%] Building CXX object highs/CMakeFiles/highs.dir/lp_data/HighsIis.cpp.o
[INFO] [stderr]   [  9%] Building CXX object highs/CMakeFiles/highs.dir/lp_data/HighsInfoDebug.cpp.o
[INFO] [stderr] 
[INFO] [stderr]   --- stderr
[INFO] [stderr]   /opt/rustwide/cargo-home/registry/src/index.crates.io-1949cf8c6b5b557f/highs-sys-1.12.1/HiGHS/examples/call_highs_from_c_minimal.c
[INFO] [stderr]   CMake Warning:
[INFO] [stderr]     Manually-specified variables were not used by the project:
[INFO] [stderr] 
[INFO] [stderr]       CMAKE_ASM_COMPILER
[INFO] [stderr]       CMAKE_ASM_FLAGS
[INFO] [stderr] 
[INFO] [stderr] 
[INFO] [stderr]   c++: fatal error: Killed signal terminated program cc1plus
[INFO] [stderr]   compilation terminated.
[INFO] [stderr]   gmake[2]: *** [highs/CMakeFiles/highs.dir/build.make:177: highs/CMakeFiles/highs.dir/io/HMpsFF.cpp.o] Error 1
[INFO] [stderr]   gmake[2]: *** Waiting for unfinished jobs....
[INFO] [stderr]   c++: fatal error: Killed signal terminated program cc1plus
[INFO] [stderr]   compilation terminated.
[INFO] [stderr]   gmake[2]: *** [highs/CMakeFiles/highs.dir/build.make:233: highs/CMakeFiles/highs.dir/lp_data/Highs.cpp.o] Error 1
[INFO] [stderr]   gmake[1]: *** [CMakeFiles/Makefile2:1102: highs/CMakeFiles/highs.dir/all] Error 2
[INFO] [stderr]   gmake: *** [Makefile:166: all] Error 2
[INFO] [stderr] 
[INFO] [stderr]   thread 'main' (1219) panicked at /opt/rustwide/cargo-home/registry/src/index.crates.io-1949cf8c6b5b557f/cmake-0.1.54/src/lib.rs:1119:5:
[INFO] [stderr] 
[INFO] [stderr]   command did not execute successfully, got: exit status: 2
[INFO] [stderr] 
[INFO] [stderr]   build script failed, must exit now
[INFO] [stderr]   stack backtrace:
[INFO] [stderr]      0:     0x5b080a5dcbf1 - <<std[70759c8f55707aa4]::sys::backtrace::BacktraceLock>::print::DisplayBacktrace as core[df12db4294e9bfd3]::fmt::Display>::fmt
[INFO] [stderr]      1:     0x5b080a5f4c1a - core[df12db4294e9bfd3]::fmt::write
[INFO] [stderr]      2:     0x5b080a5e315c - <std[70759c8f55707aa4]::sys::stdio::unix::Stderr as core[df12db4294e9bfd3]::io::write::Write>::write_fmt
[INFO] [stderr]      3:     0x5b080a5b9a76 - std[70759c8f55707aa4]::panicking::default_hook::{closure#0}
[INFO] [stderr]      4:     0x5b080a5d6a91 - std[70759c8f55707aa4]::panicking::default_hook
[INFO] [stderr]      5:     0x5b080a5d6dbb - std[70759c8f55707aa4]::panicking::panic_with_hook
[INFO] [stderr]      6:     0x5b080a5b9b22 - std[70759c8f55707aa4]::panicking::panic_handler::{closure#0}
[INFO] [stderr]      7:     0x5b080a5b26b9 - std[70759c8f55707aa4]::sys::backtrace::__rust_end_short_backtrace::<std[70759c8f55707aa4]::panicking::panic_handler::{closure#0}, !>
[INFO] [stderr]      8:     0x5b080a5ba33d - __rustc[8fa7c3cbc660c2b3]::rust_begin_unwind
[INFO] [stderr]      9:     0x5b080a5f543c - core[df12db4294e9bfd3]::panicking::panic_fmt
[INFO] [stderr]     10:     0x5b080a5460f7 - cmake[63fd27fe8c28ec2a]::fail
[INFO] [stderr]     11:     0x5b080a545d83 - cmake[63fd27fe8c28ec2a]::run
[INFO] [stderr]     12:     0x5b080a54bbf4 - <cmake[63fd27fe8c28ec2a]::Config>::build
[INFO] [stderr]     13:     0x5b080a05cd34 - build_script_build[991a8cded58f591d]::build
[INFO] [stderr]     14:     0x5b080a05cb7f - build_script_build[991a8cded58f591d]::main
[INFO] [stderr]     15:     0x5b080a05ea53 - <fn() as core[df12db4294e9bfd3]::ops::function::FnOnce<()>>::call_once
[INFO] [stderr]     16:     0x5b080a05c59e - std[70759c8f55707aa4]::sys::backtrace::__rust_begin_short_backtrace::<fn(), ()>
[INFO] [stderr]     17:     0x5b080a05cb49 - std[70759c8f55707aa4]::rt::lang_start::<()>::{closure#0}
[INFO] [stderr]     18:     0x5b080a5d5d49 - std[70759c8f55707aa4]::rt::lang_start_internal
[INFO] [stderr]     19:     0x5b080a05bf71 - std[70759c8f55707aa4]::rt::lang_start::<()>
[INFO] [stderr]     20:     0x5b080a05ecb5 - main
[INFO] [stderr]     21:     0x780fab100601 - <unknown>
[INFO] [stderr]     22:     0x780fab100718 - __libc_start_main
[INFO] [stderr]     23:     0x5b080a05a665 - _start
[INFO] [stderr]     24:                0x0 - <unknown>
[INFO] running `Command { std: "docker" "inspect" "06f3d367dfb36a945e7286783774e2d5eb8f17b3197a8331c4043dadf4e8f89c", kill_on_drop: false }`
[INFO] running `Command { std: "docker" "rm" "-f" "06f3d367dfb36a945e7286783774e2d5eb8f17b3197a8331c4043dadf4e8f89c", kill_on_drop: false }`
[INFO] [stdout] 06f3d367dfb36a945e7286783774e2d5eb8f17b3197a8331c4043dadf4e8f89c
