[INFO] cloning repository https://github.com/gamma-delta/ludum-dare-52
[INFO] running `Command { std: "git" "-c" "credential.helper=" "-c" "credential.helper=/workspace/cargo-home/bin/git-credential-null" "clone" "--bare" "https://github.com/gamma-delta/ludum-dare-52" "/workspace/cache/git-repos/https%3A%2F%2Fgithub.com%2Fgamma-delta%2Fludum-dare-52", kill_on_drop: false }`
[INFO] [stderr] Cloning into bare repository '/workspace/cache/git-repos/https%3A%2F%2Fgithub.com%2Fgamma-delta%2Fludum-dare-52'...
[INFO] running `Command { std: "git" "rev-parse" "HEAD", kill_on_drop: false }`
[INFO] [stdout] 53c2621f9cddcf10bc5893fc48183a50636e47c4
[INFO] testing gamma-delta/ludum-dare-52 against 1.99.0-beta.8+cargoflags=--release for beta-release-1.100-2
[INFO] running `Command { std: "git" "clone" "/workspace/cache/git-repos/https%3A%2F%2Fgithub.com%2Fgamma-delta%2Fludum-dare-52" "/workspace/builds/worker-7-tc1/source", kill_on_drop: false }`
[INFO] [stderr] Cloning into '/workspace/builds/worker-7-tc1/source'...
[INFO] [stderr] done.
[INFO] started tweaking git repo https://github.com/gamma-delta/ludum-dare-52
[INFO] finished tweaking git repo https://github.com/gamma-delta/ludum-dare-52
[INFO] tweaked toml for git repo https://github.com/gamma-delta/ludum-dare-52 written to /workspace/builds/worker-7-tc1/source/Cargo.toml
[INFO] validating manifest of git repo https://github.com/gamma-delta/ludum-dare-52 on toolchain 1.99.0-beta.8
[INFO] running `Command { std: CARGO_HOME="/workspace/cargo-home" RUSTUP_HOME="/workspace/rustup-home" "/workspace/cargo-home/bin/cargo" "+1.99.0-beta.8" "metadata" "--manifest-path" "Cargo.toml" "--no-deps", kill_on_drop: false }`
[INFO] crate git repo https://github.com/gamma-delta/ludum-dare-52 already has a lockfile, it will not be regenerated
[INFO] running `Command { std: CARGO_HOME="/workspace/cargo-home" RUSTUP_HOME="/workspace/rustup-home" "/workspace/cargo-home/bin/cargo" "+1.99.0-beta.8" "fetch" "--manifest-path" "Cargo.toml", kill_on_drop: false }`
[INFO] [stderr]     Updating crates.io index
[INFO] [stderr]  Downloading crates ...
[INFO] [stderr]   Downloaded quad-alsa-sys v0.3.2
[INFO] [stderr]   Downloaded quad-rand v0.2.1
[INFO] [stderr]   Downloaded indenter v0.3.3
[INFO] [stderr]   Downloaded enumflags2 v0.7.5
[INFO] [stderr]   Downloaded macroquad_macro v0.1.7
[INFO] [stderr]   Downloaded pest_generator v2.5.2
[INFO] [stderr]   Downloaded dasp_frame v0.11.0
[INFO] [stderr]   Downloaded enumflags2_derive v0.7.4
[INFO] [stderr]   Downloaded serde v1.0.152
[INFO] [stderr]   Downloaded color_quant v1.1.0
[INFO] [stderr]   Downloaded gerrymander v0.1.0
[INFO] [stderr]   Downloaded maybe-uninit v2.0.0
[INFO] [stderr]   Downloaded ogg v0.7.1
[INFO] [stderr]   Downloaded audir-sles v0.1.0
[INFO] [stderr]   Downloaded objc v0.2.7
[INFO] [stderr]   Downloaded hex2d v1.1.0
[INFO] [stderr]   Downloaded num v0.4.0
[INFO] [stderr]   Downloaded smallvec v0.6.14
[INFO] [stderr]   Downloaded num-rational v0.4.1
[INFO] [stderr]   Downloaded pest_derive v2.5.2
[INFO] [stderr]   Downloaded pest_meta v2.5.2
[INFO] [stderr]   Downloaded num-complex v0.4.2
[INFO] [stderr]   Downloaded enum_dispatch v0.3.9
[INFO] [stderr]   Downloaded bytemuck v1.12.3
[INFO] [stderr]   Downloaded ahash v0.8.2
[INFO] [stderr]   Downloaded serde_derive v1.0.152
[INFO] [stderr]   Downloaded lewton v0.9.4
[INFO] [stderr]   Downloaded eyre v0.6.8
[INFO] [stderr]   Downloaded hound v3.5.0
[INFO] [stderr]   Downloaded png v0.17.7
[INFO] [stderr]   Downloaded pest v2.5.2
[INFO] [stderr]   Downloaded audrey v0.3.0
[INFO] [stderr]   Downloaded fontdue v0.7.2
[INFO] [stderr]   Downloaded ttf-parser v0.15.2
[INFO] [stderr]   Downloaded miniquad v0.3.14
[INFO] [stderr]   Downloaded glam v0.21.3
[INFO] [stderr]   Downloaded image v0.24.5
[INFO] [stderr]   Downloaded macroquad v0.3.25
[INFO] [stderr]   Downloaded quad-snd v0.2.6
[INFO] [stderr]   Downloaded malloc_buf v0.0.6
[INFO] [stderr]   Downloaded ndk-sys v0.2.2
[INFO] running `Command { std: "docker" "create" "-v" "/var/lib/crater-agent-workspace/builds/worker-7-tc1/source:/opt/rustwide/workdir:ro,Z" "-v" "/var/lib/crater-agent-workspace/builds/worker-7-tc1/target:/opt/rustwide/target:rw,Z" "-v" "/var/lib/crater-agent-workspace/cargo-home:/opt/rustwide/cargo-home:ro,Z" "-v" "/var/lib/crater-agent-workspace/rustup-home:/opt/rustwide/rustup-home:ro,Z" "-m" "1610612736" "--network" "none" "ghcr.io/rust-lang/crates-build-env/linux@sha256:77db811e55d90add9212f6832c23229e3de5f1c1f9905e8cb07319ea15df73ac" "sleep" "infinity", kill_on_drop: false }`
[INFO] [stdout] d8ca85a345021b7b1e3525bd966f1d75f299b82cf47b0b3bd90720b3a01964ce
[INFO] running `Command { std: "docker" "start" "d8ca85a345021b7b1e3525bd966f1d75f299b82cf47b0b3bd90720b3a01964ce", kill_on_drop: false }`
[INFO] running `Command { std: "docker" "inspect" "d8ca85a345021b7b1e3525bd966f1d75f299b82cf47b0b3bd90720b3a01964ce", kill_on_drop: false }`
[INFO] running `Command { std: "docker" "exec" "-e" "SOURCE_DIR=/opt/rustwide/workdir" "-e" "CARGO_HOME=/opt/rustwide/cargo-home" "-e" "RUSTUP_HOME=/opt/rustwide/rustup-home" "-e" "CARGO_TARGET_DIR=/opt/rustwide/target" "-w" "/opt/rustwide/workdir" "--user" "0:0" "d8ca85a345021b7b1e3525bd966f1d75f299b82cf47b0b3bd90720b3a01964ce" "/opt/rustwide/cargo-home/bin/cargo" "+1.99.0-beta.8" "metadata" "--no-deps" "--format-version=1", kill_on_drop: false }`
[INFO] running `Command { std: "docker" "inspect" "d8ca85a345021b7b1e3525bd966f1d75f299b82cf47b0b3bd90720b3a01964ce", kill_on_drop: false }`
[INFO] running `Command { std: "docker" "exec" "-e" "SOURCE_DIR=/opt/rustwide/workdir" "-e" "CARGO_HOME=/opt/rustwide/cargo-home" "-e" "RUSTUP_HOME=/opt/rustwide/rustup-home" "-e" "CARGO_TARGET_DIR=/opt/rustwide/target" "-e" "CARGO_INCREMENTAL=0" "-e" "RUST_BACKTRACE=full" "-e" "RUSTFLAGS=--cap-lints=warn" "-e" "RUSTDOCFLAGS=--cap-lints=warn" "-w" "/opt/rustwide/workdir" "--user" "0:0" "d8ca85a345021b7b1e3525bd966f1d75f299b82cf47b0b3bd90720b3a01964ce" "/opt/rustwide/cargo-home/bin/cargo" "+1.99.0-beta.8" "build" "--frozen" "--message-format=json" "--release", kill_on_drop: false }`
[INFO] [stderr]    Compiling autocfg v1.1.0
[INFO] [stderr]    Compiling proc-macro2 v1.0.49
[INFO] [stderr]    Compiling quote v1.0.23
[INFO] [stderr]    Compiling unicode-ident v1.0.6
[INFO] [stderr]    Compiling syn v1.0.107
[INFO] [stderr]    Compiling libc v0.2.139
[INFO] [stderr]    Compiling thiserror v1.0.38
[INFO] [stderr]    Compiling version_check v0.9.4
[INFO] [stderr]    Compiling maybe-uninit v2.0.0
[INFO] [stderr]    Compiling serde_derive v1.0.152
[INFO] [stderr]    Compiling crc32fast v1.3.2
[INFO] [stderr]    Compiling once_cell v1.17.0
[INFO] [stderr]    Compiling quad-alsa-sys v0.3.2
[INFO] [stderr]    Compiling adler v1.0.2
[INFO] [stderr]    Compiling ucd-trie v0.1.5
[INFO] [stderr]    Compiling serde v1.0.152
[INFO] [stderr]    Compiling miniz_oxide v0.6.2
[INFO] [stderr]    Compiling ogg v0.7.1
[INFO] [stderr]    Compiling dasp_sample v0.11.0
[INFO] [stderr]    Compiling bitflags v1.3.2
[INFO] [stderr]    Compiling hound v3.5.0
[INFO] [stderr]    Compiling miniquad v0.3.14
[INFO] [stderr]    Compiling quad-snd v0.2.6
[INFO] [stderr]    Compiling eyre v0.6.8
[INFO] [stderr]    Compiling dasp_frame v0.11.0
[INFO] [stderr]    Compiling bytemuck v1.12.3
[INFO] [stderr]    Compiling ttf-parser v0.15.2
[INFO] [stderr]    Compiling ahash v0.7.6
[INFO] [stderr]    Compiling ahash v0.8.2
[INFO] [stderr]    Compiling color_quant v1.1.0
[INFO] [stderr]    Compiling num-traits v0.2.15
[INFO] [stderr]    Compiling num-integer v0.1.45
[INFO] [stderr]    Compiling num-bigint v0.4.3
[INFO] [stderr]    Compiling num-rational v0.4.1
[INFO] [stderr]    Compiling smallvec v0.6.14
[INFO] [stderr]    Compiling num-iter v0.1.43
[INFO] [stderr]    Compiling indenter v0.3.3
[INFO] [stderr]    Compiling quad-rand v0.2.1
[INFO] [stderr]    Compiling macroquad_macro v0.1.7
[INFO] [stderr]    Compiling either v1.8.0
[INFO] [stderr]    Compiling bumpalo v3.11.1
[INFO] [stderr]    Compiling glam v0.21.3
[INFO] [stderr]    Compiling itertools v0.10.5
[INFO] [stderr]    Compiling gerrymander v0.1.0
[INFO] [stderr]    Compiling lewton v0.9.4
[INFO] [stderr]    Compiling getrandom v0.2.8
[INFO] [stderr]    Compiling flate2 v1.0.25
[INFO] [stderr]    Compiling hashbrown v0.11.2
[INFO] [stderr]    Compiling png v0.17.7
[INFO] [stderr]    Compiling fontdue v0.7.2
[INFO] [stderr]    Compiling num-complex v0.4.2
[INFO] [stderr]    Compiling audrey v0.3.0
[INFO] [stderr]    Compiling image v0.24.5
[INFO] [stderr]    Compiling num v0.4.0
[INFO] [stderr]    Compiling thiserror-impl v1.0.38
[INFO] [stderr]    Compiling enumflags2_derive v0.7.4
[INFO] [stderr]    Compiling enum_dispatch v0.3.9
[INFO] [stderr]    Compiling enumflags2 v0.7.5
[INFO] [stderr]    Compiling pest v2.5.2
[INFO] [stderr]    Compiling macroquad v0.3.25
[INFO] [stderr]    Compiling pest_meta v2.5.2
[INFO] [stderr]    Compiling pest_generator v2.5.2
[INFO] [stderr]    Compiling pest_derive v2.5.2
[INFO] [stderr]    Compiling hex2d v1.1.0
[INFO] [stderr]    Compiling json5 v0.4.1
[INFO] [stderr]    Compiling ld52 v0.1.0 (/opt/rustwide/workdir)
[INFO] [stdout] error: expected `;`, found `}`
[INFO] [stdout]   --> src/states/levelselect.rs:18:15
[INFO] [stdout]    |
[INFO] [stdout] 18 |             })
[INFO] [stdout]    |               ^ help: add `;` here
[INFO] [stdout] 19 |         }
[INFO] [stdout]    |         - unexpected token
[INFO] [stdout] 
[INFO] [stdout] 
[INFO] [stdout] error[E0554]: `#![feature]` may not be used on the beta release channel
[INFO] [stdout]  --> src/main.rs:1:1
[INFO] [stdout]   |
[INFO] [stdout] 1 | #![feature(array_methods)]
[INFO] [stdout]   | ^^^^^^^^^^^^^^^^^^^^^^^^^^
[INFO] [stdout] 
[INFO] [stdout] 
[INFO] [stdout] warning: unused import: `Puzzle`
[INFO] [stdout]   --> src/resources.rs:11:28
[INFO] [stdout]    |
[INFO] [stdout] 11 | use crate::puzzle::{Level, Puzzle};
[INFO] [stdout]    |                            ^^^^^^
[INFO] [stdout]    |
[INFO] [stdout]    = note: `#[warn(unused_imports)]` (part of `#[warn(unused)]`) on by default
[INFO] [stdout] 
[INFO] [stdout] 
[INFO] [stdout] warning: unused import: `px_to_edge`
[INFO] [stdout]   --> src/states/gameplay/draw.rs:18:34
[INFO] [stdout]    |
[INFO] [stdout] 18 |     coord_to_px, far_px_to_edge, px_to_edge, CheckState, StateGameplay,
[INFO] [stdout]    |                                  ^^^^^^^^^^
[INFO] [stdout] 
[INFO] [stdout] 
[INFO] [stdout] warning: unused import: `px_to_edge`
[INFO] [stdout]  --> src/states/gameplay/update.rs:9:21
[INFO] [stdout]   |
[INFO] [stdout] 9 |     far_px_to_edge, px_to_edge, CheckState, StateGameplay, PATH_MIN_DIST,
[INFO] [stdout]   |                     ^^^^^^^^^^
[INFO] [stdout] 
[INFO] [stdout] 
[INFO] [stdout] warning: unused imports: `Angle` and `IntegerSpacing`
[INFO] [stdout]  --> src/states/gameplay.rs:7:13
[INFO] [stdout]   |
[INFO] [stdout] 7 | use hex2d::{Angle, Coordinate, Direction, IntegerSpacing};
[INFO] [stdout]   |             ^^^^^                         ^^^^^^^^^^^^^^
[INFO] [stdout] 
[INFO] [stdout] 
[INFO] [stdout] warning: unused import: `Mat2`
[INFO] [stdout]  --> src/states/gameplay.rs:8:32
[INFO] [stdout]   |
[INFO] [stdout] 8 | use macroquad::prelude::{vec2, Mat2, Mat3, Vec2};
[INFO] [stdout]   |                                ^^^^
[INFO] [stdout] 
[INFO] [stdout] 
[INFO] [stdout] warning: unused import: `HexEdge`
[INFO] [stdout]   --> src/states/gameplay.rs:12:21
[INFO] [stdout]    |
[INFO] [stdout] 12 |     geom::{EdgePos, HexEdge},
[INFO] [stdout]    |                     ^^^^^^^
[INFO] [stdout] 
[INFO] [stdout] 
[INFO] [stdout] warning: the feature `array_methods` has been stable since 1.77.0 and no longer requires an attribute to enable
[INFO] [stdout]  --> src/main.rs:1:12
[INFO] [stdout]   |
[INFO] [stdout] 1 | #![feature(array_methods)]
[INFO] [stdout]   |            ^^^^^^^^^^^^^
[INFO] [stdout]   |
[INFO] [stdout]   = note: `#[warn(stable_features)]` on by default
[INFO] [stdout] 
[INFO] [stdout] 
[INFO] [stdout] warning: unreachable expression
[INFO] [stdout]   --> src/states/levelselect.rs:17:17
[INFO] [stdout]    |
[INFO] [stdout] 16 |                 button: todo!(),
[INFO] [stdout]    |                         ------- any code following this expression is unreachable
[INFO] [stdout] 17 |                 row,
[INFO] [stdout]    |                 ^^^ unreachable expression
[INFO] [stdout]    |
[INFO] [stdout]    = note: `#[warn(unreachable_code)]` (part of `#[warn(unused)]`) on by default
[INFO] [stdout] 
[INFO] [stdout] 
[INFO] [stdout] error[E0277]: cannot multiply `usize` by `()`
[INFO] [stdout]   --> src/states/levelselect.rs:13:31
[INFO] [stdout]    |
[INFO] [stdout] 13 |               let bx = 60 + row * 
[INFO] [stdout]    |                             --- ^ no implementation for `usize * ()`
[INFO] [stdout] 14 |               
[INFO] [stdout] 15 | /             buttons.push(CutsceneButton {
[INFO] [stdout] 16 | |                 button: todo!(),
[INFO] [stdout] 17 | |                 row,
[INFO] [stdout] 18 | |             })
[INFO] [stdout]    | |______________-
[INFO] [stdout]    |
[INFO] [stdout]    = help: the trait `Mul<()>` is not implemented for `usize`
[INFO] [stdout]    = help: the following other types implement trait `Mul<Rhs>`:
[INFO] [stdout]              `&usize` implements `Mul<&num_bigint::bigint::BigInt>`
[INFO] [stdout]              `&usize` implements `Mul<&num_bigint::biguint::BigUint>`
[INFO] [stdout]              `&usize` implements `Mul<&num_complex::Complex<usize>>`
[INFO] [stdout]              `&usize` implements `Mul<num_bigint::bigint::BigInt>`
[INFO] [stdout]              `&usize` implements `Mul<num_bigint::biguint::BigUint>`
[INFO] [stdout]              `&usize` implements `Mul<num_complex::Complex<usize>>`
[INFO] [stdout]              `&usize` implements `Mul<usize>`
[INFO] [stdout]              `&usize` implements `Mul`
[INFO] [stdout]            and 8 others
[INFO] [stdout] 
[INFO] [stdout] 
[INFO] [stdout] error[E0308]: mismatched types
[INFO] [stdout]   --> src/states/levelselect.rs:12:9
[INFO] [stdout]    |
[INFO] [stdout]  8 |       pub fn new() -> Self {
[INFO] [stdout]    |                       ---- expected `StateLevelSelect` because of return type
[INFO] [stdout] ...
[INFO] [stdout] 12 | /         for (row, levels) in res.levels.rows.iter().enumerate() {
[INFO] [stdout] 13 | |             let bx = 60 + row * 
[INFO] [stdout] 14 | |             
[INFO] [stdout] 15 | |             buttons.push(CutsceneButton {
[INFO] [stdout] ...  |
[INFO] [stdout] 18 | |             })
[INFO] [stdout] 19 | |         }
[INFO] [stdout]    | |_________^ expected `StateLevelSelect`, found `()`
[INFO] [stdout]    |
[INFO] [stdout]    = note: `for` loops evaluate to unit type `()`
[INFO] [stdout] help: consider returning a value here
[INFO] [stdout]    |
[INFO] [stdout] 19 ~         }
[INFO] [stdout] 20 +         /* `StateLevelSelect` value */
[INFO] [stdout]    |
[INFO] [stdout] 
[INFO] [stdout] 
[INFO] [stdout] warning: unused variable: `euler`
[INFO] [stdout]   --> src/puzzle/checker.rs:11:18
[INFO] [stdout]    |
[INFO] [stdout] 11 |         let Some(euler) = self.find_euler_path() else {
[INFO] [stdout]    |                  ^^^^^ help: if this is intentional, prefix it with an underscore: `_euler`
[INFO] [stdout]    |
[INFO] [stdout]    = note: `#[warn(unused_variables)]` (part of `#[warn(unused)]`) on by default
[INFO] [stdout] 
[INFO] [stdout] 
[INFO] [stdout] Some errors have detailed explanations: E0277, E0308, E0554.
[INFO] [stdout] 
[INFO] [stdout] For more information about an error, try `rustc --explain E0277`.
[INFO] [stdout] 
[INFO] [stderr] error: could not compile `ld52` (bin "ld52") due to 4 previous errors; 9 warnings emitted
[INFO] running `Command { std: "docker" "inspect" "d8ca85a345021b7b1e3525bd966f1d75f299b82cf47b0b3bd90720b3a01964ce", kill_on_drop: false }`
[INFO] running `Command { std: "docker" "rm" "-f" "d8ca85a345021b7b1e3525bd966f1d75f299b82cf47b0b3bd90720b3a01964ce", kill_on_drop: false }`
[INFO] [stdout] d8ca85a345021b7b1e3525bd966f1d75f299b82cf47b0b3bd90720b3a01964ce
