[INFO] cloning repository https://github.com/gabrielelanaro/gabix
[INFO] running `Command { std: "git" "-c" "credential.helper=" "-c" "credential.helper=/workspace/cargo-home/bin/git-credential-null" "clone" "--bare" "https://github.com/gabrielelanaro/gabix" "/workspace/cache/git-repos/https%3A%2F%2Fgithub.com%2Fgabrielelanaro%2Fgabix", kill_on_drop: false }`
[INFO] [stderr] Cloning into bare repository '/workspace/cache/git-repos/https%3A%2F%2Fgithub.com%2Fgabrielelanaro%2Fgabix'...
[INFO] running `Command { std: "git" "rev-parse" "HEAD", kill_on_drop: false }`
[INFO] [stdout] c02f643a33e2204437e0ca38efb7fec6fe57daf3
[INFO] testing gabrielelanaro/gabix against 1.99.0-beta.8+cargoflags=--release for beta-release-1.100-2
[INFO] running `Command { std: "git" "clone" "/workspace/cache/git-repos/https%3A%2F%2Fgithub.com%2Fgabrielelanaro%2Fgabix" "/workspace/builds/worker-5-tc1/source", kill_on_drop: false }`
[INFO] [stderr] Cloning into '/workspace/builds/worker-5-tc1/source'...
[INFO] [stderr] done.
[INFO] removed /workspace/builds/worker-5-tc1/source/.cargo/config.toml
[INFO] removed /workspace/builds/worker-5-tc1/source/rust-toolchain.toml
[INFO] started tweaking git repo https://github.com/gabrielelanaro/gabix
[INFO] finished tweaking git repo https://github.com/gabrielelanaro/gabix
[INFO] tweaked toml for git repo https://github.com/gabrielelanaro/gabix written to /workspace/builds/worker-5-tc1/source/Cargo.toml
[INFO] validating manifest of git repo https://github.com/gabrielelanaro/gabix on toolchain 1.99.0-beta.8
[INFO] running `Command { std: CARGO_HOME="/workspace/cargo-home" RUSTUP_HOME="/workspace/rustup-home" "/workspace/cargo-home/bin/cargo" "+1.99.0-beta.8" "metadata" "--manifest-path" "Cargo.toml" "--no-deps", kill_on_drop: false }`
[INFO] crate git repo https://github.com/gabrielelanaro/gabix already has a lockfile, it will not be regenerated
[INFO] running `Command { std: CARGO_HOME="/workspace/cargo-home" RUSTUP_HOME="/workspace/rustup-home" "/workspace/cargo-home/bin/cargo" "+1.99.0-beta.8" "fetch" "--manifest-path" "Cargo.toml", kill_on_drop: false }`
[INFO] [stderr]     Updating crates.io index
[INFO] [stderr]  Downloading crates ...
[INFO] [stderr]   Downloaded spinning_top v0.2.5
[INFO] [stderr]   Downloaded pic8259 v0.10.4
[INFO] [stderr]   Downloaded linked_list_allocator v0.10.6
[INFO] [stderr]   Downloaded x86_64 v0.15.4
[INFO] [stderr]   Downloaded bootloader v0.9.34
[INFO] [stderr]   Downloaded x86_64 v0.14.13
[INFO] running `Command { std: "docker" "create" "-v" "/var/lib/crater-agent-workspace/builds/worker-5-tc1/source:/opt/rustwide/workdir:ro,Z" "-v" "/var/lib/crater-agent-workspace/builds/worker-5-tc1/target:/opt/rustwide/target:rw,Z" "-v" "/var/lib/crater-agent-workspace/cargo-home:/opt/rustwide/cargo-home:ro,Z" "-v" "/var/lib/crater-agent-workspace/rustup-home:/opt/rustwide/rustup-home:ro,Z" "-m" "1610612736" "--network" "none" "ghcr.io/rust-lang/crates-build-env/linux@sha256:77db811e55d90add9212f6832c23229e3de5f1c1f9905e8cb07319ea15df73ac" "sleep" "infinity", kill_on_drop: false }`
[INFO] [stdout] 56edb3c714bf91bc8b91b2f9a8231810914bd71f6ce0334096014d0645c412cf
[INFO] running `Command { std: "docker" "start" "56edb3c714bf91bc8b91b2f9a8231810914bd71f6ce0334096014d0645c412cf", kill_on_drop: false }`
[INFO] running `Command { std: "docker" "inspect" "56edb3c714bf91bc8b91b2f9a8231810914bd71f6ce0334096014d0645c412cf", kill_on_drop: false }`
[INFO] running `Command { std: "docker" "exec" "-e" "SOURCE_DIR=/opt/rustwide/workdir" "-e" "CARGO_HOME=/opt/rustwide/cargo-home" "-e" "RUSTUP_HOME=/opt/rustwide/rustup-home" "-e" "CARGO_TARGET_DIR=/opt/rustwide/target" "-w" "/opt/rustwide/workdir" "--user" "0:0" "56edb3c714bf91bc8b91b2f9a8231810914bd71f6ce0334096014d0645c412cf" "/opt/rustwide/cargo-home/bin/cargo" "+1.99.0-beta.8" "metadata" "--no-deps" "--format-version=1", kill_on_drop: false }`
[INFO] running `Command { std: "docker" "inspect" "56edb3c714bf91bc8b91b2f9a8231810914bd71f6ce0334096014d0645c412cf", kill_on_drop: false }`
[INFO] running `Command { std: "docker" "exec" "-e" "SOURCE_DIR=/opt/rustwide/workdir" "-e" "CARGO_HOME=/opt/rustwide/cargo-home" "-e" "RUSTUP_HOME=/opt/rustwide/rustup-home" "-e" "CARGO_TARGET_DIR=/opt/rustwide/target" "-e" "CARGO_INCREMENTAL=0" "-e" "RUST_BACKTRACE=full" "-e" "RUSTFLAGS=--cap-lints=warn" "-e" "RUSTDOCFLAGS=--cap-lints=warn" "-w" "/opt/rustwide/workdir" "--user" "0:0" "56edb3c714bf91bc8b91b2f9a8231810914bd71f6ce0334096014d0645c412cf" "/opt/rustwide/cargo-home/bin/cargo" "+1.99.0-beta.8" "build" "--frozen" "--message-format=json" "--release", kill_on_drop: false }`
[INFO] [stderr]    Compiling bitflags v2.13.0
[INFO] [stderr]    Compiling bit_field v0.10.3
[INFO] [stderr]    Compiling const_fn v0.4.12
[INFO] [stderr]    Compiling volatile v0.4.6
[INFO] [stderr]    Compiling bootloader v0.9.34
[INFO] [stderr]    Compiling gabix-kernel v0.1.0 (/opt/rustwide/workdir/crates/kernel-core)
[INFO] [stderr]    Compiling spin v0.9.8
[INFO] [stderr]    Compiling spinning_top v0.2.5
[INFO] [stderr]    Compiling linked_list_allocator v0.10.6
[INFO] [stderr]    Compiling x86_64 v0.14.13
[INFO] [stderr]    Compiling lazy_static v1.5.0
[INFO] [stderr]    Compiling x86_64 v0.15.4
[INFO] [stdout] error[E0554]: `#![feature]` may not be used on the beta release channel
[INFO] [stdout]  --> /opt/rustwide/cargo-home/registry/src/index.crates.io-1949cf8c6b5b557f/x86_64-0.15.4/src/lib.rs:5:44
[INFO] [stdout]   |
[INFO] [stdout] 5 | #![cfg_attr(feature = "abi_x86_interrupt", feature(abi_x86_interrupt))]
[INFO] [stdout]   |                                            ^^^^^^^^^^^^^^^^^^^^^^^^^^
[INFO] [stdout] 
[INFO] [stdout] 
[INFO] [stdout] error[E0046]: not all trait items implemented, missing: `forward_overflowing`, `backward_overflowing`
[INFO] [stdout]    --> /opt/rustwide/cargo-home/registry/src/index.crates.io-1949cf8c6b5b557f/x86_64-0.15.4/src/addr.rs:474:1
[INFO] [stdout]     |
[INFO] [stdout] 474 | impl Step for VirtAddr {
[INFO] [stdout]     | ^^^^^^^^^^^^^^^^^^^^^^ missing `forward_overflowing`, `backward_overflowing` in implementation
[INFO] [stdout]     |
[INFO] [stdout]     = help: implement the missing item: `fn forward_overflowing(_: Self, _: usize) -> (Self, bool) { todo!() }`
[INFO] [stdout]     = help: implement the missing item: `fn backward_overflowing(_: Self, _: usize) -> (Self, bool) { todo!() }`
[INFO] [stdout] 
[INFO] [stdout] 
[INFO] [stdout] error[E0046]: not all trait items implemented, missing: `forward_overflowing`, `backward_overflowing`
[INFO] [stdout]    --> /opt/rustwide/cargo-home/registry/src/index.crates.io-1949cf8c6b5b557f/x86_64-0.15.4/src/structures/paging/page.rs:306:1
[INFO] [stdout]     |
[INFO] [stdout] 306 | impl<S: PageSize> Step for Page<S> {
[INFO] [stdout]     | ^^^^^^^^^^^^^^^^^^^^^^^^^^^^^^^^^^ missing `forward_overflowing`, `backward_overflowing` in implementation
[INFO] [stdout]     |
[INFO] [stdout]     = help: implement the missing item: `fn forward_overflowing(_: Self, _: usize) -> (Self, bool) { todo!() }`
[INFO] [stdout]     = help: implement the missing item: `fn backward_overflowing(_: Self, _: usize) -> (Self, bool) { todo!() }`
[INFO] [stdout] 
[INFO] [stdout] 
[INFO] [stdout] error[E0046]: not all trait items implemented, missing: `forward_overflowing`, `backward_overflowing`
[INFO] [stdout]    --> /opt/rustwide/cargo-home/registry/src/index.crates.io-1949cf8c6b5b557f/x86_64-0.15.4/src/structures/paging/page_table.rs:374:1
[INFO] [stdout]     |
[INFO] [stdout] 374 | impl Step for PageTableIndex {
[INFO] [stdout]     | ^^^^^^^^^^^^^^^^^^^^^^^^^^^^ missing `forward_overflowing`, `backward_overflowing` in implementation
[INFO] [stdout]     |
[INFO] [stdout]     = help: implement the missing item: `fn forward_overflowing(_: Self, _: usize) -> (Self, bool) { todo!() }`
[INFO] [stdout]     = help: implement the missing item: `fn backward_overflowing(_: Self, _: usize) -> (Self, bool) { todo!() }`
[INFO] [stdout] 
[INFO] [stdout] 
[INFO] [stdout] Some errors have detailed explanations: E0046, E0554.
[INFO] [stdout] 
[INFO] [stdout] For more information about an error, try `rustc --explain E0046`.
[INFO] [stdout] 
[INFO] [stderr] error: could not compile `x86_64` (lib) due to 4 previous errors
[INFO] [stderr] warning: build failed, waiting for other jobs to finish...
[INFO] running `Command { std: "docker" "inspect" "56edb3c714bf91bc8b91b2f9a8231810914bd71f6ce0334096014d0645c412cf", kill_on_drop: false }`
[INFO] running `Command { std: "docker" "rm" "-f" "56edb3c714bf91bc8b91b2f9a8231810914bd71f6ce0334096014d0645c412cf", kill_on_drop: false }`
[INFO] [stdout] 56edb3c714bf91bc8b91b2f9a8231810914bd71f6ce0334096014d0645c412cf
