[INFO] cloning repository https://github.com/fuzzykiller/swap-windows
[INFO] running `Command { std: "git" "-c" "credential.helper=" "-c" "credential.helper=/workspace/cargo-home/bin/git-credential-null" "clone" "--bare" "https://github.com/fuzzykiller/swap-windows" "/workspace/cache/git-repos/https%3A%2F%2Fgithub.com%2Ffuzzykiller%2Fswap-windows", kill_on_drop: false }`
[INFO] [stderr] Cloning into bare repository '/workspace/cache/git-repos/https%3A%2F%2Fgithub.com%2Ffuzzykiller%2Fswap-windows'...
[INFO] running `Command { std: "git" "rev-parse" "HEAD", kill_on_drop: false }`
[INFO] [stdout] 09affe6f6d2d2f8903860da53faefe2ae2fa47c5
[INFO] testing fuzzykiller/swap-windows against 1.100.0-beta.1+cargoflags=--release for beta-release-1.100-2
[INFO] running `Command { std: "git" "clone" "/workspace/cache/git-repos/https%3A%2F%2Fgithub.com%2Ffuzzykiller%2Fswap-windows" "/workspace/builds/worker-3-tc2/source", kill_on_drop: false }`
[INFO] [stderr] Cloning into '/workspace/builds/worker-3-tc2/source'...
[INFO] [stderr] done.
[INFO] started tweaking git repo https://github.com/fuzzykiller/swap-windows
[INFO] finished tweaking git repo https://github.com/fuzzykiller/swap-windows
[INFO] tweaked toml for git repo https://github.com/fuzzykiller/swap-windows written to /workspace/builds/worker-3-tc2/source/Cargo.toml
[INFO] validating manifest of git repo https://github.com/fuzzykiller/swap-windows on toolchain 1.100.0-beta.1
[INFO] running `Command { std: CARGO_HOME="/workspace/cargo-home" RUSTUP_HOME="/workspace/rustup-home" "/workspace/cargo-home/bin/cargo" "+1.100.0-beta.1" "metadata" "--manifest-path" "Cargo.toml" "--no-deps", kill_on_drop: false }`
[INFO] crate git repo https://github.com/fuzzykiller/swap-windows already has a lockfile, it will not be regenerated
[INFO] running `Command { std: CARGO_HOME="/workspace/cargo-home" RUSTUP_HOME="/workspace/rustup-home" "/workspace/cargo-home/bin/cargo" "+1.100.0-beta.1" "fetch" "--manifest-path" "Cargo.toml", kill_on_drop: false }`
[INFO] running `Command { std: "docker" "create" "-v" "/var/lib/crater-agent-workspace/builds/worker-3-tc2/source:/opt/rustwide/workdir:ro,Z" "-v" "/var/lib/crater-agent-workspace/builds/worker-3-tc2/target:/opt/rustwide/target:rw,Z" "-v" "/var/lib/crater-agent-workspace/cargo-home:/opt/rustwide/cargo-home:ro,Z" "-v" "/var/lib/crater-agent-workspace/rustup-home:/opt/rustwide/rustup-home:ro,Z" "-m" "1610612736" "--network" "none" "ghcr.io/rust-lang/crates-build-env/linux@sha256:77db811e55d90add9212f6832c23229e3de5f1c1f9905e8cb07319ea15df73ac" "sleep" "infinity", kill_on_drop: false }`
[INFO] [stdout] 56b27c8fb5daef9ac15625564ba7bf6ba7546524e1b0b96e50c122679f397e85
[INFO] running `Command { std: "docker" "start" "56b27c8fb5daef9ac15625564ba7bf6ba7546524e1b0b96e50c122679f397e85", kill_on_drop: false }`
[INFO] running `Command { std: "docker" "inspect" "56b27c8fb5daef9ac15625564ba7bf6ba7546524e1b0b96e50c122679f397e85", kill_on_drop: false }`
[INFO] running `Command { std: "docker" "exec" "-e" "SOURCE_DIR=/opt/rustwide/workdir" "-e" "CARGO_HOME=/opt/rustwide/cargo-home" "-e" "RUSTUP_HOME=/opt/rustwide/rustup-home" "-e" "CARGO_TARGET_DIR=/opt/rustwide/target" "-w" "/opt/rustwide/workdir" "--user" "0:0" "56b27c8fb5daef9ac15625564ba7bf6ba7546524e1b0b96e50c122679f397e85" "/opt/rustwide/cargo-home/bin/cargo" "+1.100.0-beta.1" "metadata" "--no-deps" "--format-version=1", kill_on_drop: false }`
[INFO] running `Command { std: "docker" "inspect" "56b27c8fb5daef9ac15625564ba7bf6ba7546524e1b0b96e50c122679f397e85", kill_on_drop: false }`
[INFO] running `Command { std: "docker" "exec" "-e" "SOURCE_DIR=/opt/rustwide/workdir" "-e" "CARGO_HOME=/opt/rustwide/cargo-home" "-e" "RUSTUP_HOME=/opt/rustwide/rustup-home" "-e" "CARGO_TARGET_DIR=/opt/rustwide/target" "-e" "CARGO_INCREMENTAL=0" "-e" "RUST_BACKTRACE=full" "-e" "RUSTFLAGS=--cap-lints=warn" "-e" "RUSTDOCFLAGS=--cap-lints=warn" "-w" "/opt/rustwide/workdir" "--user" "0:0" "56b27c8fb5daef9ac15625564ba7bf6ba7546524e1b0b96e50c122679f397e85" "/opt/rustwide/cargo-home/bin/cargo" "+1.100.0-beta.1" "build" "--frozen" "--message-format=json" "--release", kill_on_drop: false }`
[INFO] [stderr]    Compiling windows_x86_64_gnu v0.48.2
[INFO] [stderr]    Compiling windows-targets v0.48.2
[INFO] [stderr]    Compiling windows-core v0.51.0
[INFO] [stderr]    Compiling windows v0.51.0
[INFO] [stderr]    Compiling SwapWindows v0.1.0 (/opt/rustwide/workdir)
[INFO] [stdout] warning: fields `title` and `bottom` are never read
[INFO] [stdout]   --> src/types.rs:6:9
[INFO] [stdout]    |
[INFO] [stdout]  4 | pub struct WindowInfo {
[INFO] [stdout]    |            ---------- fields in this struct
[INFO] [stdout]  5 |     pub handle: HWND,
[INFO] [stdout]  6 |     pub title: String,
[INFO] [stdout]    |         ^^^^^
[INFO] [stdout] ...
[INFO] [stdout] 10 |     pub bottom: i32,
[INFO] [stdout]    |         ^^^^^^
[INFO] [stdout]    |
[INFO] [stdout]    = note: `#[warn(dead_code)]` (part of `#[warn(unused)]`) on by default
[INFO] [stdout] 
[INFO] [stdout] 
[INFO] [stdout] error: linking with `cc` failed: exit status: 1
[INFO] [stdout]   |
[INFO] [stdout]   = note:  "cc" "-m64" "/opt/rustwide/target/release/build/SwapWindows/93f64a9c2187a715/out/rustc9n9J3R/symbols.o" "<2 object files omitted>" "-Wl,--as-needed" "-Wl,-Bstatic" "/opt/rustwide/target/release/build/windows/19379cac7a097bb2/out/libwindows-19379cac7a097bb2.rlib" "/opt/rustwide/target/release/build/windows-core/66a8c6d2d39dab9b/out/libwindows_core-66a8c6d2d39dab9b.rlib" "/opt/rustwide/target/release/build/windows-targets/60370c88b23b81c3/out/libwindows_targets-60370c88b23b81c3.rlib" "<sysroot>/lib/rustlib/x86_64-unknown-linux-gnu/lib/{libstd-*,libpanic_unwind-*,libobject-*,libmemchr-*,libaddr2line-*,libgimli-*,libcfg_if-*,librustc_demangle-*,libstd_detect-*,libhashbrown-*,librustc_std_workspace_alloc-*,libminiz_oxide-*,libadler2-*,libunwind-*,liblibc-*,librustc_std_workspace_core-*,liballoc-*,libcore-*,libcompiler_builtins-*}.rlib" "-Wl,-Bdynamic" "-lgcc_s" "-lutil" "-lrt" "-lpthread" "-lm" "-ldl" "-lc" "-L" "/opt/rustwide/target/release/build/SwapWindows/93f64a9c2187a715/out/rustc9n9J3R/raw-dylibs" "-B<sysroot>/lib/rustlib/x86_64-unknown-linux-gnu/bin/gcc-ld" "-fuse-ld=lld" "-Wl,--eh-frame-hdr" "-Wl,-z,noexecstack" "-L" "<sysroot>/lib/rustlib/x86_64-unknown-linux-gnu/lib" "-o" "/opt/rustwide/target/release/build/SwapWindows/93f64a9c2187a715/out/SwapWindows" "-Wl,--gc-sections" "-pie" "-Wl,-z,relro,-z,now" "-Wl,-O1" "-Wl,--strip-debug" "-nodefaultlibs"
[INFO] [stdout]   = note: some arguments are omitted. use `--verbose` to show all linker arguments
[INFO] [stdout]   = note: rust-lld: error: undefined symbol: GetCurrentProcess
[INFO] [stdout]           >>> referenced by SwapWindows.1f42d5dbcf36ca56-cgu.0
[INFO] [stdout]           >>>               /opt/rustwide/target/release/build/SwapWindows/93f64a9c2187a715/out/SwapWindows.SwapWindows.1f42d5dbcf36ca56-cgu.0.rcgu.o:(SwapWindows::main)
[INFO] [stdout]           
[INFO] [stdout]           rust-lld: error: undefined symbol: OpenProcessToken
[INFO] [stdout]           >>> referenced by SwapWindows.1f42d5dbcf36ca56-cgu.0
[INFO] [stdout]           >>>               /opt/rustwide/target/release/build/SwapWindows/93f64a9c2187a715/out/SwapWindows.SwapWindows.1f42d5dbcf36ca56-cgu.0.rcgu.o:(SwapWindows::main)
[INFO] [stdout]           
[INFO] [stdout]           rust-lld: error: undefined symbol: GetTokenInformation
[INFO] [stdout]           >>> referenced by SwapWindows.1f42d5dbcf36ca56-cgu.0
[INFO] [stdout]           >>>               /opt/rustwide/target/release/build/SwapWindows/93f64a9c2187a715/out/SwapWindows.SwapWindows.1f42d5dbcf36ca56-cgu.0.rcgu.o:(SwapWindows::main)
[INFO] [stdout]           
[INFO] [stdout]           rust-lld: error: undefined symbol: EnumWindows
[INFO] [stdout]           >>> referenced by SwapWindows.1f42d5dbcf36ca56-cgu.0
[INFO] [stdout]           >>>               /opt/rustwide/target/release/build/SwapWindows/93f64a9c2187a715/out/SwapWindows.SwapWindows.1f42d5dbcf36ca56-cgu.0.rcgu.o:(SwapWindows::main)
[INFO] [stdout]           
[INFO] [stdout]           rust-lld: error: undefined symbol: SetWindowPos
[INFO] [stdout]           >>> referenced by SwapWindows.1f42d5dbcf36ca56-cgu.0
[INFO] [stdout]           >>>               /opt/rustwide/target/release/build/SwapWindows/93f64a9c2187a715/out/SwapWindows.SwapWindows.1f42d5dbcf36ca56-cgu.0.rcgu.o:(SwapWindows::main)
[INFO] [stdout]           
[INFO] [stdout]           rust-lld: error: undefined symbol: SetWindowPlacement
[INFO] [stdout]           >>> referenced by SwapWindows.1f42d5dbcf36ca56-cgu.0
[INFO] [stdout]           >>>               /opt/rustwide/target/release/build/SwapWindows/93f64a9c2187a715/out/SwapWindows.SwapWindows.1f42d5dbcf36ca56-cgu.0.rcgu.o:(SwapWindows::main)
[INFO] [stdout]           
[INFO] [stdout]           rust-lld: error: undefined symbol: GetWindowTextW
[INFO] [stdout]           >>> referenced by SwapWindows.1f42d5dbcf36ca56-cgu.0
[INFO] [stdout]           >>>               /opt/rustwide/target/release/build/SwapWindows/93f64a9c2187a715/out/SwapWindows.SwapWindows.1f42d5dbcf36ca56-cgu.0.rcgu.o:(SwapWindows::window_enumerator::enum_window_cb)
[INFO] [stdout]           
[INFO] [stdout]           rust-lld: error: undefined symbol: GetWindowInfo
[INFO] [stdout]           >>> referenced by SwapWindows.1f42d5dbcf36ca56-cgu.0
[INFO] [stdout]           >>>               /opt/rustwide/target/release/build/SwapWindows/93f64a9c2187a715/out/SwapWindows.SwapWindows.1f42d5dbcf36ca56-cgu.0.rcgu.o:(SwapWindows::window_enumerator::enum_window_cb)
[INFO] [stdout]           
[INFO] [stdout]           rust-lld: error: undefined symbol: GetWindowPlacement
[INFO] [stdout]           >>> referenced by SwapWindows.1f42d5dbcf36ca56-cgu.0
[INFO] [stdout]           >>>               /opt/rustwide/target/release/build/SwapWindows/93f64a9c2187a715/out/SwapWindows.SwapWindows.1f42d5dbcf36ca56-cgu.0.rcgu.o:(SwapWindows::window_enumerator::enum_window_cb)
[INFO] [stdout]           
[INFO] [stdout]           rust-lld: error: undefined symbol: DwmGetWindowAttribute
[INFO] [stdout]           >>> referenced by SwapWindows.1f42d5dbcf36ca56-cgu.0
[INFO] [stdout]           >>>               /opt/rustwide/target/release/build/SwapWindows/93f64a9c2187a715/out/SwapWindows.SwapWindows.1f42d5dbcf36ca56-cgu.0.rcgu.o:(SwapWindows::window_enumerator::enum_window_cb)
[INFO] [stdout]           
[INFO] [stdout]           rust-lld: error: undefined symbol: GetClassNameW
[INFO] [stdout]           >>> referenced by SwapWindows.1f42d5dbcf36ca56-cgu.0
[INFO] [stdout]           >>>               /opt/rustwide/target/release/build/SwapWindows/93f64a9c2187a715/out/SwapWindows.SwapWindows.1f42d5dbcf36ca56-cgu.0.rcgu.o:(SwapWindows::window_enumerator::enum_window_cb)
[INFO] [stdout]           
[INFO] [stdout]           rust-lld: error: undefined symbol: GetProcessHeap
[INFO] [stdout]           >>> referenced by windows_core.6f547bcaf4a7410e-cgu.5
[INFO] [stdout]           >>>               windows_core-66a8c6d2d39dab9b.windows_core.6f547bcaf4a7410e-cgu.5.rcgu.o:(core::ptr::drop_glue::<windows_core::strings::hstring::HSTRING>) in archive /opt/rustwide/target/release/build/windows-core/66a8c6d2d39dab9b/out/libwindows_core-66a8c6d2d39dab9b.rlib
[INFO] [stdout]           >>> referenced by windows_core.6f547bcaf4a7410e-cgu.5
[INFO] [stdout]           >>>               windows_core-66a8c6d2d39dab9b.windows_core.6f547bcaf4a7410e-cgu.5.rcgu.o:(<windows_core::error::Error>::new) in archive /opt/rustwide/target/release/build/windows-core/66a8c6d2d39dab9b/out/libwindows_core-66a8c6d2d39dab9b.rlib
[INFO] [stdout]           >>> referenced by windows_core.6f547bcaf4a7410e-cgu.5
[INFO] [stdout]           >>>               windows_core-66a8c6d2d39dab9b.windows_core.6f547bcaf4a7410e-cgu.5.rcgu.o:(<windows_core::error::Error>::message) in archive /opt/rustwide/target/release/build/windows-core/66a8c6d2d39dab9b/out/libwindows_core-66a8c6d2d39dab9b.rlib
[INFO] [stdout]           >>> referenced 8 more times
[INFO] [stdout]           
[INFO] [stdout]           rust-lld: error: undefined symbol: HeapFree
[INFO] [stdout]           >>> referenced by windows_core.6f547bcaf4a7410e-cgu.5
[INFO] [stdout]           >>>               windows_core-66a8c6d2d39dab9b.windows_core.6f547bcaf4a7410e-cgu.5.rcgu.o:(core::ptr::drop_glue::<windows_core::strings::hstring::HSTRING>) in archive /opt/rustwide/target/release/build/windows-core/66a8c6d2d39dab9b/out/libwindows_core-66a8c6d2d39dab9b.rlib
[INFO] [stdout]           >>> referenced by windows_core.6f547bcaf4a7410e-cgu.5
[INFO] [stdout]           >>>               windows_core-66a8c6d2d39dab9b.windows_core.6f547bcaf4a7410e-cgu.5.rcgu.o:(<windows_core::error::Error>::new) in archive /opt/rustwide/target/release/build/windows-core/66a8c6d2d39dab9b/out/libwindows_core-66a8c6d2d39dab9b.rlib
[INFO] [stdout]           >>> referenced by windows_core.6f547bcaf4a7410e-cgu.2
[INFO] [stdout]           >>>               windows_core-66a8c6d2d39dab9b.windows_core.6f547bcaf4a7410e-cgu.2.rcgu.o:(<windows_core::strings::hstring::HSTRING as core::ops::drop::Drop>::drop) in archive /opt/rustwide/target/release/build/windows-core/66a8c6d2d39dab9b/out/libwindows_core-66a8c6d2d39dab9b.rlib
[INFO] [stdout]           >>> referenced 5 more times
[INFO] [stdout]           
[INFO] [stdout]           rust-lld: error: undefined symbol: GetLastError
[INFO] [stdout]           >>> referenced by windows_core.6f547bcaf4a7410e-cgu.5
[INFO] [stdout]           >>>               windows_core-66a8c6d2d39dab9b.windows_core.6f547bcaf4a7410e-cgu.5.rcgu.o:(<windows_core::error::Error>::from_win32) in archive /opt/rustwide/target/release/build/windows-core/66a8c6d2d39dab9b/out/libwindows_core-66a8c6d2d39dab9b.rlib
[INFO] [stdout]           
[INFO] [stdout]           rust-lld: error: undefined symbol: LoadLibraryExA
[INFO] [stdout]           >>> referenced by windows_core.6f547bcaf4a7410e-cgu.5
[INFO] [stdout]           >>>               windows_core-66a8c6d2d39dab9b.windows_core.6f547bcaf4a7410e-cgu.5.rcgu.o:(<windows_core::error::Error>::new) in archive /opt/rustwide/target/release/build/windows-core/66a8c6d2d39dab9b/out/libwindows_core-66a8c6d2d39dab9b.rlib
[INFO] [stdout]           
[INFO] [stdout]           rust-lld: error: undefined symbol: GetProcAddress
[INFO] [stdout]           >>> referenced by windows_core.6f547bcaf4a7410e-cgu.5
[INFO] [stdout]           >>>               windows_core-66a8c6d2d39dab9b.windows_core.6f547bcaf4a7410e-cgu.5.rcgu.o:(<windows_core::error::Error>::new) in archive /opt/rustwide/target/release/build/windows-core/66a8c6d2d39dab9b/out/libwindows_core-66a8c6d2d39dab9b.rlib
[INFO] [stdout]           
[INFO] [stdout]           rust-lld: error: undefined symbol: FreeLibrary
[INFO] [stdout]           >>> referenced by windows_core.6f547bcaf4a7410e-cgu.5
[INFO] [stdout]           >>>               windows_core-66a8c6d2d39dab9b.windows_core.6f547bcaf4a7410e-cgu.5.rcgu.o:(<windows_core::error::Error>::new) in archive /opt/rustwide/target/release/build/windows-core/66a8c6d2d39dab9b/out/libwindows_core-66a8c6d2d39dab9b.rlib
[INFO] [stdout]           
[INFO] [stdout]           rust-lld: error: undefined symbol: GetErrorInfo
[INFO] [stdout]           >>> referenced by windows_core.6f547bcaf4a7410e-cgu.5
[INFO] [stdout]           >>>               windows_core-66a8c6d2d39dab9b.windows_core.6f547bcaf4a7410e-cgu.5.rcgu.o:(<windows_core::error::Error>::new) in archive /opt/rustwide/target/release/build/windows-core/66a8c6d2d39dab9b/out/libwindows_core-66a8c6d2d39dab9b.rlib
[INFO] [stdout]           >>> referenced by windows_core.6f547bcaf4a7410e-cgu.5
[INFO] [stdout]           >>>               windows_core-66a8c6d2d39dab9b.windows_core.6f547bcaf4a7410e-cgu.5.rcgu.o:(<windows_core::error::Error as core::convert::From<windows_core::hresult::HRESULT>>::from) in archive /opt/rustwide/target/release/build/windows-core/66a8c6d2d39dab9b/out/libwindows_core-66a8c6d2d39dab9b.rlib
[INFO] [stdout]           >>> referenced by windows_core.6f547bcaf4a7410e-cgu.5
[INFO] [stdout]           >>>               windows_core-66a8c6d2d39dab9b.windows_core.6f547bcaf4a7410e-cgu.5.rcgu.o:(<windows_core::error::Error as core::convert::From<windows_core::hresult::HRESULT>>::from) in archive /opt/rustwide/target/release/build/windows-core/66a8c6d2d39dab9b/out/libwindows_core-66a8c6d2d39dab9b.rlib
[INFO] [stdout]           
[INFO] [stdout]           rust-lld: error: undefined symbol: SysFreeString
[INFO] [stdout]           >>> referenced by windows_core.6f547bcaf4a7410e-cgu.5
[INFO] [stdout]           >>>               windows_core-66a8c6d2d39dab9b.windows_core.6f547bcaf4a7410e-cgu.5.rcgu.o:(<windows_core::error::Error>::message) in archive /opt/rustwide/target/release/build/windows-core/66a8c6d2d39dab9b/out/libwindows_core-66a8c6d2d39dab9b.rlib
[INFO] [stdout]           >>> referenced by windows_core.6f547bcaf4a7410e-cgu.5
[INFO] [stdout]           >>>               windows_core-66a8c6d2d39dab9b.windows_core.6f547bcaf4a7410e-cgu.5.rcgu.o:(<windows_core::error::Error>::message) in archive /opt/rustwide/target/release/build/windows-core/66a8c6d2d39dab9b/out/libwindows_core-66a8c6d2d39dab9b.rlib
[INFO] [stdout]           >>> referenced by windows_core.6f547bcaf4a7410e-cgu.5
[INFO] [stdout]           >>>               windows_core-66a8c6d2d39dab9b.windows_core.6f547bcaf4a7410e-cgu.5.rcgu.o:(<windows_core::error::Error>::message) in archive /opt/rustwide/target/release/build/windows-core/66a8c6d2d39dab9b/out/libwindows_core-66a8c6d2d39dab9b.rlib
[INFO] [stdout]           >>> referenced 8 more times
[INFO] [stdout]           
[INFO] [stdout]           rust-lld: error: undefined symbol: SysStringLen
[INFO] [stdout]           >>> referenced by windows_core.6f547bcaf4a7410e-cgu.5
[INFO] [stdout]           >>>               windows_core-66a8c6d2d39dab9b.windows_core.6f547bcaf4a7410e-cgu.5.rcgu.o:(<windows_core::error::Error>::message) in archive /opt/rustwide/target/release/build/windows-core/66a8c6d2d39dab9b/out/libwindows_core-66a8c6d2d39dab9b.rlib
[INFO] [stdout]           >>> referenced by windows_core.6f547bcaf4a7410e-cgu.5
[INFO] [stdout]           >>>               windows_core-66a8c6d2d39dab9b.windows_core.6f547bcaf4a7410e-cgu.5.rcgu.o:(<windows_core::error::Error>::message) in archive /opt/rustwide/target/release/build/windows-core/66a8c6d2d39dab9b/out/libwindows_core-66a8c6d2d39dab9b.rlib
[INFO] [stdout]           >>> referenced by windows_core.6f547bcaf4a7410e-cgu.5
[INFO] [stdout]           >>>               windows_core-66a8c6d2d39dab9b.windows_core.6f547bcaf4a7410e-cgu.5.rcgu.o:(<windows_core::error::Error as core::convert::From<windows_core::hresult::HRESULT>>::from) in archive /opt/rustwide/target/release/build/windows-core/66a8c6d2d39dab9b/out/libwindows_core-66a8c6d2d39dab9b.rlib
[INFO] [stdout]           
[INFO] [stdout]           rust-lld: error: too many errors emitted, stopping now (use --error-limit=0 to see all errors)
[INFO] [stdout]           collect2: error: ld returned 1 exit status
[INFO] [stdout]           
[INFO] [stdout] 
[INFO] [stdout] 
[INFO] [stderr] error: could not compile `SwapWindows` (bin "SwapWindows") due to 1 previous error; 1 warning emitted
[INFO] running `Command { std: "docker" "inspect" "56b27c8fb5daef9ac15625564ba7bf6ba7546524e1b0b96e50c122679f397e85", kill_on_drop: false }`
[INFO] running `Command { std: "docker" "rm" "-f" "56b27c8fb5daef9ac15625564ba7bf6ba7546524e1b0b96e50c122679f397e85", kill_on_drop: false }`
[INFO] [stdout] 56b27c8fb5daef9ac15625564ba7bf6ba7546524e1b0b96e50c122679f397e85
