[INFO] cloning repository https://github.com/fury-money/fu4-group
[INFO] running `Command { std: "git" "-c" "credential.helper=" "-c" "credential.helper=/workspace/cargo-home/bin/git-credential-null" "clone" "--bare" "https://github.com/fury-money/fu4-group" "/workspace/cache/git-repos/https%3A%2F%2Fgithub.com%2Ffury-money%2Ffu4-group", kill_on_drop: false }`
[INFO] [stderr] Cloning into bare repository '/workspace/cache/git-repos/https%3A%2F%2Fgithub.com%2Ffury-money%2Ffu4-group'...
[INFO] running `Command { std: "git" "rev-parse" "HEAD", kill_on_drop: false }`
[INFO] [stdout] 7b18b8c256e546bd66bf24bb4abe55eb820ea94a
[INFO] testing fury-money/fu4-group against 1.99.0-beta.8+cargoflags=--release for beta-release-1.100-2
[INFO] running `Command { std: "git" "clone" "/workspace/cache/git-repos/https%3A%2F%2Fgithub.com%2Ffury-money%2Ffu4-group" "/workspace/builds/worker-5-tc1/source", kill_on_drop: false }`
[INFO] [stderr] Cloning into '/workspace/builds/worker-5-tc1/source'...
[INFO] [stderr] done.
[INFO] started tweaking git repo https://github.com/fury-money/fu4-group
[INFO] finished tweaking git repo https://github.com/fury-money/fu4-group
[INFO] tweaked toml for git repo https://github.com/fury-money/fu4-group written to /workspace/builds/worker-5-tc1/source/Cargo.toml
[INFO] validating manifest of git repo https://github.com/fury-money/fu4-group on toolchain 1.99.0-beta.8
[INFO] running `Command { std: CARGO_HOME="/workspace/cargo-home" RUSTUP_HOME="/workspace/rustup-home" "/workspace/cargo-home/bin/cargo" "+1.99.0-beta.8" "metadata" "--manifest-path" "Cargo.toml" "--no-deps", kill_on_drop: false }`
[INFO] crate git repo https://github.com/fury-money/fu4-group already has a lockfile, it will not be regenerated
[INFO] running `Command { std: CARGO_HOME="/workspace/cargo-home" RUSTUP_HOME="/workspace/rustup-home" "/workspace/cargo-home/bin/cargo" "+1.99.0-beta.8" "fetch" "--manifest-path" "Cargo.toml", kill_on_drop: false }`
[INFO] [stderr]     Updating crates.io index
[INFO] [stderr]  Downloading crates ...
[INFO] [stderr]   Downloaded serde_derive_internals v0.26.0
[INFO] [stderr]   Downloaded cw-utils v1.0.3
[INFO] [stderr]   Downloaded schemars v0.8.16
[INFO] [stderr]   Downloaded cw2 v1.1.2
[INFO] [stderr]   Downloaded forward_ref v1.0.0
[INFO] [stderr]   Downloaded cosmwasm-schema-derive v1.5.2
[INFO] [stderr]   Downloaded schemars_derive v0.8.16
[INFO] [stderr]   Downloaded cosmwasm-schema v1.5.2
[INFO] [stderr]   Downloaded cosmwasm-derive v1.5.2
[INFO] [stderr]   Downloaded cosmwasm-storage v1.5.2
[INFO] [stderr]   Downloaded serde-json-wasm v0.5.2
[INFO] [stderr]   Downloaded cosmwasm-crypto v1.5.2
[INFO] [stderr]   Downloaded ahash v0.7.7
[INFO] [stderr]   Downloaded bnum v0.8.1
[INFO] [stderr]   Downloaded cw-storage-plus v1.2.0
[INFO] [stderr]   Downloaded cosmwasm-std v1.5.2
[INFO] running `Command { std: "docker" "create" "-v" "/var/lib/crater-agent-workspace/builds/worker-5-tc1/source:/opt/rustwide/workdir:ro,Z" "-v" "/var/lib/crater-agent-workspace/builds/worker-5-tc1/target:/opt/rustwide/target:rw,Z" "-v" "/var/lib/crater-agent-workspace/cargo-home:/opt/rustwide/cargo-home:ro,Z" "-v" "/var/lib/crater-agent-workspace/rustup-home:/opt/rustwide/rustup-home:ro,Z" "-m" "1610612736" "--network" "none" "ghcr.io/rust-lang/crates-build-env/linux@sha256:77db811e55d90add9212f6832c23229e3de5f1c1f9905e8cb07319ea15df73ac" "sleep" "infinity", kill_on_drop: false }`
[INFO] [stdout] 1af8a519a7c06d86c7373b0bbb7e7901afefdbc002d37c940043e3aa70a36541
[INFO] running `Command { std: "docker" "start" "1af8a519a7c06d86c7373b0bbb7e7901afefdbc002d37c940043e3aa70a36541", kill_on_drop: false }`
[INFO] running `Command { std: "docker" "inspect" "1af8a519a7c06d86c7373b0bbb7e7901afefdbc002d37c940043e3aa70a36541", kill_on_drop: false }`
[INFO] running `Command { std: "docker" "exec" "-e" "SOURCE_DIR=/opt/rustwide/workdir" "-e" "CARGO_HOME=/opt/rustwide/cargo-home" "-e" "RUSTUP_HOME=/opt/rustwide/rustup-home" "-e" "CARGO_TARGET_DIR=/opt/rustwide/target" "-w" "/opt/rustwide/workdir" "--user" "0:0" "1af8a519a7c06d86c7373b0bbb7e7901afefdbc002d37c940043e3aa70a36541" "/opt/rustwide/cargo-home/bin/cargo" "+1.99.0-beta.8" "metadata" "--no-deps" "--format-version=1", kill_on_drop: false }`
[INFO] running `Command { std: "docker" "inspect" "1af8a519a7c06d86c7373b0bbb7e7901afefdbc002d37c940043e3aa70a36541", kill_on_drop: false }`
[INFO] running `Command { std: "docker" "exec" "-e" "SOURCE_DIR=/opt/rustwide/workdir" "-e" "CARGO_HOME=/opt/rustwide/cargo-home" "-e" "RUSTUP_HOME=/opt/rustwide/rustup-home" "-e" "CARGO_TARGET_DIR=/opt/rustwide/target" "-e" "CARGO_INCREMENTAL=0" "-e" "RUST_BACKTRACE=full" "-e" "RUSTFLAGS=--cap-lints=warn" "-e" "RUSTDOCFLAGS=--cap-lints=warn" "-w" "/opt/rustwide/workdir" "--user" "0:0" "1af8a519a7c06d86c7373b0bbb7e7901afefdbc002d37c940043e3aa70a36541" "/opt/rustwide/cargo-home/bin/cargo" "+1.99.0-beta.8" "build" "--frozen" "--message-format=json" "--release", kill_on_drop: false }`
[INFO] [stderr]    Compiling zeroize v1.7.0
[INFO] [stderr]    Compiling typenum v1.17.0
[INFO] [stderr]    Compiling generic-array v0.14.7
[INFO] [stderr]    Compiling proc-macro2 v1.0.78
[INFO] [stderr]    Compiling unicode-ident v1.0.12
[INFO] [stderr]    Compiling subtle v2.5.0
[INFO] [stderr]    Compiling libc v0.2.152
[INFO] [stderr]    Compiling serde v1.0.196
[INFO] [stderr]    Compiling ahash v0.7.7
[INFO] [stderr]    Compiling once_cell v1.19.0
[INFO] [stderr]    Compiling cpufeatures v0.2.12
[INFO] [stderr]    Compiling thiserror v1.0.56
[INFO] [stderr]    Compiling serde_json v1.0.113
[INFO] [stderr]    Compiling byteorder v1.5.0
[INFO] [stderr]    Compiling ryu v1.0.16
[INFO] [stderr]    Compiling itoa v1.0.10
[INFO] [stderr]    Compiling schemars v0.8.16
[INFO] [stderr]    Compiling rand_core v0.5.1
[INFO] [stderr]    Compiling opaque-debug v0.3.0
[INFO] [stderr]    Compiling dyn-clone v1.0.16
[INFO] [stderr]    Compiling bnum v0.8.1
[INFO] [stderr]    Compiling bech32 v0.9.1
[INFO] [stderr]    Compiling forward_ref v1.0.0
[INFO] [stderr]    Compiling semver v1.0.21
[INFO] [stderr]    Compiling der v0.7.8
[INFO] [stderr]    Compiling quote v1.0.35
[INFO] [stderr]    Compiling getrandom v0.2.12
[INFO] [stderr]    Compiling rand_core v0.6.4
[INFO] [stderr]    Compiling syn v2.0.48
[INFO] [stderr]    Compiling syn v1.0.109
[INFO] [stderr]    Compiling ff v0.13.0
[INFO] [stderr]    Compiling hashbrown v0.12.3
[INFO] [stderr]    Compiling group v0.13.0
[INFO] [stderr]    Compiling spki v0.7.3
[INFO] [stderr]    Compiling pkcs8 v0.10.2
[INFO] [stderr]    Compiling block-buffer v0.10.4
[INFO] [stderr]    Compiling crypto-common v0.1.6
[INFO] [stderr]    Compiling crypto-bigint v0.5.5
[INFO] [stderr]    Compiling sec1 v0.7.3
[INFO] [stderr]    Compiling digest v0.9.0
[INFO] [stderr]    Compiling block-buffer v0.9.0
[INFO] [stderr]    Compiling digest v0.10.7
[INFO] [stderr]    Compiling curve25519-dalek v3.2.0
[INFO] [stderr]    Compiling sha2 v0.9.9
[INFO] [stderr]    Compiling hmac v0.12.1
[INFO] [stderr]    Compiling signature v2.2.0
[INFO] [stderr]    Compiling sha2 v0.10.8
[INFO] [stderr]    Compiling rfc6979 v0.4.0
[INFO] [stderr]    Compiling serde_derive v1.0.196
[INFO] [stderr]    Compiling thiserror-impl v1.0.56
[INFO] [stderr]    Compiling elliptic-curve v0.13.8
[INFO] [stderr]    Compiling ecdsa v0.16.9
[INFO] [stderr]    Compiling serde_derive_internals v0.26.0
[INFO] [stderr]    Compiling k256 v0.13.3
[INFO] [stderr]    Compiling derivative v2.2.0
[INFO] [stderr]    Compiling cosmwasm-derive v1.5.2
[INFO] [stderr]    Compiling cosmwasm-schema-derive v1.5.2
[INFO] [stderr]    Compiling schemars_derive v0.8.16
[INFO] [stderr]    Compiling ed25519-zebra v3.1.0
[INFO] [stderr]    Compiling serde-json-wasm v0.5.2
[INFO] [stderr]    Compiling cosmwasm-crypto v1.5.2
[INFO] [stderr]    Compiling cosmwasm-std v1.5.2
[INFO] [stderr]    Compiling cosmwasm-schema v1.5.2
[INFO] [stderr]    Compiling cw-storage-plus v1.2.0
[INFO] [stderr]    Compiling cosmwasm-storage v1.5.2
[INFO] [stderr]    Compiling cw2 v1.1.2
[INFO] [stderr]    Compiling cw-utils v1.0.3
[INFO] [stderr]    Compiling fu4-group v0.1.0 (/opt/rustwide/workdir/contracts/fu4-group)
[INFO] [stdout] error: expected one of `::`, `;`, or `as`, found `-`
[INFO] [stdout]  --> contracts/fu4-group/src/state.rs:3:13
[INFO] [stdout]   |
[INFO] [stdout] 3 | use cosmwasm-storage::{Bucket, Item};
[INFO] [stdout]   |             ^ expected one of `::`, `;`, or `as`
[INFO] [stdout] 
[INFO] [stdout] 
[INFO] [stdout] error[E0432]: unresolved import `cw2`
[INFO] [stdout]  --> contracts/fu4-group/src/contract.rs:6:5
[INFO] [stdout]   |
[INFO] [stdout] 6 | use cw2::set_contract_version;
[INFO] [stdout]   |     ^^^ use of unresolved module or unlinked crate `cw2`
[INFO] [stdout]   |
[INFO] [stdout]   = help: if you wanted to use a crate named `cw2`, use `cargo add cw2` to add it to your `Cargo.toml`
[INFO] [stdout] 
[INFO] [stdout] 
[INFO] [stdout] error[E0432]: unresolved import `cw4`
[INFO] [stdout]   --> contracts/fu4-group/src/contract.rs:10:5
[INFO] [stdout]    |
[INFO] [stdout] 10 | use cw4::{MemberChangedHookMsg, MemberDiff};
[INFO] [stdout]    |     ^^^ use of unresolved module or unlinked crate `cw4`
[INFO] [stdout]    |
[INFO] [stdout]    = help: if you wanted to use a crate named `cw4`, use `cargo add cw4` to add it to your `Cargo.toml`
[INFO] [stdout] 
[INFO] [stdout] 
[INFO] [stdout] error[E0432]: unresolved import `tg4`
[INFO] [stdout]   --> contracts/fu4-group/src/contract.rs:11:5
[INFO] [stdout]    |
[INFO] [stdout] 11 | use tg4::{Member, MemberInfo, MemberListResponse, MemberResponse, TotalPointsResponse};
[INFO] [stdout]    |     ^^^ use of unresolved module or unlinked crate `tg4`
[INFO] [stdout]    |
[INFO] [stdout]    = help: if you wanted to use a crate named `tg4`, use `cargo add tg4` to add it to your `Cargo.toml`
[INFO] [stdout] 
[INFO] [stdout] 
[INFO] [stdout] error[E0432]: unresolved import `tg4`
[INFO] [stdout]  --> contracts/fu4-group/src/helpers.rs:6:5
[INFO] [stdout]   |
[INFO] [stdout] 6 | use tg4::{Member, Tg4Contract};
[INFO] [stdout]   |     ^^^ use of unresolved module or unlinked crate `tg4`
[INFO] [stdout]   |
[INFO] [stdout]   = help: if you wanted to use a crate named `tg4`, use `cargo add tg4` to add it to your `Cargo.toml`
[INFO] [stdout] 
[INFO] [stdout] 
[INFO] [stdout] error[E0432]: unresolved import `tg4`
[INFO] [stdout]  --> contracts/fu4-group/src/msg.rs:6:5
[INFO] [stdout]   |
[INFO] [stdout] 6 | use tg4::Member;
[INFO] [stdout]   |     ^^^ use of unresolved module or unlinked crate `tg4`
[INFO] [stdout]   |
[INFO] [stdout]   = help: if you wanted to use a crate named `tg4`, use `cargo add tg4` to add it to your `Cargo.toml`
[INFO] [stdout] 
[INFO] [stdout] 
[INFO] [stdout] error[E0432]: unresolved import `thiserror`
[INFO] [stdout]  --> contracts/fu4-group/src/error.rs:2:5
[INFO] [stdout]   |
[INFO] [stdout] 2 | use thiserror::Error;
[INFO] [stdout]   |     ^^^^^^^^^ use of unresolved module or unlinked crate `thiserror`
[INFO] [stdout]   |
[INFO] [stdout]   = help: if you wanted to use a crate named `thiserror`, use `cargo add thiserror` to add it to your `Cargo.toml`
[INFO] [stdout] 
[INFO] [stdout] 
[INFO] [stdout] error[E0432]: unresolved import `cw_controllers`
[INFO] [stdout]  --> contracts/fu4-group/src/error.rs:4:5
[INFO] [stdout]   |
[INFO] [stdout] 4 | use cw_controllers::{AdminError, HookError};
[INFO] [stdout]   |     ^^^^^^^^^^^^^^ use of unresolved module or unlinked crate `cw_controllers`
[INFO] [stdout]   |
[INFO] [stdout]   = help: if you wanted to use a crate named `cw_controllers`, use `cargo add cw_controllers` to add it to your `Cargo.toml`
[INFO] [stdout] 
[INFO] [stdout] 
[INFO] [stdout] error: cannot find attribute `error` in this scope
[INFO] [stdout]  --> contracts/fu4-group/src/error.rs:8:7
[INFO] [stdout]   |
[INFO] [stdout] 8 |     #[error("{0}")]
[INFO] [stdout]   |       ^^^^^
[INFO] [stdout]   |
[INFO] [stdout] help: `error` is an attribute that can be used by the derive macro `Error`, you might be missing a `derive` attribute
[INFO] [stdout]   |
[INFO] [stdout] 7 + #[derive(Error)]
[INFO] [stdout] 8 | pub enum ContractError {
[INFO] [stdout]   |
[INFO] [stdout] 
[INFO] [stdout] 
[INFO] [stdout] error: cannot find attribute `from` in this scope
[INFO] [stdout]  --> contracts/fu4-group/src/error.rs:9:11
[INFO] [stdout]   |
[INFO] [stdout] 9 |     Std(#[from] StdError),
[INFO] [stdout]   |           ^^^^
[INFO] [stdout]   |
[INFO] [stdout] help: `from` is an attribute that can be used by the derive macro `Error`, you might be missing a `derive` attribute
[INFO] [stdout]   |
[INFO] [stdout] 7 + #[derive(Error)]
[INFO] [stdout] 8 | pub enum ContractError {
[INFO] [stdout]   |
[INFO] [stdout] 
[INFO] [stdout] 
[INFO] [stdout] error: cannot find attribute `error` in this scope
[INFO] [stdout]   --> contracts/fu4-group/src/error.rs:11:7
[INFO] [stdout]    |
[INFO] [stdout] 11 |     #[error("{0}")]
[INFO] [stdout]    |       ^^^^^
[INFO] [stdout]    |
[INFO] [stdout] help: `error` is an attribute that can be used by the derive macro `Error`, you might be missing a `derive` attribute
[INFO] [stdout]    |
[INFO] [stdout]  7 + #[derive(Error)]
[INFO] [stdout]  8 | pub enum ContractError {
[INFO] [stdout]    |
[INFO] [stdout] 
[INFO] [stdout] 
[INFO] [stdout] error: cannot find attribute `from` in this scope
[INFO] [stdout]   --> contracts/fu4-group/src/error.rs:12:12
[INFO] [stdout]    |
[INFO] [stdout] 12 |     Hook(#[from] HookError),
[INFO] [stdout]    |            ^^^^
[INFO] [stdout]    |
[INFO] [stdout] help: `from` is an attribute that can be used by the derive macro `Error`, you might be missing a `derive` attribute
[INFO] [stdout]    |
[INFO] [stdout]  7 + #[derive(Error)]
[INFO] [stdout]  8 | pub enum ContractError {
[INFO] [stdout]    |
[INFO] [stdout] 
[INFO] [stdout] 
[INFO] [stdout] error: cannot find attribute `error` in this scope
[INFO] [stdout]   --> contracts/fu4-group/src/error.rs:14:7
[INFO] [stdout]    |
[INFO] [stdout] 14 |     #[error("{0}")]
[INFO] [stdout]    |       ^^^^^
[INFO] [stdout]    |
[INFO] [stdout] help: `error` is an attribute that can be used by the derive macro `Error`, you might be missing a `derive` attribute
[INFO] [stdout]    |
[INFO] [stdout]  7 + #[derive(Error)]
[INFO] [stdout]  8 | pub enum ContractError {
[INFO] [stdout]    |
[INFO] [stdout] 
[INFO] [stdout] 
[INFO] [stdout] error: cannot find attribute `from` in this scope
[INFO] [stdout]   --> contracts/fu4-group/src/error.rs:15:13
[INFO] [stdout]    |
[INFO] [stdout] 15 |     Admin(#[from] AdminError),
[INFO] [stdout]    |             ^^^^
[INFO] [stdout]    |
[INFO] [stdout] help: `from` is an attribute that can be used by the derive macro `Error`, you might be missing a `derive` attribute
[INFO] [stdout]    |
[INFO] [stdout]  7 + #[derive(Error)]
[INFO] [stdout]  8 | pub enum ContractError {
[INFO] [stdout]    |
[INFO] [stdout] 
[INFO] [stdout] 
[INFO] [stdout] error: cannot find attribute `error` in this scope
[INFO] [stdout]   --> contracts/fu4-group/src/error.rs:17:7
[INFO] [stdout]    |
[INFO] [stdout] 17 |     #[error("Unauthorized")]
[INFO] [stdout]    |       ^^^^^
[INFO] [stdout]    |
[INFO] [stdout] help: `error` is an attribute that can be used by the derive macro `Error`, you might be missing a `derive` attribute
[INFO] [stdout]    |
[INFO] [stdout]  7 + #[derive(Error)]
[INFO] [stdout]  8 | pub enum ContractError {
[INFO] [stdout]    |
[INFO] [stdout] 
[INFO] [stdout] 
[INFO] [stdout] warning: unused imports: `StdError` and `WasmMsg`
[INFO] [stdout]  --> contracts/fu4-group/src/contract.rs:2:73
[INFO] [stdout]   |
[INFO] [stdout] 2 |     to_binary, Addr, Binary, Deps, DepsMut, Env, MessageInfo, Response, StdError, StdResult,
[INFO] [stdout]   |                                                                         ^^^^^^^^
[INFO] [stdout] 3 |     SubMsg, WasmMsg,
[INFO] [stdout]   |             ^^^^^^^
[INFO] [stdout]   |
[INFO] [stdout]   = note: `#[warn(unused_imports)]` (part of `#[warn(unused)]`) on by default
[INFO] [stdout] 
[INFO] [stdout] 
[INFO] [stdout] warning: unused import: `StdError`
[INFO] [stdout]  --> contracts/fu4-group/src/helpers.rs:5:20
[INFO] [stdout]   |
[INFO] [stdout] 5 | use cosmwasm_std::{StdError, StdResult, to_binary, Addr, CosmosMsg, WasmMsg};
[INFO] [stdout]   |                    ^^^^^^^^
[INFO] [stdout] 
[INFO] [stdout] 
[INFO] [stdout] warning: unused imports: `Addr`, `CosmosMsg`, `StdResult`, `WasmMsg`, and `to_binary`
[INFO] [stdout]  --> contracts/fu4-group/src/msg.rs:1:20
[INFO] [stdout]   |
[INFO] [stdout] 1 | use cosmwasm_std::{Addr, CosmosMsg, StdResult, to_binary, WasmMsg};
[INFO] [stdout]   |                    ^^^^  ^^^^^^^^^  ^^^^^^^^^  ^^^^^^^^^  ^^^^^^^
[INFO] [stdout] 
[INFO] [stdout] 
[INFO] [stdout] warning: use of deprecated function `cosmwasm_std::to_binary`: use to_json_binary instead
[INFO] [stdout]  --> contracts/fu4-group/src/contract.rs:2:5
[INFO] [stdout]   |
[INFO] [stdout] 2 |     to_binary, Addr, Binary, Deps, DepsMut, Env, MessageInfo, Response, StdError, StdResult,
[INFO] [stdout]   |     ^^^^^^^^^
[INFO] [stdout]   |
[INFO] [stdout]   = note: `#[warn(deprecated)]` on by default
[INFO] [stdout] 
[INFO] [stdout] 
[INFO] [stdout] warning: use of deprecated function `cosmwasm_std::to_binary`: use to_json_binary instead
[INFO] [stdout]    --> contracts/fu4-group/src/contract.rs:146:14
[INFO] [stdout]     |
[INFO] [stdout] 146 |         } => to_binary(&query_member(deps, addr, height)?),
[INFO] [stdout]     |              ^^^^^^^^^
[INFO] [stdout] 
[INFO] [stdout] 
[INFO] [stdout] warning: use of deprecated function `cosmwasm_std::to_binary`: use to_json_binary instead
[INFO] [stdout]    --> contracts/fu4-group/src/contract.rs:148:13
[INFO] [stdout]     |
[INFO] [stdout] 148 |             to_binary(&list_members(deps, start_after, limit)?)
[INFO] [stdout]     |             ^^^^^^^^^
[INFO] [stdout] 
[INFO] [stdout] 
[INFO] [stdout] warning: use of deprecated function `cosmwasm_std::to_binary`: use to_json_binary instead
[INFO] [stdout]    --> contracts/fu4-group/src/contract.rs:150:37
[INFO] [stdout]     |
[INFO] [stdout] 150 |         QueryMsg::TotalPoints {} => to_binary(&query_total_points(deps)?),
[INFO] [stdout]     |                                     ^^^^^^^^^
[INFO] [stdout] 
[INFO] [stdout] 
[INFO] [stdout] warning: use of deprecated function `cosmwasm_std::to_binary`: use to_json_binary instead
[INFO] [stdout]    --> contracts/fu4-group/src/contract.rs:151:31
[INFO] [stdout]     |
[INFO] [stdout] 151 |         QueryMsg::Admin {} => to_binary(&ADMIN.query_admin(deps)?),
[INFO] [stdout]     |                               ^^^^^^^^^
[INFO] [stdout] 
[INFO] [stdout] 
[INFO] [stdout] warning: use of deprecated function `cosmwasm_std::to_binary`: use to_json_binary instead
[INFO] [stdout]    --> contracts/fu4-group/src/contract.rs:152:31
[INFO] [stdout]     |
[INFO] [stdout] 152 |         QueryMsg::Hooks {} => to_binary(&HOOKS.query_hooks(deps)?),
[INFO] [stdout]     |                               ^^^^^^^^^
[INFO] [stdout] 
[INFO] [stdout] 
[INFO] [stdout] warning: use of deprecated function `cosmwasm_std::to_binary`: use to_json_binary instead
[INFO] [stdout]  --> contracts/fu4-group/src/helpers.rs:5:41
[INFO] [stdout]   |
[INFO] [stdout] 5 | use cosmwasm_std::{StdError, StdResult, to_binary, Addr, CosmosMsg, WasmMsg};
[INFO] [stdout]   |                                         ^^^^^^^^^
[INFO] [stdout] 
[INFO] [stdout] 
[INFO] [stdout] warning: use of deprecated function `cosmwasm_std::to_binary`: use to_json_binary instead
[INFO] [stdout]   --> contracts/fu4-group/src/helpers.rs:33:18
[INFO] [stdout]    |
[INFO] [stdout] 33 |             msg: to_binary(&msg)?,
[INFO] [stdout]    |                  ^^^^^^^^^
[INFO] [stdout] 
[INFO] [stdout] 
[INFO] [stdout] warning: use of deprecated function `cosmwasm_std::to_binary`: use to_json_binary instead
[INFO] [stdout]  --> contracts/fu4-group/src/msg.rs:1:48
[INFO] [stdout]   |
[INFO] [stdout] 1 | use cosmwasm_std::{Addr, CosmosMsg, StdResult, to_binary, WasmMsg};
[INFO] [stdout]   |                                                ^^^^^^^^^
[INFO] [stdout] 
[INFO] [stdout] 
[INFO] [stdout] error[E0277]: `?` couldn't convert the error to `ContractError`
[INFO] [stdout]   --> contracts/fu4-group/src/contract.rs:39:21
[INFO] [stdout]    |
[INFO] [stdout] 36 | ) -> Result<(), ContractError> {
[INFO] [stdout]    |      ------------------------- expected `ContractError` because of this
[INFO] [stdout] ...
[INFO] [stdout] 39 |         .transpose()?;
[INFO] [stdout]    |          -----------^ the trait `From<cosmwasm_std::StdError>` is not implemented for `ContractError`
[INFO] [stdout]    |          |
[INFO] [stdout]    |          this can't be annotated with `?` because it has type `Result<_, cosmwasm_std::StdError>`
[INFO] [stdout]    |
[INFO] [stdout] note: `ContractError` needs to implement `From<cosmwasm_std::StdError>`
[INFO] [stdout]   --> contracts/fu4-group/src/error.rs:7:1
[INFO] [stdout]    |
[INFO] [stdout]  7 | pub enum ContractError {
[INFO] [stdout]    | ^^^^^^^^^^^^^^^^^^^^^^
[INFO] [stdout]    = note: the question mark operation (`?`) implicitly performs a conversion on the error value using the `From` trait
[INFO] [stdout] 
[INFO] [stdout] 
[INFO] [stdout] error[E0277]: `?` couldn't convert the error to `ContractError`
[INFO] [stdout]   --> contracts/fu4-group/src/contract.rs:45:63
[INFO] [stdout]    |
[INFO] [stdout] 36 | ) -> Result<(), ContractError> {
[INFO] [stdout]    |      ------------------------- expected `ContractError` because of this
[INFO] [stdout] ...
[INFO] [stdout] 45 |         let member_addr = deps.api.addr_validate(&member.addr)?;
[INFO] [stdout]    |                                    ---------------------------^ the trait `From<cosmwasm_std::StdError>` is not implemented for `ContractError`
[INFO] [stdout]    |                                    |
[INFO] [stdout]    |                                    this can't be annotated with `?` because it has type `Result<_, cosmwasm_std::StdError>`
[INFO] [stdout]    |
[INFO] [stdout] note: `ContractError` needs to implement `From<cosmwasm_std::StdError>`
[INFO] [stdout]   --> contracts/fu4-group/src/error.rs:7:1
[INFO] [stdout]    |
[INFO] [stdout]  7 | pub enum ContractError {
[INFO] [stdout]    | ^^^^^^^^^^^^^^^^^^^^^^
[INFO] [stdout]    = note: the question mark operation (`?`) implicitly performs a conversion on the error value using the `From` trait
[INFO] [stdout] 
[INFO] [stdout] 
[INFO] [stdout] error[E0277]: `?` couldn't convert the error to `ContractError`
[INFO] [stdout]   --> contracts/fu4-group/src/contract.rs:68:74
[INFO] [stdout]    |
[INFO] [stdout] 63 | ) -> Result<Response, ContractError> {
[INFO] [stdout]    |      ------------------------------- expected `ContractError` because of this
[INFO] [stdout] ...
[INFO] [stdout] 68 |             admin.map(|admin| deps.api.addr_validate(&admin)).transpose()?,
[INFO] [stdout]    |                                                               -----------^ the trait `From<cosmwasm_std::StdError>` is not implemented for `ContractError`
[INFO] [stdout]    |                                                               |
[INFO] [stdout]    |                                                               this can't be annotated with `?` because it has type `Result<_, cosmwasm_std::StdError>`
[INFO] [stdout]    |
[INFO] [stdout] note: `ContractError` needs to implement `From<cosmwasm_std::StdError>`
[INFO] [stdout]   --> contracts/fu4-group/src/error.rs:7:1
[INFO] [stdout]    |
[INFO] [stdout]  7 | pub enum ContractError {
[INFO] [stdout]    | ^^^^^^^^^^^^^^^^^^^^^^
[INFO] [stdout]    = note: the question mark operation (`?`) implicitly performs a conversion on the error value using the `From` trait
[INFO] [stdout] 
[INFO] [stdout] 
[INFO] [stdout] error[E0277]: `?` couldn't convert the error to `ContractError`
[INFO] [stdout]   --> contracts/fu4-group/src/contract.rs:74:88
[INFO] [stdout]    |
[INFO] [stdout] 63 | ) -> Result<Response, ContractError> {
[INFO] [stdout]    |      ------------------------------- expected `ContractError` because of this
[INFO] [stdout] ...
[INFO] [stdout] 74 |             Ok(HOOKS.execute_add_hook(&ADMIN, deps, info, deps.api.addr_validate(&addr)?)?)
[INFO] [stdout]    |                                                                    --------------------^ the trait `From<cosmwasm_std::StdError>` is not implemented for `ContractError`
[INFO] [stdout]    |                                                                    |
[INFO] [stdout]    |                                                                    this can't be annotated with `?` because it has type `Result<_, cosmwasm_std::StdError>`
[INFO] [stdout]    |
[INFO] [stdout] note: `ContractError` needs to implement `From<cosmwasm_std::StdError>`
[INFO] [stdout]   --> contracts/fu4-group/src/error.rs:7:1
[INFO] [stdout]    |
[INFO] [stdout]  7 | pub enum ContractError {
[INFO] [stdout]    | ^^^^^^^^^^^^^^^^^^^^^^
[INFO] [stdout]    = note: the question mark operation (`?`) implicitly performs a conversion on the error value using the `From` trait
[INFO] [stdout] 
[INFO] [stdout] 
[INFO] [stdout] error[E0277]: `?` couldn't convert the error to `ContractError`
[INFO] [stdout]   --> contracts/fu4-group/src/contract.rs:77:91
[INFO] [stdout]    |
[INFO] [stdout] 63 | ) -> Result<Response, ContractError> {
[INFO] [stdout]    |      ------------------------------- expected `ContractError` because of this
[INFO] [stdout] ...
[INFO] [stdout] 77 |             Ok(HOOKS.execute_remove_hook(&ADMIN, deps, info, deps.api.addr_validate(&addr)?)?)
[INFO] [stdout]    |                                                                       --------------------^ the trait `From<cosmwasm_std::StdError>` is not implemented for `ContractError`
[INFO] [stdout]    |                                                                       |
[INFO] [stdout]    |                                                                       this can't be annotated with `?` because it has type `Result<_, cosmwasm_std::StdError>`
[INFO] [stdout]    |
[INFO] [stdout] note: `ContractError` needs to implement `From<cosmwasm_std::StdError>`
[INFO] [stdout]   --> contracts/fu4-group/src/error.rs:7:1
[INFO] [stdout]    |
[INFO] [stdout]  7 | pub enum ContractError {
[INFO] [stdout]    | ^^^^^^^^^^^^^^^^^^^^^^
[INFO] [stdout]    = note: the question mark operation (`?`) implicitly performs a conversion on the error value using the `From` trait
[INFO] [stdout] 
[INFO] [stdout] 
[INFO] [stdout] error[E0425]: cannot find function `attr` in this scope
[INFO] [stdout]   --> contracts/fu4-group/src/contract.rs:90:9
[INFO] [stdout]    |
[INFO] [stdout] 90 |         attr("action", "update_members"),
[INFO] [stdout]    |         ^^^^ not found in this scope
[INFO] [stdout] 
[INFO] [stdout] 
[INFO] [stdout] error[E0425]: cannot find function `attr` in this scope
[INFO] [stdout]   --> contracts/fu4-group/src/contract.rs:91:9
[INFO] [stdout]    |
[INFO] [stdout] 91 |         attr("added", add.len().to_string()),
[INFO] [stdout]    |         ^^^^ not found in this scope
[INFO] [stdout] 
[INFO] [stdout] 
[INFO] [stdout] error[E0425]: cannot find function `attr` in this scope
[INFO] [stdout]   --> contracts/fu4-group/src/contract.rs:92:9
[INFO] [stdout]    |
[INFO] [stdout] 92 |         attr("removed", remove.len().to_string()),
[INFO] [stdout]    |         ^^^^ not found in this scope
[INFO] [stdout] 
[INFO] [stdout] 
[INFO] [stdout] error[E0425]: cannot find function `attr` in this scope
[INFO] [stdout]   --> contracts/fu4-group/src/contract.rs:93:9
[INFO] [stdout]    |
[INFO] [stdout] 93 |         attr("sender", &info.sender),
[INFO] [stdout]    |         ^^^^ not found in this scope
[INFO] [stdout] 
[INFO] [stdout] 
[INFO] [stdout] error[E0559]: variant `WasmMsg::Execute` has no field named `send`
[INFO] [stdout]   --> contracts/fu4-group/src/helpers.rs:34:13
[INFO] [stdout]    |
[INFO] [stdout] 34 |             send: vec![],
[INFO] [stdout]    |             ^^^^ `WasmMsg::Execute` does not have this field
[INFO] [stdout]    |
[INFO] [stdout]    = note: available fields are: `funds`
[INFO] [stdout] 
[INFO] [stdout] 
[INFO] [stdout] Some errors have detailed explanations: E0277, E0425, E0432, E0559.
[INFO] [stdout] 
[INFO] [stdout] For more information about an error, try `rustc --explain E0277`.
[INFO] [stdout] 
[INFO] [stderr] error: could not compile `fu4-group` (lib) due to 25 previous errors; 12 warnings emitted
[INFO] running `Command { std: "docker" "inspect" "1af8a519a7c06d86c7373b0bbb7e7901afefdbc002d37c940043e3aa70a36541", kill_on_drop: false }`
[INFO] running `Command { std: "docker" "rm" "-f" "1af8a519a7c06d86c7373b0bbb7e7901afefdbc002d37c940043e3aa70a36541", kill_on_drop: false }`
[INFO] [stdout] 1af8a519a7c06d86c7373b0bbb7e7901afefdbc002d37c940043e3aa70a36541
