[INFO] cloning repository https://github.com/funxdata/wincom
[INFO] running `Command { std: "git" "-c" "credential.helper=" "-c" "credential.helper=/workspace/cargo-home/bin/git-credential-null" "clone" "--bare" "https://github.com/funxdata/wincom" "/workspace/cache/git-repos/https%3A%2F%2Fgithub.com%2Ffunxdata%2Fwincom", kill_on_drop: false }`
[INFO] [stderr] Cloning into bare repository '/workspace/cache/git-repos/https%3A%2F%2Fgithub.com%2Ffunxdata%2Fwincom'...
[INFO] running `Command { std: "git" "rev-parse" "HEAD", kill_on_drop: false }`
[INFO] [stdout] 82e25c968fa8100d1178e6c6f34a1003151eb934
[INFO] testing funxdata/wincom against 1.100.0-beta.1+cargoflags=--release for beta-release-1.100-2
[INFO] running `Command { std: "git" "clone" "/workspace/cache/git-repos/https%3A%2F%2Fgithub.com%2Ffunxdata%2Fwincom" "/workspace/builds/worker-6-tc2/source", kill_on_drop: false }`
[INFO] [stderr] Cloning into '/workspace/builds/worker-6-tc2/source'...
[INFO] [stderr] done.
[INFO] started tweaking git repo https://github.com/funxdata/wincom
[INFO] finished tweaking git repo https://github.com/funxdata/wincom
[INFO] tweaked toml for git repo https://github.com/funxdata/wincom written to /workspace/builds/worker-6-tc2/source/Cargo.toml
[INFO] validating manifest of git repo https://github.com/funxdata/wincom on toolchain 1.100.0-beta.1
[INFO] running `Command { std: CARGO_HOME="/workspace/cargo-home" RUSTUP_HOME="/workspace/rustup-home" "/workspace/cargo-home/bin/cargo" "+1.100.0-beta.1" "metadata" "--manifest-path" "Cargo.toml" "--no-deps", kill_on_drop: false }`
[INFO] running `Command { std: CARGO_HOME="/workspace/cargo-home" RUSTUP_HOME="/workspace/rustup-home" "/workspace/cargo-home/bin/cargo" "+1.100.0-beta.1" "generate-lockfile" "--manifest-path" "Cargo.toml", kill_on_drop: false }`
[INFO] [stderr]     Blocking waiting for file lock on package cache
[INFO] [stderr]     Updating crates.io index
[INFO] [stderr]     Blocking waiting for file lock on package cache
[INFO] [stderr]      Locking 26 packages to highest compatible versions
[INFO] [stderr]       Adding winreg v0.52.0 (available: v0.56.0)
[INFO] running `Command { std: CARGO_HOME="/workspace/cargo-home" RUSTUP_HOME="/workspace/rustup-home" "/workspace/cargo-home/bin/cargo" "+1.100.0-beta.1" "fetch" "--manifest-path" "Cargo.toml", kill_on_drop: false }`
[INFO] [stderr]     Blocking waiting for file lock on package cache
[INFO] [stderr]     Blocking waiting for file lock on package cache
[ERROR] error running command: no output for 300 seconds
[INFO] testing funxdata/wincom against 1.100.0-beta.1+cargoflags=--release for beta-release-1.100-2
[INFO] running `Command { std: "git" "clone" "/workspace/cache/git-repos/https%3A%2F%2Fgithub.com%2Ffunxdata%2Fwincom" "/workspace/builds/worker-6-tc2/source", kill_on_drop: false }`
[INFO] [stderr] Cloning into '/workspace/builds/worker-6-tc2/source'...
[INFO] [stderr] done.
[INFO] started tweaking git repo https://github.com/funxdata/wincom
[INFO] finished tweaking git repo https://github.com/funxdata/wincom
[INFO] tweaked toml for git repo https://github.com/funxdata/wincom written to /workspace/builds/worker-6-tc2/source/Cargo.toml
[INFO] validating manifest of git repo https://github.com/funxdata/wincom on toolchain 1.100.0-beta.1
[INFO] running `Command { std: CARGO_HOME="/workspace/cargo-home" RUSTUP_HOME="/workspace/rustup-home" "/workspace/cargo-home/bin/cargo" "+1.100.0-beta.1" "metadata" "--manifest-path" "Cargo.toml" "--no-deps", kill_on_drop: false }`
[INFO] running `Command { std: CARGO_HOME="/workspace/cargo-home" RUSTUP_HOME="/workspace/rustup-home" "/workspace/cargo-home/bin/cargo" "+1.100.0-beta.1" "generate-lockfile" "--manifest-path" "Cargo.toml", kill_on_drop: false }`
[INFO] [stderr]     Blocking waiting for file lock on package cache
[INFO] [stderr]     Updating crates.io index
[INFO] [stderr]     Blocking waiting for file lock on package cache
[INFO] [stderr]      Locking 26 packages to highest compatible versions
[INFO] [stderr]       Adding winreg v0.52.0 (available: v0.56.0)
[INFO] running `Command { std: CARGO_HOME="/workspace/cargo-home" RUSTUP_HOME="/workspace/rustup-home" "/workspace/cargo-home/bin/cargo" "+1.100.0-beta.1" "fetch" "--manifest-path" "Cargo.toml", kill_on_drop: false }`
[INFO] running `Command { std: "docker" "create" "-v" "/var/lib/crater-agent-workspace/builds/worker-6-tc2/source:/opt/rustwide/workdir:ro,Z" "-v" "/var/lib/crater-agent-workspace/builds/worker-6-tc2/target:/opt/rustwide/target:rw,Z" "-v" "/var/lib/crater-agent-workspace/cargo-home:/opt/rustwide/cargo-home:ro,Z" "-v" "/var/lib/crater-agent-workspace/rustup-home:/opt/rustwide/rustup-home:ro,Z" "-m" "1610612736" "--network" "none" "ghcr.io/rust-lang/crates-build-env/linux@sha256:77db811e55d90add9212f6832c23229e3de5f1c1f9905e8cb07319ea15df73ac" "sleep" "infinity", kill_on_drop: false }`
[INFO] [stdout] ae5021f039474437bac098af3c1cee3810d09dce7b76e5b5c9c1c68e5772b0c1
[INFO] running `Command { std: "docker" "start" "ae5021f039474437bac098af3c1cee3810d09dce7b76e5b5c9c1c68e5772b0c1", kill_on_drop: false }`
[INFO] running `Command { std: "docker" "inspect" "ae5021f039474437bac098af3c1cee3810d09dce7b76e5b5c9c1c68e5772b0c1", kill_on_drop: false }`
[INFO] running `Command { std: "docker" "exec" "-e" "SOURCE_DIR=/opt/rustwide/workdir" "-e" "CARGO_HOME=/opt/rustwide/cargo-home" "-e" "RUSTUP_HOME=/opt/rustwide/rustup-home" "-e" "CARGO_TARGET_DIR=/opt/rustwide/target" "-w" "/opt/rustwide/workdir" "--user" "0:0" "ae5021f039474437bac098af3c1cee3810d09dce7b76e5b5c9c1c68e5772b0c1" "/opt/rustwide/cargo-home/bin/cargo" "+1.100.0-beta.1" "metadata" "--no-deps" "--format-version=1", kill_on_drop: false }`
[INFO] running `Command { std: "docker" "inspect" "ae5021f039474437bac098af3c1cee3810d09dce7b76e5b5c9c1c68e5772b0c1", kill_on_drop: false }`
[INFO] running `Command { std: "docker" "exec" "-e" "SOURCE_DIR=/opt/rustwide/workdir" "-e" "CARGO_HOME=/opt/rustwide/cargo-home" "-e" "RUSTUP_HOME=/opt/rustwide/rustup-home" "-e" "CARGO_TARGET_DIR=/opt/rustwide/target" "-e" "CARGO_INCREMENTAL=0" "-e" "RUST_BACKTRACE=full" "-e" "RUSTFLAGS=--cap-lints=warn" "-e" "RUSTDOCFLAGS=--cap-lints=warn" "-w" "/opt/rustwide/workdir" "--user" "0:0" "ae5021f039474437bac098af3c1cee3810d09dce7b76e5b5c9c1c68e5772b0c1" "/opt/rustwide/cargo-home/bin/cargo" "+1.100.0-beta.1" "build" "--frozen" "--message-format=json" "--release", kill_on_drop: false }`
[INFO] [stderr]    Compiling wincom v0.2.0 (/opt/rustwide/workdir)
[INFO] [stderr]     Finished `release` profile [optimized] target(s) in 0.08s
[INFO] running `Command { std: "docker" "inspect" "ae5021f039474437bac098af3c1cee3810d09dce7b76e5b5c9c1c68e5772b0c1", kill_on_drop: false }`
[INFO] running `Command { std: "docker" "exec" "-e" "SOURCE_DIR=/opt/rustwide/workdir" "-e" "CARGO_HOME=/opt/rustwide/cargo-home" "-e" "RUSTUP_HOME=/opt/rustwide/rustup-home" "-e" "CARGO_TARGET_DIR=/opt/rustwide/target" "-e" "CARGO_INCREMENTAL=0" "-e" "RUST_BACKTRACE=full" "-e" "RUSTFLAGS=--cap-lints=warn" "-e" "RUSTDOCFLAGS=--cap-lints=warn" "-w" "/opt/rustwide/workdir" "--user" "0:0" "ae5021f039474437bac098af3c1cee3810d09dce7b76e5b5c9c1c68e5772b0c1" "/opt/rustwide/cargo-home/bin/cargo" "+1.100.0-beta.1" "test" "--frozen" "--no-run" "--message-format=json" "--release", kill_on_drop: false }`
[INFO] [stderr]    Compiling wincom v0.2.0 (/opt/rustwide/workdir)
[INFO] [stdout] error[E0433]: cannot find module or crate `windows` in this scope
[INFO] [stdout]  --> tests/common/mod.rs:8:5
[INFO] [stdout]   |
[INFO] [stdout] 8 | use windows::Win32::System::Com;
[INFO] [stdout]   |     ^^^^^^^ use of unresolved module or unlinked crate `windows`
[INFO] [stdout]   |
[INFO] [stdout]   = help: if you wanted to use a crate named `windows`, use `cargo add windows` to add it to your `Cargo.toml`
[INFO] [stdout] 
[INFO] [stdout] 
[INFO] [stdout] error[E0433]: cannot find module or crate `windows` in this scope
[INFO] [stdout]  --> tests/dispatch.rs:4:5
[INFO] [stdout]   |
[INFO] [stdout] 4 | use windows::core::GUID;
[INFO] [stdout]   |     ^^^^^^^ use of unresolved module or unlinked crate `windows`
[INFO] [stdout]   |
[INFO] [stdout]   = help: if you wanted to use a crate named `windows`, use `cargo add windows` to add it to your `Cargo.toml`
[INFO] [stdout] 
[INFO] [stdout] 
[INFO] [stdout] error[E0433]: cannot find module or crate `windows` in this scope
[INFO] [stdout]  --> tests/dispatch.rs:5:5
[INFO] [stdout]   |
[INFO] [stdout] 5 | use windows::Win32::System::Com;
[INFO] [stdout]   |     ^^^^^^^ use of unresolved module or unlinked crate `windows`
[INFO] [stdout]   |
[INFO] [stdout]   = help: if you wanted to use a crate named `windows`, use `cargo add windows` to add it to your `Cargo.toml`
[INFO] [stdout] 
[INFO] [stdout] 
[INFO] [stdout] error[E0432]: unresolved import `wincom::ComObject`
[INFO] [stdout]  --> tests/dispatch.rs:6:5
[INFO] [stdout]   |
[INFO] [stdout] 6 | use wincom::ComObject;
[INFO] [stdout]   |     ^^^^^^^^---------
[INFO] [stdout]   |             |
[INFO] [stdout]   |             no `ComObject` in the root
[INFO] [stdout] 
[INFO] [stdout] 
[INFO] [stdout] error[E0433]: cannot find module or crate `windows` in this scope
[INFO] [stdout]   --> tests/common/mod.rs:17:22
[INFO] [stdout]    |
[INFO] [stdout] 17 |     pub fn init() -> windows::core::Result<Self> {
[INFO] [stdout]    |                      ^^^^^^^ use of unresolved module or unlinked crate `windows`
[INFO] [stdout]    |
[INFO] [stdout]    = help: if you wanted to use a crate named `windows`, use `cargo add windows` to add it to your `Cargo.toml`
[INFO] [stdout] 
[INFO] [stdout] 
[INFO] [stdout] error[E0433]: cannot find module or crate `windows` in this scope
[INFO] [stdout]   --> tests/dispatch.rs:26:31
[INFO] [stdout]    |
[INFO] [stdout] 26 |         Com::CLSIDFromProgID(&windows::core::HSTRING::from(CDR_PROGID))
[INFO] [stdout]    |                               ^^^^^^^ use of unresolved module or unlinked crate `windows`
[INFO] [stdout]    |
[INFO] [stdout]    = help: if you wanted to use a crate named `windows`, use `cargo add windows` to add it to your `Cargo.toml`
[INFO] [stdout] 
[INFO] [stdout] 
[INFO] [stdout] error[E0433]: cannot find module or crate `windows` in this scope
[INFO] [stdout]  --> tests/common/mod.rs:8:5
[INFO] [stdout]   |
[INFO] [stdout] 8 | use windows::Win32::System::Com;
[INFO] [stdout]   |     ^^^^^^^ use of unresolved module or unlinked crate `windows`
[INFO] [stdout]   |
[INFO] [stdout]   = help: if you wanted to use a crate named `windows`, use `cargo add windows` to add it to your `Cargo.toml`
[INFO] [stdout] 
[INFO] [stdout] 
[INFO] [stdout] error[E0433]: cannot find module or crate `windows` in this scope
[INFO] [stdout]  --> tests/app_path.rs:4:5
[INFO] [stdout]   |
[INFO] [stdout] 4 | use windows::core::HSTRING;
[INFO] [stdout]   |     ^^^^^^^ use of unresolved module or unlinked crate `windows`
[INFO] [stdout]   |
[INFO] [stdout]   = help: if you wanted to use a crate named `windows`, use `cargo add windows` to add it to your `Cargo.toml`
[INFO] [stdout] 
[INFO] [stdout] 
[INFO] [stdout] error[E0432]: unresolved import `wincom::ComObject`
[INFO] [stdout]  --> tests/app_path.rs:5:5
[INFO] [stdout]   |
[INFO] [stdout] 5 | use wincom::ComObject;
[INFO] [stdout]   |     ^^^^^^^^---------
[INFO] [stdout]   |             |
[INFO] [stdout]   |             no `ComObject` in the root
[INFO] [stdout] 
[INFO] [stdout] 
[INFO] [stdout] error[E0433]: cannot find module or crate `windows` in this scope
[INFO] [stdout]   --> tests/common/mod.rs:17:22
[INFO] [stdout]    |
[INFO] [stdout] 17 |     pub fn init() -> windows::core::Result<Self> {
[INFO] [stdout]    |                      ^^^^^^^ use of unresolved module or unlinked crate `windows`
[INFO] [stdout]    |
[INFO] [stdout]    = help: if you wanted to use a crate named `windows`, use `cargo add windows` to add it to your `Cargo.toml`
[INFO] [stdout] 
[INFO] [stdout] 
[INFO] [stdout] Some errors have detailed explanations: E0432, E0433.
[INFO] [stdout] 
[INFO] [stdout] error[E0433]: cannot find module or crate `windows` in this scope
[INFO] [stdout]   --> tests/app_path.rs:14:9
[INFO] [stdout]    |
[INFO] [stdout] 14 |         windows::Win32::System::Com::CLSIDFromProgID(&HSTRING::from(progid))
[INFO] [stdout]    |         ^^^^^^^ use of unresolved module or unlinked crate `windows`
[INFO] [stdout]    |
[INFO] [stdout]    = help: if you wanted to use a crate named `windows`, use `cargo add windows` to add it to your `Cargo.toml`
[INFO] [stdout] 
[INFO] [stdout] 
[INFO] [stdout] For more information about an error, try `rustc --explain E0432`.
[INFO] [stdout] 
[INFO] [stderr] error: could not compile `wincom` (test "dispatch") due to 6 previous errors
[INFO] [stderr] warning: build failed, waiting for other jobs to finish...
[INFO] [stdout] Some errors have detailed explanations: E0432, E0433.
[INFO] [stdout] 
[INFO] [stdout] For more information about an error, try `rustc --explain E0432`.
[INFO] [stdout] 
[INFO] [stdout] error[E0433]: cannot find module or crate `windows` in this scope
[INFO] [stdout]  --> tests/common/mod.rs:8:5
[INFO] [stdout]   |
[INFO] [stdout] 8 | use windows::Win32::System::Com;
[INFO] [stdout]   |     ^^^^^^^ use of unresolved module or unlinked crate `windows`
[INFO] [stdout]   |
[INFO] [stdout]   = help: if you wanted to use a crate named `windows`, use `cargo add windows` to add it to your `Cargo.toml`
[INFO] [stdout] 
[INFO] [stdout] 
[INFO] [stdout] error[E0433]: cannot find module or crate `windows` in this scope
[INFO] [stdout]  --> tests/cad_docs.rs:4:5
[INFO] [stdout]   |
[INFO] [stdout] 4 | use windows::core::GUID;
[INFO] [stdout]   |     ^^^^^^^ use of unresolved module or unlinked crate `windows`
[INFO] [stdout]   |
[INFO] [stdout]   = help: if you wanted to use a crate named `windows`, use `cargo add windows` to add it to your `Cargo.toml`
[INFO] [stdout] 
[INFO] [stdout] 
[INFO] [stdout] error[E0432]: unresolved import `wincom::ComObject`
[INFO] [stdout]  --> tests/cad_docs.rs:5:5
[INFO] [stdout]   |
[INFO] [stdout] 5 | use wincom::ComObject;
[INFO] [stdout]   |     ^^^^^^^^---------
[INFO] [stdout]   |             |
[INFO] [stdout]   |             no `ComObject` in the root
[INFO] [stdout] 
[INFO] [stdout] 
[INFO] [stdout] error[E0433]: cannot find module or crate `windows` in this scope
[INFO] [stdout]   --> tests/common/mod.rs:17:22
[INFO] [stdout]    |
[INFO] [stdout] 17 |     pub fn init() -> windows::core::Result<Self> {
[INFO] [stdout]    |                      ^^^^^^^ use of unresolved module or unlinked crate `windows`
[INFO] [stdout]    |
[INFO] [stdout]    = help: if you wanted to use a crate named `windows`, use `cargo add windows` to add it to your `Cargo.toml`
[INFO] [stdout] 
[INFO] [stdout] 
[INFO] [stdout] error[E0433]: cannot find module or crate `windows` in this scope
[INFO] [stdout]   --> tests/cad_docs.rs:46:27
[INFO] [stdout]    |
[INFO] [stdout] 46 | fn print_type_info(disp: &windows::Win32::System::Com::IDispatch) -> wincom::Result<()> {
[INFO] [stdout]    |                           ^^^^^^^ use of unresolved module or unlinked crate `windows`
[INFO] [stdout]    |
[INFO] [stdout]    = help: if you wanted to use a crate named `windows`, use `cargo add windows` to add it to your `Cargo.toml`
[INFO] [stdout] 
[INFO] [stdout] 
[INFO] [stderr] error: could not compile `wincom` (test "app_path") due to 5 previous errors
[INFO] [stdout] error[E0433]: cannot find module or crate `windows` in this scope
[INFO] [stdout]  --> tests/common/mod.rs:8:5
[INFO] [stdout]   |
[INFO] [stdout] 8 | use windows::Win32::System::Com;
[INFO] [stdout]   |     ^^^^^^^ use of unresolved module or unlinked crate `windows`
[INFO] [stdout]   |
[INFO] [stdout]   = help: if you wanted to use a crate named `windows`, use `cargo add windows` to add it to your `Cargo.toml`
[INFO] [stdout] 
[INFO] [stdout] 
[INFO] [stdout] error[E0433]: cannot find module or crate `windows` in this scope
[INFO] [stdout]  --> tests/com.rs:4:5
[INFO] [stdout]   |
[INFO] [stdout] 4 | use windows::core::{GUID, HSTRING};
[INFO] [stdout]   |     ^^^^^^^ use of unresolved module or unlinked crate `windows`
[INFO] [stdout]   |
[INFO] [stdout]   = help: if you wanted to use a crate named `windows`, use `cargo add windows` to add it to your `Cargo.toml`
[INFO] [stdout] 
[INFO] [stdout] 
[INFO] [stdout] error[E0433]: cannot find module or crate `windows` in this scope
[INFO] [stdout]  --> tests/com.rs:5:5
[INFO] [stdout]   |
[INFO] [stdout] 5 | use windows::Win32::System::Com;
[INFO] [stdout]   |     ^^^^^^^ use of unresolved module or unlinked crate `windows`
[INFO] [stdout]   |
[INFO] [stdout]   = help: if you wanted to use a crate named `windows`, use `cargo add windows` to add it to your `Cargo.toml`
[INFO] [stdout] 
[INFO] [stdout] 
[INFO] [stdout] error[E0433]: cannot find module or crate `windows` in this scope
[INFO] [stdout]   --> tests/cad_docs.rs:60:15
[INFO] [stdout]    |
[INFO] [stdout] 60 |     info: &'a windows::Win32::System::Com::ITypeInfo,
[INFO] [stdout]    |               ^^^^^^^ use of unresolved module or unlinked crate `windows`
[INFO] [stdout]    |
[INFO] [stdout]    = help: if you wanted to use a crate named `windows`, use `cargo add windows` to add it to your `Cargo.toml`
[INFO] [stdout] 
[INFO] [stdout] 
[INFO] [stdout] error[E0433]: cannot find module or crate `windows` in this scope
[INFO] [stdout]   --> tests/cad_docs.rs:61:15
[INFO] [stdout]    |
[INFO] [stdout] 61 |     ptr: *mut windows::Win32::System::Com::TYPEATTR,
[INFO] [stdout]    |               ^^^^^^^ use of unresolved module or unlinked crate `windows`
[INFO] [stdout]    |
[INFO] [stdout]    = help: if you wanted to use a crate named `windows`, use `cargo add windows` to add it to your `Cargo.toml`
[INFO] [stdout] 
[INFO] [stdout] 
[INFO] [stdout] error[E0425]: cannot find type `Result` in crate `wincom`
[INFO] [stdout]   --> tests/cad_docs.rs:46:78
[INFO] [stdout]    |
[INFO] [stdout] 46 | fn print_type_info(disp: &windows::Win32::System::Com::IDispatch) -> wincom::Result<()> {
[INFO] [stdout]    |                                                                              ^^^^^^ not found in `wincom`
[INFO] [stdout]    |
[INFO] [stdout] help: consider importing one of these items
[INFO] [stdout]    |
[INFO] [stdout]  2 + use std::fmt::Result;
[INFO] [stdout]    |
[INFO] [stdout]  2 + use std::io::Result;
[INFO] [stdout]    |
[INFO] [stdout]  2 + use std::result::Result;
[INFO] [stdout]    |
[INFO] [stdout]  2 + use std::thread::Result;
[INFO] [stdout]    |
[INFO] [stdout]    = and 2 other candidates
[INFO] [stdout] help: if you import `Result`, refer to it directly
[INFO] [stdout]    |
[INFO] [stdout] 46 - fn print_type_info(disp: &windows::Win32::System::Com::IDispatch) -> wincom::Result<()> {
[INFO] [stdout] 46 + fn print_type_info(disp: &windows::Win32::System::Com::IDispatch) -> Result<()> {
[INFO] [stdout]    |
[INFO] [stdout] 
[INFO] [stdout] 
[INFO] [stdout] error[E0433]: cannot find module or crate `windows` in this scope
[INFO] [stdout]  --> tests/common/mod.rs:8:5
[INFO] [stdout]   |
[INFO] [stdout] 8 | use windows::Win32::System::Com;
[INFO] [stdout]   |     ^^^^^^^ use of unresolved module or unlinked crate `windows`
[INFO] [stdout]   |
[INFO] [stdout]   = help: if you wanted to use a crate named `windows`, use `cargo add windows` to add it to your `Cargo.toml`
[INFO] [stdout] 
[INFO] [stdout] 
[INFO] [stdout] error[E0432]: unresolved import `wincom::ComObject`
[INFO] [stdout]  --> tests/cad.rs:4:5
[INFO] [stdout]   |
[INFO] [stdout] 4 | use wincom::ComObject;
[INFO] [stdout]   |     ^^^^^^^^---------
[INFO] [stdout]   |             |
[INFO] [stdout]   |             no `ComObject` in the root
[INFO] [stdout] 
[INFO] [stdout] 
[INFO] [stdout] error[E0433]: cannot find module or crate `windows` in this scope
[INFO] [stdout]   --> tests/common/mod.rs:17:22
[INFO] [stdout]    |
[INFO] [stdout] 17 |     pub fn init() -> windows::core::Result<Self> {
[INFO] [stdout]    |                      ^^^^^^^ use of unresolved module or unlinked crate `windows`
[INFO] [stdout]    |
[INFO] [stdout]    = help: if you wanted to use a crate named `windows`, use `cargo add windows` to add it to your `Cargo.toml`
[INFO] [stdout] 
[INFO] [stdout] 
[INFO] [stdout] warning: method call on a diverging inference variable
[INFO] [stdout]   --> tests/cad.rs:18:15
[INFO] [stdout]    |
[INFO] [stdout] 18 |     match app.get_property("Version").and_then(|v| v.to_string()) {
[INFO] [stdout]    |               ^^^^^^^^^^^^
[INFO] [stdout]    |
[INFO] [stdout]    = help: consider providing a type annotation
[INFO] [stdout]    = warning: this was previously accepted by the compiler but is being phased out; it will become a hard error in a future release!
[INFO] [stdout]    = note: for more information, see issue #156047 <https://github.com/rust-lang/rust/issues/156047>
[INFO] [stdout]    = note: `#[warn(method_call_on_diverging_infer_var)]` (part of `#[warn(future_incompatible)]`) on by default
[INFO] [stdout] 
[INFO] [stdout] 
[INFO] [stdout] warning: method call on a diverging inference variable
[INFO] [stdout]   --> tests/cad_docs.rs:19:34
[INFO] [stdout]    |
[INFO] [stdout] 19 |     let docs_variant = match app.get_property("Documents") {
[INFO] [stdout]    |                                  ^^^^^^^^^^^^
[INFO] [stdout]    |
[INFO] [stdout]    = help: consider providing a type annotation
[INFO] [stdout]    = warning: this was previously accepted by the compiler but is being phased out; it will become a hard error in a future release!
[INFO] [stdout]    = note: for more information, see issue #156047 <https://github.com/rust-lang/rust/issues/156047>
[INFO] [stdout]    = note: `#[warn(method_call_on_diverging_infer_var)]` (part of `#[warn(future_incompatible)]`) on by default
[INFO] [stdout] 
[INFO] [stdout] 
[INFO] [stdout] error[E0433]: cannot find module or crate `windows` in this scope
[INFO] [stdout]  --> tests/common/mod.rs:8:5
[INFO] [stdout]   |
[INFO] [stdout] 8 | use windows::Win32::System::Com;
[INFO] [stdout]   |     ^^^^^^^ use of unresolved module or unlinked crate `windows`
[INFO] [stdout]   |
[INFO] [stdout]   = help: if you wanted to use a crate named `windows`, use `cargo add windows` to add it to your `Cargo.toml`
[INFO] [stdout] 
[INFO] [stdout] 
[INFO] [stdout] error[E0432]: unresolved import `wincom::ComObject`
[INFO] [stdout]  --> tests/cdr.rs:4:5
[INFO] [stdout]   |
[INFO] [stdout] 4 | use wincom::ComObject;
[INFO] [stdout]   |     ^^^^^^^^---------
[INFO] [stdout]   |             |
[INFO] [stdout]   |             no `ComObject` in the root
[INFO] [stdout] 
[INFO] [stdout] 
[INFO] [stdout] error[E0433]: cannot find module or crate `windows` in this scope
[INFO] [stdout]   --> tests/common/mod.rs:17:22
[INFO] [stdout]    |
[INFO] [stdout] 17 |     pub fn init() -> windows::core::Result<Self> {
[INFO] [stdout]    |                      ^^^^^^^ use of unresolved module or unlinked crate `windows`
[INFO] [stdout]    |
[INFO] [stdout]    = help: if you wanted to use a crate named `windows`, use `cargo add windows` to add it to your `Cargo.toml`
[INFO] [stdout] 
[INFO] [stdout] 
[INFO] [stdout] error[E0433]: cannot find module or crate `windows` in this scope
[INFO] [stdout]   --> tests/common/mod.rs:17:22
[INFO] [stdout]    |
[INFO] [stdout] 17 |     pub fn init() -> windows::core::Result<Self> {
[INFO] [stdout]    |                      ^^^^^^^ use of unresolved module or unlinked crate `windows`
[INFO] [stdout]    |
[INFO] [stdout]    = help: if you wanted to use a crate named `windows`, use `cargo add windows` to add it to your `Cargo.toml`
[INFO] [stdout] 
[INFO] [stdout] 
[INFO] [stderr] error: could not compile `wincom` (test "cad_docs") due to 10 previous errors; 4 warnings emitted
[INFO] [stdout] error[E0599]: no method named `get_property` found for type `!` in the current scope
[INFO] [stdout]   --> tests/cad_docs.rs:19:34
[INFO] [stdout]    |
[INFO] [stdout] 19 |     let docs_variant = match app.get_property("Documents") {
[INFO] [stdout]    |                                  ^^^^^^^^^^^^
[INFO] [stdout]    |
[INFO] [stdout] help: there is a method `report` with a similar name, but with different arguments
[INFO] [stdout]   --> /rustc/e3feeb59cd1bdd011a2bfcc0747b55125d9b8527/library/std/src/process.rs:2685:4
[INFO] [stdout] 
[INFO] [stdout] 
[INFO] [stderr] error: could not compile `wincom` (test "com") due to 4 previous errors
[INFO] [stdout] warning: method call on a diverging inference variable
[INFO] [stdout]   --> tests/cad_docs.rs:27:44
[INFO] [stdout]    |
[INFO] [stdout] 27 |     let docs_dispatch = match docs_variant.to_idispatch() {
[INFO] [stdout]    |                                            ^^^^^^^^^^^^
[INFO] [stdout]    |
[INFO] [stdout]    = help: consider providing a type annotation
[INFO] [stdout]    = warning: this was previously accepted by the compiler but is being phased out; it will become a hard error in a future release!
[INFO] [stdout]    = note: for more information, see issue #156047 <https://github.com/rust-lang/rust/issues/156047>
[INFO] [stdout] 
[INFO] [stdout] 
[INFO] [stdout] error[E0599]: no method named `get_property` found for type `!` in the current scope
[INFO] [stdout]   --> tests/cad.rs:18:15
[INFO] [stdout]    |
[INFO] [stdout] 18 |     match app.get_property("Version").and_then(|v| v.to_string()) {
[INFO] [stdout]    |               ^^^^^^^^^^^^
[INFO] [stdout]    |
[INFO] [stdout] help: there is a method `report` with a similar name, but with different arguments
[INFO] [stdout]   --> /rustc/e3feeb59cd1bdd011a2bfcc0747b55125d9b8527/library/std/src/process.rs:2685:4
[INFO] [stdout] 
[INFO] [stdout] 
[INFO] [stdout] error[E0599]: no method named `get_property` found for type `!` in the current scope
[INFO] [stdout]   --> tests/cad.rs:23:15
[INFO] [stdout]    |
[INFO] [stdout] 23 |     match app.get_property("Width").and_then(|v| v.to_u32()) {
[INFO] [stdout]    |               ^^^^^^^^^^^^
[INFO] [stdout]    |
[INFO] [stdout] help: there is a method `report` with a similar name, but with different arguments
[INFO] [stdout]   --> /rustc/e3feeb59cd1bdd011a2bfcc0747b55125d9b8527/library/std/src/process.rs:2685:4
[INFO] [stdout] 
[INFO] [stdout] 
[INFO] [stdout] error[E0599]: no method named `to_idispatch` found for type `!` in the current scope
[INFO] [stdout]   --> tests/cad_docs.rs:27:44
[INFO] [stdout]    |
[INFO] [stdout] 27 |     let docs_dispatch = match docs_variant.to_idispatch() {
[INFO] [stdout]    |                                            ^^^^^^^^^^^^ method not found in `!`
[INFO] [stdout] 
[INFO] [stdout] 
[INFO] [stdout] warning: unreachable expression
[INFO] [stdout]   --> tests/cad.rs:23:28
[INFO] [stdout]    |
[INFO] [stdout] 23 |     match app.get_property("Width").and_then(|v| v.to_u32()) {
[INFO] [stdout]    |           ---              ^^^^^^^ unreachable expression
[INFO] [stdout]    |           |
[INFO] [stdout]    |           any code following this expression is unreachable
[INFO] [stdout]    |
[INFO] [stdout]    = note: `#[warn(unreachable_code)]` (part of `#[warn(unused)]`) on by default
[INFO] [stdout] 
[INFO] [stdout] 
[INFO] [stdout] warning: method call on a diverging inference variable
[INFO] [stdout]   --> tests/cdr.rs:18:15
[INFO] [stdout]    |
[INFO] [stdout] 18 |     match app.get_property("Height").and_then(|v| v.to_u32()) {
[INFO] [stdout]    |               ^^^^^^^^^^^^
[INFO] [stdout]    |
[INFO] [stdout]    = help: consider providing a type annotation
[INFO] [stdout]    = warning: this was previously accepted by the compiler but is being phased out; it will become a hard error in a future release!
[INFO] [stdout]    = note: for more information, see issue #156047 <https://github.com/rust-lang/rust/issues/156047>
[INFO] [stdout]    = note: `#[warn(method_call_on_diverging_infer_var)]` (part of `#[warn(future_incompatible)]`) on by default
[INFO] [stdout] 
[INFO] [stdout] 
[INFO] [stdout] Some errors have detailed explanations: E0432, E0433, E0599.
[INFO] [stdout] 
[INFO] [stderr] error: could not compile `wincom` (test "cad") due to 5 previous errors; 3 warnings emitted
[INFO] [stdout] For more information about an error, try `rustc --explain E0432`.
[INFO] [stdout] 
[INFO] [stdout] For more information about this error, try `rustc --explain E0433`.
[INFO] [stdout] 
[INFO] [stdout] Some errors have detailed explanations: E0425, E0432, E0433, E0599.
[INFO] [stdout] 
[INFO] [stdout] For more information about an error, try `rustc --explain E0425`.
[INFO] [stdout] 
[INFO] [stdout] error[E0599]: no method named `get_property` found for type `!` in the current scope
[INFO] [stdout]   --> tests/cdr.rs:18:15
[INFO] [stdout]    |
[INFO] [stdout] 18 |     match app.get_property("Height").and_then(|v| v.to_u32()) {
[INFO] [stdout]    |               ^^^^^^^^^^^^
[INFO] [stdout]    |
[INFO] [stdout] help: there is a method `report` with a similar name, but with different arguments
[INFO] [stdout]   --> /rustc/e3feeb59cd1bdd011a2bfcc0747b55125d9b8527/library/std/src/process.rs:2685:4
[INFO] [stdout] 
[INFO] [stdout] 
[INFO] [stdout] warning: method call on a diverging inference variable
[INFO] [stdout]   --> tests/cdr.rs:36:56
[INFO] [stdout]    |
[INFO] [stdout] 36 |     println!("CorelDRAW.Application CLSID = {:?}", app.iid());
[INFO] [stdout]    |                                                        ^^^
[INFO] [stdout]    |
[INFO] [stdout]    = help: consider providing a type annotation
[INFO] [stdout]    = warning: this was previously accepted by the compiler but is being phased out; it will become a hard error in a future release!
[INFO] [stdout]    = note: for more information, see issue #156047 <https://github.com/rust-lang/rust/issues/156047>
[INFO] [stdout] 
[INFO] [stdout] 
[INFO] [stdout] error[E0599]: no method named `iid` found for type `!` in the current scope
[INFO] [stdout]   --> tests/cdr.rs:36:56
[INFO] [stdout]    |
[INFO] [stdout] 36 |     println!("CorelDRAW.Application CLSID = {:?}", app.iid());
[INFO] [stdout]    |                                                        ^^^ method not found in `!`
[INFO] [stdout] 
[INFO] [stdout] 
[INFO] [stdout] Some errors have detailed explanations: E0432, E0433, E0599.
[INFO] [stdout] 
[INFO] [stdout] For more information about an error, try `rustc --explain E0432`.
[INFO] [stdout] 
[INFO] [stderr] error: could not compile `wincom` (test "cdr") due to 5 previous errors; 4 warnings emitted
[INFO] running `Command { std: "docker" "inspect" "ae5021f039474437bac098af3c1cee3810d09dce7b76e5b5c9c1c68e5772b0c1", kill_on_drop: false }`
[INFO] running `Command { std: "docker" "rm" "-f" "ae5021f039474437bac098af3c1cee3810d09dce7b76e5b5c9c1c68e5772b0c1", kill_on_drop: false }`
[INFO] [stdout] ae5021f039474437bac098af3c1cee3810d09dce7b76e5b5c9c1c68e5772b0c1
