[INFO] cloning repository https://github.com/fubio/fer_calc
[INFO] running `Command { std: "git" "-c" "credential.helper=" "-c" "credential.helper=/workspace/cargo-home/bin/git-credential-null" "clone" "--bare" "https://github.com/fubio/fer_calc" "/workspace/cache/git-repos/https%3A%2F%2Fgithub.com%2Ffubio%2Ffer_calc", kill_on_drop: false }`
[INFO] [stderr] Cloning into bare repository '/workspace/cache/git-repos/https%3A%2F%2Fgithub.com%2Ffubio%2Ffer_calc'...
[INFO] running `Command { std: "git" "rev-parse" "HEAD", kill_on_drop: false }`
[INFO] [stdout] 653fc7644a0a4a467c92bab6e2f468487823d6d8
[INFO] testing fubio/fer_calc against 1.100.0-beta.1+cargoflags=--release for beta-release-1.100-2
[INFO] running `Command { std: "git" "clone" "/workspace/cache/git-repos/https%3A%2F%2Fgithub.com%2Ffubio%2Ffer_calc" "/workspace/builds/worker-6-tc2/source", kill_on_drop: false }`
[INFO] [stderr] Cloning into '/workspace/builds/worker-6-tc2/source'...
[INFO] [stderr] done.
[INFO] [stderr] Updating files:  65% (26/40)
Updating files:  67% (27/40)
Updating files:  70% (28/40)
Updating files:  72% (29/40)
Updating files:  75% (30/40)
Updating files:  77% (31/40)
Updating files:  80% (32/40)
Updating files:  82% (33/40)
Updating files:  85% (34/40)
Updating files:  87% (35/40)
Updating files:  90% (36/40)
Updating files:  92% (37/40)
Updating files:  95% (38/40)
Updating files:  97% (39/40)
Updating files: 100% (40/40)
Updating files: 100% (40/40), done.
[INFO] started tweaking git repo https://github.com/fubio/fer_calc
[INFO] finished tweaking git repo https://github.com/fubio/fer_calc
[INFO] tweaked toml for git repo https://github.com/fubio/fer_calc written to /workspace/builds/worker-6-tc2/source/Cargo.toml
[INFO] validating manifest of git repo https://github.com/fubio/fer_calc on toolchain 1.100.0-beta.1
[INFO] running `Command { std: CARGO_HOME="/workspace/cargo-home" RUSTUP_HOME="/workspace/rustup-home" "/workspace/cargo-home/bin/cargo" "+1.100.0-beta.1" "metadata" "--manifest-path" "Cargo.toml" "--no-deps", kill_on_drop: false }`
[INFO] crate git repo https://github.com/fubio/fer_calc already has a lockfile, it will not be regenerated
[INFO] running `Command { std: CARGO_HOME="/workspace/cargo-home" RUSTUP_HOME="/workspace/rustup-home" "/workspace/cargo-home/bin/cargo" "+1.100.0-beta.1" "fetch" "--manifest-path" "Cargo.toml", kill_on_drop: false }`
[INFO] running `Command { std: "docker" "create" "-v" "/var/lib/crater-agent-workspace/builds/worker-6-tc2/source:/opt/rustwide/workdir:ro,Z" "-v" "/var/lib/crater-agent-workspace/builds/worker-6-tc2/target:/opt/rustwide/target:rw,Z" "-v" "/var/lib/crater-agent-workspace/cargo-home:/opt/rustwide/cargo-home:ro,Z" "-v" "/var/lib/crater-agent-workspace/rustup-home:/opt/rustwide/rustup-home:ro,Z" "-m" "1610612736" "--network" "none" "ghcr.io/rust-lang/crates-build-env/linux@sha256:77db811e55d90add9212f6832c23229e3de5f1c1f9905e8cb07319ea15df73ac" "sleep" "infinity", kill_on_drop: false }`
[INFO] [stdout] 575b605a5ea7cd29a53d2782629c20a3b44c0707e4748c8d0fab2bfd3c78a6ce
[INFO] running `Command { std: "docker" "start" "575b605a5ea7cd29a53d2782629c20a3b44c0707e4748c8d0fab2bfd3c78a6ce", kill_on_drop: false }`
[INFO] running `Command { std: "docker" "inspect" "575b605a5ea7cd29a53d2782629c20a3b44c0707e4748c8d0fab2bfd3c78a6ce", kill_on_drop: false }`
[INFO] running `Command { std: "docker" "exec" "-e" "SOURCE_DIR=/opt/rustwide/workdir" "-e" "CARGO_HOME=/opt/rustwide/cargo-home" "-e" "RUSTUP_HOME=/opt/rustwide/rustup-home" "-e" "CARGO_TARGET_DIR=/opt/rustwide/target" "-w" "/opt/rustwide/workdir" "--user" "0:0" "575b605a5ea7cd29a53d2782629c20a3b44c0707e4748c8d0fab2bfd3c78a6ce" "/opt/rustwide/cargo-home/bin/cargo" "+1.100.0-beta.1" "metadata" "--no-deps" "--format-version=1", kill_on_drop: false }`
[INFO] running `Command { std: "docker" "inspect" "575b605a5ea7cd29a53d2782629c20a3b44c0707e4748c8d0fab2bfd3c78a6ce", kill_on_drop: false }`
[INFO] running `Command { std: "docker" "exec" "-e" "SOURCE_DIR=/opt/rustwide/workdir" "-e" "CARGO_HOME=/opt/rustwide/cargo-home" "-e" "RUSTUP_HOME=/opt/rustwide/rustup-home" "-e" "CARGO_TARGET_DIR=/opt/rustwide/target" "-e" "CARGO_INCREMENTAL=0" "-e" "RUST_BACKTRACE=full" "-e" "RUSTFLAGS=--cap-lints=warn" "-e" "RUSTDOCFLAGS=--cap-lints=warn" "-w" "/opt/rustwide/workdir" "--user" "0:0" "575b605a5ea7cd29a53d2782629c20a3b44c0707e4748c8d0fab2bfd3c78a6ce" "/opt/rustwide/cargo-home/bin/cargo" "+1.100.0-beta.1" "build" "--frozen" "--message-format=json" "--release", kill_on_drop: false }`
[INFO] [stderr]    Compiling libc v0.2.147
[INFO] [stderr]    Compiling rustix v0.38.4
[INFO] [stderr]    Compiling proc-macro2 v1.0.66
[INFO] [stderr]    Compiling linux-raw-sys v0.4.5
[INFO] [stderr]    Compiling unicode-ident v1.0.11
[INFO] [stderr]    Compiling bitflags v2.3.3
[INFO] [stderr]    Compiling utf8parse v0.2.1
[INFO] [stderr]    Compiling pkg-config v0.3.27
[INFO] [stderr]    Compiling memchr v2.5.0
[INFO] [stderr]    Compiling anstyle v1.0.1
[INFO] [stderr]    Compiling paste v1.0.14
[INFO] [stderr]    Compiling colorchoice v1.0.0
[INFO] [stderr]    Compiling anstyle-query v1.0.0
[INFO] [stderr]    Compiling serde v1.0.180
[INFO] [stderr]    Compiling clap_lex v0.5.0
[INFO] [stderr]    Compiling strsim v0.10.0
[INFO] [stderr]    Compiling heck v0.4.1
[INFO] [stderr]    Compiling itoa v1.0.9
[INFO] [stderr]    Compiling anstyle-parse v0.2.1
[INFO] [stderr]    Compiling once_cell v1.18.0
[INFO] [stderr]    Compiling ryu v1.0.15
[INFO] [stderr]    Compiling GSL-sys v3.0.0
[INFO] [stderr]    Compiling quote v1.0.32
[INFO] [stderr]    Compiling csv-core v0.1.10
[INFO] [stderr]    Compiling syn v2.0.28
[INFO] [stderr]    Compiling getrandom v0.2.10
[INFO] [stderr]    Compiling rand_core v0.6.4
[INFO] [stderr]    Compiling rand_chacha v0.3.1
[INFO] [stderr]    Compiling rand v0.8.5
[INFO] [stdout] error: linking with `cc` failed: exit status: 1
[INFO] [stdout]   |
[INFO] [stdout]   = note:  "cc" "-Wl,--version-script=/opt/rustwide/target/release/build/GSL-sys/a8ba0c153844ced8/out/rustcdyYtsD/list" "-Wl,--no-undefined-version" "-m64" "/opt/rustwide/target/release/build/GSL-sys/a8ba0c153844ced8/out/rustcdyYtsD/symbols.o" "<1 object files omitted>" "/opt/rustwide/target/release/build/GSL-sys/a8ba0c153844ced8/out/rustcdyYtsD/rmeta.o" "-Wl,--as-needed" "-Wl,-Bdynamic" "-lgsl" "-lgslcblas" "-Wl,-Bstatic" "/opt/rustwide/target/release/build/libc/606dfe81cc4fd386/out/liblibc-606dfe81cc4fd386.rlib" "-Wl,-Bdynamic" "<sysroot>/lib/rustlib/x86_64-unknown-linux-gnu/lib/libstd-16b761440147d7a9.so" "-Wl,-Bstatic" "<sysroot>/lib/rustlib/x86_64-unknown-linux-gnu/lib/libcompiler_builtins-*.rlib" "-Wl,-Bdynamic" "-lgcc_s" "-lutil" "-lrt" "-lpthread" "-lm" "-ldl" "-lc" "-L" "/opt/rustwide/target/release/build/GSL-sys/a8ba0c153844ced8/out/rustcdyYtsD/raw-dylibs" "-B<sysroot>/lib/rustlib/x86_64-unknown-linux-gnu/bin/gcc-ld" "-fuse-ld=lld" "-Wl,--eh-frame-hdr" "-Wl,-z,noexecstack" "-L" "<sysroot>/lib/rustlib/x86_64-unknown-linux-gnu/lib" "-o" "/opt/rustwide/target/release/build/GSL-sys/a8ba0c153844ced8/out/libgsl_sys.so" "-shared" "-Wl,-soname=libgsl_sys.so" "-Wl,-z,relro,-z,now" "-Wl,-O1" "-Wl,--strip-debug" "-nodefaultlibs"
[INFO] [stdout]   = note: some arguments are omitted. use `--verbose` to show all linker arguments
[INFO] [stdout]   = note: rust-lld: error: unable to find library -lgsl
[INFO] [stdout]           rust-lld: error: unable to find library -lgslcblas
[INFO] [stdout]           collect2: error: ld returned 1 exit status
[INFO] [stdout]           
[INFO] [stdout] 
[INFO] [stdout] 
[INFO] [stderr] error: could not compile `GSL-sys` (lib) due to 1 previous error
[INFO] [stderr] warning: build failed, waiting for other jobs to finish...
[INFO] running `Command { std: "docker" "inspect" "575b605a5ea7cd29a53d2782629c20a3b44c0707e4748c8d0fab2bfd3c78a6ce", kill_on_drop: false }`
[INFO] running `Command { std: "docker" "rm" "-f" "575b605a5ea7cd29a53d2782629c20a3b44c0707e4748c8d0fab2bfd3c78a6ce", kill_on_drop: false }`
[INFO] [stdout] 575b605a5ea7cd29a53d2782629c20a3b44c0707e4748c8d0fab2bfd3c78a6ce
