[INFO] cloning repository https://github.com/friendbear/rust-training-01
[INFO] running `Command { std: "git" "-c" "credential.helper=" "-c" "credential.helper=/workspace/cargo-home/bin/git-credential-null" "clone" "--bare" "https://github.com/friendbear/rust-training-01" "/workspace/cache/git-repos/https%3A%2F%2Fgithub.com%2Ffriendbear%2Frust-training-01", kill_on_drop: false }`
[INFO] [stderr] Cloning into bare repository '/workspace/cache/git-repos/https%3A%2F%2Fgithub.com%2Ffriendbear%2Frust-training-01'...
[INFO] running `Command { std: "git" "rev-parse" "HEAD", kill_on_drop: false }`
[INFO] [stdout] 0fdff5454ff85bf33da408d3f03d4b15a29600f2
[INFO] testing friendbear/rust-training-01 against 1.99.0-beta.8+cargoflags=--release for beta-release-1.100-2
[INFO] running `Command { std: "git" "clone" "/workspace/cache/git-repos/https%3A%2F%2Fgithub.com%2Ffriendbear%2Frust-training-01" "/workspace/builds/worker-2-tc1/source", kill_on_drop: false }`
[INFO] [stderr] Cloning into '/workspace/builds/worker-2-tc1/source'...
[INFO] [stderr] done.
[INFO] started tweaking git repo https://github.com/friendbear/rust-training-01
[INFO] finished tweaking git repo https://github.com/friendbear/rust-training-01
[INFO] tweaked toml for git repo https://github.com/friendbear/rust-training-01 written to /workspace/builds/worker-2-tc1/source/Cargo.toml
[INFO] validating manifest of git repo https://github.com/friendbear/rust-training-01 on toolchain 1.99.0-beta.8
[INFO] running `Command { std: CARGO_HOME="/workspace/cargo-home" RUSTUP_HOME="/workspace/rustup-home" "/workspace/cargo-home/bin/cargo" "+1.99.0-beta.8" "metadata" "--manifest-path" "Cargo.toml" "--no-deps", kill_on_drop: false }`
[INFO] crate git repo https://github.com/friendbear/rust-training-01 already has a lockfile, it will not be regenerated
[INFO] running `Command { std: CARGO_HOME="/workspace/cargo-home" RUSTUP_HOME="/workspace/rustup-home" "/workspace/cargo-home/bin/cargo" "+1.99.0-beta.8" "fetch" "--manifest-path" "Cargo.toml", kill_on_drop: false }`
[INFO] [stderr]     Updating crates.io index
[INFO] [stderr]  Downloading crates ...
[INFO] [stderr]   Downloaded iana-time-zone-haiku v0.1.0
[INFO] [stderr]   Downloaded cxxbridge-flags v1.0.78
[INFO] [stderr]   Downloaded ct-logs v0.8.0
[INFO] [stderr]   Downloaded semver v1.0.14
[INFO] [stderr]   Downloaded proc-macro2 v1.0.46
[INFO] [stderr]   Downloaded rustls-native-certs v0.5.0
[INFO] [stderr]   Downloaded cxxbridge-macro v1.0.78
[INFO] [stderr]   Downloaded h2 v0.3.14
[INFO] [stderr]   Downloaded cxx-build v1.0.78
[INFO] [stderr]   Downloaded tokio-util v0.7.4
[INFO] [stderr]   Downloaded hyper v0.14.20
[INFO] [stderr]   Downloaded cxx v1.0.78
[INFO] [stderr]   Downloaded tokio v1.21.2
[INFO] [stderr]   Downloaded libc v0.2.134
[INFO] running `Command { std: "docker" "create" "-v" "/var/lib/crater-agent-workspace/builds/worker-2-tc1/source:/opt/rustwide/workdir:ro,Z" "-v" "/var/lib/crater-agent-workspace/builds/worker-2-tc1/target:/opt/rustwide/target:rw,Z" "-v" "/var/lib/crater-agent-workspace/cargo-home:/opt/rustwide/cargo-home:ro,Z" "-v" "/var/lib/crater-agent-workspace/rustup-home:/opt/rustwide/rustup-home:ro,Z" "-m" "1610612736" "--network" "none" "ghcr.io/rust-lang/crates-build-env/linux@sha256:77db811e55d90add9212f6832c23229e3de5f1c1f9905e8cb07319ea15df73ac" "sleep" "infinity", kill_on_drop: false }`
[INFO] [stdout] bf6fa6e519d2bb1b7a1ed1ee94c195743be5c2cdca7beb9cd5d9417658f767a1
[INFO] running `Command { std: "docker" "start" "bf6fa6e519d2bb1b7a1ed1ee94c195743be5c2cdca7beb9cd5d9417658f767a1", kill_on_drop: false }`
[INFO] running `Command { std: "docker" "inspect" "bf6fa6e519d2bb1b7a1ed1ee94c195743be5c2cdca7beb9cd5d9417658f767a1", kill_on_drop: false }`
[INFO] running `Command { std: "docker" "exec" "-e" "SOURCE_DIR=/opt/rustwide/workdir" "-e" "CARGO_HOME=/opt/rustwide/cargo-home" "-e" "RUSTUP_HOME=/opt/rustwide/rustup-home" "-e" "CARGO_TARGET_DIR=/opt/rustwide/target" "-w" "/opt/rustwide/workdir" "--user" "0:0" "bf6fa6e519d2bb1b7a1ed1ee94c195743be5c2cdca7beb9cd5d9417658f767a1" "/opt/rustwide/cargo-home/bin/cargo" "+1.99.0-beta.8" "metadata" "--no-deps" "--format-version=1", kill_on_drop: false }`
[INFO] running `Command { std: "docker" "inspect" "bf6fa6e519d2bb1b7a1ed1ee94c195743be5c2cdca7beb9cd5d9417658f767a1", kill_on_drop: false }`
[INFO] running `Command { std: "docker" "exec" "-e" "SOURCE_DIR=/opt/rustwide/workdir" "-e" "CARGO_HOME=/opt/rustwide/cargo-home" "-e" "RUSTUP_HOME=/opt/rustwide/rustup-home" "-e" "CARGO_TARGET_DIR=/opt/rustwide/target" "-e" "CARGO_INCREMENTAL=0" "-e" "RUST_BACKTRACE=full" "-e" "RUSTFLAGS=--cap-lints=warn" "-e" "RUSTDOCFLAGS=--cap-lints=warn" "-w" "/opt/rustwide/workdir" "--user" "0:0" "bf6fa6e519d2bb1b7a1ed1ee94c195743be5c2cdca7beb9cd5d9417658f767a1" "/opt/rustwide/cargo-home/bin/cargo" "+1.99.0-beta.8" "build" "--frozen" "--message-format=json" "--release", kill_on_drop: false }`
[INFO] [stderr]    Compiling libc v0.2.134
[INFO] [stderr]    Compiling proc-macro2 v1.0.46
[INFO] [stderr]    Compiling quote v1.0.21
[INFO] [stderr]    Compiling unicode-ident v1.0.5
[INFO] [stderr]    Compiling syn v1.0.102
[INFO] [stderr]    Compiling once_cell v1.15.0
[INFO] [stderr]    Compiling futures-core v0.3.24
[INFO] [stderr]    Compiling bytes v1.2.1
[INFO] [stderr]    Compiling tokio v1.21.2
[INFO] [stderr]    Compiling futures-task v0.3.24
[INFO] [stderr]    Compiling openssl-sys v0.9.76
[INFO] [stderr]    Compiling itoa v1.0.4
[INFO] [stderr]    Compiling slab v0.4.7
[INFO] [stderr]    Compiling indexmap v1.9.1
[INFO] [stderr]    Compiling serde_derive v1.0.145
[INFO] [stderr]    Compiling futures-util v0.3.24
[INFO] [stderr]    Compiling openssl v0.10.42
[INFO] [stderr]    Compiling num-traits v0.2.15
[INFO] [stderr]    Compiling futures-sink v0.3.24
[INFO] [stderr]    Compiling futures-channel v0.3.24
[INFO] [stderr]    Compiling serde v1.0.145
[INFO] [stderr]    Compiling num-integer v0.1.45
[INFO] [stderr]    Compiling try-lock v0.2.3
[INFO] [stderr]    Compiling httparse v1.8.0
[INFO] [stderr]    Compiling serde_json v1.0.86
[INFO] [stderr]    Compiling want v0.3.0
[INFO] [stderr]    Compiling httpdate v1.0.2
[INFO] [stderr]    Compiling tracing-core v0.1.30
[INFO] [stderr]    Compiling tower-service v0.3.2
[INFO] [stderr]    Compiling ryu v1.0.11
[INFO] [stderr]    Compiling convert_case v0.4.0
[INFO] [stderr]    Compiling iana-time-zone v0.1.51
[INFO] [stderr]    Compiling percent-encoding v2.2.0
[INFO] [stderr]    Compiling native-tls v0.2.10
[INFO] [stderr]    Compiling tracing v0.1.37
[INFO] [stderr]    Compiling mio v0.8.4
[INFO] [stderr]    Compiling socket2 v0.4.7
[INFO] [stderr]    Compiling time v0.1.44
[INFO] [stderr]    Compiling http v0.2.8
[INFO] [stderr]    Compiling http-body v0.4.5
[INFO] [stderr]    Compiling openssl-macros v0.1.0
[INFO] [stderr]    Compiling derive_more v0.99.17
[INFO] [stderr]    Compiling tokio-util v0.7.4
[INFO] [stderr]    Compiling h2 v0.3.14
[INFO] [stderr]    Compiling tokio-native-tls v0.3.0
[INFO] [stderr]    Compiling hyper v0.14.20
[INFO] [stderr]    Compiling chrono v0.4.22
[INFO] [stderr]    Compiling hyper-tls v0.5.0
[INFO] [stderr]    Compiling ex01 v0.1.0 (/opt/rustwide/workdir)
[INFO] [stdout] error: expected `,` following `match` arm
[INFO] [stdout]   --> src/auth.rs:73:84
[INFO] [stdout]    |
[INFO] [stdout] 73 |             Some("oauth_token_secret") => secret = kv.next().map(|s| s.to_string())
[INFO] [stdout]    |                                                                                    ^
[INFO] [stdout]    |
[INFO] [stdout] help: missing a comma here to end this `match` arm
[INFO] [stdout]    |
[INFO] [stdout] 73 |             Some("oauth_token_secret") => secret = kv.next().map(|s| s.to_string()),
[INFO] [stdout]    |                                                                                    +
[INFO] [stdout] 
[INFO] [stdout] 
[INFO] [stdout] error: expected `,`, or `}`, found `query`
[INFO] [stdout]  --> src/auth/raw.rs:6:30
[INFO] [stdout]   |
[INFO] [stdout] 6 |     params: Option<ParamList>
[INFO] [stdout]   |                              ^ help: try adding a comma: `,`
[INFO] [stdout] 
[INFO] [stdout] 
[INFO] [stdout] error[E0433]: cannot find `error` in the crate root
[INFO] [stdout]  --> src/common/response.rs:4:12
[INFO] [stdout]   |
[INFO] [stdout] 4 | use crate::error::Error::{self, *};
[INFO] [stdout]   |            ^^^^^ unresolved import
[INFO] [stdout]   |
[INFO] [stdout] help: a similar path exists
[INFO] [stdout]   |
[INFO] [stdout] 4 | use crate::core::error::Error::{self, *};
[INFO] [stdout]   |            ++++++
[INFO] [stdout] 
[INFO] [stdout] 
[INFO] [stdout] error[E0432]: unresolved import `crate::error`
[INFO] [stdout]  --> src/common/response.rs:5:12
[INFO] [stdout]   |
[INFO] [stdout] 5 | use crate::error::{Result, TwitterErrors};
[INFO] [stdout]   |            ^^^^^ unresolved import
[INFO] [stdout]   |
[INFO] [stdout] help: a similar path exists
[INFO] [stdout]   |
[INFO] [stdout] 5 | use crate::core::error::{Result, TwitterErrors};
[INFO] [stdout]   |            ++++++
[INFO] [stdout] 
[INFO] [stdout] 
[INFO] [stdout] error[E0432]: unresolved imports `crate::auth::raw::get`, `crate::auth::raw::post`, `crate::auth::raw::post_json`
[INFO] [stdout]    --> src/common/mod.rs:102:28
[INFO] [stdout]     |
[INFO] [stdout] 102 | pub use crate::auth::raw::{get, post, post_json};
[INFO] [stdout]     |                            ^^^  ^^^^  ^^^^^^^^^ no `post_json` in `auth::raw`
[INFO] [stdout]     |                            |    |
[INFO] [stdout]     |                            |    no `post` in `auth::raw`
[INFO] [stdout]     |                            no `get` in `auth::raw`
[INFO] [stdout] 
[INFO] [stdout] 
[INFO] [stdout] error[E0432]: unresolved imports `crate::error`, `crate::list`, `crate::user`
[INFO] [stdout]    --> src/common/mod.rs:105:13
[INFO] [stdout]     |
[INFO] [stdout] 105 | use crate::{error, list, user};
[INFO] [stdout]     |             ^^^^^  ^^^^  ^^^^ no `user` in the root
[INFO] [stdout]     |             |      |
[INFO] [stdout]     |             |      no `list` in the root
[INFO] [stdout]     |             no `error` in the root
[INFO] [stdout]     |
[INFO] [stdout]     = help: consider importing this module instead:
[INFO] [stdout]             std::error
[INFO] [stdout] 
[INFO] [stdout] 
[INFO] [stdout] error[E0432]: unresolved imports `crate::error`, `crate::links`
[INFO] [stdout]   --> src/auth.rs:9:5
[INFO] [stdout]    |
[INFO] [stdout]  9 |     error::{self, Result},
[INFO] [stdout]    |     ^^^^^ unresolved import
[INFO] [stdout] 10 |     links,
[INFO] [stdout]    |     ^^^^^ no `links` in the root
[INFO] [stdout]    |
[INFO] [stdout] help: a similar path exists
[INFO] [stdout]    |
[INFO] [stdout]  9 |     core::error::{self, Result},
[INFO] [stdout]    |     ++++++
[INFO] [stdout] 
[INFO] [stdout] 
[INFO] [stdout] error[E0425]: cannot find type `Method` in this scope
[INFO] [stdout]  --> src/auth/raw.rs:5:13
[INFO] [stdout]   |
[INFO] [stdout] 5 |     method: Method,
[INFO] [stdout]   |             ^^^^^^ not found in this scope
[INFO] [stdout] 
[INFO] [stdout] 
[INFO] [stdout] error[E0425]: cannot find type `ParamList` in this scope
[INFO] [stdout]  --> src/auth/raw.rs:6:20
[INFO] [stdout]   |
[INFO] [stdout] 6 |     params: Option<ParamList>
[INFO] [stdout]   |                    ^^^^^^^^^ not found in this scope
[INFO] [stdout]   |
[INFO] [stdout] help: consider importing this struct through its public re-export
[INFO] [stdout]   |
[INFO] [stdout] 3 + use crate::auth::ParamList;
[INFO] [stdout]   |
[INFO] [stdout] 
[INFO] [stdout] 
[INFO] [stdout] error[E0425]: cannot find type `Body` in this scope
[INFO] [stdout]  --> src/auth/raw.rs:8:19
[INFO] [stdout]   |
[INFO] [stdout] 8 |     body: Option<(Body, &'static str)>,
[INFO] [stdout]   |                   ^^^^ not found in this scope
[INFO] [stdout]   |
[INFO] [stdout] help: you might be missing a type parameter
[INFO] [stdout]   |
[INFO] [stdout] 3 | pub struct RequestBuilder<'a, Body> {
[INFO] [stdout]   |                             ++++++
[INFO] [stdout] 
[INFO] [stdout] 
[INFO] [stdout] error[E0425]: cannot find type `OAuthAddOn` in this scope
[INFO] [stdout]  --> src/auth/raw.rs:9:12
[INFO] [stdout]   |
[INFO] [stdout] 9 |     addon: OAuthAddOn,
[INFO] [stdout]   |            ^^^^^^^^^^ not found in this scope
[INFO] [stdout] 
[INFO] [stdout] 
[INFO] [stdout] error[E0425]: cannot find type `Method` in this scope
[INFO] [stdout]   --> src/auth/raw.rs:13:24
[INFO] [stdout]    |
[INFO] [stdout] 13 |     pub fn new(method: Method, base_url: &'a str) -> Self {
[INFO] [stdout]    |                        ^^^^^^ not found in this scope
[INFO] [stdout] 
[INFO] [stdout] 
[INFO] [stdout] warning: unused macro definition: `round_trip`
[INFO] [stdout]    --> src/common/mod.rs:150:14
[INFO] [stdout]     |
[INFO] [stdout] 150 | macro_rules! round_trip {
[INFO] [stdout]     |              ^^^^^^^^^^
[INFO] [stdout]     |
[INFO] [stdout]     = note: `#[warn(unused_macros)]` (part of `#[warn(unused)]`) on by default
[INFO] [stdout] 
[INFO] [stdout] 
[INFO] [stdout] warning: unnecessary qualification
[INFO] [stdout]    --> src/common/mod.rs:524:40
[INFO] [stdout]     |
[INFO] [stdout] 524 |         <T as std::str::FromStr>::Err: std::fmt::Display,
[INFO] [stdout]     |                                        ^^^^^^^^^^^^^^^^^
[INFO] [stdout]     |
[INFO] [stdout] note: the lint level is defined here
[INFO] [stdout]    --> src/lib.rs:3:9
[INFO] [stdout]     |
[INFO] [stdout]   3 | #![warn(unused_qualifications)]
[INFO] [stdout]     |         ^^^^^^^^^^^^^^^^^^^^^
[INFO] [stdout] help: remove the unnecessary path segments
[INFO] [stdout]     |
[INFO] [stdout] 524 -         <T as std::str::FromStr>::Err: std::fmt::Display,
[INFO] [stdout] 524 +         <T as std::str::FromStr>::Err: fmt::Display,
[INFO] [stdout]     |
[INFO] [stdout] 
[INFO] [stdout] 
[INFO] [stdout] warning: unused import: `serde_json`
[INFO] [stdout]  --> src/auth.rs:5:5
[INFO] [stdout]   |
[INFO] [stdout] 5 | use serde_json;
[INFO] [stdout]   |     ^^^^^^^^^^
[INFO] [stdout]   |
[INFO] [stdout]   = note: `#[warn(unused_imports)]` (part of `#[warn(unused)]`) on by default
[INFO] [stdout] 
[INFO] [stdout] 
[INFO] [stdout] error[E0423]: cannot find function, tuple struct or tuple variant `RateLimit` in this scope
[INFO] [stdout]    --> src/common/response.rs:209:24
[INFO] [stdout]     |
[INFO] [stdout]  19 |   fn rate_limit(headers: &Headers, header: &'static str) -> Result<Option<i32>> {
[INFO] [stdout]     |   ----------------------------------------------------------------------------- similarly named function `rate_limit` defined here
[INFO] [stdout] ...
[INFO] [stdout] 209 |               return Err(RateLimit(rate_limit_reset(&parts.headers)?.unwrap()));
[INFO] [stdout]     |                          ^^^^^^^^^^^^^^^^^^^^^^^^^^^^^^^^^^^^^^^^^^^^^^^^^^^^^
[INFO] [stdout] ...
[INFO] [stdout] 266 | / pub struct RateLimit {
[INFO] [stdout] 267 | |     /// The rate limit ceiling for the given request.
[INFO] [stdout] 268 | |     pub limit: i32,
[INFO] [stdout] 269 | |     /// The number of requests left for the 15-minute window.
[INFO] [stdout] ...   |
[INFO] [stdout] 272 | |     pub reset: i32,
[INFO] [stdout] 273 | | }
[INFO] [stdout]     | |_- `RateLimit` defined here
[INFO] [stdout]     |
[INFO] [stdout]     = note: a struct named `RateLimit` exists in another namespace
[INFO] [stdout] help: use struct literal syntax instead
[INFO] [stdout]     |
[INFO] [stdout] 209 -             return Err(RateLimit(rate_limit_reset(&parts.headers)?.unwrap()));
[INFO] [stdout] 209 +             return Err(RateLimit { limit: val, remaining: val, reset: val });
[INFO] [stdout]     |
[INFO] [stdout] help: a function with a similar name exists
[INFO] [stdout]     |
[INFO] [stdout] 209 -             return Err(RateLimit(rate_limit_reset(&parts.headers)?.unwrap()));
[INFO] [stdout] 209 +             return Err(rate_limit(rate_limit_reset(&parts.headers)?.unwrap()));
[INFO] [stdout]     |
[INFO] [stdout] 
[INFO] [stdout] 
[INFO] [stdout] error[E0425]: cannot find function, tuple struct or tuple variant `TwitterError` in this scope
[INFO] [stdout]    --> src/common/response.rs:211:24
[INFO] [stdout]     |
[INFO] [stdout] 211 |             return Err(TwitterError(parts.headers, errors));
[INFO] [stdout]     |                        ^^^^^^^^^^^^ not found in this scope
[INFO] [stdout] 
[INFO] [stdout] 
[INFO] [stdout] error[E0425]: cannot find function, tuple struct or tuple variant `BadStatus` in this scope
[INFO] [stdout]    --> src/common/response.rs:215:20
[INFO] [stdout]     |
[INFO] [stdout] 215 |         return Err(BadStatus(parts.status));
[INFO] [stdout]     |                    ^^^^^^^^^ not found in this scope
[INFO] [stdout] 
[INFO] [stdout] 
[INFO] [stdout] error[E0277]: the size for values of type `[u8]` cannot be known at compilation time
[INFO] [stdout]    --> src/common/response.rs:238:19
[INFO] [stdout]     |
[INFO] [stdout] 238 |     let (headers, body) = raw_request(request).await?;
[INFO] [stdout]     |                   ^^^^ doesn't have a size known at compile-time
[INFO] [stdout]     |
[INFO] [stdout]     = help: the trait `Sized` is not implemented for `[u8]`
[INFO] [stdout]     = note: all local variables must have a statically known size
[INFO] [stdout] 
[INFO] [stdout] 
[INFO] [stdout] error[E0277]: the size for values of type `[u8]` cannot be known at compilation time
[INFO] [stdout]    --> src/common/response.rs:238:53
[INFO] [stdout]     |
[INFO] [stdout] 238 |     let (headers, body) = raw_request(request).await?;
[INFO] [stdout]     |                                                     ^ doesn't have a size known at compile-time
[INFO] [stdout]     |
[INFO] [stdout]     = help: within `(_, [u8])`, the trait `Sized` is not implemented for `[u8]`
[INFO] [stdout]     = note: required because it appears within the type `(_, [u8])`
[INFO] [stdout] note: required by an implicit `Sized` bound in `ControlFlow`
[INFO] [stdout]    --> /rustc/dfb0accb7f508ae8be965d8629557221c889dd98/library/core/src/ops/control_flow.rs:89:0
[INFO] [stdout] 
[INFO] [stdout] 
[INFO] [stdout] error[E0277]: the size for values of type `[u8]` cannot be known at compilation time
[INFO] [stdout]    --> src/common/response.rs:238:27
[INFO] [stdout]     |
[INFO] [stdout] 238 |     let (headers, body) = raw_request(request).await?;
[INFO] [stdout]     |                           ^^^^^^^^^^^^^^^^^^^^^^^^^^^ doesn't have a size known at compile-time
[INFO] [stdout]     |
[INFO] [stdout]     = help: within `(_, [u8])`, the trait `Sized` is not implemented for `[u8]`
[INFO] [stdout]     = note: required because it appears within the type `(_, [u8])`
[INFO] [stdout] note: required by an implicit `Sized` bound in `ControlFlow`
[INFO] [stdout]    --> /rustc/dfb0accb7f508ae8be965d8629557221c889dd98/library/core/src/ops/control_flow.rs:89:0
[INFO] [stdout] 
[INFO] [stdout] 
[INFO] [stdout] warning: this function depends on never type fallback being `()`
[INFO] [stdout]    --> src/common/response.rs:235:1
[INFO] [stdout]     |
[INFO] [stdout] 235 | / pub async fn request_with_json_response<T: DeserializeOwned>(
[INFO] [stdout] 236 | |     request: Request<Body>,
[INFO] [stdout] 237 | | ) -> Result<Response<T>> {
[INFO] [stdout]     | |________________________^
[INFO] [stdout]     |
[INFO] [stdout]     = help: specify the types explicitly
[INFO] [stdout] note: in edition 2024, the requirement `!: Deserialize<'_>` will fail
[INFO] [stdout]    --> src/common/response.rs:239:20
[INFO] [stdout]     |
[INFO] [stdout] 239 |     let response = serde_json::from_slice(&body)?;
[INFO] [stdout]     |                    ^^^^^^^^^^^^^^^^^^^^^^^^^^^^^
[INFO] [stdout]     = warning: this was previously accepted by the compiler but is being phased out; it will become a hard error in Rust 2024 and in a future release in all editions!
[INFO] [stdout]     = note: for more information, see <https://doc.rust-lang.org/edition-guide/rust-2024/never-type-fallback.html>
[INFO] [stdout]     = note: `#[warn(dependency_on_unit_never_type_fallback)]` (part of `#[warn(rust_2024_compatibility)]`) on by default
[INFO] [stdout] help: use `()` annotations to avoid fallback changes
[INFO] [stdout]     |
[INFO] [stdout] 239 |     let response: () = serde_json::from_slice(&body)?;
[INFO] [stdout]     |                 ++++
[INFO] [stdout] 
[INFO] [stdout] 
[INFO] [stdout] error[E0599]: no method named `oauth_callback` found for struct `RequestBuilder<'a>` in the current scope
[INFO] [stdout]   --> src/auth.rs:55:10
[INFO] [stdout]    |
[INFO] [stdout] 54 |       let request = RequestBuilder::new(Method::POST, links::auth::REQUEST_TOKEN)
[INFO] [stdout]    |  ___________________-
[INFO] [stdout] 55 | |         .oauth_callback(callback.into())
[INFO] [stdout]    | |         -^^^^^^^^^^^^^^ method not found in `RequestBuilder<'_>`
[INFO] [stdout]    | |_________|
[INFO] [stdout]    |
[INFO] [stdout]    |
[INFO] [stdout]   ::: src/auth/raw.rs:3:1
[INFO] [stdout]    |
[INFO] [stdout]  3 |   pub struct RequestBuilder<'a> {
[INFO] [stdout]    |   ----------------------------- method `oauth_callback` not found for this struct
[INFO] [stdout] 
[INFO] [stdout] 
[INFO] [stdout] error[E0277]: the size for values of type `[u8]` cannot be known at compilation time
[INFO] [stdout]   --> src/auth.rs:58:13
[INFO] [stdout]    |
[INFO] [stdout] 58 |     let (_, body) = raw_request(request).await?;
[INFO] [stdout]    |             ^^^^ doesn't have a size known at compile-time
[INFO] [stdout]    |
[INFO] [stdout]    = help: the trait `Sized` is not implemented for `[u8]`
[INFO] [stdout]    = note: all local variables must have a statically known size
[INFO] [stdout] 
[INFO] [stdout] 
[INFO] [stdout] error[E0277]: the size for values of type `[u8]` cannot be known at compilation time
[INFO] [stdout]   --> src/auth.rs:58:47
[INFO] [stdout]    |
[INFO] [stdout] 58 |     let (_, body) = raw_request(request).await?;
[INFO] [stdout]    |                                               ^ doesn't have a size known at compile-time
[INFO] [stdout]    |
[INFO] [stdout]    = help: within `(_, [u8])`, the trait `Sized` is not implemented for `[u8]`
[INFO] [stdout]    = note: required because it appears within the type `(_, [u8])`
[INFO] [stdout] note: required by an implicit `Sized` bound in `ControlFlow`
[INFO] [stdout]   --> /rustc/dfb0accb7f508ae8be965d8629557221c889dd98/library/core/src/ops/control_flow.rs:89:0
[INFO] [stdout] 
[INFO] [stdout] 
[INFO] [stdout] error[E0277]: the size for values of type `[u8]` cannot be known at compilation time
[INFO] [stdout]   --> src/auth.rs:58:21
[INFO] [stdout]    |
[INFO] [stdout] 58 |     let (_, body) = raw_request(request).await?;
[INFO] [stdout]    |                     ^^^^^^^^^^^^^^^^^^^^^^^^^^^ doesn't have a size known at compile-time
[INFO] [stdout]    |
[INFO] [stdout]    = help: within `(_, [u8])`, the trait `Sized` is not implemented for `[u8]`
[INFO] [stdout]    = note: required because it appears within the type `(_, [u8])`
[INFO] [stdout] note: required by an implicit `Sized` bound in `ControlFlow`
[INFO] [stdout]   --> /rustc/dfb0accb7f508ae8be965d8629557221c889dd98/library/core/src/ops/control_flow.rs:89:0
[INFO] [stdout] 
[INFO] [stdout] 
[INFO] [stdout] error[E0433]: cannot find type `OAuthAddOn` in this scope
[INFO] [stdout]   --> src/auth/raw.rs:20:20
[INFO] [stdout]    |
[INFO] [stdout] 20 |             addon: OAuthAddOn::None,
[INFO] [stdout]    |                    ^^^^^^^^^^ use of undeclared type `OAuthAddOn`
[INFO] [stdout] 
[INFO] [stdout] 
[INFO] [stdout] Some errors have detailed explanations: E0277, E0423, E0425, E0432, E0433, E0599.
[INFO] [stdout] 
[INFO] [stdout] For more information about an error, try `rustc --explain E0277`.
[INFO] [stdout] 
[INFO] [stderr] error: could not compile `ex01` (lib) due to 23 previous errors; 5 warnings emitted
[INFO] [stderr] warning: build failed, waiting for other jobs to finish...
[INFO] running `Command { std: "docker" "inspect" "bf6fa6e519d2bb1b7a1ed1ee94c195743be5c2cdca7beb9cd5d9417658f767a1", kill_on_drop: false }`
[INFO] running `Command { std: "docker" "rm" "-f" "bf6fa6e519d2bb1b7a1ed1ee94c195743be5c2cdca7beb9cd5d9417658f767a1", kill_on_drop: false }`
[INFO] [stdout] bf6fa6e519d2bb1b7a1ed1ee94c195743be5c2cdca7beb9cd5d9417658f767a1
