[INFO] cloning repository https://github.com/fredrikjacobson/rusty-potree-converter
[INFO] running `Command { std: "git" "-c" "credential.helper=" "-c" "credential.helper=/workspace/cargo-home/bin/git-credential-null" "clone" "--bare" "https://github.com/fredrikjacobson/rusty-potree-converter" "/workspace/cache/git-repos/https%3A%2F%2Fgithub.com%2Ffredrikjacobson%2Frusty-potree-converter", kill_on_drop: false }`
[INFO] [stderr] Cloning into bare repository '/workspace/cache/git-repos/https%3A%2F%2Fgithub.com%2Ffredrikjacobson%2Frusty-potree-converter'...
[INFO] running `Command { std: "git" "rev-parse" "HEAD", kill_on_drop: false }`
[INFO] [stdout] afd3e990b238c8315f4a3bb5b49c6541f7cd6b22
[INFO] testing fredrikjacobson/rusty-potree-converter against 1.99.0-beta.8+cargoflags=--release for beta-release-1.100-2
[INFO] running `Command { std: "git" "clone" "/workspace/cache/git-repos/https%3A%2F%2Fgithub.com%2Ffredrikjacobson%2Frusty-potree-converter" "/workspace/builds/worker-2-tc1/source", kill_on_drop: false }`
[INFO] [stderr] Cloning into '/workspace/builds/worker-2-tc1/source'...
[INFO] [stderr] done.
[INFO] started tweaking git repo https://github.com/fredrikjacobson/rusty-potree-converter
[INFO] finished tweaking git repo https://github.com/fredrikjacobson/rusty-potree-converter
[INFO] tweaked toml for git repo https://github.com/fredrikjacobson/rusty-potree-converter written to /workspace/builds/worker-2-tc1/source/Cargo.toml
[INFO] validating manifest of git repo https://github.com/fredrikjacobson/rusty-potree-converter on toolchain 1.99.0-beta.8
[INFO] running `Command { std: CARGO_HOME="/workspace/cargo-home" RUSTUP_HOME="/workspace/rustup-home" "/workspace/cargo-home/bin/cargo" "+1.99.0-beta.8" "metadata" "--manifest-path" "Cargo.toml" "--no-deps", kill_on_drop: false }`
[INFO] crate git repo https://github.com/fredrikjacobson/rusty-potree-converter already has a lockfile, it will not be regenerated
[INFO] running `Command { std: CARGO_HOME="/workspace/cargo-home" RUSTUP_HOME="/workspace/rustup-home" "/workspace/cargo-home/bin/cargo" "+1.99.0-beta.8" "fetch" "--manifest-path" "Cargo.toml", kill_on_drop: false }`
[INFO] [stderr]     Updating crates.io index
[INFO] [stderr]  Downloading crates ...
[INFO] [stderr]   Downloaded ord_subset v3.1.1
[INFO] [stderr]   Downloaded serde_derive v1.0.130
[INFO] [stderr]   Downloaded serde v1.0.130
[INFO] [stderr]   Downloaded serde_json v1.0.68
[INFO] [stderr]   Downloaded pcd-rs v0.9.1
[INFO] running `Command { std: "docker" "create" "-v" "/var/lib/crater-agent-workspace/builds/worker-2-tc1/source:/opt/rustwide/workdir:ro,Z" "-v" "/var/lib/crater-agent-workspace/builds/worker-2-tc1/target:/opt/rustwide/target:rw,Z" "-v" "/var/lib/crater-agent-workspace/cargo-home:/opt/rustwide/cargo-home:ro,Z" "-v" "/var/lib/crater-agent-workspace/rustup-home:/opt/rustwide/rustup-home:ro,Z" "-m" "1610612736" "--network" "none" "ghcr.io/rust-lang/crates-build-env/linux@sha256:77db811e55d90add9212f6832c23229e3de5f1c1f9905e8cb07319ea15df73ac" "sleep" "infinity", kill_on_drop: false }`
[INFO] [stdout] 5a2710c4e8694be982e3d2d79a86d9307ebb7e437d425488711d1ff38b27275c
[INFO] running `Command { std: "docker" "start" "5a2710c4e8694be982e3d2d79a86d9307ebb7e437d425488711d1ff38b27275c", kill_on_drop: false }`
[INFO] running `Command { std: "docker" "inspect" "5a2710c4e8694be982e3d2d79a86d9307ebb7e437d425488711d1ff38b27275c", kill_on_drop: false }`
[INFO] running `Command { std: "docker" "exec" "-e" "SOURCE_DIR=/opt/rustwide/workdir" "-e" "CARGO_HOME=/opt/rustwide/cargo-home" "-e" "RUSTUP_HOME=/opt/rustwide/rustup-home" "-e" "CARGO_TARGET_DIR=/opt/rustwide/target" "-w" "/opt/rustwide/workdir" "--user" "0:0" "5a2710c4e8694be982e3d2d79a86d9307ebb7e437d425488711d1ff38b27275c" "/opt/rustwide/cargo-home/bin/cargo" "+1.99.0-beta.8" "metadata" "--no-deps" "--format-version=1", kill_on_drop: false }`
[INFO] running `Command { std: "docker" "inspect" "5a2710c4e8694be982e3d2d79a86d9307ebb7e437d425488711d1ff38b27275c", kill_on_drop: false }`
[INFO] running `Command { std: "docker" "exec" "-e" "SOURCE_DIR=/opt/rustwide/workdir" "-e" "CARGO_HOME=/opt/rustwide/cargo-home" "-e" "RUSTUP_HOME=/opt/rustwide/rustup-home" "-e" "CARGO_TARGET_DIR=/opt/rustwide/target" "-e" "CARGO_INCREMENTAL=0" "-e" "RUST_BACKTRACE=full" "-e" "RUSTFLAGS=--cap-lints=warn" "-e" "RUSTDOCFLAGS=--cap-lints=warn" "-w" "/opt/rustwide/workdir" "--user" "0:0" "5a2710c4e8694be982e3d2d79a86d9307ebb7e437d425488711d1ff38b27275c" "/opt/rustwide/cargo-home/bin/cargo" "+1.99.0-beta.8" "build" "--frozen" "--message-format=json" "--release", kill_on_drop: false }`
[INFO] [stderr]    Compiling syn v1.0.81
[INFO] [stderr]    Compiling serde_derive v1.0.130
[INFO] [stderr]    Compiling libc v0.2.107
[INFO] [stderr]    Compiling serde v1.0.130
[INFO] [stderr]    Compiling ryu v1.0.5
[INFO] [stderr]    Compiling itoa v0.4.8
[INFO] [stderr]    Compiling serde_json v1.0.68
[INFO] [stderr]    Compiling regex-syntax v0.6.27
[INFO] [stderr]    Compiling regex-automata v0.1.10
[INFO] [stderr]    Compiling ord_subset v3.1.1
[INFO] [stderr]    Compiling csv-core v0.1.10
[INFO] [stdout] error[E0277]: the size for values of type `A` cannot be known at compilation time
[INFO] [stdout]    --> /opt/rustwide/cargo-home/registry/src/index.crates.io-1949cf8c6b5b557f/ord_subset-3.1.1/src/ord_subset_trait.rs:113:51
[INFO] [stdout]     |
[INFO] [stdout] 113 |               impl<$($T:OrdSubset),+> OrdSubset for ($($T,)+) where last_type!($($T,)+): ?Sized {
[INFO] [stdout]     |                                                     ^^^^^^^^^ doesn't have a size known at compile-time
[INFO] [stdout] ...
[INFO] [stdout] 128 | / tuple_impls! {
[INFO] [stdout] 129 | |     Tuple1 {
[INFO] [stdout] 130 | |         (0) -> A
[INFO] [stdout]     | |                - this type parameter needs to be `Sized`
[INFO] [stdout] ...   |
[INFO] [stdout] 231 | | }
[INFO] [stdout]     | |_- in this macro invocation
[INFO] [stdout]     |
[INFO] [stdout]     = note: required for `(A,)` to implement `PartialEq`
[INFO] [stdout] note: required by a bound in `ord_subset_trait::OrdSubset`
[INFO] [stdout]    --> /opt/rustwide/cargo-home/registry/src/index.crates.io-1949cf8c6b5b557f/ord_subset-3.1.1/src/ord_subset_trait.rs:12:41
[INFO] [stdout]     |
[INFO] [stdout]  12 | pub trait OrdSubset: PartialOrd<Self> + PartialEq<Self> {
[INFO] [stdout]     |                                         ^^^^^^^^^^^^^^^ required by this bound in `OrdSubset`
[INFO] [stdout]     = note: this error originates in the macro `tuple_impls` (in Nightly builds, run with -Z macro-backtrace for more info)
[INFO] [stdout] help: consider removing the `?Sized` bound to make the type parameter `Sized`
[INFO] [stdout]     |
[INFO] [stdout] 113 -             impl<$($T:OrdSubset),+> OrdSubset for ($($T,)+) where last_type!($($T,)+): ?Sized {
[INFO] [stdout] 113 +             impl<$($T:OrdSubset),+> OrdSubset for ($($T,)+)  {
[INFO] [stdout]     |
[INFO] [stdout] 
[INFO] [stdout] 
[INFO] [stdout] error[E0277]: the size for values of type `B` cannot be known at compilation time
[INFO] [stdout]    --> /opt/rustwide/cargo-home/registry/src/index.crates.io-1949cf8c6b5b557f/ord_subset-3.1.1/src/ord_subset_trait.rs:113:51
[INFO] [stdout]     |
[INFO] [stdout] 113 |               impl<$($T:OrdSubset),+> OrdSubset for ($($T,)+) where last_type!($($T,)+): ?Sized {
[INFO] [stdout]     |                                                     ^^^^^^^^^ doesn't have a size known at compile-time
[INFO] [stdout] ...
[INFO] [stdout] 128 | / tuple_impls! {
[INFO] [stdout] 129 | |     Tuple1 {
[INFO] [stdout] 130 | |         (0) -> A
[INFO] [stdout] ...   |
[INFO] [stdout] 134 | |         (1) -> B
[INFO] [stdout]     | |                - this type parameter needs to be `Sized`
[INFO] [stdout] ...   |
[INFO] [stdout] 231 | | }
[INFO] [stdout]     | |_- in this macro invocation
[INFO] [stdout]     |
[INFO] [stdout]     = note: required for `(A, B)` to implement `PartialEq`
[INFO] [stdout] note: required by a bound in `ord_subset_trait::OrdSubset`
[INFO] [stdout]    --> /opt/rustwide/cargo-home/registry/src/index.crates.io-1949cf8c6b5b557f/ord_subset-3.1.1/src/ord_subset_trait.rs:12:41
[INFO] [stdout]     |
[INFO] [stdout]  12 | pub trait OrdSubset: PartialOrd<Self> + PartialEq<Self> {
[INFO] [stdout]     |                                         ^^^^^^^^^^^^^^^ required by this bound in `OrdSubset`
[INFO] [stdout]     = note: this error originates in the macro `tuple_impls` (in Nightly builds, run with -Z macro-backtrace for more info)
[INFO] [stdout] help: consider removing the `?Sized` bound to make the type parameter `Sized`
[INFO] [stdout]     |
[INFO] [stdout] 113 -             impl<$($T:OrdSubset),+> OrdSubset for ($($T,)+) where last_type!($($T,)+): ?Sized {
[INFO] [stdout] 113 +             impl<$($T:OrdSubset),+> OrdSubset for ($($T,)+)  {
[INFO] [stdout]     |
[INFO] [stdout] 
[INFO] [stdout] 
[INFO] [stdout] error[E0277]: the size for values of type `C` cannot be known at compilation time
[INFO] [stdout]    --> /opt/rustwide/cargo-home/registry/src/index.crates.io-1949cf8c6b5b557f/ord_subset-3.1.1/src/ord_subset_trait.rs:113:51
[INFO] [stdout]     |
[INFO] [stdout] 113 |               impl<$($T:OrdSubset),+> OrdSubset for ($($T,)+) where last_type!($($T,)+): ?Sized {
[INFO] [stdout]     |                                                     ^^^^^^^^^ doesn't have a size known at compile-time
[INFO] [stdout] ...
[INFO] [stdout] 128 | / tuple_impls! {
[INFO] [stdout] 129 | |     Tuple1 {
[INFO] [stdout] 130 | |         (0) -> A
[INFO] [stdout] ...   |
[INFO] [stdout] 139 | |         (2) -> C
[INFO] [stdout]     | |                - this type parameter needs to be `Sized`
[INFO] [stdout] ...   |
[INFO] [stdout] 231 | | }
[INFO] [stdout]     | |_- in this macro invocation
[INFO] [stdout]     |
[INFO] [stdout]     = note: required for `(A, B, C)` to implement `PartialEq`
[INFO] [stdout] note: required by a bound in `ord_subset_trait::OrdSubset`
[INFO] [stdout]    --> /opt/rustwide/cargo-home/registry/src/index.crates.io-1949cf8c6b5b557f/ord_subset-3.1.1/src/ord_subset_trait.rs:12:41
[INFO] [stdout]     |
[INFO] [stdout]  12 | pub trait OrdSubset: PartialOrd<Self> + PartialEq<Self> {
[INFO] [stdout]     |                                         ^^^^^^^^^^^^^^^ required by this bound in `OrdSubset`
[INFO] [stdout]     = note: this error originates in the macro `tuple_impls` (in Nightly builds, run with -Z macro-backtrace for more info)
[INFO] [stdout] help: consider removing the `?Sized` bound to make the type parameter `Sized`
[INFO] [stdout]     |
[INFO] [stdout] 113 -             impl<$($T:OrdSubset),+> OrdSubset for ($($T,)+) where last_type!($($T,)+): ?Sized {
[INFO] [stdout] 113 +             impl<$($T:OrdSubset),+> OrdSubset for ($($T,)+)  {
[INFO] [stdout]     |
[INFO] [stdout] 
[INFO] [stdout] 
[INFO] [stdout] error[E0277]: the size for values of type `D` cannot be known at compilation time
[INFO] [stdout]    --> /opt/rustwide/cargo-home/registry/src/index.crates.io-1949cf8c6b5b557f/ord_subset-3.1.1/src/ord_subset_trait.rs:113:51
[INFO] [stdout]     |
[INFO] [stdout] 113 |               impl<$($T:OrdSubset),+> OrdSubset for ($($T,)+) where last_type!($($T,)+): ?Sized {
[INFO] [stdout]     |                                                     ^^^^^^^^^ doesn't have a size known at compile-time
[INFO] [stdout] ...
[INFO] [stdout] 128 | / tuple_impls! {
[INFO] [stdout] 129 | |     Tuple1 {
[INFO] [stdout] 130 | |         (0) -> A
[INFO] [stdout] ...   |
[INFO] [stdout] 145 | |         (3) -> D
[INFO] [stdout]     | |                - this type parameter needs to be `Sized`
[INFO] [stdout] ...   |
[INFO] [stdout] 231 | | }
[INFO] [stdout]     | |_- in this macro invocation
[INFO] [stdout]     |
[INFO] [stdout]     = note: required for `(A, B, C, D)` to implement `PartialEq`
[INFO] [stdout] note: required by a bound in `ord_subset_trait::OrdSubset`
[INFO] [stdout]    --> /opt/rustwide/cargo-home/registry/src/index.crates.io-1949cf8c6b5b557f/ord_subset-3.1.1/src/ord_subset_trait.rs:12:41
[INFO] [stdout]     |
[INFO] [stdout]  12 | pub trait OrdSubset: PartialOrd<Self> + PartialEq<Self> {
[INFO] [stdout]     |                                         ^^^^^^^^^^^^^^^ required by this bound in `OrdSubset`
[INFO] [stdout]     = note: this error originates in the macro `tuple_impls` (in Nightly builds, run with -Z macro-backtrace for more info)
[INFO] [stdout] help: consider removing the `?Sized` bound to make the type parameter `Sized`
[INFO] [stdout]     |
[INFO] [stdout] 113 -             impl<$($T:OrdSubset),+> OrdSubset for ($($T,)+) where last_type!($($T,)+): ?Sized {
[INFO] [stdout] 113 +             impl<$($T:OrdSubset),+> OrdSubset for ($($T,)+)  {
[INFO] [stdout]     |
[INFO] [stdout] 
[INFO] [stdout] 
[INFO] [stdout] error[E0277]: the size for values of type `E` cannot be known at compilation time
[INFO] [stdout]    --> /opt/rustwide/cargo-home/registry/src/index.crates.io-1949cf8c6b5b557f/ord_subset-3.1.1/src/ord_subset_trait.rs:113:51
[INFO] [stdout]     |
[INFO] [stdout] 113 |               impl<$($T:OrdSubset),+> OrdSubset for ($($T,)+) where last_type!($($T,)+): ?Sized {
[INFO] [stdout]     |                                                     ^^^^^^^^^ doesn't have a size known at compile-time
[INFO] [stdout] ...
[INFO] [stdout] 128 | / tuple_impls! {
[INFO] [stdout] 129 | |     Tuple1 {
[INFO] [stdout] 130 | |         (0) -> A
[INFO] [stdout] ...   |
[INFO] [stdout] 152 | |         (4) -> E
[INFO] [stdout]     | |                - this type parameter needs to be `Sized`
[INFO] [stdout] ...   |
[INFO] [stdout] 231 | | }
[INFO] [stdout]     | |_- in this macro invocation
[INFO] [stdout]     |
[INFO] [stdout]     = note: required for `(A, B, C, D, E)` to implement `PartialEq`
[INFO] [stdout] note: required by a bound in `ord_subset_trait::OrdSubset`
[INFO] [stdout]    --> /opt/rustwide/cargo-home/registry/src/index.crates.io-1949cf8c6b5b557f/ord_subset-3.1.1/src/ord_subset_trait.rs:12:41
[INFO] [stdout]     |
[INFO] [stdout]  12 | pub trait OrdSubset: PartialOrd<Self> + PartialEq<Self> {
[INFO] [stdout]     |                                         ^^^^^^^^^^^^^^^ required by this bound in `OrdSubset`
[INFO] [stdout]     = note: this error originates in the macro `tuple_impls` (in Nightly builds, run with -Z macro-backtrace for more info)
[INFO] [stdout] help: consider removing the `?Sized` bound to make the type parameter `Sized`
[INFO] [stdout]     |
[INFO] [stdout] 113 -             impl<$($T:OrdSubset),+> OrdSubset for ($($T,)+) where last_type!($($T,)+): ?Sized {
[INFO] [stdout] 113 +             impl<$($T:OrdSubset),+> OrdSubset for ($($T,)+)  {
[INFO] [stdout]     |
[INFO] [stdout] 
[INFO] [stdout] 
[INFO] [stdout] error[E0277]: the size for values of type `F` cannot be known at compilation time
[INFO] [stdout]    --> /opt/rustwide/cargo-home/registry/src/index.crates.io-1949cf8c6b5b557f/ord_subset-3.1.1/src/ord_subset_trait.rs:113:51
[INFO] [stdout]     |
[INFO] [stdout] 113 |               impl<$($T:OrdSubset),+> OrdSubset for ($($T,)+) where last_type!($($T,)+): ?Sized {
[INFO] [stdout]     |                                                     ^^^^^^^^^ doesn't have a size known at compile-time
[INFO] [stdout] ...
[INFO] [stdout] 128 | / tuple_impls! {
[INFO] [stdout] 129 | |     Tuple1 {
[INFO] [stdout] 130 | |         (0) -> A
[INFO] [stdout] ...   |
[INFO] [stdout] 160 | |         (5) -> F
[INFO] [stdout]     | |                - this type parameter needs to be `Sized`
[INFO] [stdout] ...   |
[INFO] [stdout] 231 | | }
[INFO] [stdout]     | |_- in this macro invocation
[INFO] [stdout]     |
[INFO] [stdout]     = note: required for `(A, B, C, D, E, F)` to implement `PartialEq`
[INFO] [stdout] note: required by a bound in `ord_subset_trait::OrdSubset`
[INFO] [stdout]    --> /opt/rustwide/cargo-home/registry/src/index.crates.io-1949cf8c6b5b557f/ord_subset-3.1.1/src/ord_subset_trait.rs:12:41
[INFO] [stdout]     |
[INFO] [stdout]  12 | pub trait OrdSubset: PartialOrd<Self> + PartialEq<Self> {
[INFO] [stdout]     |                                         ^^^^^^^^^^^^^^^ required by this bound in `OrdSubset`
[INFO] [stdout]     = note: this error originates in the macro `tuple_impls` (in Nightly builds, run with -Z macro-backtrace for more info)
[INFO] [stdout] help: consider removing the `?Sized` bound to make the type parameter `Sized`
[INFO] [stdout]     |
[INFO] [stdout] 113 -             impl<$($T:OrdSubset),+> OrdSubset for ($($T,)+) where last_type!($($T,)+): ?Sized {
[INFO] [stdout] 113 +             impl<$($T:OrdSubset),+> OrdSubset for ($($T,)+)  {
[INFO] [stdout]     |
[INFO] [stdout] 
[INFO] [stdout] 
[INFO] [stdout] error[E0277]: the size for values of type `G` cannot be known at compilation time
[INFO] [stdout]    --> /opt/rustwide/cargo-home/registry/src/index.crates.io-1949cf8c6b5b557f/ord_subset-3.1.1/src/ord_subset_trait.rs:113:51
[INFO] [stdout]     |
[INFO] [stdout] 113 |               impl<$($T:OrdSubset),+> OrdSubset for ($($T,)+) where last_type!($($T,)+): ?Sized {
[INFO] [stdout]     |                                                     ^^^^^^^^^ doesn't have a size known at compile-time
[INFO] [stdout] ...
[INFO] [stdout] 128 | / tuple_impls! {
[INFO] [stdout] 129 | |     Tuple1 {
[INFO] [stdout] 130 | |         (0) -> A
[INFO] [stdout] ...   |
[INFO] [stdout] 169 | |         (6) -> G
[INFO] [stdout]     | |                - this type parameter needs to be `Sized`
[INFO] [stdout] ...   |
[INFO] [stdout] 231 | | }
[INFO] [stdout]     | |_- in this macro invocation
[INFO] [stdout]     |
[INFO] [stdout]     = note: required for `(A, B, C, D, E, F, G)` to implement `PartialEq`
[INFO] [stdout] note: required by a bound in `ord_subset_trait::OrdSubset`
[INFO] [stdout]    --> /opt/rustwide/cargo-home/registry/src/index.crates.io-1949cf8c6b5b557f/ord_subset-3.1.1/src/ord_subset_trait.rs:12:41
[INFO] [stdout]     |
[INFO] [stdout]  12 | pub trait OrdSubset: PartialOrd<Self> + PartialEq<Self> {
[INFO] [stdout]     |                                         ^^^^^^^^^^^^^^^ required by this bound in `OrdSubset`
[INFO] [stdout]     = note: this error originates in the macro `tuple_impls` (in Nightly builds, run with -Z macro-backtrace for more info)
[INFO] [stdout] help: consider removing the `?Sized` bound to make the type parameter `Sized`
[INFO] [stdout]     |
[INFO] [stdout] 113 -             impl<$($T:OrdSubset),+> OrdSubset for ($($T,)+) where last_type!($($T,)+): ?Sized {
[INFO] [stdout] 113 +             impl<$($T:OrdSubset),+> OrdSubset for ($($T,)+)  {
[INFO] [stdout]     |
[INFO] [stdout] 
[INFO] [stdout] 
[INFO] [stdout] error[E0277]: the size for values of type `H` cannot be known at compilation time
[INFO] [stdout]    --> /opt/rustwide/cargo-home/registry/src/index.crates.io-1949cf8c6b5b557f/ord_subset-3.1.1/src/ord_subset_trait.rs:113:51
[INFO] [stdout]     |
[INFO] [stdout] 113 |               impl<$($T:OrdSubset),+> OrdSubset for ($($T,)+) where last_type!($($T,)+): ?Sized {
[INFO] [stdout]     |                                                     ^^^^^^^^^ doesn't have a size known at compile-time
[INFO] [stdout] ...
[INFO] [stdout] 128 | / tuple_impls! {
[INFO] [stdout] 129 | |     Tuple1 {
[INFO] [stdout] 130 | |         (0) -> A
[INFO] [stdout] ...   |
[INFO] [stdout] 179 | |         (7) -> H
[INFO] [stdout]     | |                - this type parameter needs to be `Sized`
[INFO] [stdout] ...   |
[INFO] [stdout] 231 | | }
[INFO] [stdout]     | |_- in this macro invocation
[INFO] [stdout]     |
[INFO] [stdout]     = note: required for `(A, B, C, D, E, F, G, H)` to implement `PartialEq`
[INFO] [stdout] note: required by a bound in `ord_subset_trait::OrdSubset`
[INFO] [stdout]    --> /opt/rustwide/cargo-home/registry/src/index.crates.io-1949cf8c6b5b557f/ord_subset-3.1.1/src/ord_subset_trait.rs:12:41
[INFO] [stdout]     |
[INFO] [stdout]  12 | pub trait OrdSubset: PartialOrd<Self> + PartialEq<Self> {
[INFO] [stdout]     |                                         ^^^^^^^^^^^^^^^ required by this bound in `OrdSubset`
[INFO] [stdout]     = note: this error originates in the macro `tuple_impls` (in Nightly builds, run with -Z macro-backtrace for more info)
[INFO] [stdout] help: consider removing the `?Sized` bound to make the type parameter `Sized`
[INFO] [stdout]     |
[INFO] [stdout] 113 -             impl<$($T:OrdSubset),+> OrdSubset for ($($T,)+) where last_type!($($T,)+): ?Sized {
[INFO] [stdout] 113 +             impl<$($T:OrdSubset),+> OrdSubset for ($($T,)+)  {
[INFO] [stdout]     |
[INFO] [stdout] 
[INFO] [stdout] 
[INFO] [stdout] error[E0277]: the size for values of type `I` cannot be known at compilation time
[INFO] [stdout]    --> /opt/rustwide/cargo-home/registry/src/index.crates.io-1949cf8c6b5b557f/ord_subset-3.1.1/src/ord_subset_trait.rs:113:51
[INFO] [stdout]     |
[INFO] [stdout] 113 |               impl<$($T:OrdSubset),+> OrdSubset for ($($T,)+) where last_type!($($T,)+): ?Sized {
[INFO] [stdout]     |                                                     ^^^^^^^^^ doesn't have a size known at compile-time
[INFO] [stdout] ...
[INFO] [stdout] 128 | / tuple_impls! {
[INFO] [stdout] 129 | |     Tuple1 {
[INFO] [stdout] 130 | |         (0) -> A
[INFO] [stdout] ...   |
[INFO] [stdout] 190 | |         (8) -> I
[INFO] [stdout]     | |                - this type parameter needs to be `Sized`
[INFO] [stdout] ...   |
[INFO] [stdout] 231 | | }
[INFO] [stdout]     | |_- in this macro invocation
[INFO] [stdout]     |
[INFO] [stdout]     = note: required for `(A, B, C, D, E, F, G, H, I)` to implement `PartialEq`
[INFO] [stdout] note: required by a bound in `ord_subset_trait::OrdSubset`
[INFO] [stdout]    --> /opt/rustwide/cargo-home/registry/src/index.crates.io-1949cf8c6b5b557f/ord_subset-3.1.1/src/ord_subset_trait.rs:12:41
[INFO] [stdout]     |
[INFO] [stdout]  12 | pub trait OrdSubset: PartialOrd<Self> + PartialEq<Self> {
[INFO] [stdout]     |                                         ^^^^^^^^^^^^^^^ required by this bound in `OrdSubset`
[INFO] [stdout]     = note: this error originates in the macro `tuple_impls` (in Nightly builds, run with -Z macro-backtrace for more info)
[INFO] [stdout] help: consider removing the `?Sized` bound to make the type parameter `Sized`
[INFO] [stdout]     |
[INFO] [stdout] 113 -             impl<$($T:OrdSubset),+> OrdSubset for ($($T,)+) where last_type!($($T,)+): ?Sized {
[INFO] [stdout] 113 +             impl<$($T:OrdSubset),+> OrdSubset for ($($T,)+)  {
[INFO] [stdout]     |
[INFO] [stdout] 
[INFO] [stdout] 
[INFO] [stdout] error[E0277]: the size for values of type `J` cannot be known at compilation time
[INFO] [stdout]    --> /opt/rustwide/cargo-home/registry/src/index.crates.io-1949cf8c6b5b557f/ord_subset-3.1.1/src/ord_subset_trait.rs:113:51
[INFO] [stdout]     |
[INFO] [stdout] 113 |               impl<$($T:OrdSubset),+> OrdSubset for ($($T,)+) where last_type!($($T,)+): ?Sized {
[INFO] [stdout]     |                                                     ^^^^^^^^^ doesn't have a size known at compile-time
[INFO] [stdout] ...
[INFO] [stdout] 128 | / tuple_impls! {
[INFO] [stdout] 129 | |     Tuple1 {
[INFO] [stdout] 130 | |         (0) -> A
[INFO] [stdout] ...   |
[INFO] [stdout] 202 | |         (9) -> J
[INFO] [stdout]     | |                - this type parameter needs to be `Sized`
[INFO] [stdout] ...   |
[INFO] [stdout] 231 | | }
[INFO] [stdout]     | |_- in this macro invocation
[INFO] [stdout]     |
[INFO] [stdout]     = note: required for `(A, B, C, D, E, F, G, H, I, J)` to implement `PartialEq`
[INFO] [stdout] note: required by a bound in `ord_subset_trait::OrdSubset`
[INFO] [stdout]    --> /opt/rustwide/cargo-home/registry/src/index.crates.io-1949cf8c6b5b557f/ord_subset-3.1.1/src/ord_subset_trait.rs:12:41
[INFO] [stdout]     |
[INFO] [stdout]  12 | pub trait OrdSubset: PartialOrd<Self> + PartialEq<Self> {
[INFO] [stdout]     |                                         ^^^^^^^^^^^^^^^ required by this bound in `OrdSubset`
[INFO] [stdout]     = note: this error originates in the macro `tuple_impls` (in Nightly builds, run with -Z macro-backtrace for more info)
[INFO] [stdout] help: consider removing the `?Sized` bound to make the type parameter `Sized`
[INFO] [stdout]     |
[INFO] [stdout] 113 -             impl<$($T:OrdSubset),+> OrdSubset for ($($T,)+) where last_type!($($T,)+): ?Sized {
[INFO] [stdout] 113 +             impl<$($T:OrdSubset),+> OrdSubset for ($($T,)+)  {
[INFO] [stdout]     |
[INFO] [stdout] 
[INFO] [stdout] 
[INFO] [stdout] error[E0277]: the size for values of type `K` cannot be known at compilation time
[INFO] [stdout]    --> /opt/rustwide/cargo-home/registry/src/index.crates.io-1949cf8c6b5b557f/ord_subset-3.1.1/src/ord_subset_trait.rs:113:51
[INFO] [stdout]     |
[INFO] [stdout] 113 |               impl<$($T:OrdSubset),+> OrdSubset for ($($T,)+) where last_type!($($T,)+): ?Sized {
[INFO] [stdout]     |                                                     ^^^^^^^^^ doesn't have a size known at compile-time
[INFO] [stdout] ...
[INFO] [stdout] 128 | / tuple_impls! {
[INFO] [stdout] 129 | |     Tuple1 {
[INFO] [stdout] 130 | |         (0) -> A
[INFO] [stdout] ...   |
[INFO] [stdout] 215 | |         (10) -> K
[INFO] [stdout]     | |                 - this type parameter needs to be `Sized`
[INFO] [stdout] ...   |
[INFO] [stdout] 231 | | }
[INFO] [stdout]     | |_- in this macro invocation
[INFO] [stdout]     |
[INFO] [stdout]     = note: required for `(A, B, C, D, E, F, G, H, I, J, K)` to implement `PartialEq`
[INFO] [stdout] note: required by a bound in `ord_subset_trait::OrdSubset`
[INFO] [stdout]    --> /opt/rustwide/cargo-home/registry/src/index.crates.io-1949cf8c6b5b557f/ord_subset-3.1.1/src/ord_subset_trait.rs:12:41
[INFO] [stdout]     |
[INFO] [stdout]  12 | pub trait OrdSubset: PartialOrd<Self> + PartialEq<Self> {
[INFO] [stdout]     |                                         ^^^^^^^^^^^^^^^ required by this bound in `OrdSubset`
[INFO] [stdout]     = note: this error originates in the macro `tuple_impls` (in Nightly builds, run with -Z macro-backtrace for more info)
[INFO] [stdout] help: consider removing the `?Sized` bound to make the type parameter `Sized`
[INFO] [stdout]     |
[INFO] [stdout] 113 -             impl<$($T:OrdSubset),+> OrdSubset for ($($T,)+) where last_type!($($T,)+): ?Sized {
[INFO] [stdout] 113 +             impl<$($T:OrdSubset),+> OrdSubset for ($($T,)+)  {
[INFO] [stdout]     |
[INFO] [stdout] 
[INFO] [stdout] 
[INFO] [stdout] error[E0277]: the size for values of type `L` cannot be known at compilation time
[INFO] [stdout]    --> /opt/rustwide/cargo-home/registry/src/index.crates.io-1949cf8c6b5b557f/ord_subset-3.1.1/src/ord_subset_trait.rs:113:51
[INFO] [stdout]     |
[INFO] [stdout] 113 |               impl<$($T:OrdSubset),+> OrdSubset for ($($T,)+) where last_type!($($T,)+): ?Sized {
[INFO] [stdout]     |                                                     ^^^^^^^^^ doesn't have a size known at compile-time
[INFO] [stdout] ...
[INFO] [stdout] 128 | / tuple_impls! {
[INFO] [stdout] 129 | |     Tuple1 {
[INFO] [stdout] 130 | |         (0) -> A
[INFO] [stdout] ...   |
[INFO] [stdout] 229 | |         (11) -> L
[INFO] [stdout]     | |                 - this type parameter needs to be `Sized`
[INFO] [stdout] 230 | |     }
[INFO] [stdout] 231 | | }
[INFO] [stdout]     | |_- in this macro invocation
[INFO] [stdout]     |
[INFO] [stdout]     = note: required for `(A, B, C, D, E, F, G, H, I, J, K, L)` to implement `PartialEq`
[INFO] [stdout] note: required by a bound in `ord_subset_trait::OrdSubset`
[INFO] [stdout]    --> /opt/rustwide/cargo-home/registry/src/index.crates.io-1949cf8c6b5b557f/ord_subset-3.1.1/src/ord_subset_trait.rs:12:41
[INFO] [stdout]     |
[INFO] [stdout]  12 | pub trait OrdSubset: PartialOrd<Self> + PartialEq<Self> {
[INFO] [stdout]     |                                         ^^^^^^^^^^^^^^^ required by this bound in `OrdSubset`
[INFO] [stdout]     = note: this error originates in the macro `tuple_impls` (in Nightly builds, run with -Z macro-backtrace for more info)
[INFO] [stdout] help: consider removing the `?Sized` bound to make the type parameter `Sized`
[INFO] [stdout]     |
[INFO] [stdout] 113 -             impl<$($T:OrdSubset),+> OrdSubset for ($($T,)+) where last_type!($($T,)+): ?Sized {
[INFO] [stdout] 113 +             impl<$($T:OrdSubset),+> OrdSubset for ($($T,)+)  {
[INFO] [stdout]     |
[INFO] [stdout] 
[INFO] [stdout] 
[INFO] [stdout] For more information about this error, try `rustc --explain E0277`.
[INFO] [stdout] 
[INFO] [stderr] error: could not compile `ord_subset` (lib) due to 12 previous errors
[INFO] [stderr] warning: build failed, waiting for other jobs to finish...
[INFO] running `Command { std: "docker" "inspect" "5a2710c4e8694be982e3d2d79a86d9307ebb7e437d425488711d1ff38b27275c", kill_on_drop: false }`
[INFO] running `Command { std: "docker" "rm" "-f" "5a2710c4e8694be982e3d2d79a86d9307ebb7e437d425488711d1ff38b27275c", kill_on_drop: false }`
[INFO] [stdout] 5a2710c4e8694be982e3d2d79a86d9307ebb7e437d425488711d1ff38b27275c
