[INFO] cloning repository https://github.com/francesco-cattoglio/wgpu_segfault
[INFO] running `Command { std: "git" "-c" "credential.helper=" "-c" "credential.helper=/workspace/cargo-home/bin/git-credential-null" "clone" "--bare" "https://github.com/francesco-cattoglio/wgpu_segfault" "/workspace/cache/git-repos/https%3A%2F%2Fgithub.com%2Ffrancesco-cattoglio%2Fwgpu_segfault", kill_on_drop: false }`
[INFO] [stderr] Cloning into bare repository '/workspace/cache/git-repos/https%3A%2F%2Fgithub.com%2Ffrancesco-cattoglio%2Fwgpu_segfault'...
[INFO] running `Command { std: "git" "rev-parse" "HEAD", kill_on_drop: false }`
[INFO] [stdout] e5ae903c18a9c03e4bf81b41b84e65fb4c340110
[INFO] testing francesco-cattoglio/wgpu_segfault against 1.100.0-beta.1+cargoflags=--release for beta-release-1.100-2
[INFO] running `Command { std: "git" "clone" "/workspace/cache/git-repos/https%3A%2F%2Fgithub.com%2Ffrancesco-cattoglio%2Fwgpu_segfault" "/workspace/builds/worker-5-tc2/source", kill_on_drop: false }`
[INFO] [stderr] Cloning into '/workspace/builds/worker-5-tc2/source'...
[INFO] [stderr] done.
[INFO] started tweaking git repo https://github.com/francesco-cattoglio/wgpu_segfault
[INFO] finished tweaking git repo https://github.com/francesco-cattoglio/wgpu_segfault
[INFO] tweaked toml for git repo https://github.com/francesco-cattoglio/wgpu_segfault written to /workspace/builds/worker-5-tc2/source/Cargo.toml
[INFO] validating manifest of git repo https://github.com/francesco-cattoglio/wgpu_segfault on toolchain 1.100.0-beta.1
[INFO] running `Command { std: CARGO_HOME="/workspace/cargo-home" RUSTUP_HOME="/workspace/rustup-home" "/workspace/cargo-home/bin/cargo" "+1.100.0-beta.1" "metadata" "--manifest-path" "Cargo.toml" "--no-deps", kill_on_drop: false }`
[INFO] crate git repo https://github.com/francesco-cattoglio/wgpu_segfault already has a lockfile, it will not be regenerated
[INFO] running `Command { std: CARGO_HOME="/workspace/cargo-home" RUSTUP_HOME="/workspace/rustup-home" "/workspace/cargo-home/bin/cargo" "+1.100.0-beta.1" "fetch" "--manifest-path" "Cargo.toml", kill_on_drop: false }`
[INFO] [stderr] warning: unused build dependency `cxx-build`
[INFO] [stderr]  --> Cargo.toml:6:1
[INFO] [stderr]   |
[INFO] [stderr] 6 | cxx-build = "1.0"
[INFO] [stderr]   | ^^^^^^^^^^^^^^^^^
[INFO] [stderr]   |
[INFO] [stderr]   = note: `cargo::unused_dependencies` is set to `warn` by default
[INFO] [stderr] help: consider removing the dependency on `cxx-build`
[INFO] [stderr] warning: `franzplot-compute` (manifest) generated 1 warning
[INFO] running `Command { std: "docker" "create" "-v" "/var/lib/crater-agent-workspace/builds/worker-5-tc2/source:/opt/rustwide/workdir:ro,Z" "-v" "/var/lib/crater-agent-workspace/builds/worker-5-tc2/target:/opt/rustwide/target:rw,Z" "-v" "/var/lib/crater-agent-workspace/cargo-home:/opt/rustwide/cargo-home:ro,Z" "-v" "/var/lib/crater-agent-workspace/rustup-home:/opt/rustwide/rustup-home:ro,Z" "-m" "1610612736" "--network" "none" "ghcr.io/rust-lang/crates-build-env/linux@sha256:77db811e55d90add9212f6832c23229e3de5f1c1f9905e8cb07319ea15df73ac" "sleep" "infinity", kill_on_drop: false }`
[INFO] [stdout] 6b5635a4f3d90a423bff1e586236c2ffc9e32740d4868cb1f088ce67d2463f58
[INFO] running `Command { std: "docker" "start" "6b5635a4f3d90a423bff1e586236c2ffc9e32740d4868cb1f088ce67d2463f58", kill_on_drop: false }`
[INFO] running `Command { std: "docker" "inspect" "6b5635a4f3d90a423bff1e586236c2ffc9e32740d4868cb1f088ce67d2463f58", kill_on_drop: false }`
[INFO] running `Command { std: "docker" "exec" "-e" "SOURCE_DIR=/opt/rustwide/workdir" "-e" "CARGO_HOME=/opt/rustwide/cargo-home" "-e" "RUSTUP_HOME=/opt/rustwide/rustup-home" "-e" "CARGO_TARGET_DIR=/opt/rustwide/target" "-w" "/opt/rustwide/workdir" "--user" "0:0" "6b5635a4f3d90a423bff1e586236c2ffc9e32740d4868cb1f088ce67d2463f58" "/opt/rustwide/cargo-home/bin/cargo" "+1.100.0-beta.1" "metadata" "--no-deps" "--format-version=1", kill_on_drop: false }`
[INFO] running `Command { std: "docker" "inspect" "6b5635a4f3d90a423bff1e586236c2ffc9e32740d4868cb1f088ce67d2463f58", kill_on_drop: false }`
[INFO] running `Command { std: "docker" "exec" "-e" "SOURCE_DIR=/opt/rustwide/workdir" "-e" "CARGO_HOME=/opt/rustwide/cargo-home" "-e" "RUSTUP_HOME=/opt/rustwide/rustup-home" "-e" "CARGO_TARGET_DIR=/opt/rustwide/target" "-e" "CARGO_INCREMENTAL=0" "-e" "RUST_BACKTRACE=full" "-e" "RUSTFLAGS=--cap-lints=warn" "-e" "RUSTDOCFLAGS=--cap-lints=warn" "-w" "/opt/rustwide/workdir" "--user" "0:0" "6b5635a4f3d90a423bff1e586236c2ffc9e32740d4868cb1f088ce67d2463f58" "/opt/rustwide/cargo-home/bin/cargo" "+1.100.0-beta.1" "build" "--frozen" "--message-format=json" "--release", kill_on_drop: false }`
[INFO] [stderr] warning: unused build dependency `cxx-build`
[INFO] [stderr]  --> Cargo.toml:6:1
[INFO] [stderr]   |
[INFO] [stderr] 6 | cxx-build = "1.0"
[INFO] [stderr]   | ^^^^^^^^^^^^^^^^^
[INFO] [stderr]   |
[INFO] [stderr]   = note: `cargo::unused_dependencies` is set to `warn` by default
[INFO] [stderr] help: consider removing the dependency on `cxx-build`
[INFO] [stderr] warning: `franzplot-compute` (manifest) generated 1 warning
[INFO] [stderr]    Compiling libc v0.2.93
[INFO] [stderr]    Compiling proc-macro2 v1.0.26
[INFO] [stderr]    Compiling unicode-xid v0.2.1
[INFO] [stderr]    Compiling syn v1.0.69
[INFO] [stderr]    Compiling cfg-if v1.0.0
[INFO] [stderr]    Compiling autocfg v1.0.1
[INFO] [stderr]    Compiling pkg-config v0.3.19
[INFO] [stderr]    Compiling serde_derive v1.0.125
[INFO] [stderr]    Compiling serde v1.0.125
[INFO] [stderr]    Compiling bitflags v1.2.1
[INFO] [stderr]    Compiling unicode-segmentation v1.7.1
[INFO] [stderr]    Compiling strum v0.18.0
[INFO] [stderr]    Compiling version-compare v0.0.10
[INFO] [stderr]    Compiling lazy_static v1.4.0
[INFO] [stderr]    Compiling libm v0.2.1
[INFO] [stderr]    Compiling log v0.4.14
[INFO] [stderr]    Compiling scopeguard v1.1.0
[INFO] [stderr]    Compiling byteorder v1.4.3
[INFO] [stderr]    Compiling smallvec v1.6.1
[INFO] [stderr]    Compiling libloading v0.7.0
[INFO] [stderr]    Compiling ahash v0.4.7
[INFO] [stderr]    Compiling unicode-width v0.1.8
[INFO] [stderr]    Compiling instant v0.1.9
[INFO] [stderr]    Compiling version_check v0.9.3
[INFO] [stderr]    Compiling memchr v2.3.4
[INFO] [stderr]    Compiling xml-rs v0.8.3
[INFO] [stderr]    Compiling lock_api v0.4.3
[INFO] [stderr]    Compiling once_cell v1.7.2
[INFO] [stderr]    Compiling heck v0.3.2
[INFO] [stderr]    Compiling num-traits v0.2.14
[INFO] [stderr]    Compiling indexmap v1.6.2
[INFO] [stderr]    Compiling hashbrown v0.9.1
[INFO] [stderr]    Compiling crossbeam-utils v0.8.3
[INFO] [stderr]    Compiling fixedbitset v0.2.0
[INFO] [stderr]    Compiling termcolor v1.1.2
[INFO] [stderr]    Compiling bit-vec v0.6.3
[INFO] [stderr]    Compiling wayland-sys v0.28.5
[INFO] [stderr]    Compiling fxhash v0.2.1
[INFO] [stderr]    Compiling memoffset v0.6.3
[INFO] [stderr]    Compiling num-integer v0.1.44
[INFO] [stderr]    Compiling dlib v0.5.0
[INFO] [stderr]    Compiling cfg-if v0.1.10
[INFO] [stderr]    Compiling nom v6.1.2
[INFO] [stderr]    Compiling rayon-core v1.9.0
[INFO] [stderr]    Compiling bit-set v0.5.2
[INFO] [stderr]    Compiling slab v0.4.2
[INFO] [stderr]    Compiling khronos-egl v4.1.0
[INFO] [stderr]    Compiling scoped-tls v1.0.0
[INFO] [stderr]    Compiling pin-project-lite v0.2.6
[INFO] [stderr]    Compiling either v1.6.1
[INFO] [stderr]    Compiling codespan-reporting v0.11.1
[INFO] [stderr]    Compiling ttf-parser v0.6.2
[INFO] [stderr]    Compiling nix v0.18.0
[INFO] [stderr]    Compiling downcast-rs v1.2.0
[INFO] [stderr]    Compiling proc-macro-hack v0.5.19
[INFO] [stderr]    Compiling quote v1.0.9
[INFO] [stderr]    Compiling rayon v1.5.0
[INFO] [stderr]    Compiling tracing-core v0.1.17
[INFO] [stderr]    Compiling maybe-uninit v2.0.0
[INFO] [stderr]    Compiling getrandom v0.2.2
[INFO] [stderr]    Compiling wayland-scanner v0.28.5
[INFO] [stderr]    Compiling jobserver v0.1.21
[INFO] [stderr]    Compiling ab_glyph_rasterizer v0.1.4
[INFO] [stderr]    Compiling crossbeam-epoch v0.9.3
[INFO] [stderr]    Compiling crossbeam-channel v0.5.0
[INFO] [stderr]    Compiling cc v1.0.67
[INFO] [stderr]    Compiling raw-window-handle v0.3.3
[INFO] [stderr]    Compiling parking_lot_core v0.8.3
[INFO] [stderr]    Compiling petgraph v0.5.1
[INFO] [stderr]    Compiling parking_lot v0.11.1
[INFO] [stderr]    Compiling nix v0.20.0
[INFO] [stderr]    Compiling num_cpus v1.13.0
[INFO] [stderr]    Compiling crossbeam-deque v0.8.0
[INFO] [stderr]    Compiling spirv_headers v1.5.0
[INFO] [stderr]    Compiling cfg_aliases v0.1.1
[INFO] [stderr]    Compiling same-file v1.0.6
[INFO] [stderr]    Compiling regex-syntax v0.6.23
[INFO] [stderr]    Compiling proc-macro-nested v0.1.7
[INFO] [stderr]    Compiling ryu v1.0.5
[INFO] [stderr]    Compiling arrayvec v0.5.2
[INFO] [stderr]    Compiling spirv_cross v0.23.1
[INFO] [stderr]    Compiling owned_ttf_parser v0.6.0
[INFO] [stderr]    Compiling imgui-sys v0.7.0
[INFO] [stderr]    Compiling rusttype v0.9.2
[INFO] [stderr]    Compiling link-cplusplus v1.0.5
[INFO] [stderr]    Compiling wayland-client v0.28.5
[INFO] [stderr]    Compiling wayland-protocols v0.28.5
[INFO] [stderr]    Compiling walkdir v2.3.2
[INFO] [stderr]    Compiling wgpu-core v0.7.0 (https://github.com/gfx-rs/wgpu?rev=27dbf076d5e257e14c816b052fcfdb25c165eda3#27dbf076)
[INFO] [stderr]    Compiling cmake v0.1.45
[INFO] [stderr]    Compiling iovec v0.1.4
[INFO] [stderr]    Compiling net2 v0.2.37
[INFO] [stderr]    Compiling xcursor v0.3.3
[INFO] [stderr]    Compiling x11-dl v2.18.5
[INFO] [stderr]    Compiling miniz_oxide v0.4.4
[INFO] [stderr]    Compiling gpu-alloc-types v0.2.1 (https://github.com/zakarumych/gpu-alloc.git?rev=2cd1ad650cdd24d1647b6041f77ced0cbf1ff2a6#2cd1ad65)
[INFO] [stderr]    Compiling gpu-descriptor-types v0.1.1
[INFO] [stderr]    Compiling ash v0.32.1
[INFO] [stderr]    Compiling libloading v0.6.7
[INFO] [stderr]    Compiling serde_json v1.0.64
[INFO] [stderr]    Compiling crc32fast v1.2.1
[INFO] [stderr]    Compiling glow v0.7.2
[INFO] [stderr]    Compiling futures-core v0.3.13
[INFO] [stderr]    Compiling futures-sink v0.3.13
[INFO] [stderr]    Compiling xdg v2.2.0
[INFO] [stderr]    Compiling ucd-trie v0.1.3
[INFO] [stderr]    Compiling chlorine v1.0.7
[INFO] [stderr]    Compiling adler32 v1.2.0
[INFO] [stderr]    Compiling inplace_it v0.3.3
[INFO] [stderr]    Compiling pest v2.1.3
[INFO] [stderr] error: could not compile `syn` (lib)
[INFO] [stderr] 
[INFO] [stderr] Caused by:
[INFO] [stderr]   process didn't exit successfully: `/opt/rustwide/rustup-home/toolchains/1.100.0-beta.1-x86_64-unknown-linux-gnu/bin/rustc --crate-name syn --edition=2018 /opt/rustwide/cargo-home/registry/src/index.crates.io-1949cf8c6b5b557f/syn-1.0.69/src/lib.rs --error-format=json --json=diagnostic-rendered-ansi,artifacts,future-incompat,unused-externs-silent --crate-type lib --emit=dep-info,metadata,link -C embed-bitcode=no -C debug-assertions=off --cfg 'feature="clone-impls"' --cfg 'feature="default"' --cfg 'feature="derive"' --cfg 'feature="extra-traits"' --cfg 'feature="full"' --cfg 'feature="parsing"' --cfg 'feature="printing"' --cfg 'feature="proc-macro"' --cfg 'feature="quote"' --cfg 'feature="visit"' --check-cfg 'cfg(docsrs,test)' --check-cfg 'cfg(feature, values("clone-impls", "default", "derive", "extra-traits", "fold", "full", "parsing", "printing", "proc-macro", "quote", "test", "visit", "visit-mut"))' -C metadata=1851666082a22f23 -C extra-filename=-bfa66220875feda3 --out-dir /opt/rustwide/target/release/build/syn/bfa66220875feda3/out -L dependency=/opt/rustwide/target/release/build/proc-macro2/8c617421d5be4f8b/out -L dependency=/opt/rustwide/target/release/build/unicode-xid/28ee4cf27ff62799/out --extern proc_macro2=/opt/rustwide/target/release/build/proc-macro2/8c617421d5be4f8b/out/libproc_macro2-8c617421d5be4f8b.rmeta --extern quote=/opt/rustwide/target/release/build/quote/efc853361c443f50/out/libquote-efc853361c443f50.rmeta --extern unicode_xid=/opt/rustwide/target/release/build/unicode-xid/28ee4cf27ff62799/out/libunicode_xid-28ee4cf27ff62799.rmeta --cap-lints allow --cap-lints=warn --force-warn=unused_crate_dependencies --cfg syn_disable_nightly_tests` (signal: 9, SIGKILL: kill)
[INFO] [stderr] warning: build failed, waiting for other jobs to finish...
[INFO] [stderr] error: could not compile `nix` (lib)
[INFO] [stderr] 
[INFO] [stderr] Caused by:
[INFO] [stderr]   process didn't exit successfully: `/opt/rustwide/rustup-home/toolchains/1.100.0-beta.1-x86_64-unknown-linux-gnu/bin/rustc --crate-name nix --edition=2018 /opt/rustwide/cargo-home/registry/src/index.crates.io-1949cf8c6b5b557f/nix-0.20.0/src/lib.rs --error-format=json --json=diagnostic-rendered-ansi,artifacts,future-incompat,unused-externs-silent --crate-type lib --emit=dep-info,metadata,link -C opt-level=3 -C embed-bitcode=no -C debuginfo=2 --check-cfg 'cfg(docsrs,test)' --check-cfg 'cfg(feature, values())' -C metadata=bb861ff9d7ef1d16 -C extra-filename=-b67af54befcc6410 --out-dir /opt/rustwide/target/release/build/nix/b67af54befcc6410/out --extern bitflags=/opt/rustwide/target/release/build/bitflags/b2656c6345ee26ce/out/libbitflags-b2656c6345ee26ce.rmeta --extern cfg_if=/opt/rustwide/target/release/build/cfg-if/8eeab8f63f8ce2b6/out/libcfg_if-8eeab8f63f8ce2b6.rmeta --extern libc=/opt/rustwide/target/release/build/libc/8770f2debbda56c1/out/liblibc-8770f2debbda56c1.rmeta --cap-lints allow --cap-lints=warn --force-warn=unused_crate_dependencies` (signal: 9, SIGKILL: kill)
[INFO] [stderr] error: could not compile `nix` (lib)
[INFO] [stderr] 
[INFO] [stderr] Caused by:
[INFO] [stderr]   process didn't exit successfully: `/opt/rustwide/rustup-home/toolchains/1.100.0-beta.1-x86_64-unknown-linux-gnu/bin/rustc --crate-name nix --edition=2018 /opt/rustwide/cargo-home/registry/src/index.crates.io-1949cf8c6b5b557f/nix-0.18.0/src/lib.rs --error-format=json --json=diagnostic-rendered-ansi,artifacts,future-incompat,unused-externs-silent --crate-type lib --emit=dep-info,metadata,link -C opt-level=3 -C embed-bitcode=no -C debuginfo=2 --check-cfg 'cfg(docsrs,test)' --check-cfg 'cfg(feature, values())' -C metadata=c4496f3ac3443785 -C extra-filename=-01e6f6042c5f1449 --out-dir /opt/rustwide/target/release/build/nix/01e6f6042c5f1449/out --extern bitflags=/opt/rustwide/target/release/build/bitflags/b2656c6345ee26ce/out/libbitflags-b2656c6345ee26ce.rmeta --extern cfg_if=/opt/rustwide/target/release/build/cfg-if/d9b4659c39e0b79d/out/libcfg_if-d9b4659c39e0b79d.rmeta --extern libc=/opt/rustwide/target/release/build/libc/8770f2debbda56c1/out/liblibc-8770f2debbda56c1.rmeta --cap-lints allow --cap-lints=warn --force-warn=unused_crate_dependencies` (signal: 9, SIGKILL: kill)
[INFO] [stderr] error: could not compile `regex-syntax` (lib)
[INFO] [stderr] 
[INFO] [stderr] Caused by:
[INFO] [stderr]   process didn't exit successfully: `/opt/rustwide/rustup-home/toolchains/1.100.0-beta.1-x86_64-unknown-linux-gnu/bin/rustc --crate-name regex_syntax --edition=2015 /opt/rustwide/cargo-home/registry/src/index.crates.io-1949cf8c6b5b557f/regex-syntax-0.6.23/src/lib.rs --error-format=json --json=diagnostic-rendered-ansi,artifacts,future-incompat,unused-externs-silent --crate-type lib --emit=dep-info,metadata,link -C opt-level=3 -C embed-bitcode=no -C debuginfo=2 --cfg 'feature="default"' --cfg 'feature="unicode"' --cfg 'feature="unicode-age"' --cfg 'feature="unicode-bool"' --cfg 'feature="unicode-case"' --cfg 'feature="unicode-gencat"' --cfg 'feature="unicode-perl"' --cfg 'feature="unicode-script"' --cfg 'feature="unicode-segment"' --check-cfg 'cfg(docsrs,test)' --check-cfg 'cfg(feature, values("default", "unicode", "unicode-age", "unicode-bool", "unicode-case", "unicode-gencat", "unicode-perl", "unicode-script", "unicode-segment"))' -C metadata=483b6dcb96d62ef8 -C extra-filename=-b2fdce607971a697 --out-dir /opt/rustwide/target/release/build/regex-syntax/b2fdce607971a697/out --cap-lints allow --cap-lints=warn --force-warn=unused_crate_dependencies` (signal: 9, SIGKILL: kill)
[INFO] [stderr] error: could not compile `ash` (lib)
[INFO] [stderr] 
[INFO] [stderr] Caused by:
[INFO] [stderr]   process didn't exit successfully: `/opt/rustwide/rustup-home/toolchains/1.100.0-beta.1-x86_64-unknown-linux-gnu/bin/rustc --crate-name ash --edition=2018 /opt/rustwide/cargo-home/registry/src/index.crates.io-1949cf8c6b5b557f/ash-0.32.1/src/lib.rs --error-format=json --json=diagnostic-rendered-ansi,artifacts,future-incompat,unused-externs-silent --crate-type lib --emit=dep-info,metadata,link -C opt-level=3 -C embed-bitcode=no -C debuginfo=2 --cfg 'feature="default"' --cfg 'feature="libloading"' --check-cfg 'cfg(docsrs,test)' --check-cfg 'cfg(feature, values("default", "libloading"))' -C metadata=e0fd572eff7c841e -C extra-filename=-d869081400cc6d1a --out-dir /opt/rustwide/target/release/build/ash/d869081400cc6d1a/out -L dependency=/opt/rustwide/target/release/build/cfg-if/8eeab8f63f8ce2b6/out --extern libloading=/opt/rustwide/target/release/build/libloading/30694f1b690c399c/out/liblibloading-30694f1b690c399c.rmeta --cap-lints allow --cap-lints=warn --force-warn=unused_crate_dependencies` (signal: 9, SIGKILL: kill)
[INFO] [stderr] error: could not compile `glow` (lib)
[INFO] [stderr] 
[INFO] [stderr] Caused by:
[INFO] [stderr]   process didn't exit successfully: `/opt/rustwide/rustup-home/toolchains/1.100.0-beta.1-x86_64-unknown-linux-gnu/bin/rustc --crate-name glow --edition=2018 /opt/rustwide/cargo-home/registry/src/index.crates.io-1949cf8c6b5b557f/glow-0.7.2/src/lib.rs --error-format=json --json=diagnostic-rendered-ansi,artifacts,future-incompat,unused-externs-silent --crate-type lib --emit=dep-info,metadata,link -C opt-level=3 -C embed-bitcode=no -C debuginfo=2 --cfg 'feature="default"' --cfg 'feature="js-sys"' --cfg 'feature="wasm-bindgen"' --cfg 'feature="web-sys"' --cfg 'feature="web_sys"' --check-cfg 'cfg(docsrs,test)' --check-cfg 'cfg(feature, values("default", "glutin", "js-sys", "sdl2", "wasm-bindgen", "web-sys", "web_sys"))' -C metadata=ec43fe5e1958d91f -C extra-filename=-36aa5d1e85fa74af --out-dir /opt/rustwide/target/release/build/glow/36aa5d1e85fa74af/out --cap-lints allow --cap-lints=warn --force-warn=unused_crate_dependencies` (signal: 9, SIGKILL: kill)
[INFO] [stderr] warning: imgui-sys@0.7.0: c++: fatal error: Killed signal terminated program cc1plus
[INFO] [stderr] warning: imgui-sys@0.7.0: compilation terminated.
[INFO] [stderr] error: failed to run custom build command for `imgui-sys v0.7.0`
[INFO] [stderr] note: To improve backtraces for build dependencies, set the CARGO_PROFILE_RELEASE_BUILD_OVERRIDE_DEBUG=true environment variable to enable debug information generation.
[INFO] [stderr] 
[INFO] [stderr] Caused by:
[INFO] [stderr]   process didn't exit successfully: `/opt/rustwide/target/release/build/imgui-sys/d349d1194e466da2/out/build_script_build` (exit status: 1)
[INFO] [stderr]   --- stdout
[INFO] [stderr]   cargo:THIRD_PARTY=/opt/rustwide/cargo-home/registry/src/index.crates.io-1949cf8c6b5b557f/imgui-sys-0.7.0/third-party
[INFO] [stderr]   cargo:DEFINE_CIMGUI_NO_EXPORT=
[INFO] [stderr]   cargo:DEFINE_IMGUI_DISABLE_WIN32_FUNCTIONS=
[INFO] [stderr]   cargo:DEFINE_IMGUI_DISABLE_OSX_FUNCTIONS=
[INFO] [stderr]   OPT_LEVEL = Some("3")
[INFO] [stderr]   TARGET = Some("x86_64-unknown-linux-gnu")
[INFO] [stderr]   HOST = Some("x86_64-unknown-linux-gnu")
[INFO] [stderr]   CXX_x86_64-unknown-linux-gnu = None
[INFO] [stderr]   CXX_x86_64_unknown_linux_gnu = None
[INFO] [stderr]   HOST_CXX = None
[INFO] [stderr]   CXX = None
[INFO] [stderr]   CXXFLAGS_x86_64-unknown-linux-gnu = None
[INFO] [stderr]   CXXFLAGS_x86_64_unknown_linux_gnu = None
[INFO] [stderr]   HOST_CXXFLAGS = None
[INFO] [stderr]   CXXFLAGS = None
[INFO] [stderr]   CRATE_CC_NO_DEFAULTS = None
[INFO] [stderr]   DEBUG = Some("true")
[INFO] [stderr]   CARGO_CFG_TARGET_FEATURE = Some("fxsr,sse,sse2")
[INFO] [stderr]   running: "c++" "-O3" "-ffunction-sections" "-fdata-sections" "-fPIC" "-g" "-fno-omit-frame-pointer" "-m64" "-fno-exceptions" "-fno-rtti" "-DCIMGUI_NO_EXPORT" "-DIMGUI_DISABLE_WIN32_FUNCTIONS" "-DIMGUI_DISABLE_OSX_FUNCTIONS" "-o" "/opt/rustwide/target/release/build/imgui-sys/f03093c5adae7703/out/include_all_imgui.o" "-c" "include_all_imgui.cpp"
[INFO] [stderr]   cargo:warning=c++: fatal error: Killed signal terminated program cc1plus
[INFO] [stderr]   cargo:warning=compilation terminated.
[INFO] [stderr]   exit status: 1
[INFO] [stderr] 
[INFO] [stderr]   --- stderr
[INFO] [stderr] 
[INFO] [stderr] 
[INFO] [stderr]   error occurred: Command "c++" "-O3" "-ffunction-sections" "-fdata-sections" "-fPIC" "-g" "-fno-omit-frame-pointer" "-m64" "-fno-exceptions" "-fno-rtti" "-DCIMGUI_NO_EXPORT" "-DIMGUI_DISABLE_WIN32_FUNCTIONS" "-DIMGUI_DISABLE_OSX_FUNCTIONS" "-o" "/opt/rustwide/target/release/build/imgui-sys/f03093c5adae7703/out/include_all_imgui.o" "-c" "include_all_imgui.cpp" with args "c++" did not execute successfully (status code exit status: 1).
[INFO] [stderr] 
[INFO] [stderr] 
[INFO] [stderr] warning: spirv_cross@0.23.1: c++: fatal error: Killed signal terminated program cc1plus
[INFO] [stderr] warning: spirv_cross@0.23.1: compilation terminated.
[INFO] [stderr] warning: spirv_cross@0.23.1: c++: fatal error: Killed signal terminated program cc1plus
[INFO] [stderr] warning: spirv_cross@0.23.1: compilation terminated.
[INFO] [stderr] warning: spirv_cross@0.23.1: c++: fatal error: Killed signal terminated program cc1plus
[INFO] [stderr] warning: spirv_cross@0.23.1: compilation terminated.
[INFO] [stderr] warning: spirv_cross@0.23.1: c++: fatal error: Killed signal terminated program cc1plus
[INFO] [stderr] warning: spirv_cross@0.23.1: compilation terminated.
[INFO] [stderr] error: failed to run custom build command for `spirv_cross v0.23.1`
[INFO] [stderr] note: To improve backtraces for build dependencies, set the CARGO_PROFILE_RELEASE_BUILD_OVERRIDE_DEBUG=true environment variable to enable debug information generation.
[INFO] [stderr] 
[INFO] [stderr] Caused by:
[INFO] [stderr]   process didn't exit successfully: `/opt/rustwide/target/release/build/spirv_cross/0a4d111b5b997aff/out/build_script_build` (exit status: 1)
[INFO] [stderr]   --- stdout
[INFO] [stderr]   OPT_LEVEL = Some("3")
[INFO] [stderr]   TARGET = Some("x86_64-unknown-linux-gnu")
[INFO] [stderr]   HOST = Some("x86_64-unknown-linux-gnu")
[INFO] [stderr]   CXX_x86_64-unknown-linux-gnu = None
[INFO] [stderr]   CXX_x86_64_unknown_linux_gnu = None
[INFO] [stderr]   HOST_CXX = None
[INFO] [stderr]   CXX = None
[INFO] [stderr]   CXXFLAGS_x86_64-unknown-linux-gnu = None
[INFO] [stderr]   CXXFLAGS_x86_64_unknown_linux_gnu = None
[INFO] [stderr]   HOST_CXXFLAGS = None
[INFO] [stderr]   CXXFLAGS = None
[INFO] [stderr]   CRATE_CC_NO_DEFAULTS = None
[INFO] [stderr]   DEBUG = Some("true")
[INFO] [stderr]   CARGO_CFG_TARGET_FEATURE = Some("fxsr,sse,sse2")
[INFO] [stderr]   CXX_x86_64-unknown-linux-gnu = None
[INFO] [stderr]   CXX_x86_64_unknown_linux_gnu = None
[INFO] [stderr]   HOST_CXX = None
[INFO] [stderr]   CXX = None
[INFO] [stderr]   CXXFLAGS_x86_64-unknown-linux-gnu = None
[INFO] [stderr]   CXXFLAGS_x86_64_unknown_linux_gnu = None
[INFO] [stderr]   HOST_CXXFLAGS = None
[INFO] [stderr]   CXXFLAGS = None
[INFO] [stderr]   CRATE_CC_NO_DEFAULTS = None
[INFO] [stderr]   CARGO_CFG_TARGET_FEATURE = Some("fxsr,sse,sse2")
[INFO] [stderr]   running: "c++" "-O3" "-ffunction-sections" "-fdata-sections" "-fPIC" "-g" "-fno-omit-frame-pointer" "-m64" "-Wall" "-Wextra" "-DSPIRV_CROSS_EXCEPTIONS_TO_ASSERTIONS" "-DSPIRV_CROSS_WRAPPER_NO_EXCEPTIONS" "-DSPIRV_CROSS_WRAPPER_GLSL" "-DSPIRV_CROSS_WRAPPER_HLSL" "-DSPIRV_CROSS_WRAPPER_MSL" "-std=c++14" "-o" "/opt/rustwide/target/release/build/spirv_cross/0276e6ca773e743b/out/src/wrapper.o" "-c" "src/wrapper.cpp"
[INFO] [stderr]   running: "c++" "-O3" "-ffunction-sections" "-fdata-sections" "-fPIC" "-g" "-fno-omit-frame-pointer" "-m64" "-Wall" "-Wextra" "-DSPIRV_CROSS_EXCEPTIONS_TO_ASSERTIONS" "-DSPIRV_CROSS_WRAPPER_NO_EXCEPTIONS" "-DSPIRV_CROSS_WRAPPER_GLSL" "-DSPIRV_CROSS_WRAPPER_HLSL" "-DSPIRV_CROSS_WRAPPER_MSL" "-std=c++14" "-o" "/opt/rustwide/target/release/build/spirv_cross/0276e6ca773e743b/out/src/vendor/SPIRV-Cross/spirv_cfg.o" "-c" "src/vendor/SPIRV-Cross/spirv_cfg.cpp"
[INFO] [stderr]   running: "c++" "-O3" "-ffunction-sections" "-fdata-sections" "-fPIC" "-g" "-fno-omit-frame-pointer" "-m64" "-Wall" "-Wextra" "-DSPIRV_CROSS_EXCEPTIONS_TO_ASSERTIONS" "-DSPIRV_CROSS_WRAPPER_NO_EXCEPTIONS" "-DSPIRV_CROSS_WRAPPER_GLSL" "-DSPIRV_CROSS_WRAPPER_HLSL" "-DSPIRV_CROSS_WRAPPER_MSL" "-std=c++14" "-o" "/opt/rustwide/target/release/build/spirv_cross/0276e6ca773e743b/out/src/vendor/SPIRV-Cross/spirv_cross.o" "-c" "src/vendor/SPIRV-Cross/spirv_cross.cpp"
[INFO] [stderr]   running: "c++" "-O3" "-ffunction-sections" "-fdata-sections" "-fPIC" "-g" "-fno-omit-frame-pointer" "-m64" "-Wall" "-Wextra" "-DSPIRV_CROSS_EXCEPTIONS_TO_ASSERTIONS" "-DSPIRV_CROSS_WRAPPER_NO_EXCEPTIONS" "-DSPIRV_CROSS_WRAPPER_GLSL" "-DSPIRV_CROSS_WRAPPER_HLSL" "-DSPIRV_CROSS_WRAPPER_MSL" "-std=c++14" "-o" "/opt/rustwide/target/release/build/spirv_cross/0276e6ca773e743b/out/src/vendor/SPIRV-Cross/spirv_cross_parsed_ir.o" "-c" "src/vendor/SPIRV-Cross/spirv_cross_parsed_ir.cpp"
[INFO] [stderr]   running: "c++" "-O3" "-ffunction-sections" "-fdata-sections" "-fPIC" "-g" "-fno-omit-frame-pointer" "-m64" "-Wall" "-Wextra" "-DSPIRV_CROSS_EXCEPTIONS_TO_ASSERTIONS" "-DSPIRV_CROSS_WRAPPER_NO_EXCEPTIONS" "-DSPIRV_CROSS_WRAPPER_GLSL" "-DSPIRV_CROSS_WRAPPER_HLSL" "-DSPIRV_CROSS_WRAPPER_MSL" "-std=c++14" "-o" "/opt/rustwide/target/release/build/spirv_cross/0276e6ca773e743b/out/src/vendor/SPIRV-Cross/spirv_parser.o" "-c" "src/vendor/SPIRV-Cross/spirv_parser.cpp"
[INFO] [stderr]   running: "c++" "-O3" "-ffunction-sections" "-fdata-sections" "-fPIC" "-g" "-fno-omit-frame-pointer" "-m64" "-Wall" "-Wextra" "-DSPIRV_CROSS_EXCEPTIONS_TO_ASSERTIONS" "-DSPIRV_CROSS_WRAPPER_NO_EXCEPTIONS" "-DSPIRV_CROSS_WRAPPER_GLSL" "-DSPIRV_CROSS_WRAPPER_HLSL" "-DSPIRV_CROSS_WRAPPER_MSL" "-std=c++14" "-o" "/opt/rustwide/target/release/build/spirv_cross/0276e6ca773e743b/out/src/vendor/SPIRV-Cross/spirv_cross_util.o" "-c" "src/vendor/SPIRV-Cross/spirv_cross_util.cpp"
[INFO] [stderr]   running: "c++" "-O3" "-ffunction-sections" "-fdata-sections" "-fPIC" "-g" "-fno-omit-frame-pointer" "-m64" "-Wall" "-Wextra" "-DSPIRV_CROSS_EXCEPTIONS_TO_ASSERTIONS" "-DSPIRV_CROSS_WRAPPER_NO_EXCEPTIONS" "-DSPIRV_CROSS_WRAPPER_GLSL" "-DSPIRV_CROSS_WRAPPER_HLSL" "-DSPIRV_CROSS_WRAPPER_MSL" "-std=c++14" "-o" "/opt/rustwide/target/release/build/spirv_cross/0276e6ca773e743b/out/src/vendor/SPIRV-Cross/spirv_glsl.o" "-c" "src/vendor/SPIRV-Cross/spirv_glsl.cpp"
[INFO] [stderr]   running: "c++" "-O3" "-ffunction-sections" "-fdata-sections" "-fPIC" "-g" "-fno-omit-frame-pointer" "-m64" "-Wall" "-Wextra" "-DSPIRV_CROSS_EXCEPTIONS_TO_ASSERTIONS" "-DSPIRV_CROSS_WRAPPER_NO_EXCEPTIONS" "-DSPIRV_CROSS_WRAPPER_GLSL" "-DSPIRV_CROSS_WRAPPER_HLSL" "-DSPIRV_CROSS_WRAPPER_MSL" "-std=c++14" "-o" "/opt/rustwide/target/release/build/spirv_cross/0276e6ca773e743b/out/src/vendor/SPIRV-Cross/spirv_hlsl.o" "-c" "src/vendor/SPIRV-Cross/spirv_hlsl.cpp"
[INFO] [stderr]   running: "c++" "-O3" "-ffunction-sections" "-fdata-sections" "-fPIC" "-g" "-fno-omit-frame-pointer" "-m64" "-Wall" "-Wextra" "-DSPIRV_CROSS_EXCEPTIONS_TO_ASSERTIONS" "-DSPIRV_CROSS_WRAPPER_NO_EXCEPTIONS" "-DSPIRV_CROSS_WRAPPER_GLSL" "-DSPIRV_CROSS_WRAPPER_HLSL" "-DSPIRV_CROSS_WRAPPER_MSL" "-std=c++14" "-o" "/opt/rustwide/target/release/build/spirv_cross/0276e6ca773e743b/out/src/vendor/SPIRV-Cross/spirv_msl.o" "-c" "src/vendor/SPIRV-Cross/spirv_msl.cpp"
[INFO] [stderr]   exit status: 0
[INFO] [stderr]   cargo:warning=c++: fatal error: Killed signal terminated program cc1plus
[INFO] [stderr]   cargo:warning=compilation terminated.
[INFO] [stderr]   exit status: 1
[INFO] [stderr]   cargo:warning=c++: fatal error: Killed signal terminated program cc1plus
[INFO] [stderr]   cargo:warning=compilation terminated.
[INFO] [stderr]   exit status: 1
[INFO] [stderr]   exit status: 0
[INFO] [stderr]   cargo:warning=c++: fatal error: Killed signal terminated program cc1plus
[INFO] [stderr]   cargo:warning=compilation terminated.
[INFO] [stderr]   exit status: 1
[INFO] [stderr]   cargo:warning=c++: fatal error: Killed signal terminated program cc1plus
[INFO] [stderr]   cargo:warning=compilation terminated.
[INFO] [stderr]   exit status: 1
[INFO] [stderr]   exit status: 0
[INFO] [stderr]   exit status: 0
[INFO] [stderr]   exit status: 0
[INFO] [stderr] 
[INFO] [stderr]   --- stderr
[INFO] [stderr] 
[INFO] [stderr] 
[INFO] [stderr]   error occurred: Command "c++" "-O3" "-ffunction-sections" "-fdata-sections" "-fPIC" "-g" "-fno-omit-frame-pointer" "-m64" "-Wall" "-Wextra" "-DSPIRV_CROSS_EXCEPTIONS_TO_ASSERTIONS" "-DSPIRV_CROSS_WRAPPER_NO_EXCEPTIONS" "-DSPIRV_CROSS_WRAPPER_GLSL" "-DSPIRV_CROSS_WRAPPER_HLSL" "-DSPIRV_CROSS_WRAPPER_MSL" "-std=c++14" "-o" "/opt/rustwide/target/release/build/spirv_cross/0276e6ca773e743b/out/src/wrapper.o" "-c" "src/wrapper.cpp" with args "c++" did not execute successfully (status code exit status: 1).
[INFO] [stderr] 
[INFO] [stderr] 
[INFO] running `Command { std: "docker" "inspect" "6b5635a4f3d90a423bff1e586236c2ffc9e32740d4868cb1f088ce67d2463f58", kill_on_drop: false }`
[INFO] running `Command { std: "docker" "rm" "-f" "6b5635a4f3d90a423bff1e586236c2ffc9e32740d4868cb1f088ce67d2463f58", kill_on_drop: false }`
[INFO] [stdout] 6b5635a4f3d90a423bff1e586236c2ffc9e32740d4868cb1f088ce67d2463f58
