[INFO] cloning repository https://github.com/fr33t/empty_armagen_loader_author
[INFO] running `Command { std: "git" "-c" "credential.helper=" "-c" "credential.helper=/workspace/cargo-home/bin/git-credential-null" "clone" "--bare" "https://github.com/fr33t/empty_armagen_loader_author" "/workspace/cache/git-repos/https%3A%2F%2Fgithub.com%2Ffr33t%2Fempty_armagen_loader_author", kill_on_drop: false }`
[INFO] [stderr] Cloning into bare repository '/workspace/cache/git-repos/https%3A%2F%2Fgithub.com%2Ffr33t%2Fempty_armagen_loader_author'...
[INFO] running `Command { std: "git" "rev-parse" "HEAD", kill_on_drop: false }`
[INFO] [stdout] e06e4a551d0e7bc7cccdb967c171ab0ff8f51242
[INFO] testing fr33t/empty_armagen_loader_author against 1.100.0-beta.1+cargoflags=--release for beta-release-1.100-2
[INFO] running `Command { std: "git" "clone" "/workspace/cache/git-repos/https%3A%2F%2Fgithub.com%2Ffr33t%2Fempty_armagen_loader_author" "/workspace/builds/worker-2-tc2/source", kill_on_drop: false }`
[INFO] [stderr] Cloning into '/workspace/builds/worker-2-tc2/source'...
[INFO] [stderr] done.
[INFO] started tweaking git repo https://github.com/fr33t/empty_armagen_loader_author
[INFO] finished tweaking git repo https://github.com/fr33t/empty_armagen_loader_author
[INFO] tweaked toml for git repo https://github.com/fr33t/empty_armagen_loader_author written to /workspace/builds/worker-2-tc2/source/Cargo.toml
[INFO] validating manifest of git repo https://github.com/fr33t/empty_armagen_loader_author on toolchain 1.100.0-beta.1
[INFO] running `Command { std: CARGO_HOME="/workspace/cargo-home" RUSTUP_HOME="/workspace/rustup-home" "/workspace/cargo-home/bin/cargo" "+1.100.0-beta.1" "metadata" "--manifest-path" "Cargo.toml" "--no-deps", kill_on_drop: false }`
[INFO] crate git repo https://github.com/fr33t/empty_armagen_loader_author already has a lockfile, it will not be regenerated
[INFO] running `Command { std: CARGO_HOME="/workspace/cargo-home" RUSTUP_HOME="/workspace/rustup-home" "/workspace/cargo-home/bin/cargo" "+1.100.0-beta.1" "fetch" "--manifest-path" "Cargo.toml", kill_on_drop: false }`
[INFO] running `Command { std: "docker" "create" "-v" "/var/lib/crater-agent-workspace/builds/worker-2-tc2/source:/opt/rustwide/workdir:ro,Z" "-v" "/var/lib/crater-agent-workspace/builds/worker-2-tc2/target:/opt/rustwide/target:rw,Z" "-v" "/var/lib/crater-agent-workspace/cargo-home:/opt/rustwide/cargo-home:ro,Z" "-v" "/var/lib/crater-agent-workspace/rustup-home:/opt/rustwide/rustup-home:ro,Z" "-m" "1610612736" "--network" "none" "ghcr.io/rust-lang/crates-build-env/linux@sha256:77db811e55d90add9212f6832c23229e3de5f1c1f9905e8cb07319ea15df73ac" "sleep" "infinity", kill_on_drop: false }`
[INFO] [stdout] 1e738ffbd937835c8d24a5b4ae4f08d3939ced656102c4810f8cbd09874852a0
[INFO] running `Command { std: "docker" "start" "1e738ffbd937835c8d24a5b4ae4f08d3939ced656102c4810f8cbd09874852a0", kill_on_drop: false }`
[INFO] running `Command { std: "docker" "inspect" "1e738ffbd937835c8d24a5b4ae4f08d3939ced656102c4810f8cbd09874852a0", kill_on_drop: false }`
[INFO] running `Command { std: "docker" "exec" "-e" "SOURCE_DIR=/opt/rustwide/workdir" "-e" "CARGO_HOME=/opt/rustwide/cargo-home" "-e" "RUSTUP_HOME=/opt/rustwide/rustup-home" "-e" "CARGO_TARGET_DIR=/opt/rustwide/target" "-w" "/opt/rustwide/workdir" "--user" "0:0" "1e738ffbd937835c8d24a5b4ae4f08d3939ced656102c4810f8cbd09874852a0" "/opt/rustwide/cargo-home/bin/cargo" "+1.100.0-beta.1" "metadata" "--no-deps" "--format-version=1", kill_on_drop: false }`
[INFO] running `Command { std: "docker" "inspect" "1e738ffbd937835c8d24a5b4ae4f08d3939ced656102c4810f8cbd09874852a0", kill_on_drop: false }`
[INFO] running `Command { std: "docker" "exec" "-e" "SOURCE_DIR=/opt/rustwide/workdir" "-e" "CARGO_HOME=/opt/rustwide/cargo-home" "-e" "RUSTUP_HOME=/opt/rustwide/rustup-home" "-e" "CARGO_TARGET_DIR=/opt/rustwide/target" "-e" "CARGO_INCREMENTAL=0" "-e" "RUST_BACKTRACE=full" "-e" "RUSTFLAGS=--cap-lints=warn" "-e" "RUSTDOCFLAGS=--cap-lints=warn" "-w" "/opt/rustwide/workdir" "--user" "0:0" "1e738ffbd937835c8d24a5b4ae4f08d3939ced656102c4810f8cbd09874852a0" "/opt/rustwide/cargo-home/bin/cargo" "+1.100.0-beta.1" "build" "--frozen" "--message-format=json" "--release", kill_on_drop: false }`
[INFO] [stderr]    Compiling proc-macro2 v1.0.89
[INFO] [stderr]    Compiling unicode-ident v1.0.13
[INFO] [stderr]    Compiling serde v1.0.215
[INFO] [stderr]    Compiling libc v0.2.162
[INFO] [stderr]    Compiling byteorder v1.5.0
[INFO] [stderr]    Compiling hashbrown v0.15.1
[INFO] [stderr]    Compiling regex-syntax v0.8.5
[INFO] [stderr]    Compiling winnow v0.6.20
[INFO] [stderr]    Compiling serde_json v1.0.132
[INFO] [stderr]    Compiling winapi v0.3.9
[INFO] [stderr]    Compiling itoa v1.0.11
[INFO] [stderr]    Compiling aho-corasick v1.1.3
[INFO] [stderr]    Compiling quote v1.0.37
[INFO] [stderr]    Compiling syn v2.0.87
[INFO] [stderr]    Compiling indexmap v2.6.0
[INFO] [stderr]    Compiling getrandom v0.2.15
[INFO] [stderr]    Compiling rand_core v0.6.4
[INFO] [stderr]    Compiling serde_derive v1.0.215
[INFO] [stderr]    Compiling zerocopy-derive v0.7.35
[INFO] [stderr]    Compiling zerocopy v0.7.35
[INFO] [stderr]    Compiling regex-automata v0.4.9
[INFO] [stderr]    Compiling ppv-lite86 v0.2.20
[INFO] [stderr]    Compiling rand_chacha v0.3.1
[INFO] [stderr]    Compiling rand v0.8.5
[INFO] [stderr]    Compiling regex v1.11.1
[INFO] [stderr]    Compiling serde_spanned v0.6.8
[INFO] [stderr]    Compiling toml_datetime v0.6.8
[INFO] [stderr]    Compiling toml_edit v0.22.22
[INFO] [stderr]    Compiling toml v0.8.19
[INFO] [stderr]    Compiling ArmaGen v0.1.0 (https://github.com/fr33t/ArmaGen.git#2f004ed8)
[INFO] [stderr]    Compiling xor_armagen_loader_fb0sh v0.1.0 (/opt/rustwide/workdir)
[INFO] [stdout] error[E0433]: cannot find `um` in `winapi`
[INFO] [stdout]   --> src/lib.rs:34:21
[INFO] [stdout]    |
[INFO] [stdout] 34 |         use winapi::um::errhandlingapi::GetLastError;
[INFO] [stdout]    |                     ^^ could not find `um` in `winapi`
[INFO] [stdout] 
[INFO] [stdout] 
[INFO] [stdout] error[E0433]: cannot find `um` in `winapi`
[INFO] [stdout]   --> src/lib.rs:35:21
[INFO] [stdout]    |
[INFO] [stdout] 35 |         use winapi::um::memoryapi::VirtualAlloc;
[INFO] [stdout]    |                     ^^ could not find `um` in `winapi`
[INFO] [stdout] 
[INFO] [stdout] 
[INFO] [stdout] error[E0433]: cannot find `um` in `winapi`
[INFO] [stdout]   --> src/lib.rs:36:21
[INFO] [stdout]    |
[INFO] [stdout] 36 |         use winapi::um::processthreadsapi::CreateThread;
[INFO] [stdout]    |                     ^^ could not find `um` in `winapi`
[INFO] [stdout] 
[INFO] [stdout] 
[INFO] [stdout] error[E0433]: cannot find `um` in `winapi`
[INFO] [stdout]   --> src/lib.rs:37:21
[INFO] [stdout]    |
[INFO] [stdout] 37 |         use winapi::um::synchapi::WaitForSingleObject;
[INFO] [stdout]    |                     ^^ could not find `um` in `winapi`
[INFO] [stdout] 
[INFO] [stdout] 
[INFO] [stdout] warning: variable does not need to be mutable
[INFO] [stdout]   --> src/lib.rs:19:13
[INFO] [stdout]    |
[INFO] [stdout] 19 |         let mut enc_sc = Vec::new();
[INFO] [stdout]    |             ----^^^^^^
[INFO] [stdout]    |             |
[INFO] [stdout]    |             help: remove this `mut`
[INFO] [stdout]    |
[INFO] [stdout]    = note: `#[warn(unused_mut)]` (part of `#[warn(unused)]`) on by default
[INFO] [stdout] 
[INFO] [stdout] 
[INFO] [stdout] warning: unused variable: `sc`
[INFO] [stdout]   --> src/lib.rs:17:29
[INFO] [stdout]    |
[INFO] [stdout] 17 |     fn obfuscate(&mut self, sc: &[u8]) {
[INFO] [stdout]    |                             ^^ help: if this is intentional, prefix it with an underscore: `_sc`
[INFO] [stdout]    |
[INFO] [stdout]    = note: `#[warn(unused_variables)]` (part of `#[warn(unused)]`) on by default
[INFO] [stdout] 
[INFO] [stdout] 
[INFO] [stdout] warning: unused variable: `key`
[INFO] [stdout]   --> src/lib.rs:18:13
[INFO] [stdout]    |
[INFO] [stdout] 18 |         let key = self.key.clone();
[INFO] [stdout]    |             ^^^ help: if this is intentional, prefix it with an underscore: `_key`
[INFO] [stdout] 
[INFO] [stdout] 
[INFO] [stdout] warning: variable does not need to be mutable
[INFO] [stdout]   --> src/lib.rs:26:13
[INFO] [stdout]    |
[INFO] [stdout] 26 |         let mut dec_esc = Vec::new();
[INFO] [stdout]    |             ----^^^^^^^
[INFO] [stdout]    |             |
[INFO] [stdout]    |             help: remove this `mut`
[INFO] [stdout] 
[INFO] [stdout] 
[INFO] [stdout] warning: unused variable: `key`
[INFO] [stdout]   --> src/lib.rs:25:13
[INFO] [stdout]    |
[INFO] [stdout] 25 |         let key = self.key.clone();
[INFO] [stdout]    |             ^^^ help: if this is intentional, prefix it with an underscore: `_key`
[INFO] [stdout] 
[INFO] [stdout] 
[INFO] [stdout] For more information about this error, try `rustc --explain E0433`.
[INFO] [stdout] 
[INFO] [stderr] error: could not compile `xor_armagen_loader_fb0sh` (lib) due to 4 previous errors; 5 warnings emitted
[INFO] [stderr] warning: build failed, waiting for other jobs to finish...
[INFO] running `Command { std: "docker" "inspect" "1e738ffbd937835c8d24a5b4ae4f08d3939ced656102c4810f8cbd09874852a0", kill_on_drop: false }`
[INFO] running `Command { std: "docker" "rm" "-f" "1e738ffbd937835c8d24a5b4ae4f08d3939ced656102c4810f8cbd09874852a0", kill_on_drop: false }`
[INFO] [stdout] 1e738ffbd937835c8d24a5b4ae4f08d3939ced656102c4810f8cbd09874852a0
